[INFO] cloning repository https://github.com/kamchy/rust-chores
[INFO] running `Command { std: "git" "-c" "credential.helper=" "-c" "credential.helper=/workspace/cargo-home/bin/git-credential-null" "clone" "--bare" "https://github.com/kamchy/rust-chores" "/workspace/cache/git-repos/https%3A%2F%2Fgithub.com%2Fkamchy%2Frust-chores", kill_on_drop: false }`
[INFO] [stderr] Cloning into bare repository '/workspace/cache/git-repos/https%3A%2F%2Fgithub.com%2Fkamchy%2Frust-chores'...
[INFO] running `Command { std: "git" "rev-parse" "HEAD", kill_on_drop: false }`
[INFO] [stdout] ce96943d04a72890cb1a7997ec41d2e7152753e7
[INFO] testing kamchy/rust-chores against beta-2024-12-08 for beta-1.84.0-4-retry
[INFO] running `Command { std: "git" "clone" "/workspace/cache/git-repos/https%3A%2F%2Fgithub.com%2Fkamchy%2Frust-chores" "/workspace/builds/worker-7-tc2/source", kill_on_drop: false }`
[INFO] [stderr] Cloning into '/workspace/builds/worker-7-tc2/source'...
[INFO] [stderr] done.
[INFO] validating manifest of git repo https://github.com/kamchy/rust-chores on toolchain beta-2024-12-08
[INFO] running `Command { std: CARGO_HOME="/workspace/cargo-home" RUSTUP_HOME="/workspace/rustup-home" "/workspace/cargo-home/bin/cargo" "+beta-2024-12-08" "metadata" "--manifest-path" "Cargo.toml" "--no-deps", kill_on_drop: false }`
[INFO] started tweaking git repo https://github.com/kamchy/rust-chores
[INFO] finished tweaking git repo https://github.com/kamchy/rust-chores
[INFO] tweaked toml for git repo https://github.com/kamchy/rust-chores written to /workspace/builds/worker-7-tc2/source/Cargo.toml
[INFO] crate git repo https://github.com/kamchy/rust-chores already has a lockfile, it will not be regenerated
[INFO] running `Command { std: CARGO_HOME="/workspace/cargo-home" RUSTUP_HOME="/workspace/rustup-home" "/workspace/cargo-home/bin/cargo" "+beta-2024-12-08" "fetch" "--manifest-path" "Cargo.toml", kill_on_drop: false }`
[INFO] running `Command { std: "docker" "create" "-v" "/var/lib/crater-agent-workspace/builds/worker-7-tc2/target:/opt/rustwide/target:rw,Z" "-v" "/var/lib/crater-agent-workspace/builds/worker-7-tc2/source:/opt/rustwide/workdir:ro,Z" "-v" "/var/lib/crater-agent-workspace/cargo-home:/opt/rustwide/cargo-home:ro,Z" "-v" "/var/lib/crater-agent-workspace/rustup-home:/opt/rustwide/rustup-home:ro,Z" "-e" "SOURCE_DIR=/opt/rustwide/workdir" "-e" "CARGO_TARGET_DIR=/opt/rustwide/target" "-e" "CARGO_HOME=/opt/rustwide/cargo-home" "-e" "RUSTUP_HOME=/opt/rustwide/rustup-home" "-w" "/opt/rustwide/workdir" "-m" "1610612736" "--user" "0:0" "--network" "none" "ghcr.io/rust-lang/crates-build-env/linux@sha256:f3a9d4ad9d972b27faf3965f35b62e55ba32bbce8f20bc8fe909558a86702fde" "/opt/rustwide/cargo-home/bin/cargo" "+beta-2024-12-08" "metadata" "--no-deps" "--format-version=1", kill_on_drop: false }`
[INFO] [stdout] 070d3437ad7db4d1a4663044822f97689e51136e3203f69fe4c2679b8efdf728
[INFO] running `Command { std: "docker" "start" "-a" "070d3437ad7db4d1a4663044822f97689e51136e3203f69fe4c2679b8efdf728", kill_on_drop: false }`
[INFO] running `Command { std: "docker" "inspect" "070d3437ad7db4d1a4663044822f97689e51136e3203f69fe4c2679b8efdf728", kill_on_drop: false }`
[INFO] running `Command { std: "docker" "rm" "-f" "070d3437ad7db4d1a4663044822f97689e51136e3203f69fe4c2679b8efdf728", kill_on_drop: false }`
[INFO] [stdout] 070d3437ad7db4d1a4663044822f97689e51136e3203f69fe4c2679b8efdf728
[INFO] running `Command { std: "docker" "create" "-v" "/var/lib/crater-agent-workspace/builds/worker-7-tc2/target:/opt/rustwide/target:rw,Z" "-v" "/var/lib/crater-agent-workspace/builds/worker-7-tc2/source:/opt/rustwide/workdir:ro,Z" "-v" "/var/lib/crater-agent-workspace/cargo-home:/opt/rustwide/cargo-home:ro,Z" "-v" "/var/lib/crater-agent-workspace/rustup-home:/opt/rustwide/rustup-home:ro,Z" "-e" "SOURCE_DIR=/opt/rustwide/workdir" "-e" "CARGO_TARGET_DIR=/opt/rustwide/target" "-e" "CARGO_INCREMENTAL=0" "-e" "RUST_BACKTRACE=full" "-e" "RUSTFLAGS=--cap-lints=warn" "-e" "RUSTDOCFLAGS=--cap-lints=warn" "-e" "CARGO_HOME=/opt/rustwide/cargo-home" "-e" "RUSTUP_HOME=/opt/rustwide/rustup-home" "-w" "/opt/rustwide/workdir" "-m" "1610612736" "--user" "0:0" "--network" "none" "ghcr.io/rust-lang/crates-build-env/linux@sha256:f3a9d4ad9d972b27faf3965f35b62e55ba32bbce8f20bc8fe909558a86702fde" "/opt/rustwide/cargo-home/bin/cargo" "+beta-2024-12-08" "build" "--frozen" "--message-format=json", kill_on_drop: false }`
[INFO] [stdout] 7a7f8984ec6c2ff21ef8de89c269f45e8f6c21bf864de26348a8d259add92c1e
[INFO] running `Command { std: "docker" "start" "-a" "7a7f8984ec6c2ff21ef8de89c269f45e8f6c21bf864de26348a8d259add92c1e", kill_on_drop: false }`
[INFO] [stderr]    Compiling proc-macro2 v1.0.81
[INFO] [stderr]    Compiling unicode-ident v1.0.12
[INFO] [stderr]    Compiling version_check v0.9.4
[INFO] [stderr]    Compiling cfg-if v1.0.0
[INFO] [stderr]    Compiling libc v0.2.153
[INFO] [stderr]    Compiling once_cell v1.19.0
[INFO] [stderr]    Compiling autocfg v1.2.0
[INFO] [stderr]    Compiling serde v1.0.199
[INFO] [stderr]    Compiling cc v1.0.95
[INFO] [stderr]    Compiling zerocopy v0.7.32
[INFO] [stderr]    Compiling allocator-api2 v0.2.18
[INFO] [stderr]    Compiling ahash v0.8.11
[INFO] [stderr]    Compiling log v0.4.21
[INFO] [stderr]    Compiling lock_api v0.4.12
[INFO] [stderr]    Compiling proc-macro-error-attr v1.0.4
[INFO] [stderr]    Compiling utf8parse v0.2.1
[INFO] [stderr]    Compiling smallvec v1.13.2
[INFO] [stderr]    Compiling signal-hook v0.3.17
[INFO] [stderr]    Compiling syn v1.0.109
[INFO] [stderr]    Compiling quote v1.0.36
[INFO] [stderr]    Compiling parking_lot_core v0.9.10
[INFO] [stderr]    Compiling signal-hook-registry v1.4.2
[INFO] [stderr]    Compiling anstyle-parse v0.2.3
[INFO] [stderr]    Compiling syn v2.0.60
[INFO] [stderr]    Compiling hashbrown v0.14.5
[INFO] [stderr]    Compiling num-traits v0.2.18
[INFO] [stderr]    Compiling proc-macro-error v1.0.4
[INFO] [stderr]    Compiling anstyle v1.0.6
[INFO] [stderr]    Compiling anstyle-query v1.0.2
[INFO] [stderr]    Compiling colorchoice v1.0.0
[INFO] [stderr]    Compiling scopeguard v1.2.0
[INFO] [stderr]    Compiling pkg-config v0.3.30
[INFO] [stderr]    Compiling vcpkg v0.2.15
[INFO] [stderr]    Compiling equivalent v1.0.1
[INFO] [stderr]    Compiling anstream v0.6.13
[INFO] [stderr]    Compiling indexmap v2.2.6
[INFO] [stderr]    Compiling mio v0.8.11
[INFO] [stderr]    Compiling gimli v0.28.1
[INFO] [stderr]    Compiling backtrace v0.3.71
[INFO] [stderr]    Compiling memchr v2.7.2
[INFO] [stderr]    Compiling libsqlite3-sys v0.28.0
[INFO] [stderr]    Compiling adler v1.0.2
[INFO] [stderr]    Compiling unicode-width v0.1.12
[INFO] [stderr]    Compiling miniz_oxide v0.7.2
[INFO] [stderr]    Compiling signal-hook-mio v0.2.3
[INFO] [stderr]    Compiling parking_lot v0.12.2
[INFO] [stderr]    Compiling object v0.32.2
[INFO] [stderr]    Compiling getrandom v0.2.14
[INFO] [stderr]    Compiling thread_local v1.1.8
[INFO] [stderr]    Compiling fnv v1.0.7
[INFO] [stderr]    Compiling iana-time-zone v0.1.60
[INFO] [stderr]    Compiling heck v0.5.0
[INFO] [stderr]    Compiling anyhow v1.0.82
[INFO] [stderr]    Compiling bitflags v1.3.2
[INFO] [stderr]    Compiling rustc-demangle v0.1.23
[INFO] [stderr]    Compiling strsim v0.11.1
[INFO] [stderr]    Compiling byteorder v1.5.0
[INFO] [stderr]    Compiling unicode-segmentation v1.11.0
[INFO] [stderr]    Compiling addr2line v0.21.0
[INFO] [stderr]    Compiling clap_lex v0.7.0
[INFO] [stderr]    Compiling thiserror v1.0.59
[INFO] [stderr]    Compiling bitflags v2.5.0
[INFO] [stderr]    Compiling bytecount v0.6.8
[INFO] [stderr]    Compiling heck v0.4.1
[INFO] [stderr]    Compiling clap_builder v4.5.2
[INFO] [stderr]    Compiling papergrid v0.11.0
[INFO] [stderr]    Compiling newline-converter v0.3.0
[INFO] [stderr]    Compiling fxhash v0.2.1
[INFO] [stderr]    Compiling tabled_derive v0.7.0
[INFO] [stderr]    Compiling chrono v0.4.38
[INFO] [stderr]    Compiling crossterm v0.25.0
[INFO] [stderr]    Compiling serde_derive v1.0.199
[INFO] [stderr]    Compiling thiserror-impl v1.0.59
[INFO] [stderr]    Compiling clap_derive v4.5.4
[INFO] [stderr]    Compiling fuzzy-matcher v0.3.7
[INFO] [stderr]    Compiling uuid v1.8.0
[INFO] [stderr]    Compiling hashlink v0.9.0
[INFO] [stderr]    Compiling dyn-clone v1.0.17
[INFO] [stderr]    Compiling fallible-streaming-iterator v0.1.9
[INFO] [stderr]    Compiling fallible-iterator v0.3.0
[INFO] [stderr]    Compiling inquire v0.7.5
[INFO] [stderr]    Compiling tabled v0.15.0
[INFO] [stderr]    Compiling clap v4.5.4
[INFO] [stderr]    Compiling rusqlite v0.31.0
[INFO] [stderr]    Compiling serde_spanned v0.6.5
[INFO] [stderr]    Compiling toml_datetime v0.6.5
[INFO] [stderr]    Compiling os_info v3.8.2
[INFO] [stderr]    Compiling toml_edit v0.22.12
[INFO] [stderr]    Compiling toml v0.8.12
[INFO] [stderr]    Compiling human-panic v2.0.0
[INFO] [stderr]    Compiling chores v0.1.0 (/opt/rustwide/workdir)
[INFO] [stdout] warning: multiple methods are never used
[INFO] [stdout]   --> src/data.rs:26:8
[INFO] [stdout]    |
[INFO] [stdout] 25 | pub trait Data {
[INFO] [stdout]    |           ---- methods in this trait
[INFO] [stdout] 26 |     fn add_person(&mut self, name: &str) -> Result<(), DataError>;
[INFO] [stdout]    |        ^^^^^^^^^^
[INFO] [stdout] 27 |     fn get_persons(&self) -> Result<Vec<Person>, DataError>;
[INFO] [stdout] 28 |     fn remove_person(&mut self, index: u8) -> Result<(), DataError>;
[INFO] [stdout]    |        ^^^^^^^^^^^^^
[INFO] [stdout] 29 |     fn add_chore(
[INFO] [stdout]    |        ^^^^^^^^^
[INFO] [stdout] ...
[INFO] [stdout] 35 |     fn remove_chore(&mut self, index: u8) -> Result<(), DataError>;
[INFO] [stdout]    |        ^^^^^^^^^^^^
[INFO] [stdout] ...
[INFO] [stdout] 38 |     fn get_schedules(&self) -> Result<Vec<Schedule>, DataError>;
[INFO] [stdout]    |        ^^^^^^^^^^^^^
[INFO] [stdout] 39 |     /// id could be internal type
[INFO] [stdout] 40 |     fn assign(self: &mut Self, person_id: i32, chore_id: i32) -> Result<(), DataError>;
[INFO] [stdout]    |        ^^^^^^
[INFO] [stdout] 41 |     fn remove_assignment(&mut self, index: u8) -> Result<(), DataError>;
[INFO] [stdout]    |        ^^^^^^^^^^^^^^^^^
[INFO] [stdout] 42 |
[INFO] [stdout] 43 |     fn get_assignments(&self) -> Result<Vec<Assignment>, DataError>;
[INFO] [stdout]    |        ^^^^^^^^^^^^^^^
[INFO] [stdout]    |
[INFO] [stdout]    = note: `#[warn(dead_code)]` on by default
[INFO] [stdout] 
[INFO] [stdout] 
[INFO] [stdout] warning: field `id` is never read
[INFO] [stdout]   --> src/data.rs:88:9
[INFO] [stdout]    |
[INFO] [stdout] 87 | pub struct Assignment {
[INFO] [stdout]    |            ---------- field in this struct
[INFO] [stdout] 88 |     pub id: i32,
[INFO] [stdout]    |         ^^
[INFO] [stdout]    |
[INFO] [stdout]    = note: `Assignment` has a derived impl for the trait `Debug`, but this is intentionally ignored during dead code analysis
[INFO] [stdout] 
[INFO] [stdout] 
[INFO] [stdout] warning: fields `name`, `description`, `level`, `frequency`, `last`, and `next` are never read
[INFO] [stdout]    --> src/data.rs:279:9
[INFO] [stdout]     |
[INFO] [stdout] 278 | pub struct Schedule {
[INFO] [stdout]     |            -------- fields in this struct
[INFO] [stdout] 279 |     pub name: String,
[INFO] [stdout]     |         ^^^^
[INFO] [stdout] 280 |     pub description: String,
[INFO] [stdout]     |         ^^^^^^^^^^^
[INFO] [stdout] 281 |     pub level: u8,
[INFO] [stdout]     |         ^^^^^
[INFO] [stdout] 282 |     pub frequency: u8,
[INFO] [stdout]     |         ^^^^^^^^^
[INFO] [stdout] 283 |     pub last: String,
[INFO] [stdout]     |         ^^^^
[INFO] [stdout] 284 |     pub next: String,
[INFO] [stdout]     |         ^^^^
[INFO] [stdout] 
[INFO] [stdout] 
[INFO] [stderr]     Finished `dev` profile [unoptimized + debuginfo] target(s) in 1m 19s
[INFO] running `Command { std: "docker" "inspect" "7a7f8984ec6c2ff21ef8de89c269f45e8f6c21bf864de26348a8d259add92c1e", kill_on_drop: false }`
[INFO] running `Command { std: "docker" "rm" "-f" "7a7f8984ec6c2ff21ef8de89c269f45e8f6c21bf864de26348a8d259add92c1e", kill_on_drop: false }`
[INFO] [stdout] 7a7f8984ec6c2ff21ef8de89c269f45e8f6c21bf864de26348a8d259add92c1e
[INFO] running `Command { std: "docker" "create" "-v" "/var/lib/crater-agent-workspace/builds/worker-7-tc2/target:/opt/rustwide/target:rw,Z" "-v" "/var/lib/crater-agent-workspace/builds/worker-7-tc2/source:/opt/rustwide/workdir:ro,Z" "-v" "/var/lib/crater-agent-workspace/cargo-home:/opt/rustwide/cargo-home:ro,Z" "-v" "/var/lib/crater-agent-workspace/rustup-home:/opt/rustwide/rustup-home:ro,Z" "-e" "SOURCE_DIR=/opt/rustwide/workdir" "-e" "CARGO_TARGET_DIR=/opt/rustwide/target" "-e" "CARGO_INCREMENTAL=0" "-e" "RUST_BACKTRACE=full" "-e" "RUSTFLAGS=--cap-lints=warn" "-e" "RUSTDOCFLAGS=--cap-lints=warn" "-e" "CARGO_HOME=/opt/rustwide/cargo-home" "-e" "RUSTUP_HOME=/opt/rustwide/rustup-home" "-w" "/opt/rustwide/workdir" "-m" "1610612736" "--user" "0:0" "--network" "none" "ghcr.io/rust-lang/crates-build-env/linux@sha256:f3a9d4ad9d972b27faf3965f35b62e55ba32bbce8f20bc8fe909558a86702fde" "/opt/rustwide/cargo-home/bin/cargo" "+beta-2024-12-08" "test" "--frozen" "--no-run" "--message-format=json", kill_on_drop: false }`
[INFO] [stdout] d75e8557927cd84b266f488ef3e511d8b6f4f7c81987877b428ace9b2adf4c37
[INFO] running `Command { std: "docker" "start" "-a" "d75e8557927cd84b266f488ef3e511d8b6f4f7c81987877b428ace9b2adf4c37", kill_on_drop: false }`
[INFO] [stderr]    Compiling chores v0.1.0 (/opt/rustwide/workdir)
[INFO] [stdout] warning: multiple methods are never used
[INFO] [stdout]   --> src/data.rs:28:8
[INFO] [stdout]    |
[INFO] [stdout] 25 | pub trait Data {
[INFO] [stdout]    |           ---- methods in this trait
[INFO] [stdout] ...
[INFO] [stdout] 28 |     fn remove_person(&mut self, index: u8) -> Result<(), DataError>;
[INFO] [stdout]    |        ^^^^^^^^^^^^^
[INFO] [stdout] 29 |     fn add_chore(
[INFO] [stdout]    |        ^^^^^^^^^
[INFO] [stdout] ...
[INFO] [stdout] 35 |     fn remove_chore(&mut self, index: u8) -> Result<(), DataError>;
[INFO] [stdout]    |        ^^^^^^^^^^^^
[INFO] [stdout] ...
[INFO] [stdout] 38 |     fn get_schedules(&self) -> Result<Vec<Schedule>, DataError>;
[INFO] [stdout]    |        ^^^^^^^^^^^^^
[INFO] [stdout] 39 |     /// id could be internal type
[INFO] [stdout] 40 |     fn assign(self: &mut Self, person_id: i32, chore_id: i32) -> Result<(), DataError>;
[INFO] [stdout]    |        ^^^^^^
[INFO] [stdout] 41 |     fn remove_assignment(&mut self, index: u8) -> Result<(), DataError>;
[INFO] [stdout]    |        ^^^^^^^^^^^^^^^^^
[INFO] [stdout] 42 |
[INFO] [stdout] 43 |     fn get_assignments(&self) -> Result<Vec<Assignment>, DataError>;
[INFO] [stdout]    |        ^^^^^^^^^^^^^^^
[INFO] [stdout]    |
[INFO] [stdout]    = note: `#[warn(dead_code)]` on by default
[INFO] [stdout] 
[INFO] [stdout] 
[INFO] [stdout] warning: field `id` is never read
[INFO] [stdout]   --> src/data.rs:88:9
[INFO] [stdout]    |
[INFO] [stdout] 87 | pub struct Assignment {
[INFO] [stdout]    |            ---------- field in this struct
[INFO] [stdout] 88 |     pub id: i32,
[INFO] [stdout]    |         ^^
[INFO] [stdout]    |
[INFO] [stdout]    = note: `Assignment` has a derived impl for the trait `Debug`, but this is intentionally ignored during dead code analysis
[INFO] [stdout] 
[INFO] [stdout] 
[INFO] [stdout] warning: fields `name`, `description`, `level`, `frequency`, `last`, and `next` are never read
[INFO] [stdout]    --> src/data.rs:279:9
[INFO] [stdout]     |
[INFO] [stdout] 278 | pub struct Schedule {
[INFO] [stdout]     |            -------- fields in this struct
[INFO] [stdout] 279 |     pub name: String,
[INFO] [stdout]     |         ^^^^
[INFO] [stdout] 280 |     pub description: String,
[INFO] [stdout]     |         ^^^^^^^^^^^
[INFO] [stdout] 281 |     pub level: u8,
[INFO] [stdout]     |         ^^^^^
[INFO] [stdout] 282 |     pub frequency: u8,
[INFO] [stdout]     |         ^^^^^^^^^
[INFO] [stdout] 283 |     pub last: String,
[INFO] [stdout]     |         ^^^^
[INFO] [stdout] 284 |     pub next: String,
[INFO] [stdout]     |         ^^^^
[INFO] [stdout] 
[INFO] [stdout] 
[INFO] [stderr]     Finished `test` profile [unoptimized + debuginfo] target(s) in 2.80s
[INFO] running `Command { std: "docker" "inspect" "d75e8557927cd84b266f488ef3e511d8b6f4f7c81987877b428ace9b2adf4c37", kill_on_drop: false }`
[INFO] running `Command { std: "docker" "rm" "-f" "d75e8557927cd84b266f488ef3e511d8b6f4f7c81987877b428ace9b2adf4c37", kill_on_drop: false }`
[INFO] [stdout] d75e8557927cd84b266f488ef3e511d8b6f4f7c81987877b428ace9b2adf4c37
[INFO] running `Command { std: "docker" "create" "-v" "/var/lib/crater-agent-workspace/builds/worker-7-tc2/target:/opt/rustwide/target:rw,Z" "-v" "/var/lib/crater-agent-workspace/builds/worker-7-tc2/source:/opt/rustwide/workdir:ro,Z" "-v" "/var/lib/crater-agent-workspace/cargo-home:/opt/rustwide/cargo-home:ro,Z" "-v" "/var/lib/crater-agent-workspace/rustup-home:/opt/rustwide/rustup-home:ro,Z" "-e" "SOURCE_DIR=/opt/rustwide/workdir" "-e" "CARGO_TARGET_DIR=/opt/rustwide/target" "-e" "CARGO_INCREMENTAL=0" "-e" "RUST_BACKTRACE=full" "-e" "RUSTFLAGS=--cap-lints=warn" "-e" "RUSTDOCFLAGS=--cap-lints=warn" "-e" "CARGO_HOME=/opt/rustwide/cargo-home" "-e" "RUSTUP_HOME=/opt/rustwide/rustup-home" "-w" "/opt/rustwide/workdir" "-m" "1610612736" "--user" "0:0" "--network" "none" "ghcr.io/rust-lang/crates-build-env/linux@sha256:f3a9d4ad9d972b27faf3965f35b62e55ba32bbce8f20bc8fe909558a86702fde" "/opt/rustwide/cargo-home/bin/cargo" "+beta-2024-12-08" "test" "--frozen", kill_on_drop: false }`
[INFO] [stdout] 76d3aeb5d92178cd7ef0a9c43b7b136505729c6158fe7d594c1286d9fc9067c5
[INFO] running `Command { std: "docker" "start" "-a" "76d3aeb5d92178cd7ef0a9c43b7b136505729c6158fe7d594c1286d9fc9067c5", kill_on_drop: false }`
[INFO] [stderr] warning: multiple methods are never used
[INFO] [stderr]   --> src/data.rs:28:8
[INFO] [stderr]    |
[INFO] [stderr] 25 | pub trait Data {
[INFO] [stderr]    |           ---- methods in this trait
[INFO] [stderr] ...
[INFO] [stderr] 28 |     fn remove_person(&mut self, index: u8) -> Result<(), DataError>;
[INFO] [stderr]    |        ^^^^^^^^^^^^^
[INFO] [stderr] 29 |     fn add_chore(
[INFO] [stderr]    |        ^^^^^^^^^
[INFO] [stderr] ...
[INFO] [stderr] 35 |     fn remove_chore(&mut self, index: u8) -> Result<(), DataError>;
[INFO] [stderr]    |        ^^^^^^^^^^^^
[INFO] [stderr] ...
[INFO] [stderr] 38 |     fn get_schedules(&self) -> Result<Vec<Schedule>, DataError>;
[INFO] [stderr]    |        ^^^^^^^^^^^^^
[INFO] [stderr] 39 |     /// id could be internal type
[INFO] [stderr] 40 |     fn assign(self: &mut Self, person_id: i32, chore_id: i32) -> Result<(), DataError>;
[INFO] [stderr]    |        ^^^^^^
[INFO] [stderr] 41 |     fn remove_assignment(&mut self, index: u8) -> Result<(), DataError>;
[INFO] [stderr]    |        ^^^^^^^^^^^^^^^^^
[INFO] [stderr] 42 |
[INFO] [stderr] 43 |     fn get_assignments(&self) -> Result<Vec<Assignment>, DataError>;
[INFO] [stderr]    |        ^^^^^^^^^^^^^^^
[INFO] [stderr]    |
[INFO] [stderr]    = note: `#[warn(dead_code)]` on by default
[INFO] [stderr] 
[INFO] [stderr] warning: field `id` is never read
[INFO] [stderr]   --> src/data.rs:88:9
[INFO] [stderr]    |
[INFO] [stderr] 87 | pub struct Assignment {
[INFO] [stderr]    |            ---------- field in this struct
[INFO] [stderr] 88 |     pub id: i32,
[INFO] [stderr]    |         ^^
[INFO] [stderr]    |
[INFO] [stderr]    = note: `Assignment` has a derived impl for the trait `Debug`, but this is intentionally ignored during dead code analysis
[INFO] [stderr] 
[INFO] [stderr] warning: fields `name`, `description`, `level`, `frequency`, `last`, and `next` are never read
[INFO] [stderr]    --> src/data.rs:279:9
[INFO] [stderr]     |
[INFO] [stderr] 278 | pub struct Schedule {
[INFO] [stderr]     |            -------- fields in this struct
[INFO] [stderr] 279 |     pub name: String,
[INFO] [stderr]     |         ^^^^
[INFO] [stderr] 280 |     pub description: String,
[INFO] [stderr]     |         ^^^^^^^^^^^
[INFO] [stderr] 281 |     pub level: u8,
[INFO] [stderr]     |         ^^^^^
[INFO] [stderr] 282 |     pub frequency: u8,
[INFO] [stderr]     |         ^^^^^^^^^
[INFO] [stderr] 283 |     pub last: String,
[INFO] [stderr]     |         ^^^^
[INFO] [stderr] 284 |     pub next: String,
[INFO] [stderr]     |         ^^^^
[INFO] [stderr] 
[INFO] [stderr] warning: `chores` (bin "inter" test) generated 3 warnings
[INFO] [stderr]     Finished `test` profile [unoptimized + debuginfo] target(s) in 0.15s
[INFO] [stderr]      Running unittests src/main.rs (/opt/rustwide/target/debug/deps/chores-a1b2743f8a5a65eb)
[INFO] [stdout] 
[INFO] [stdout] running 2 tests
[INFO] [stdout] test data::test::test_row_inserted ... ok
[INFO] [stdout] test data::test::test_db_creation ... FAILED
[INFO] [stdout] 
[INFO] [stdout] failures:
[INFO] [stdout] 
[INFO] [stdout] ---- data::test::test_db_creation stdout ----
[INFO] [stdout] thread 'data::test::test_db_creation' panicked at src/data.rs:313:13:
[INFO] [stdout] assertion `left == right` failed
[INFO] [stdout]   left: true
[INFO] [stdout]  right: false
[INFO] [stdout] stack backtrace:
[INFO] [stdout]    0:     0x64100a366efa - std::backtrace_rs::backtrace::libunwind::trace::h8810477743020387
[INFO] [stdout]                                at /rustc/202008a1b8de96d2e5b6bc02d379db03a877d34d/library/std/src/../../backtrace/src/backtrace/libunwind.rs:116:5
[INFO] [stdout]    1:     0x64100a366efa - std::backtrace_rs::backtrace::trace_unsynchronized::h3aa55355dd6c54a6
[INFO] [stdout]                                at /rustc/202008a1b8de96d2e5b6bc02d379db03a877d34d/library/std/src/../../backtrace/src/backtrace/mod.rs:66:5
[INFO] [stdout]    2:     0x64100a366efa - std::sys::backtrace::_print_fmt::h8588b0f62410823f
[INFO] [stdout]                                at /rustc/202008a1b8de96d2e5b6bc02d379db03a877d34d/library/std/src/sys/backtrace.rs:66:9
[INFO] [stdout]    3:     0x64100a366efa - <std::sys::backtrace::BacktraceLock::print::DisplayBacktrace as core::fmt::Display>::fmt::h98c26ac25ffe89bb
[INFO] [stdout]                                at /rustc/202008a1b8de96d2e5b6bc02d379db03a877d34d/library/std/src/sys/backtrace.rs:39:26
[INFO] [stdout]    4:     0x64100a38ca73 - core::fmt::rt::Argument::fmt::hf95377f4aebd453b
[INFO] [stdout]                                at /rustc/202008a1b8de96d2e5b6bc02d379db03a877d34d/library/core/src/fmt/rt.rs:177:76
[INFO] [stdout]    5:     0x64100a38ca73 - core::fmt::write::h0dd5f6e2238c7982
[INFO] [stdout]                                at /rustc/202008a1b8de96d2e5b6bc02d379db03a877d34d/library/core/src/fmt/mod.rs:1189:21
[INFO] [stdout]    6:     0x64100a364093 - std::io::Write::write_fmt::h03bb0ca26e6faf8c
[INFO] [stdout]                                at /rustc/202008a1b8de96d2e5b6bc02d379db03a877d34d/library/std/src/io/mod.rs:1884:15
[INFO] [stdout]    7:     0x64100a366d42 - std::sys::backtrace::BacktraceLock::print::h5c19c1c038ee186d
[INFO] [stdout]                                at /rustc/202008a1b8de96d2e5b6bc02d379db03a877d34d/library/std/src/sys/backtrace.rs:42:9
[INFO] [stdout]    8:     0x64100a36837d - std::panicking::default_hook::{{closure}}::h77172f079a1fcb13
[INFO] [stdout]                                at /rustc/202008a1b8de96d2e5b6bc02d379db03a877d34d/library/std/src/panicking.rs:268:22
[INFO] [stdout]    9:     0x64100a368187 - std::panicking::default_hook::he5f8e3b203ccddba
[INFO] [stdout]                                at /rustc/202008a1b8de96d2e5b6bc02d379db03a877d34d/library/std/src/panicking.rs:292:9
[INFO] [stdout]   10:     0x64100a1d6e87 - <alloc::boxed::Box<F,A> as core::ops::function::Fn<Args>>::call::h7a3c7b4a1ae77f2f
[INFO] [stdout]                                at /rustc/202008a1b8de96d2e5b6bc02d379db03a877d34d/library/alloc/src/boxed.rs:1986:9
[INFO] [stdout]   11:     0x64100a1d6e87 - test::test_main::{{closure}}::hf0d3b69ae9b353d1
[INFO] [stdout]                                at /rustc/202008a1b8de96d2e5b6bc02d379db03a877d34d/library/test/src/lib.rs:134:21
[INFO] [stdout]   12:     0x64100a368a28 - <alloc::boxed::Box<F,A> as core::ops::function::Fn<Args>>::call::h6332e82e7b189abd
[INFO] [stdout]                                at /rustc/202008a1b8de96d2e5b6bc02d379db03a877d34d/library/alloc/src/boxed.rs:1986:9
[INFO] [stdout]   13:     0x64100a368a28 - std::panicking::rust_panic_with_hook::h53863d4e9018df39
[INFO] [stdout]                                at /rustc/202008a1b8de96d2e5b6bc02d379db03a877d34d/library/std/src/panicking.rs:809:13
[INFO] [stdout]   14:     0x64100a3687ea - std::panicking::begin_panic_handler::{{closure}}::h67280e6fa0757873
[INFO] [stdout]                                at /rustc/202008a1b8de96d2e5b6bc02d379db03a877d34d/library/std/src/panicking.rs:674:13
[INFO] [stdout]   15:     0x64100a3673d9 - std::sys::backtrace::__rust_end_short_backtrace::h1dac3f54d6fbbeb2
[INFO] [stdout]                                at /rustc/202008a1b8de96d2e5b6bc02d379db03a877d34d/library/std/src/sys/backtrace.rs:170:18
[INFO] [stdout]   16:     0x64100a36847c - rust_begin_unwind
[INFO] [stdout]                                at /rustc/202008a1b8de96d2e5b6bc02d379db03a877d34d/library/std/src/panicking.rs:665:5
[INFO] [stdout]   17:     0x64100a194d10 - core::panicking::panic_fmt::h6792bd1b2bf01041
[INFO] [stdout]                                at /rustc/202008a1b8de96d2e5b6bc02d379db03a877d34d/library/core/src/panicking.rs:76:14
[INFO] [stdout]   18:     0x64100a19503b - core::panicking::assert_failed_inner::hf2c17e6d30928787
[INFO] [stdout]   19:     0x64100a33a92b - core::panicking::assert_failed::h71b83b5cbcef1889
[INFO] [stdout]                                at /rustc/202008a1b8de96d2e5b6bc02d379db03a877d34d/library/core/src/panicking.rs:373:5
[INFO] [stdout]   20:     0x64100a19d1d6 - chores::data::test::test_db_creation::hba754765d27d06ad
[INFO] [stdout]                                at /opt/rustwide/workdir/src/data.rs:313:13
[INFO] [stdout]   21:     0x64100a19ca4c - chores::data::test::test_db_creation::{{closure}}::h86f895724ab5226c
[INFO] [stdout]                                at /opt/rustwide/workdir/src/data.rs:297:30
[INFO] [stdout]   22:     0x64100a196226 - core::ops::function::FnOnce::call_once::h8d6ad10f047a36dd
[INFO] [stdout]                                at /rustc/202008a1b8de96d2e5b6bc02d379db03a877d34d/library/core/src/ops/function.rs:250:5
[INFO] [stdout]   23:     0x64100a1db9ab - core::ops::function::FnOnce::call_once::h871bf86719ec9aa4
[INFO] [stdout]                                at /rustc/202008a1b8de96d2e5b6bc02d379db03a877d34d/library/core/src/ops/function.rs:250:5
[INFO] [stdout]   24:     0x64100a1db9ab - test::__rust_begin_short_backtrace::h2167df1e2b7d76fd
[INFO] [stdout]                                at /rustc/202008a1b8de96d2e5b6bc02d379db03a877d34d/library/test/src/lib.rs:632:18
[INFO] [stdout]   25:     0x64100a1db398 - test::run_test_in_process::{{closure}}::h15d92f75a3adfb79
[INFO] [stdout]                                at /rustc/202008a1b8de96d2e5b6bc02d379db03a877d34d/library/test/src/lib.rs:655:60
[INFO] [stdout]   26:     0x64100a1db398 - <core::panic::unwind_safe::AssertUnwindSafe<F> as core::ops::function::FnOnce<()>>::call_once::hb6c8955835a8dbbb
[INFO] [stdout]                                at /rustc/202008a1b8de96d2e5b6bc02d379db03a877d34d/library/core/src/panic/unwind_safe.rs:272:9
[INFO] [stdout]   27:     0x64100a1db398 - std::panicking::try::do_call::hc79d0fc888a0bd30
[INFO] [stdout]                                at /rustc/202008a1b8de96d2e5b6bc02d379db03a877d34d/library/std/src/panicking.rs:557:40
[INFO] [stdout]   28:     0x64100a1db398 - std::panicking::try::hb8a7878e3a8589d6
[INFO] [stdout]                                at /rustc/202008a1b8de96d2e5b6bc02d379db03a877d34d/library/std/src/panicking.rs:520:19
[INFO] [stdout]   29:     0x64100a1db398 - std::panic::catch_unwind::hb8e4600ff0ff5cfa
[INFO] [stdout]                                at /rustc/202008a1b8de96d2e5b6bc02d379db03a877d34d/library/std/src/panic.rs:358:14
[INFO] [stdout]   30:     0x64100a1db398 - test::run_test_in_process::hc2900b0b18688dd6
[INFO] [stdout]                                at /rustc/202008a1b8de96d2e5b6bc02d379db03a877d34d/library/test/src/lib.rs:655:27
[INFO] [stdout]   31:     0x64100a1db398 - test::run_test::{{closure}}::hac2a9cb07be3d48d
[INFO] [stdout]                                at /rustc/202008a1b8de96d2e5b6bc02d379db03a877d34d/library/test/src/lib.rs:576:43
[INFO] [stdout]   32:     0x64100a19ee3a - test::run_test::{{closure}}::h4a5b729e66a38cd8
[INFO] [stdout]                                at /rustc/202008a1b8de96d2e5b6bc02d379db03a877d34d/library/test/src/lib.rs:606:41
[INFO] [stdout]   33:     0x64100a19ee3a - std::sys::backtrace::__rust_begin_short_backtrace::h0496fb742492f573
[INFO] [stdout]                                at /rustc/202008a1b8de96d2e5b6bc02d379db03a877d34d/library/std/src/sys/backtrace.rs:154:18
[INFO] [stdout]   34:     0x64100a1a27b4 - std::thread::Builder::spawn_unchecked_::{{closure}}::{{closure}}::hbb6d257c550a54bd
[INFO] [stdout]                                at /rustc/202008a1b8de96d2e5b6bc02d379db03a877d34d/library/std/src/thread/mod.rs:561:17
[INFO] [stdout]   35:     0x64100a1a27b4 - <core::panic::unwind_safe::AssertUnwindSafe<F> as core::ops::function::FnOnce<()>>::call_once::h46696fe4a6832328
[INFO] [stdout]                                at /rustc/202008a1b8de96d2e5b6bc02d379db03a877d34d/library/core/src/panic/unwind_safe.rs:272:9
[INFO] [stdout]   36:     0x64100a1a27b4 - std::panicking::try::do_call::h2625a51b667bfb64
[INFO] [stdout]                                at /rustc/202008a1b8de96d2e5b6bc02d379db03a877d34d/library/std/src/panicking.rs:557:40
[INFO] [stdout]   37:     0x64100a1a27b4 - std::panicking::try::hb956a59a1973aa4c
[INFO] [stdout]                                at /rustc/202008a1b8de96d2e5b6bc02d379db03a877d34d/library/std/src/panicking.rs:520:19
[INFO] [stdout]   38:     0x64100a1a27b4 - std::panic::catch_unwind::h64f3b9d1067ef6a0
[INFO] [stdout]                                at /rustc/202008a1b8de96d2e5b6bc02d379db03a877d34d/library/std/src/panic.rs:358:14
[INFO] [stdout]   39:     0x64100a1a27b4 - std::thread::Builder::spawn_unchecked_::{{closure}}::h42b2841295b6c0b2
[INFO] [stdout]                                at /rustc/202008a1b8de96d2e5b6bc02d379db03a877d34d/library/std/src/thread/mod.rs:559:30
[INFO] [stdout]   40:     0x64100a1a27b4 - core::ops::function::FnOnce::call_once{{vtable.shim}}::h6127de71b8124639
[INFO] [stdout]                                at /rustc/202008a1b8de96d2e5b6bc02d379db03a877d34d/library/core/src/ops/function.rs:250:5
[INFO] [stdout]   41:     0x64100a36c96b - <alloc::boxed::Box<F,A> as core::ops::function::FnOnce<Args>>::call_once::h42f0ba71002a1b2c
[INFO] [stdout]                                at /rustc/202008a1b8de96d2e5b6bc02d379db03a877d34d/library/alloc/src/boxed.rs:1972:9
[INFO] [stdout]   42:     0x64100a36c96b - <alloc::boxed::Box<F,A> as core::ops::function::FnOnce<Args>>::call_once::had9e47d7a3dcecb8
[INFO] [stdout]                                at /rustc/202008a1b8de96d2e5b6bc02d379db03a877d34d/library/alloc/src/boxed.rs:1972:9
[INFO] [stdout]   43:     0x64100a36c96b - std::sys::pal::unix::thread::Thread::new::thread_start::h48cf765408f6f5f2
[INFO] [stdout]                                at /rustc/202008a1b8de96d2e5b6bc02d379db03a877d34d/library/std/src/sys/pal/unix/thread.rs:105:17
[INFO] [stdout]   44:     0x79f7bd534ac3 - <unknown>
[INFO] [stdout]   45:     0x79f7bd5c5a04 - clone
[INFO] [stdout]   46:                0x0 - <unknown>
[INFO] [stdout] 
[INFO] [stdout] 
[INFO] [stdout] failures:
[INFO] [stdout]     data::test::test_db_creation
[INFO] [stdout] 
[INFO] [stdout] test result: FAILED. 1 passed; 1 failed; 0 ignored; 0 measured; 0 filtered out; finished in 0.12s
[INFO] [stdout] 
[INFO] [stderr] error: test failed, to rerun pass `--bin chores`
[INFO] running `Command { std: "docker" "inspect" "76d3aeb5d92178cd7ef0a9c43b7b136505729c6158fe7d594c1286d9fc9067c5", kill_on_drop: false }`
[INFO] running `Command { std: "docker" "rm" "-f" "76d3aeb5d92178cd7ef0a9c43b7b136505729c6158fe7d594c1286d9fc9067c5", kill_on_drop: false }`
[INFO] [stdout] 76d3aeb5d92178cd7ef0a9c43b7b136505729c6158fe7d594c1286d9fc9067c5
