[INFO] cloning repository https://github.com/kaiwalya/rastro
[INFO] running `Command { std: "git" "-c" "credential.helper=" "-c" "credential.helper=/workspace/cargo-home/bin/git-credential-null" "clone" "--bare" "https://github.com/kaiwalya/rastro" "/workspace/cache/git-repos/https%3A%2F%2Fgithub.com%2Fkaiwalya%2Frastro", kill_on_drop: false }`
[INFO] [stderr] Cloning into bare repository '/workspace/cache/git-repos/https%3A%2F%2Fgithub.com%2Fkaiwalya%2Frastro'...
[INFO] running `Command { std: "git" "rev-parse" "HEAD", kill_on_drop: false }`
[INFO] [stdout] a404183373e65dbdc54234e645a6e6c8be374405
[INFO] testing kaiwalya/rastro against 1.83.0 for beta-1.84.0-4-retry
[INFO] running `Command { std: "git" "clone" "/workspace/cache/git-repos/https%3A%2F%2Fgithub.com%2Fkaiwalya%2Frastro" "/workspace/builds/worker-6-tc1/source", kill_on_drop: false }`
[INFO] [stderr] Cloning into '/workspace/builds/worker-6-tc1/source'...
[INFO] [stderr] done.
[INFO] validating manifest of git repo https://github.com/kaiwalya/rastro on toolchain 1.83.0
[INFO] running `Command { std: CARGO_HOME="/workspace/cargo-home" RUSTUP_HOME="/workspace/rustup-home" "/workspace/cargo-home/bin/cargo" "+1.83.0" "metadata" "--manifest-path" "Cargo.toml" "--no-deps", kill_on_drop: false }`
[INFO] started tweaking git repo https://github.com/kaiwalya/rastro
[INFO] finished tweaking git repo https://github.com/kaiwalya/rastro
[INFO] tweaked toml for git repo https://github.com/kaiwalya/rastro written to /workspace/builds/worker-6-tc1/source/Cargo.toml
[INFO] crate git repo https://github.com/kaiwalya/rastro already has a lockfile, it will not be regenerated
[INFO] running `Command { std: CARGO_HOME="/workspace/cargo-home" RUSTUP_HOME="/workspace/rustup-home" "/workspace/cargo-home/bin/cargo" "+1.83.0" "fetch" "--manifest-path" "Cargo.toml", kill_on_drop: false }`
[INFO] [stderr] warning: virtual workspace defaulting to `resolver = "1"` despite one or more workspace members being on edition 2021 which implies `resolver = "2"`
[INFO] [stderr] note: to keep the current resolver, specify `workspace.resolver = "1"` in the workspace root's manifest
[INFO] [stderr] note: to use the edition 2021 resolver, specify `workspace.resolver = "2"` in the workspace root's manifest
[INFO] [stderr] note: for more details see https://doc.rust-lang.org/cargo/reference/resolver.html#resolver-versions
[INFO] [stderr]     Updating crates.io index
[INFO] [stderr]  Downloading crates ...
[INFO] [stderr]   Downloaded rustronomy-core v0.1.0
[INFO] [stderr]   Downloaded quick-xml v0.27.1
[INFO] [stderr]   Downloaded rustronomy-fits v0.1.0
[INFO] running `Command { std: "docker" "create" "-v" "/var/lib/crater-agent-workspace/builds/worker-6-tc1/target:/opt/rustwide/target:rw,Z" "-v" "/var/lib/crater-agent-workspace/builds/worker-6-tc1/source:/opt/rustwide/workdir:ro,Z" "-v" "/var/lib/crater-agent-workspace/cargo-home:/opt/rustwide/cargo-home:ro,Z" "-v" "/var/lib/crater-agent-workspace/rustup-home:/opt/rustwide/rustup-home:ro,Z" "-e" "SOURCE_DIR=/opt/rustwide/workdir" "-e" "CARGO_TARGET_DIR=/opt/rustwide/target" "-e" "CARGO_HOME=/opt/rustwide/cargo-home" "-e" "RUSTUP_HOME=/opt/rustwide/rustup-home" "-w" "/opt/rustwide/workdir" "-m" "1610612736" "--user" "0:0" "--network" "none" "ghcr.io/rust-lang/crates-build-env/linux@sha256:f3a9d4ad9d972b27faf3965f35b62e55ba32bbce8f20bc8fe909558a86702fde" "/opt/rustwide/cargo-home/bin/cargo" "+1.83.0" "metadata" "--no-deps" "--format-version=1", kill_on_drop: false }`
[INFO] [stdout] f7e6d03b1e8cd50ff9c810865439aef04e8c70faf616f17b9e91eb92d476c6ab
[INFO] running `Command { std: "docker" "start" "-a" "f7e6d03b1e8cd50ff9c810865439aef04e8c70faf616f17b9e91eb92d476c6ab", kill_on_drop: false }`
[INFO] running `Command { std: "docker" "inspect" "f7e6d03b1e8cd50ff9c810865439aef04e8c70faf616f17b9e91eb92d476c6ab", kill_on_drop: false }`
[INFO] running `Command { std: "docker" "rm" "-f" "f7e6d03b1e8cd50ff9c810865439aef04e8c70faf616f17b9e91eb92d476c6ab", kill_on_drop: false }`
[INFO] [stdout] f7e6d03b1e8cd50ff9c810865439aef04e8c70faf616f17b9e91eb92d476c6ab
[INFO] running `Command { std: "docker" "create" "-v" "/var/lib/crater-agent-workspace/builds/worker-6-tc1/target:/opt/rustwide/target:rw,Z" "-v" "/var/lib/crater-agent-workspace/builds/worker-6-tc1/source:/opt/rustwide/workdir:ro,Z" "-v" "/var/lib/crater-agent-workspace/cargo-home:/opt/rustwide/cargo-home:ro,Z" "-v" "/var/lib/crater-agent-workspace/rustup-home:/opt/rustwide/rustup-home:ro,Z" "-e" "SOURCE_DIR=/opt/rustwide/workdir" "-e" "CARGO_TARGET_DIR=/opt/rustwide/target" "-e" "CARGO_INCREMENTAL=0" "-e" "RUST_BACKTRACE=full" "-e" "RUSTFLAGS=--cap-lints=warn" "-e" "RUSTDOCFLAGS=--cap-lints=warn" "-e" "CARGO_HOME=/opt/rustwide/cargo-home" "-e" "RUSTUP_HOME=/opt/rustwide/rustup-home" "-w" "/opt/rustwide/workdir" "-m" "1610612736" "--user" "0:0" "--network" "none" "ghcr.io/rust-lang/crates-build-env/linux@sha256:f3a9d4ad9d972b27faf3965f35b62e55ba32bbce8f20bc8fe909558a86702fde" "/opt/rustwide/cargo-home/bin/cargo" "+1.83.0" "build" "--frozen" "--message-format=json", kill_on_drop: false }`
[INFO] [stdout] 995b2b79a3a8acb173120561ab30337fd70ff80d8b55d6f696b7170381405bc8
[INFO] running `Command { std: "docker" "start" "-a" "995b2b79a3a8acb173120561ab30337fd70ff80d8b55d6f696b7170381405bc8", kill_on_drop: false }`
[INFO] [stderr] warning: virtual workspace defaulting to `resolver = "1"` despite one or more workspace members being on edition 2021 which implies `resolver = "2"`
[INFO] [stderr] note: to keep the current resolver, specify `workspace.resolver = "1"` in the workspace root's manifest
[INFO] [stderr] note: to use the edition 2021 resolver, specify `workspace.resolver = "2"` in the workspace root's manifest
[INFO] [stderr] note: for more details see https://doc.rust-lang.org/cargo/reference/resolver.html#resolver-versions
[INFO] [stderr]    Compiling libc v0.2.138
[INFO] [stderr]    Compiling autocfg v1.1.0
[INFO] [stderr]    Compiling proc-macro2 v1.0.49
[INFO] [stderr]    Compiling quote v1.0.23
[INFO] [stderr]    Compiling unicode-ident v1.0.6
[INFO] [stderr]    Compiling syn v1.0.107
[INFO] [stderr]    Compiling pkg-config v0.3.26
[INFO] [stderr]    Compiling scopeguard v1.1.0
[INFO] [stderr]    Compiling memchr v2.5.0
[INFO] [stderr]    Compiling futures-core v0.3.25
[INFO] [stderr]    Compiling log v0.4.17
[INFO] [stderr]    Compiling lock_api v0.4.9
[INFO] [stderr]    Compiling num-traits v0.2.15
[INFO] [stderr]    Compiling once_cell v1.16.0
[INFO] [stderr]    Compiling futures-sink v0.3.25
[INFO] [stderr]    Compiling smallvec v1.10.0
[INFO] [stderr]    Compiling jobserver v0.1.25
[INFO] [stderr]    Compiling num_cpus v1.15.0
[INFO] [stderr]    Compiling getrandom v0.2.8
[INFO] [stderr]    Compiling pin-project-lite v0.2.9
[INFO] [stderr]    Compiling cc v1.0.78
[INFO] [stderr]    Compiling num-integer v0.1.45
[INFO] [stderr]    Compiling crossbeam-utils v0.8.14
[INFO] [stderr]    Compiling memoffset v0.7.1
[INFO] [stderr]    Compiling parking_lot_core v0.9.5
[INFO] [stderr]    Compiling crossbeam-epoch v0.9.13
[INFO] [stderr]    Compiling slab v0.4.7
[INFO] [stderr]    Compiling bitflags v1.3.2
[INFO] [stderr]    Compiling version_check v0.9.4
[INFO] [stderr]    Compiling futures-channel v0.3.25
[INFO] [stderr]    Compiling futures-task v0.3.25
[INFO] [stderr]    Compiling thiserror v1.0.38
[INFO] [stderr]    Compiling serde_derive v1.0.151
[INFO] [stderr]    Compiling bytes v1.3.0
[INFO] [stderr]    Compiling ahash v0.7.6
[INFO] [stderr]    Compiling signal-hook-registry v1.4.0
[INFO] [stderr]    Compiling tokio v1.24.1
[INFO] [stderr]    Compiling crc32fast v1.3.2
[INFO] [stderr]    Compiling serde v1.0.151
[INFO] [stderr]    Compiling futures-util v0.3.25
[INFO] [stderr]    Compiling futures-io v0.3.25
[INFO] [stderr]    Compiling adler v1.0.2
[INFO] [stderr]    Compiling parking_lot v0.12.1
[INFO] [stderr]    Compiling miniz_oxide v0.6.2
[INFO] [stderr]    Compiling mio v0.8.5
[INFO] [stderr]    Compiling socket2 v0.4.7
[INFO] [stderr]    Compiling rayon-core v1.10.1
[INFO] [stderr]    Compiling either v1.8.0
[INFO] [stderr]    Compiling ucd-trie v0.1.5
[INFO] [stderr]    Compiling crossbeam-deque v0.8.2
[INFO] [stderr]    Compiling openssl-sys v0.9.79
[INFO] [stderr]    Compiling crossbeam-channel v0.5.6
[INFO] [stderr]    Compiling indexmap v1.9.2
[INFO] [stderr]    Compiling num-bigint v0.4.3
[INFO] [stderr]    Compiling hashbrown v0.12.3
[INFO] [stderr]    Compiling flate2 v1.0.25
[INFO] [stderr]    Compiling num-rational v0.4.1
[INFO] [stderr]    Compiling itoa v1.0.5
[INFO] [stderr]    Compiling bytemuck v1.12.3
[INFO] [stderr]    Compiling num-complex v0.4.2
[INFO] [stderr]    Compiling tracing-core v0.1.30
[INFO] [stderr]    Compiling rayon v1.6.1
[INFO] [stderr]    Compiling byteorder v1.4.3
[INFO] [stderr]    Compiling ppv-lite86 v0.2.17
[INFO] [stderr]    Compiling getrandom v0.1.16
[INFO] [stderr]    Compiling tracing v0.1.37
[INFO] [stderr]    Compiling zstd-sys v2.0.4+zstd.1.5.2
[INFO] [stderr]    Compiling cmake v0.1.49
[INFO] [stderr]    Compiling spin v0.9.4
[INFO] [stderr]    Compiling nanorand v0.7.0
[INFO] [stderr]    Compiling aho-corasick v0.7.20
[INFO] [stderr]    Compiling rawpointer v0.2.1
[INFO] [stderr]    Compiling fnv v1.0.7
[INFO] [stderr]    Compiling regex-syntax v0.6.28
[INFO] [stderr]    Compiling openssl v0.10.44
[INFO] [stderr]    Compiling weezl v0.1.7
[INFO] [stderr]    Compiling freetype-sys v0.13.1
[INFO] [stderr]    Compiling foreign-types v0.3.2
[INFO] [stderr]    Compiling http v0.2.8
[INFO] [stderr]    Compiling matrixmultiply v0.3.2
[INFO] [stderr]    Compiling thiserror-impl v1.0.38
[INFO] [stderr]    Compiling futures-macro v0.3.25
[INFO] [stderr]    Compiling tokio-macros v1.8.2
[INFO] [stderr]    Compiling pin-project-internal v1.0.12
[INFO] [stderr]    Compiling jpeg-decoder v0.3.0
[INFO] [stderr]    Compiling regex v1.7.0
[INFO] [stderr]    Compiling pest v2.5.2
[INFO] [stderr]    Compiling pin-project v1.0.12
[INFO] [stderr]    Compiling flume v0.10.14
[INFO] [stderr]    Compiling openssl-macros v0.1.0
[INFO] [stderr]    Compiling threadpool v1.8.1
[INFO] [stderr]    Compiling semver-parser v0.10.2
[INFO] [stderr]    Compiling atty v0.2.14
[INFO] [stderr]    Compiling yeslogic-fontconfig-sys v3.2.0
[INFO] [stderr]    Compiling semver v0.11.0
[INFO] [stderr]    Compiling bit_field v0.10.1
[INFO] [stderr]    Compiling rustc_version v0.3.3
[INFO] [stderr]    Compiling paste v1.0.11
[INFO] [stderr]    Compiling httparse v1.8.0
[INFO] [stderr]    Compiling pathfinder_simd v0.5.1
[INFO] [stderr]    Compiling encoding_rs v0.8.31
[INFO] [stderr]    Compiling termcolor v1.1.3
[INFO] [stderr]    Compiling lebe v0.5.2
[INFO] [stderr]    Compiling color_quant v1.1.0
[INFO] [stderr]    Compiling half v2.1.0
[INFO] [stderr]    Compiling native-tls v0.2.11
[INFO] [stderr]    Compiling tinyvec v1.6.0
[INFO] [stderr]    Compiling exr v1.5.2
[INFO] [stderr]    Compiling gif v0.11.4
[INFO] [stderr]    Compiling rand_core v0.5.1
[INFO] [stderr]    Compiling tiff v0.8.1
[INFO] [stderr]    Compiling safe_arch v0.6.0
[INFO] [stderr]    Compiling png v0.17.7
[INFO] [stderr]    Compiling lzma-sys v0.1.20
[INFO] [stderr]    Compiling bzip2-sys v0.1.11+1.0.8
[INFO] [stderr]    Compiling num-iter v0.1.43
[INFO] [stderr]    Compiling libloading v0.7.4
[INFO] [stderr]    Compiling tokio-util v0.7.4
[INFO] [stderr]    Compiling ttf-parser v0.15.2
[INFO] [stderr]    Compiling alloc-no-stdlib v2.0.4
[INFO] [stderr]    Compiling ryu v1.0.12
[INFO] [stderr]    Compiling scoped_threadpool v0.1.9
[INFO] [stderr]    Compiling typenum v1.16.0
[INFO] [stderr]    Compiling openssl-probe v0.1.5
[INFO] [stderr]    Compiling zstd-safe v5.0.2+zstd.1.5.2
[INFO] [stderr]    Compiling percent-encoding v2.2.0
[INFO] [stderr]    Compiling try-lock v0.2.3
[INFO] [stderr]    Compiling want v0.3.0
[INFO] [stderr]    Compiling form_urlencoded v1.1.0
[INFO] [stderr]    Compiling image v0.24.5
[INFO] [stderr]    Compiling h2 v0.3.15
[INFO] [stderr]    Compiling alloc-stdlib v0.2.2
[INFO] [stderr]    Compiling dlib v0.5.0
[INFO] [stderr]    Compiling wide v0.7.5
[INFO] [stderr]    Compiling unicode-normalization v0.1.22
[INFO] [stderr]    Compiling rand_chacha v0.2.2
[INFO] [stderr]    Compiling http-body v0.4.5
[INFO] [stderr]    Compiling approx v0.5.1
[INFO] [stderr]    Compiling rand_core v0.6.4
[INFO] [stderr]    Compiling dirs-sys-next v0.1.2
[INFO] [stderr]    Compiling time v0.1.45
[INFO] [stderr]    Compiling tokio v0.3.7
[INFO] [stderr]    Compiling const-cstr v0.3.0
[INFO] [stderr]    Compiling plotters-backend v0.3.4
[INFO] [stderr]    Compiling regex-automata v0.1.10
[INFO] [stderr]    Compiling async-trait v0.1.61
[INFO] [stderr]    Compiling unicode-bidi v0.3.8
[INFO] [stderr]    Compiling font-kit v0.11.0
[INFO] [stderr]    Compiling same-file v1.0.6
[INFO] [stderr]    Compiling httpdate v1.0.2
[INFO] [stderr]    Compiling tower-service v0.3.2
[INFO] [stderr]    Compiling quick-error v1.2.3
[INFO] [stderr]    Compiling iana-time-zone v0.1.53
[INFO] [stderr]    Compiling humantime v1.3.0
[INFO] [stderr]    Compiling idna v0.3.0
[INFO] [stderr]    Compiling hyper v0.14.23
[INFO] [stderr]    Compiling chrono v0.4.23
[INFO] [stderr]    Compiling walkdir v2.3.2
[INFO] [stderr]    Compiling bstr v0.2.17
[INFO] [stderr]    Compiling pathfinder_geometry v0.5.1
[INFO] [stderr]    Compiling simba v0.7.3
[INFO] [stderr]    Compiling dirs-next v2.0.0
[INFO] [stderr]    Compiling rand_chacha v0.3.1
[INFO] [stderr]    Compiling rand v0.7.3
[INFO] [stderr]    Compiling freetype v0.7.0
[INFO] [stderr]    Compiling owned_ttf_parser v0.15.2
[INFO] [stderr]    Compiling tokio-native-tls v0.3.0
[INFO] [stderr]    Compiling brotli-decompressor v2.3.2
[INFO] [stderr]    Compiling futures-executor v0.3.25
[INFO] [stderr]    Compiling ndarray v0.15.6
[INFO] [stderr]    Compiling itertools v0.10.5
[INFO] [stderr]    Compiling csv-core v0.1.10
[INFO] [stderr]    Compiling pin-project-lite v0.1.12
[INFO] [stderr]    Compiling float-ord v0.2.0
[INFO] [stderr]    Compiling bytes v0.5.6
[INFO] [stderr]    Compiling humantime v2.1.0
[INFO] [stderr]    Compiling ab_glyph_rasterizer v0.1.7
[INFO] [stderr]    Compiling custom_derive v0.1.7
[INFO] [stderr]    Compiling signal-hook v0.3.14
[INFO] [stderr]    Compiling conv v0.3.3
[INFO] [stderr]    Compiling rusttype v0.9.3
[INFO] [stderr]    Compiling tokio v0.2.25
[INFO] [stderr]    Compiling env_logger v0.9.3
[INFO] [stderr]    Compiling hyper-tls v0.5.0
[INFO] [stderr]    Compiling brotli v3.3.4
[INFO] [stderr]    Compiling futures v0.3.25
[INFO] [stderr]    Compiling num v0.4.0
[INFO] [stderr]    Compiling rand_distr v0.2.2
[INFO] [stderr]    Compiling xz2 v0.1.7
[INFO] [stderr]    Compiling plotters-bitmap v0.3.2
[INFO] [stderr]    Compiling rand v0.8.5
[INFO] [stderr]    Compiling url v2.3.1
[INFO] [stderr]    Compiling env_logger v0.7.1
[INFO] [stderr]    Compiling plotters-svg v0.3.3
[INFO] [stderr]    Compiling serde_urlencoded v0.7.1
[INFO] [stderr]    Compiling rustronomy-core v0.1.0
[INFO] [stderr]    Compiling noisy_float v0.2.0
[INFO] [stderr]    Compiling nalgebra v0.30.1
[INFO] [stderr]    Compiling dirs-sys v0.3.7
[INFO] [stderr]    Compiling dyn-clone v1.0.10
[INFO] [stderr]    Compiling ipnet v2.7.0
[INFO] [stderr]    Compiling itoa v0.4.8
[INFO] [stderr]    Compiling simple-error v0.2.3
[INFO] [stderr]    Compiling base64 v0.13.1
[INFO] [stderr]    Compiling mime v0.3.16
[INFO] [stderr]    Compiling rustronomy-fits v0.1.0
[INFO] [stderr]    Compiling csv v1.1.6
[INFO] [stderr]    Compiling reqwest v0.11.13
[INFO] [stderr]    Compiling dirs v4.0.0
[INFO] [stderr]    Compiling ndarray-stats v0.5.1
[INFO] [stderr]    Compiling plotters v0.3.4
[INFO] [stderr]    Compiling pretty_env_logger v0.4.0
[INFO] [stderr]    Compiling csv-async v1.2.4
[INFO] [stderr]    Compiling quick-xml v0.27.1
[INFO] [stderr]    Compiling toml v0.5.10
[INFO] [stderr]    Compiling bincode v1.3.3
[INFO] [stderr]    Compiling tokio-stream v0.1.11
[INFO] [stderr]    Compiling rastro v0.1.0 (/opt/rustwide/workdir/rastro)
[INFO] [stderr]    Compiling bzip2 v0.4.3
[INFO] [stdout] warning: field `read_handle` is never read
[INFO] [stdout]   --> rastro/src/indi/connection.rs:13:5
[INFO] [stdout]    |
[INFO] [stdout] 11 | pub struct IndiConnection {
[INFO] [stdout]    |            -------------- field in this struct
[INFO] [stdout] 12 |     stream: TcpStream,
[INFO] [stdout] 13 |     read_handle: IndiReaderLoopHandle,
[INFO] [stdout]    |     ^^^^^^^^^^^
[INFO] [stdout]    |
[INFO] [stdout]    = note: `#[warn(dead_code)]` on by default
[INFO] [stdout] 
[INFO] [stdout] 
[INFO] [stderr]    Compiling zstd v0.11.2+zstd.1.5.2
[INFO] [stderr]    Compiling async-compression v0.3.15
[INFO] [stderr]    Compiling celestial v0.1.0 (/opt/rustwide/workdir/celestial)
[INFO] [stdout] warning: unused import: `AsyncWriteExt`
[INFO] [stdout]  --> celestial/src/resource.rs:6:28
[INFO] [stdout]   |
[INFO] [stdout] 6 | use tokio::io::{AsyncRead, AsyncWriteExt, ReadBuf};
[INFO] [stdout]   |                            ^^^^^^^^^^^^^
[INFO] [stdout]   |
[INFO] [stdout]   = note: `#[warn(unused_imports)]` on by default
[INFO] [stdout] 
[INFO] [stdout] 
[INFO] [stdout] warning: unused import: `TryFutureExt`
[INFO] [stdout]  --> celestial/src/resource.rs:5:15
[INFO] [stdout]   |
[INFO] [stdout] 5 | use futures::{TryFutureExt, TryStreamExt};
[INFO] [stdout]   |               ^^^^^^^^^^^^
[INFO] [stdout] 
[INFO] [stdout] 
[INFO] [stderr]    Compiling imageproc v0.23.0
[INFO] [stdout] warning: struct `TableStreamer` is never constructed
[INFO] [stdout]  --> celestial/src/table_streamer.rs:6:12
[INFO] [stdout]   |
[INFO] [stdout] 6 | pub struct TableStreamer<R: futures::AsyncRead + Unpin + Send> {
[INFO] [stdout]   |            ^^^^^^^^^^^^^
[INFO] [stdout]   |
[INFO] [stdout]   = note: `#[warn(dead_code)]` on by default
[INFO] [stdout] 
[INFO] [stdout] 
[INFO] [stdout] warning: associated items `from_csv_reader`, `futures_stream`, `tokio_stream`, and `columns_headers` are never used
[INFO] [stdout]   --> celestial/src/table_streamer.rs:13:18
[INFO] [stdout]    |
[INFO] [stdout] 11 | impl<R: futures::AsyncRead + Unpin + Send> TableStreamer<R> {
[INFO] [stdout]    | ----------------------------------------------------------- associated items in this implementation
[INFO] [stdout] 12 |
[INFO] [stdout] 13 |     pub async fn from_csv_reader(mut reader: AsyncReader<R>) -> TableStreamer<R> {
[INFO] [stdout]    |                  ^^^^^^^^^^^^^^^
[INFO] [stdout] ...
[INFO] [stdout] 34 |     pub fn futures_stream(&mut self) ->  impl futures::Stream<Item = Vec<String>> + '_{
[INFO] [stdout]    |            ^^^^^^^^^^^^^^
[INFO] [stdout] ...
[INFO] [stdout] 42 |     pub fn tokio_stream(&mut self) ->  impl tokio_stream::Stream<Item = Vec<String>> + '_ {
[INFO] [stdout]    |            ^^^^^^^^^^^^
[INFO] [stdout] ...
[INFO] [stdout] 50 |     pub fn columns_headers(&self) -> &Vec<String>{
[INFO] [stdout]    |            ^^^^^^^^^^^^^^^
[INFO] [stdout] 
[INFO] [stdout] 
[INFO] [stdout] warning: struct `ESA` is never constructed
[INFO] [stdout]  --> celestial/src/esa/mod.rs:7:12
[INFO] [stdout]   |
[INFO] [stdout] 7 | pub struct ESA {
[INFO] [stdout]   |            ^^^
[INFO] [stdout] 
[INFO] [stdout] 
[INFO] [stdout] warning: struct `Gaia` is never constructed
[INFO] [stdout]   --> celestial/src/esa/mod.rs:11:12
[INFO] [stdout]    |
[INFO] [stdout] 11 | pub struct Gaia {
[INFO] [stdout]    |            ^^^^
[INFO] [stdout] 
[INFO] [stdout] 
[INFO] [stdout] warning: struct `DR3` is never constructed
[INFO] [stdout]   --> celestial/src/esa/mod.rs:15:12
[INFO] [stdout]    |
[INFO] [stdout] 15 | pub struct DR3 {
[INFO] [stdout]    |            ^^^
[INFO] [stdout] 
[INFO] [stdout] 
[INFO] [stdout] warning: fields `hash` and `url` are never read
[INFO] [stdout]   --> celestial/src/esa/mod.rs:23:9
[INFO] [stdout]    |
[INFO] [stdout] 22 | pub struct GaiaSourceFile {
[INFO] [stdout]    |            -------------- fields in this struct
[INFO] [stdout] 23 |     pub hash: String,
[INFO] [stdout]    |         ^^^^
[INFO] [stdout] 24 |     pub url: url::Url
[INFO] [stdout]    |         ^^^
[INFO] [stdout] 
[INFO] [stdout] 
[INFO] [stdout] warning: fields `source_id` and `phot_g_mean_mag` are never read
[INFO] [stdout]   --> celestial/src/esa/mod.rs:28:9
[INFO] [stdout]    |
[INFO] [stdout] 27 | pub struct GaiaSourceFileRow {
[INFO] [stdout]    |            ----------------- fields in this struct
[INFO] [stdout] 28 |     pub source_id: String,
[INFO] [stdout]    |         ^^^^^^^^^
[INFO] [stdout] 29 |     pub phot_g_mean_mag: f32
[INFO] [stdout]    |         ^^^^^^^^^^^^^^^
[INFO] [stdout] 
[INFO] [stdout] 
[INFO] [stdout] warning: struct `Photometry` is never constructed
[INFO] [stdout]   --> celestial/src/esa/mod.rs:32:12
[INFO] [stdout]    |
[INFO] [stdout] 32 | pub struct Photometry {
[INFO] [stdout]    |            ^^^^^^^^^^
[INFO] [stdout] 
[INFO] [stdout] 
[INFO] [stdout] warning: fields `hash` and `url` are never read
[INFO] [stdout]   --> celestial/src/esa/mod.rs:41:9
[INFO] [stdout]    |
[INFO] [stdout] 40 | pub struct EpochPhotometryFile {
[INFO] [stdout]    |            ------------------- fields in this struct
[INFO] [stdout] 41 |     pub hash: String,
[INFO] [stdout]    |         ^^^^
[INFO] [stdout] 42 |     pub url: url::Url
[INFO] [stdout]    |         ^^^
[INFO] [stdout] 
[INFO] [stdout] 
[INFO] [stdout] warning: struct `EpochPhotometryFileRow` is never constructed
[INFO] [stdout]   --> celestial/src/esa/mod.rs:45:12
[INFO] [stdout]    |
[INFO] [stdout] 45 | pub struct EpochPhotometryFileRow {
[INFO] [stdout]    |            ^^^^^^^^^^^^^^^^^^^^^^
[INFO] [stdout] 
[INFO] [stdout] 
[INFO] [stdout] warning: methods `listing_file_url` and `list_from_listing_file_contents` are never used
[INFO] [stdout]   --> celestial/src/esa/mod.rs:52:8
[INFO] [stdout]    |
[INFO] [stdout] 50 | pub trait DataDirectory {
[INFO] [stdout]    |           ------------- methods in this trait
[INFO] [stdout] 51 |     type FileType;
[INFO] [stdout] 52 |     fn listing_file_url(&self) -> url::Url;
[INFO] [stdout]    |        ^^^^^^^^^^^^^^^^
[INFO] [stdout] 53 |     fn list_from_listing_file_contents(&self, contents: Vec<u8>) -> Vec<Self::FileType>;
[INFO] [stdout]    |        ^^^^^^^^^^^^^^^^^^^^^^^^^^^^^^^
[INFO] [stdout] 
[INFO] [stdout] 
[INFO] [stdout] warning: associated items `new` and `gaia` are never used
[INFO] [stdout]   --> celestial/src/esa/mod.rs:57:12
[INFO] [stdout]    |
[INFO] [stdout] 56 | impl ESA {
[INFO] [stdout]    | -------- associated items in this implementation
[INFO] [stdout] 57 |     pub fn new() -> ESA {
[INFO] [stdout]    |            ^^^
[INFO] [stdout] ...
[INFO] [stdout] 63 |     pub fn gaia(&self) -> Gaia {
[INFO] [stdout]    |            ^^^^
[INFO] [stdout] 
[INFO] [stdout] 
[INFO] [stdout] warning: associated items `new` and `dr3` are never used
[INFO] [stdout]   --> celestial/src/esa/mod.rs:69:8
[INFO] [stdout]    |
[INFO] [stdout] 68 | impl Gaia {
[INFO] [stdout]    | --------- associated items in this implementation
[INFO] [stdout] 69 |     fn new(esa: &ESA) -> Gaia {
[INFO] [stdout]    |        ^^^
[INFO] [stdout] ...
[INFO] [stdout] 75 |     pub fn dr3(&self) -> DR3 {
[INFO] [stdout]    |            ^^^
[INFO] [stdout] 
[INFO] [stdout] 
[INFO] [stdout] warning: associated items `new`, `gaia_source`, and `photometry` are never used
[INFO] [stdout]   --> celestial/src/esa/mod.rs:81:8
[INFO] [stdout]    |
[INFO] [stdout] 80 | impl DR3 {
[INFO] [stdout]    | -------- associated items in this implementation
[INFO] [stdout] 81 |     fn new(gaia: &Gaia) -> DR3 {
[INFO] [stdout]    |        ^^^
[INFO] [stdout] ...
[INFO] [stdout] 87 |     pub fn gaia_source(&self) -> GaiaSource {
[INFO] [stdout]    |            ^^^^^^^^^^^
[INFO] [stdout] ...
[INFO] [stdout] 91 |     pub fn photometry(&self) -> Photometry {
[INFO] [stdout]    |            ^^^^^^^^^^
[INFO] [stdout] 
[INFO] [stdout] 
[INFO] [stdout] warning: associated function `new` is never used
[INFO] [stdout]   --> celestial/src/esa/mod.rs:97:8
[INFO] [stdout]    |
[INFO] [stdout] 96 | impl GaiaSource {
[INFO] [stdout]    | --------------- associated function in this implementation
[INFO] [stdout] 97 |     fn new(dr3: &DR3) -> GaiaSource {
[INFO] [stdout]    |        ^^^
[INFO] [stdout] 
[INFO] [stdout] 
[INFO] [stdout] warning: struct `GaiaSourceFileIterator2` is never constructed
[INFO] [stdout]    --> celestial/src/esa/mod.rs:127:12
[INFO] [stdout]     |
[INFO] [stdout] 127 | pub struct GaiaSourceFileIterator2<'a, R> {
[INFO] [stdout]     |            ^^^^^^^^^^^^^^^^^^^^^^^
[INFO] [stdout] 
[INFO] [stdout] 
[INFO] [stdout] warning: associated function `new` is never used
[INFO] [stdout]    --> celestial/src/esa/mod.rs:134:8
[INFO] [stdout]     |
[INFO] [stdout] 133 | impl GaiaSourceFileIterator<'_> {
[INFO] [stdout]     | ------------------------------- associated function in this implementation
[INFO] [stdout] 134 |     fn new(contents: &[u8]) -> GaiaSourceFileIterator {
[INFO] [stdout]     |        ^^^
[INFO] [stdout] 
[INFO] [stdout] 
[INFO] [stdout] warning: methods `iter` and `parse_all` are never used
[INFO] [stdout]    --> celestial/src/esa/mod.rs:196:12
[INFO] [stdout]     |
[INFO] [stdout] 188 | impl GaiaSourceFile {
[INFO] [stdout]     | ------------------- methods in this implementation
[INFO] [stdout] ...
[INFO] [stdout] 196 |     pub fn iter<'a>(&self, contents: &'a [u8]) -> GaiaSourceFileIterator<'a> {
[INFO] [stdout]     |            ^^^^
[INFO] [stdout] ...
[INFO] [stdout] 200 |     pub fn parse_all(&self, contents: Vec<u8>) -> Vec<GaiaSourceFileRow> {
[INFO] [stdout]     |            ^^^^^^^^^
[INFO] [stdout] 
[INFO] [stdout] 
[INFO] [stdout] warning: associated items `new` and `epoch_photometry` are never used
[INFO] [stdout]    --> celestial/src/esa/mod.rs:247:8
[INFO] [stdout]     |
[INFO] [stdout] 246 | impl Photometry {
[INFO] [stdout]     | --------------- associated items in this implementation
[INFO] [stdout] 247 |     fn new(dr3: &DR3) -> Photometry {
[INFO] [stdout]     |        ^^^
[INFO] [stdout] ...
[INFO] [stdout] 253 |     pub fn epoch_photometry(&self) -> EpochPhotometry {
[INFO] [stdout]     |            ^^^^^^^^^^^^^^^^
[INFO] [stdout] 
[INFO] [stdout] 
[INFO] [stdout] warning: associated function `new` is never used
[INFO] [stdout]    --> celestial/src/esa/mod.rs:259:8
[INFO] [stdout]     |
[INFO] [stdout] 258 | impl EpochPhotometry {
[INFO] [stdout]     | -------------------- associated function in this implementation
[INFO] [stdout] 259 |     fn new(photometry: &Photometry) -> EpochPhotometry {
[INFO] [stdout]     |        ^^^
[INFO] [stdout] 
[INFO] [stdout] 
[INFO] [stdout] warning: method `parse_all` is never used
[INFO] [stdout]    --> celestial/src/esa/mod.rs:293:12
[INFO] [stdout]     |
[INFO] [stdout] 285 | impl EpochPhotometryFile {
[INFO] [stdout]     | ------------------------ method in this implementation
[INFO] [stdout] ...
[INFO] [stdout] 293 |     pub fn parse_all(&self, contents: Vec<u8>) -> Vec<EpochPhotometryFileRow> {
[INFO] [stdout]     |            ^^^^^^^^^
[INFO] [stdout] 
[INFO] [stdout] 
[INFO] [stdout] warning: struct `Tycho2` is never constructed
[INFO] [stdout]   --> celestial/src/eso/mod.rs:11:12
[INFO] [stdout]    |
[INFO] [stdout] 11 | pub struct Tycho2 {
[INFO] [stdout]    |            ^^^^^^
[INFO] [stdout] 
[INFO] [stdout] 
[INFO] [stdout] warning: associated items `new` and `parse_row_columns` are never used
[INFO] [stdout]   --> celestial/src/eso/mod.rs:20:12
[INFO] [stdout]    |
[INFO] [stdout] 19 | impl Tycho2 {
[INFO] [stdout]    | ----------- associated items in this implementation
[INFO] [stdout] 20 |     pub fn new() -> Tycho2 {
[INFO] [stdout]    |            ^^^
[INFO] [stdout] ...
[INFO] [stdout] 30 |     pub fn parse_row_columns(&self, row: Vec<String>) -> CatalogRow {
[INFO] [stdout]    |            ^^^^^^^^^^^^^^^^^
[INFO] [stdout] 
[INFO] [stdout] 
[INFO] [stdout] warning: associated function `new` is never used
[INFO] [stdout]   --> celestial/src/eso/catalog_row.rs:10:12
[INFO] [stdout]    |
[INFO] [stdout] 8  | impl CatalogRow {
[INFO] [stdout]    | --------------- associated function in this implementation
[INFO] [stdout] 9  |
[INFO] [stdout] 10 |     pub fn new(row: Vec<String>) -> CatalogRow {
[INFO] [stdout]    |            ^^^
[INFO] [stdout] 
[INFO] [stdout] 
[INFO] [stdout] warning: methods `download_async`, `relative_cache_path`, `manifest_async`, and `absolute_cache_path` are never used
[INFO] [stdout]   --> celestial/src/resource.rs:55:14
[INFO] [stdout]    |
[INFO] [stdout] 54 | pub trait CacheableResource {
[INFO] [stdout]    |           ----------------- methods in this trait
[INFO] [stdout] 55 |     async fn download_async(&self) -> ReadThroughReader {
[INFO] [stdout]    |              ^^^^^^^^^^^^^^
[INFO] [stdout] ...
[INFO] [stdout] 96 |     fn relative_cache_path(&self) -> std::path::PathBuf;
[INFO] [stdout]    |        ^^^^^^^^^^^^^^^^^^^
[INFO] [stdout] 97 |     async fn manifest_async(&self) -> Box<dyn AsyncRead + Unpin + Send>;
[INFO] [stdout]    |              ^^^^^^^^^^^^^^
[INFO] [stdout] 98 |
[INFO] [stdout] 99 |     fn absolute_cache_path(&self) -> std::path::PathBuf {
[INFO] [stdout]    |        ^^^^^^^^^^^^^^^^^^^
[INFO] [stdout] 
[INFO] [stdout] 
[INFO] [stderr]    Compiling fits v0.1.0 (/opt/rustwide/workdir/fits)
[INFO] [stdout] warning: unused import: `NdProducer`
[INFO] [stdout]  --> fits/src/lib.rs:6:22
[INFO] [stdout]   |
[INFO] [stdout] 6 | use ndarray::{Array, NdProducer};
[INFO] [stdout]   |                      ^^^^^^^^^^
[INFO] [stdout]   |
[INFO] [stdout]   = note: `#[warn(unused_imports)]` on by default
[INFO] [stdout] 
[INFO] [stdout] 
[INFO] [stdout] warning: methods `create_rgba_image`, `create_r_image`, `create_g_image`, and `create_b_image` are never used
[INFO] [stdout]  --> fits/src/ndarray_image_ext.rs:4:8
[INFO] [stdout]   |
[INFO] [stdout] 3 | pub trait NDArrayExt {
[INFO] [stdout]   |           ---------- methods in this trait
[INFO] [stdout] 4 |     fn create_rgba_image(&self) -> image::RgbaImage;
[INFO] [stdout]   |        ^^^^^^^^^^^^^^^^^
[INFO] [stdout] 5 |     fn create_r_image(&self) -> image::GrayImage;
[INFO] [stdout]   |        ^^^^^^^^^^^^^^
[INFO] [stdout] 6 |     fn create_g_image(&self) -> image::GrayImage;
[INFO] [stdout]   |        ^^^^^^^^^^^^^^
[INFO] [stdout] 7 |     fn create_b_image(&self) -> image::GrayImage;
[INFO] [stdout]   |        ^^^^^^^^^^^^^^
[INFO] [stdout]   |
[INFO] [stdout]   = note: `#[warn(dead_code)]` on by default
[INFO] [stdout] 
[INFO] [stdout] 
[INFO] [stdout] warning: methods `gain`, `offset`, `ra`, `dec`, `epoch`, and `b_scale` are never used
[INFO] [stdout]   --> fits/src/load_fits.rs:17:12
[INFO] [stdout]    |
[INFO] [stdout] 16 | impl<'a> ParsedFitsFileHDU<'a> {
[INFO] [stdout]    | ------------------------------ methods in this implementation
[INFO] [stdout] 17 |     pub fn gain(&self) -> f32 {self.hdu.get_header().get_value_as::<f32>("GAIN").unwrap()}
[INFO] [stdout]    |            ^^^^
[INFO] [stdout] 18 |     pub fn offset(&self) -> f32 {self.hdu.get_header().get_value_as::<f32>("OFFSET").unwrap()}
[INFO] [stdout]    |            ^^^^^^
[INFO] [stdout] 19 |     pub fn ra(&self) -> f32 {self.hdu.get_header().get_value_as::<f32>("RA").unwrap()}
[INFO] [stdout]    |            ^^
[INFO] [stdout] 20 |     pub fn dec(&self) -> f32 {self.hdu.get_header().get_value_as::<f32>("DEC").unwrap()}
[INFO] [stdout]    |            ^^^
[INFO] [stdout] 21 |     pub fn epoch(&self) -> i32 {self.hdu.get_header().get_value_as::<i32>("EQUINOX").unwrap()}
[INFO] [stdout]    |            ^^^^^
[INFO] [stdout] 22 |     pub fn b_zero(&self) -> i32 {self.hdu.get_header().get_value_as::<i32>("BZERO").unwrap()}
[INFO] [stdout] 23 |     pub fn b_scale(&self) -> i32 {self.hdu.get_header().get_value_as::<i32>("BSCALE").unwrap()}
[INFO] [stdout]    |            ^^^^^^^
[INFO] [stdout] 
[INFO] [stdout] 
[INFO] [stderr]     Finished `dev` profile [unoptimized + debuginfo] target(s) in 3m 24s
[INFO] running `Command { std: "docker" "inspect" "995b2b79a3a8acb173120561ab30337fd70ff80d8b55d6f696b7170381405bc8", kill_on_drop: false }`
[INFO] running `Command { std: "docker" "rm" "-f" "995b2b79a3a8acb173120561ab30337fd70ff80d8b55d6f696b7170381405bc8", kill_on_drop: false }`
[INFO] [stdout] 995b2b79a3a8acb173120561ab30337fd70ff80d8b55d6f696b7170381405bc8
[INFO] running `Command { std: "docker" "create" "-v" "/var/lib/crater-agent-workspace/builds/worker-6-tc1/target:/opt/rustwide/target:rw,Z" "-v" "/var/lib/crater-agent-workspace/builds/worker-6-tc1/source:/opt/rustwide/workdir:ro,Z" "-v" "/var/lib/crater-agent-workspace/cargo-home:/opt/rustwide/cargo-home:ro,Z" "-v" "/var/lib/crater-agent-workspace/rustup-home:/opt/rustwide/rustup-home:ro,Z" "-e" "SOURCE_DIR=/opt/rustwide/workdir" "-e" "CARGO_TARGET_DIR=/opt/rustwide/target" "-e" "CARGO_INCREMENTAL=0" "-e" "RUST_BACKTRACE=full" "-e" "RUSTFLAGS=--cap-lints=warn" "-e" "RUSTDOCFLAGS=--cap-lints=warn" "-e" "CARGO_HOME=/opt/rustwide/cargo-home" "-e" "RUSTUP_HOME=/opt/rustwide/rustup-home" "-w" "/opt/rustwide/workdir" "-m" "1610612736" "--user" "0:0" "--network" "none" "ghcr.io/rust-lang/crates-build-env/linux@sha256:f3a9d4ad9d972b27faf3965f35b62e55ba32bbce8f20bc8fe909558a86702fde" "/opt/rustwide/cargo-home/bin/cargo" "+1.83.0" "test" "--frozen" "--no-run" "--message-format=json", kill_on_drop: false }`
[INFO] [stdout] 7ca8e615955909f2ac758c1b20bd28aa5529642058e213dd05a8f79afaa0a49e
[INFO] running `Command { std: "docker" "start" "-a" "7ca8e615955909f2ac758c1b20bd28aa5529642058e213dd05a8f79afaa0a49e", kill_on_drop: false }`
[INFO] [stderr] warning: virtual workspace defaulting to `resolver = "1"` despite one or more workspace members being on edition 2021 which implies `resolver = "2"`
[INFO] [stderr] note: to keep the current resolver, specify `workspace.resolver = "1"` in the workspace root's manifest
[INFO] [stderr] note: to use the edition 2021 resolver, specify `workspace.resolver = "2"` in the workspace root's manifest
[INFO] [stderr] note: for more details see https://doc.rust-lang.org/cargo/reference/resolver.html#resolver-versions
[INFO] [stderr]    Compiling async-stream-impl v0.3.3
[INFO] [stdout] warning: unused import: `AsyncWriteExt`
[INFO] [stdout]  --> celestial/src/resource.rs:6:28
[INFO] [stdout]   |
[INFO] [stdout] 6 | use tokio::io::{AsyncRead, AsyncWriteExt, ReadBuf};
[INFO] [stdout]   |                            ^^^^^^^^^^^^^
[INFO] [stdout]   |
[INFO] [stdout]   = note: `#[warn(unused_imports)]` on by default
[INFO] [stdout] 
[INFO] [stdout] 
[INFO] [stdout] warning: unused import: `TryFutureExt`
[INFO] [stdout]  --> celestial/src/resource.rs:5:15
[INFO] [stdout]   |
[INFO] [stdout] 5 | use futures::{TryFutureExt, TryStreamExt};
[INFO] [stdout]   |               ^^^^^^^^^^^^
[INFO] [stdout] 
[INFO] [stdout] 
[INFO] [stdout] warning: struct `TableStreamer` is never constructed
[INFO] [stdout]  --> celestial/src/table_streamer.rs:6:12
[INFO] [stdout]   |
[INFO] [stdout] 6 | pub struct TableStreamer<R: futures::AsyncRead + Unpin + Send> {
[INFO] [stdout]   |            ^^^^^^^^^^^^^
[INFO] [stdout]   |
[INFO] [stdout]   = note: `#[warn(dead_code)]` on by default
[INFO] [stdout] 
[INFO] [stdout] 
[INFO] [stdout] warning: associated items `from_csv_reader`, `futures_stream`, `tokio_stream`, and `columns_headers` are never used
[INFO] [stdout]   --> celestial/src/table_streamer.rs:13:18
[INFO] [stdout]    |
[INFO] [stdout] 11 | impl<R: futures::AsyncRead + Unpin + Send> TableStreamer<R> {
[INFO] [stdout]    | ----------------------------------------------------------- associated items in this implementation
[INFO] [stdout] 12 |
[INFO] [stdout] 13 |     pub async fn from_csv_reader(mut reader: AsyncReader<R>) -> TableStreamer<R> {
[INFO] [stdout]    |                  ^^^^^^^^^^^^^^^
[INFO] [stdout] ...
[INFO] [stdout] 34 |     pub fn futures_stream(&mut self) ->  impl futures::Stream<Item = Vec<String>> + '_{
[INFO] [stdout]    |            ^^^^^^^^^^^^^^
[INFO] [stdout] ...
[INFO] [stdout] 42 |     pub fn tokio_stream(&mut self) ->  impl tokio_stream::Stream<Item = Vec<String>> + '_ {
[INFO] [stdout]    |            ^^^^^^^^^^^^
[INFO] [stdout] ...
[INFO] [stdout] 50 |     pub fn columns_headers(&self) -> &Vec<String>{
[INFO] [stdout]    |            ^^^^^^^^^^^^^^^
[INFO] [stdout] 
[INFO] [stdout] 
[INFO] [stdout] warning: struct `ESA` is never constructed
[INFO] [stdout]  --> celestial/src/esa/mod.rs:7:12
[INFO] [stdout]   |
[INFO] [stdout] 7 | pub struct ESA {
[INFO] [stdout]   |            ^^^
[INFO] [stdout] 
[INFO] [stdout] 
[INFO] [stdout] warning: struct `Gaia` is never constructed
[INFO] [stdout]   --> celestial/src/esa/mod.rs:11:12
[INFO] [stdout]    |
[INFO] [stdout] 11 | pub struct Gaia {
[INFO] [stdout]    |            ^^^^
[INFO] [stdout] 
[INFO] [stdout] 
[INFO] [stdout] warning: struct `DR3` is never constructed
[INFO] [stdout]   --> celestial/src/esa/mod.rs:15:12
[INFO] [stdout]    |
[INFO] [stdout] 15 | pub struct DR3 {
[INFO] [stdout]    |            ^^^
[INFO] [stdout] 
[INFO] [stdout] 
[INFO] [stdout] warning: fields `hash` and `url` are never read
[INFO] [stdout]   --> celestial/src/esa/mod.rs:23:9
[INFO] [stdout]    |
[INFO] [stdout] 22 | pub struct GaiaSourceFile {
[INFO] [stdout]    |            -------------- fields in this struct
[INFO] [stdout] 23 |     pub hash: String,
[INFO] [stdout]    |         ^^^^
[INFO] [stdout] 24 |     pub url: url::Url
[INFO] [stdout]    |         ^^^
[INFO] [stdout] 
[INFO] [stdout] 
[INFO] [stdout] warning: fields `source_id` and `phot_g_mean_mag` are never read
[INFO] [stdout]   --> celestial/src/esa/mod.rs:28:9
[INFO] [stdout]    |
[INFO] [stdout] 27 | pub struct GaiaSourceFileRow {
[INFO] [stdout]    |            ----------------- fields in this struct
[INFO] [stdout] 28 |     pub source_id: String,
[INFO] [stdout]    |         ^^^^^^^^^
[INFO] [stdout] 29 |     pub phot_g_mean_mag: f32
[INFO] [stdout]    |         ^^^^^^^^^^^^^^^
[INFO] [stdout] 
[INFO] [stdout] 
[INFO] [stdout] warning: struct `Photometry` is never constructed
[INFO] [stdout]   --> celestial/src/esa/mod.rs:32:12
[INFO] [stdout]    |
[INFO] [stdout] 32 | pub struct Photometry {
[INFO] [stdout]    |            ^^^^^^^^^^
[INFO] [stdout] 
[INFO] [stdout] 
[INFO] [stdout] warning: fields `hash` and `url` are never read
[INFO] [stdout]   --> celestial/src/esa/mod.rs:41:9
[INFO] [stdout]    |
[INFO] [stdout] 40 | pub struct EpochPhotometryFile {
[INFO] [stdout]    |            ------------------- fields in this struct
[INFO] [stdout] 41 |     pub hash: String,
[INFO] [stdout]    |         ^^^^
[INFO] [stdout] 42 |     pub url: url::Url
[INFO] [stdout]    |         ^^^
[INFO] [stdout] 
[INFO] [stdout] 
[INFO] [stdout] warning: struct `EpochPhotometryFileRow` is never constructed
[INFO] [stdout]   --> celestial/src/esa/mod.rs:45:12
[INFO] [stdout]    |
[INFO] [stdout] 45 | pub struct EpochPhotometryFileRow {
[INFO] [stdout]    |            ^^^^^^^^^^^^^^^^^^^^^^
[INFO] [stdout] 
[INFO] [stdout] 
[INFO] [stdout] warning: methods `listing_file_url` and `list_from_listing_file_contents` are never used
[INFO] [stdout]   --> celestial/src/esa/mod.rs:52:8
[INFO] [stdout]    |
[INFO] [stdout] 50 | pub trait DataDirectory {
[INFO] [stdout]    |           ------------- methods in this trait
[INFO] [stdout] 51 |     type FileType;
[INFO] [stdout] 52 |     fn listing_file_url(&self) -> url::Url;
[INFO] [stdout]    |        ^^^^^^^^^^^^^^^^
[INFO] [stdout] 53 |     fn list_from_listing_file_contents(&self, contents: Vec<u8>) -> Vec<Self::FileType>;
[INFO] [stdout]    |        ^^^^^^^^^^^^^^^^^^^^^^^^^^^^^^^
[INFO] [stdout] 
[INFO] [stdout] 
[INFO] [stdout] warning: associated items `new` and `gaia` are never used
[INFO] [stdout]   --> celestial/src/esa/mod.rs:57:12
[INFO] [stdout]    |
[INFO] [stdout] 56 | impl ESA {
[INFO] [stdout]    | -------- associated items in this implementation
[INFO] [stdout] 57 |     pub fn new() -> ESA {
[INFO] [stdout]    |            ^^^
[INFO] [stdout] ...
[INFO] [stdout] 63 |     pub fn gaia(&self) -> Gaia {
[INFO] [stdout]    |            ^^^^
[INFO] [stdout] 
[INFO] [stdout] 
[INFO] [stdout] warning: associated items `new` and `dr3` are never used
[INFO] [stdout]   --> celestial/src/esa/mod.rs:69:8
[INFO] [stdout]    |
[INFO] [stdout] 68 | impl Gaia {
[INFO] [stdout]    | --------- associated items in this implementation
[INFO] [stdout] 69 |     fn new(esa: &ESA) -> Gaia {
[INFO] [stdout]    |        ^^^
[INFO] [stdout] ...
[INFO] [stdout] 75 |     pub fn dr3(&self) -> DR3 {
[INFO] [stdout]    |            ^^^
[INFO] [stdout] 
[INFO] [stdout] 
[INFO] [stdout] warning: associated items `new`, `gaia_source`, and `photometry` are never used
[INFO] [stdout]   --> celestial/src/esa/mod.rs:81:8
[INFO] [stdout]    |
[INFO] [stdout] 80 | impl DR3 {
[INFO] [stdout]    | -------- associated items in this implementation
[INFO] [stdout] 81 |     fn new(gaia: &Gaia) -> DR3 {
[INFO] [stdout]    |        ^^^
[INFO] [stdout] ...
[INFO] [stdout] 87 |     pub fn gaia_source(&self) -> GaiaSource {
[INFO] [stdout]    |            ^^^^^^^^^^^
[INFO] [stdout] ...
[INFO] [stdout] 91 |     pub fn photometry(&self) -> Photometry {
[INFO] [stdout]    |            ^^^^^^^^^^
[INFO] [stdout] 
[INFO] [stdout] 
[INFO] [stdout] warning: associated function `new` is never used
[INFO] [stdout]   --> celestial/src/esa/mod.rs:97:8
[INFO] [stdout]    |
[INFO] [stdout] 96 | impl GaiaSource {
[INFO] [stdout]    | --------------- associated function in this implementation
[INFO] [stdout] 97 |     fn new(dr3: &DR3) -> GaiaSource {
[INFO] [stdout]    |        ^^^
[INFO] [stdout] 
[INFO] [stdout] 
[INFO] [stdout] warning: struct `GaiaSourceFileIterator2` is never constructed
[INFO] [stdout]    --> celestial/src/esa/mod.rs:127:12
[INFO] [stdout]     |
[INFO] [stdout] 127 | pub struct GaiaSourceFileIterator2<'a, R> {
[INFO] [stdout]     |            ^^^^^^^^^^^^^^^^^^^^^^^
[INFO] [stdout] 
[INFO] [stdout] 
[INFO] [stdout] warning: associated function `new` is never used
[INFO] [stdout]    --> celestial/src/esa/mod.rs:134:8
[INFO] [stdout]     |
[INFO] [stdout] 133 | impl GaiaSourceFileIterator<'_> {
[INFO] [stdout]     | ------------------------------- associated function in this implementation
[INFO] [stdout] 134 |     fn new(contents: &[u8]) -> GaiaSourceFileIterator {
[INFO] [stdout]     |        ^^^
[INFO] [stdout] 
[INFO] [stdout] 
[INFO] [stdout] warning: methods `iter` and `parse_all` are never used
[INFO] [stdout]    --> celestial/src/esa/mod.rs:196:12
[INFO] [stdout]     |
[INFO] [stdout] 188 | impl GaiaSourceFile {
[INFO] [stdout]     | ------------------- methods in this implementation
[INFO] [stdout] ...
[INFO] [stdout] 196 |     pub fn iter<'a>(&self, contents: &'a [u8]) -> GaiaSourceFileIterator<'a> {
[INFO] [stdout]     |            ^^^^
[INFO] [stdout] ...
[INFO] [stdout] 200 |     pub fn parse_all(&self, contents: Vec<u8>) -> Vec<GaiaSourceFileRow> {
[INFO] [stdout]     |            ^^^^^^^^^
[INFO] [stdout] 
[INFO] [stdout] 
[INFO] [stdout] warning: associated items `new` and `epoch_photometry` are never used
[INFO] [stdout]    --> celestial/src/esa/mod.rs:247:8
[INFO] [stdout]     |
[INFO] [stdout] 246 | impl Photometry {
[INFO] [stdout]     | --------------- associated items in this implementation
[INFO] [stdout] 247 |     fn new(dr3: &DR3) -> Photometry {
[INFO] [stdout]     |        ^^^
[INFO] [stdout] ...
[INFO] [stdout] 253 |     pub fn epoch_photometry(&self) -> EpochPhotometry {
[INFO] [stdout]     |            ^^^^^^^^^^^^^^^^
[INFO] [stdout] 
[INFO] [stdout] 
[INFO] [stdout] warning: associated function `new` is never used
[INFO] [stdout]    --> celestial/src/esa/mod.rs:259:8
[INFO] [stdout]     |
[INFO] [stdout] 258 | impl EpochPhotometry {
[INFO] [stdout]     | -------------------- associated function in this implementation
[INFO] [stdout] 259 |     fn new(photometry: &Photometry) -> EpochPhotometry {
[INFO] [stdout]     |        ^^^
[INFO] [stdout] 
[INFO] [stdout] 
[INFO] [stderr]    Compiling fits v0.1.0 (/opt/rustwide/workdir/fits)
[INFO] [stdout] warning: method `parse_all` is never used
[INFO] [stdout]    --> celestial/src/esa/mod.rs:293:12
[INFO] [stdout]     |
[INFO] [stdout] 285 | impl EpochPhotometryFile {
[INFO] [stdout]     | ------------------------ method in this implementation
[INFO] [stdout] ...
[INFO] [stdout] 293 |     pub fn parse_all(&self, contents: Vec<u8>) -> Vec<EpochPhotometryFileRow> {
[INFO] [stdout]     |            ^^^^^^^^^
[INFO] [stdout] 
[INFO] [stdout] 
[INFO] [stdout] warning: struct `Tycho2` is never constructed
[INFO] [stdout]   --> celestial/src/eso/mod.rs:11:12
[INFO] [stdout]    |
[INFO] [stdout] 11 | pub struct Tycho2 {
[INFO] [stdout]    |            ^^^^^^
[INFO] [stdout] 
[INFO] [stdout] 
[INFO] [stdout] warning: associated items `new` and `parse_row_columns` are never used
[INFO] [stdout]   --> celestial/src/eso/mod.rs:20:12
[INFO] [stdout]    |
[INFO] [stdout] 19 | impl Tycho2 {
[INFO] [stdout]    | ----------- associated items in this implementation
[INFO] [stdout] 20 |     pub fn new() -> Tycho2 {
[INFO] [stdout]    |            ^^^
[INFO] [stdout] ...
[INFO] [stdout] 30 |     pub fn parse_row_columns(&self, row: Vec<String>) -> CatalogRow {
[INFO] [stdout]    |            ^^^^^^^^^^^^^^^^^
[INFO] [stdout] 
[INFO] [stdout] 
[INFO] [stdout] warning: associated function `new` is never used
[INFO] [stdout]   --> celestial/src/eso/catalog_row.rs:10:12
[INFO] [stdout]    |
[INFO] [stdout] 8  | impl CatalogRow {
[INFO] [stdout]    | --------------- associated function in this implementation
[INFO] [stdout] 9  |
[INFO] [stdout] 10 |     pub fn new(row: Vec<String>) -> CatalogRow {
[INFO] [stdout]    |            ^^^
[INFO] [stdout] 
[INFO] [stdout] 
[INFO] [stdout] warning: methods `download_async`, `relative_cache_path`, `manifest_async`, and `absolute_cache_path` are never used
[INFO] [stdout]   --> celestial/src/resource.rs:55:14
[INFO] [stdout]    |
[INFO] [stdout] 54 | pub trait CacheableResource {
[INFO] [stdout]    |           ----------------- methods in this trait
[INFO] [stdout] 55 |     async fn download_async(&self) -> ReadThroughReader {
[INFO] [stdout]    |              ^^^^^^^^^^^^^^
[INFO] [stdout] ...
[INFO] [stdout] 96 |     fn relative_cache_path(&self) -> std::path::PathBuf;
[INFO] [stdout]    |        ^^^^^^^^^^^^^^^^^^^
[INFO] [stdout] 97 |     async fn manifest_async(&self) -> Box<dyn AsyncRead + Unpin + Send>;
[INFO] [stdout]    |              ^^^^^^^^^^^^^^
[INFO] [stdout] 98 |
[INFO] [stdout] 99 |     fn absolute_cache_path(&self) -> std::path::PathBuf {
[INFO] [stdout]    |        ^^^^^^^^^^^^^^^^^^^
[INFO] [stdout] 
[INFO] [stdout] 
[INFO] [stderr]    Compiling rastro v0.1.0 (/opt/rustwide/workdir/rastro)
[INFO] [stdout] warning: unused import: `NdProducer`
[INFO] [stdout]  --> fits/src/lib.rs:6:22
[INFO] [stdout]   |
[INFO] [stdout] 6 | use ndarray::{Array, NdProducer};
[INFO] [stdout]   |                      ^^^^^^^^^^
[INFO] [stdout]   |
[INFO] [stdout]   = note: `#[warn(unused_imports)]` on by default
[INFO] [stdout] 
[INFO] [stdout] 
[INFO] [stdout] warning: methods `create_rgba_image`, `create_r_image`, `create_g_image`, and `create_b_image` are never used
[INFO] [stdout]  --> fits/src/ndarray_image_ext.rs:4:8
[INFO] [stdout]   |
[INFO] [stdout] 3 | pub trait NDArrayExt {
[INFO] [stdout]   |           ---------- methods in this trait
[INFO] [stdout] 4 |     fn create_rgba_image(&self) -> image::RgbaImage;
[INFO] [stdout]   |        ^^^^^^^^^^^^^^^^^
[INFO] [stdout] 5 |     fn create_r_image(&self) -> image::GrayImage;
[INFO] [stdout]   |        ^^^^^^^^^^^^^^
[INFO] [stdout] 6 |     fn create_g_image(&self) -> image::GrayImage;
[INFO] [stdout]   |        ^^^^^^^^^^^^^^
[INFO] [stdout] 7 |     fn create_b_image(&self) -> image::GrayImage;
[INFO] [stdout]   |        ^^^^^^^^^^^^^^
[INFO] [stdout]   |
[INFO] [stdout]   = note: `#[warn(dead_code)]` on by default
[INFO] [stdout] 
[INFO] [stdout] 
[INFO] [stdout] warning: methods `gain`, `offset`, `ra`, `dec`, `epoch`, and `b_scale` are never used
[INFO] [stdout]   --> fits/src/load_fits.rs:17:12
[INFO] [stdout]    |
[INFO] [stdout] 16 | impl<'a> ParsedFitsFileHDU<'a> {
[INFO] [stdout]    | ------------------------------ methods in this implementation
[INFO] [stdout] 17 |     pub fn gain(&self) -> f32 {self.hdu.get_header().get_value_as::<f32>("GAIN").unwrap()}
[INFO] [stdout]    |            ^^^^
[INFO] [stdout] 18 |     pub fn offset(&self) -> f32 {self.hdu.get_header().get_value_as::<f32>("OFFSET").unwrap()}
[INFO] [stdout]    |            ^^^^^^
[INFO] [stdout] 19 |     pub fn ra(&self) -> f32 {self.hdu.get_header().get_value_as::<f32>("RA").unwrap()}
[INFO] [stdout]    |            ^^
[INFO] [stdout] 20 |     pub fn dec(&self) -> f32 {self.hdu.get_header().get_value_as::<f32>("DEC").unwrap()}
[INFO] [stdout]    |            ^^^
[INFO] [stdout] 21 |     pub fn epoch(&self) -> i32 {self.hdu.get_header().get_value_as::<i32>("EQUINOX").unwrap()}
[INFO] [stdout]    |            ^^^^^
[INFO] [stdout] 22 |     pub fn b_zero(&self) -> i32 {self.hdu.get_header().get_value_as::<i32>("BZERO").unwrap()}
[INFO] [stdout] 23 |     pub fn b_scale(&self) -> i32 {self.hdu.get_header().get_value_as::<i32>("BSCALE").unwrap()}
[INFO] [stdout]    |            ^^^^^^^
[INFO] [stdout] 
[INFO] [stdout] 
[INFO] [stdout] warning: unused import: `NdProducer`
[INFO] [stdout]  --> fits/src/lib.rs:6:22
[INFO] [stdout]   |
[INFO] [stdout] 6 | use ndarray::{Array, NdProducer};
[INFO] [stdout]   |                      ^^^^^^^^^^
[INFO] [stdout]   |
[INFO] [stdout]   = note: `#[warn(unused_imports)]` on by default
[INFO] [stdout] 
[INFO] [stdout] 
[INFO] [stdout] warning: methods `create_rgba_image`, `create_r_image`, `create_g_image`, and `create_b_image` are never used
[INFO] [stdout]  --> fits/src/ndarray_image_ext.rs:4:8
[INFO] [stdout]   |
[INFO] [stdout] 3 | pub trait NDArrayExt {
[INFO] [stdout]   |           ---------- methods in this trait
[INFO] [stdout] 4 |     fn create_rgba_image(&self) -> image::RgbaImage;
[INFO] [stdout]   |        ^^^^^^^^^^^^^^^^^
[INFO] [stdout] 5 |     fn create_r_image(&self) -> image::GrayImage;
[INFO] [stdout]   |        ^^^^^^^^^^^^^^
[INFO] [stdout] 6 |     fn create_g_image(&self) -> image::GrayImage;
[INFO] [stdout]   |        ^^^^^^^^^^^^^^
[INFO] [stdout] 7 |     fn create_b_image(&self) -> image::GrayImage;
[INFO] [stdout]   |        ^^^^^^^^^^^^^^
[INFO] [stdout]   |
[INFO] [stdout]   = note: `#[warn(dead_code)]` on by default
[INFO] [stdout] 
[INFO] [stdout] 
[INFO] [stdout] warning: methods `gain`, `offset`, `ra`, `dec`, `epoch`, and `b_scale` are never used
[INFO] [stdout]   --> fits/src/load_fits.rs:17:12
[INFO] [stdout]    |
[INFO] [stdout] 16 | impl<'a> ParsedFitsFileHDU<'a> {
[INFO] [stdout]    | ------------------------------ methods in this implementation
[INFO] [stdout] 17 |     pub fn gain(&self) -> f32 {self.hdu.get_header().get_value_as::<f32>("GAIN").unwrap()}
[INFO] [stdout]    |            ^^^^
[INFO] [stdout] 18 |     pub fn offset(&self) -> f32 {self.hdu.get_header().get_value_as::<f32>("OFFSET").unwrap()}
[INFO] [stdout]    |            ^^^^^^
[INFO] [stdout] 19 |     pub fn ra(&self) -> f32 {self.hdu.get_header().get_value_as::<f32>("RA").unwrap()}
[INFO] [stdout]    |            ^^
[INFO] [stdout] 20 |     pub fn dec(&self) -> f32 {self.hdu.get_header().get_value_as::<f32>("DEC").unwrap()}
[INFO] [stdout]    |            ^^^
[INFO] [stdout] 21 |     pub fn epoch(&self) -> i32 {self.hdu.get_header().get_value_as::<i32>("EQUINOX").unwrap()}
[INFO] [stdout]    |            ^^^^^
[INFO] [stdout] 22 |     pub fn b_zero(&self) -> i32 {self.hdu.get_header().get_value_as::<i32>("BZERO").unwrap()}
[INFO] [stdout] 23 |     pub fn b_scale(&self) -> i32 {self.hdu.get_header().get_value_as::<i32>("BSCALE").unwrap()}
[INFO] [stdout]    |            ^^^^^^^
[INFO] [stdout] 
[INFO] [stdout] 
[INFO] [stderr]    Compiling async-stream v0.3.3
[INFO] [stderr]    Compiling tokio-test v0.4.2
[INFO] [stdout] warning: unused variable: `el`
[INFO] [stdout]    --> rastro/src/indi/mod.rs:137:13
[INFO] [stdout]     |
[INFO] [stdout] 137 |         let el = quick_xml::de::from_str::<SetBlobVector>(xml)?;
[INFO] [stdout]     |             ^^ help: if this is intentional, prefix it with an underscore: `_el`
[INFO] [stdout]     |
[INFO] [stdout]     = note: `#[warn(unused_variables)]` on by default
[INFO] [stdout] 
[INFO] [stdout] 
[INFO] [stdout] warning: field `read_handle` is never read
[INFO] [stdout]   --> rastro/src/indi/connection.rs:13:5
[INFO] [stdout]    |
[INFO] [stdout] 11 | pub struct IndiConnection {
[INFO] [stdout]    |            -------------- field in this struct
[INFO] [stdout] 12 |     stream: TcpStream,
[INFO] [stdout] 13 |     read_handle: IndiReaderLoopHandle,
[INFO] [stdout]    |     ^^^^^^^^^^^
[INFO] [stdout]    |
[INFO] [stdout]    = note: `#[warn(dead_code)]` on by default
[INFO] [stdout] 
[INFO] [stdout] 
[INFO] [stderr]    Compiling celestial v0.1.0 (/opt/rustwide/workdir/celestial)
[INFO] [stdout] warning: irrefutable `while let` pattern
[INFO] [stdout]    --> celestial/src/resource.rs:145:15
[INFO] [stdout]     |
[INFO] [stdout] 145 |         while let result = reader.read(&mut buff[..]).await {
[INFO] [stdout]     |               ^^^^^^^^^^^^^^^^^^^^^^^^^^^^^^^^^^^^^^^^^^^^^
[INFO] [stdout]     |
[INFO] [stdout]     = note: this pattern will always match, so the loop will never exit
[INFO] [stdout]     = help: consider instead using a `loop { ... }` with a `let` inside it
[INFO] [stdout]     = note: `#[warn(irrefutable_let_patterns)]` on by default
[INFO] [stdout] 
[INFO] [stdout] 
[INFO] [stdout] warning: unused import: `AsyncWriteExt`
[INFO] [stdout]  --> celestial/src/resource.rs:6:28
[INFO] [stdout]   |
[INFO] [stdout] 6 | use tokio::io::{AsyncRead, AsyncWriteExt, ReadBuf};
[INFO] [stdout]   |                            ^^^^^^^^^^^^^
[INFO] [stdout]   |
[INFO] [stdout]   = note: `#[warn(unused_imports)]` on by default
[INFO] [stdout] 
[INFO] [stdout] 
[INFO] [stdout] warning: unused import: `TryFutureExt`
[INFO] [stdout]  --> celestial/src/resource.rs:5:15
[INFO] [stdout]   |
[INFO] [stdout] 5 | use futures::{TryFutureExt, TryStreamExt};
[INFO] [stdout]   |               ^^^^^^^^^^^^
[INFO] [stdout] 
[INFO] [stdout] 
[INFO] [stdout] warning: field `hash` is never read
[INFO] [stdout]   --> celestial/src/esa/mod.rs:23:9
[INFO] [stdout]    |
[INFO] [stdout] 22 | pub struct GaiaSourceFile {
[INFO] [stdout]    |            -------------- field in this struct
[INFO] [stdout] 23 |     pub hash: String,
[INFO] [stdout]    |         ^^^^
[INFO] [stdout]    |
[INFO] [stdout]    = note: `#[warn(dead_code)]` on by default
[INFO] [stdout] 
[INFO] [stdout] 
[INFO] [stdout] warning: field `hash` is never read
[INFO] [stdout]   --> celestial/src/esa/mod.rs:41:9
[INFO] [stdout]    |
[INFO] [stdout] 40 | pub struct EpochPhotometryFile {
[INFO] [stdout]    |            ------------------- field in this struct
[INFO] [stdout] 41 |     pub hash: String,
[INFO] [stdout]    |         ^^^^
[INFO] [stdout] 
[INFO] [stdout] 
[INFO] [stdout] warning: struct `GaiaSourceFileIterator2` is never constructed
[INFO] [stdout]    --> celestial/src/esa/mod.rs:127:12
[INFO] [stdout]     |
[INFO] [stdout] 127 | pub struct GaiaSourceFileIterator2<'a, R> {
[INFO] [stdout]     |            ^^^^^^^^^^^^^^^^^^^^^^^
[INFO] [stdout] 
[INFO] [stdout] 
[INFO] [stdout] warning: associated function `new` is never used
[INFO] [stdout]    --> celestial/src/esa/mod.rs:134:8
[INFO] [stdout]     |
[INFO] [stdout] 133 | impl GaiaSourceFileIterator<'_> {
[INFO] [stdout]     | ------------------------------- associated function in this implementation
[INFO] [stdout] 134 |     fn new(contents: &[u8]) -> GaiaSourceFileIterator {
[INFO] [stdout]     |        ^^^
[INFO] [stdout] 
[INFO] [stdout] 
[INFO] [stdout] warning: method `iter` is never used
[INFO] [stdout]    --> celestial/src/esa/mod.rs:196:12
[INFO] [stdout]     |
[INFO] [stdout] 188 | impl GaiaSourceFile {
[INFO] [stdout]     | ------------------- method in this implementation
[INFO] [stdout] ...
[INFO] [stdout] 196 |     pub fn iter<'a>(&self, contents: &'a [u8]) -> GaiaSourceFileIterator<'a> {
[INFO] [stdout]     |            ^^^^
[INFO] [stdout] 
[INFO] [stdout] 
[INFO] [stdout] warning: fields `suppl_1`, `suppl_2`, and `index` are never read
[INFO] [stdout]   --> celestial/src/eso/mod.rs:13:9
[INFO] [stdout]    |
[INFO] [stdout] 11 | pub struct Tycho2 {
[INFO] [stdout]    |            ------ fields in this struct
[INFO] [stdout] 12 |     pub catalog_url: url::Url,
[INFO] [stdout] 13 |     pub suppl_1: url::Url,
[INFO] [stdout]    |         ^^^^^^^
[INFO] [stdout] 14 |     pub suppl_2: url::Url,
[INFO] [stdout]    |         ^^^^^^^
[INFO] [stdout] 15 |     pub index: url::Url
[INFO] [stdout]    |         ^^^^^
[INFO] [stdout] 
[INFO] [stdout] 
[INFO] [stderr]     Finished `test` profile [unoptimized + debuginfo] target(s) in 17.32s
[INFO] running `Command { std: "docker" "inspect" "7ca8e615955909f2ac758c1b20bd28aa5529642058e213dd05a8f79afaa0a49e", kill_on_drop: false }`
[INFO] running `Command { std: "docker" "rm" "-f" "7ca8e615955909f2ac758c1b20bd28aa5529642058e213dd05a8f79afaa0a49e", kill_on_drop: false }`
[INFO] [stdout] 7ca8e615955909f2ac758c1b20bd28aa5529642058e213dd05a8f79afaa0a49e
[INFO] running `Command { std: "docker" "create" "-v" "/var/lib/crater-agent-workspace/builds/worker-6-tc1/target:/opt/rustwide/target:rw,Z" "-v" "/var/lib/crater-agent-workspace/builds/worker-6-tc1/source:/opt/rustwide/workdir:ro,Z" "-v" "/var/lib/crater-agent-workspace/cargo-home:/opt/rustwide/cargo-home:ro,Z" "-v" "/var/lib/crater-agent-workspace/rustup-home:/opt/rustwide/rustup-home:ro,Z" "-e" "SOURCE_DIR=/opt/rustwide/workdir" "-e" "CARGO_TARGET_DIR=/opt/rustwide/target" "-e" "CARGO_INCREMENTAL=0" "-e" "RUST_BACKTRACE=full" "-e" "RUSTFLAGS=--cap-lints=warn" "-e" "RUSTDOCFLAGS=--cap-lints=warn" "-e" "CARGO_HOME=/opt/rustwide/cargo-home" "-e" "RUSTUP_HOME=/opt/rustwide/rustup-home" "-w" "/opt/rustwide/workdir" "-m" "1610612736" "--user" "0:0" "--network" "none" "ghcr.io/rust-lang/crates-build-env/linux@sha256:f3a9d4ad9d972b27faf3965f35b62e55ba32bbce8f20bc8fe909558a86702fde" "/opt/rustwide/cargo-home/bin/cargo" "+1.83.0" "test" "--frozen", kill_on_drop: false }`
[INFO] [stdout] af2cd8eba1d279ae0307db2cfe14fbe4dcaec7c662a0b3c40eee79491be155ac
[INFO] running `Command { std: "docker" "start" "-a" "af2cd8eba1d279ae0307db2cfe14fbe4dcaec7c662a0b3c40eee79491be155ac", kill_on_drop: false }`
[INFO] [stderr] warning: virtual workspace defaulting to `resolver = "1"` despite one or more workspace members being on edition 2021 which implies `resolver = "2"`
[INFO] [stderr] note: to keep the current resolver, specify `workspace.resolver = "1"` in the workspace root's manifest
[INFO] [stderr] note: to use the edition 2021 resolver, specify `workspace.resolver = "2"` in the workspace root's manifest
[INFO] [stderr] note: for more details see https://doc.rust-lang.org/cargo/reference/resolver.html#resolver-versions
[INFO] [stderr] warning: unused import: `AsyncWriteExt`
[INFO] [stderr]  --> celestial/src/resource.rs:6:28
[INFO] [stderr]   |
[INFO] [stderr] 6 | use tokio::io::{AsyncRead, AsyncWriteExt, ReadBuf};
[INFO] [stderr]   |                            ^^^^^^^^^^^^^
[INFO] [stderr]   |
[INFO] [stderr]   = note: `#[warn(unused_imports)]` on by default
[INFO] [stderr] 
[INFO] [stderr] warning: unused import: `TryFutureExt`
[INFO] [stderr]  --> celestial/src/resource.rs:5:15
[INFO] [stderr]   |
[INFO] [stderr] 5 | use futures::{TryFutureExt, TryStreamExt};
[INFO] [stderr]   |               ^^^^^^^^^^^^
[INFO] [stderr] 
[INFO] [stderr] warning: struct `TableStreamer` is never constructed
[INFO] [stderr]  --> celestial/src/table_streamer.rs:6:12
[INFO] [stderr]   |
[INFO] [stderr] 6 | pub struct TableStreamer<R: futures::AsyncRead + Unpin + Send> {
[INFO] [stderr]   |            ^^^^^^^^^^^^^
[INFO] [stderr]   |
[INFO] [stderr]   = note: `#[warn(dead_code)]` on by default
[INFO] [stderr] 
[INFO] [stderr] warning: associated items `from_csv_reader`, `futures_stream`, `tokio_stream`, and `columns_headers` are never used
[INFO] [stderr]   --> celestial/src/table_streamer.rs:13:18
[INFO] [stderr]    |
[INFO] [stderr] 11 | impl<R: futures::AsyncRead + Unpin + Send> TableStreamer<R> {
[INFO] [stderr]    | ----------------------------------------------------------- associated items in this implementation
[INFO] [stderr] 12 |
[INFO] [stderr] 13 |     pub async fn from_csv_reader(mut reader: AsyncReader<R>) -> TableStreamer<R> {
[INFO] [stderr]    |                  ^^^^^^^^^^^^^^^
[INFO] [stderr] ...
[INFO] [stderr] 34 |     pub fn futures_stream(&mut self) ->  impl futures::Stream<Item = Vec<String>> + '_{
[INFO] [stderr]    |            ^^^^^^^^^^^^^^
[INFO] [stderr] ...
[INFO] [stderr] 42 |     pub fn tokio_stream(&mut self) ->  impl tokio_stream::Stream<Item = Vec<String>> + '_ {
[INFO] [stderr]    |            ^^^^^^^^^^^^
[INFO] [stderr] ...
[INFO] [stderr] 50 |     pub fn columns_headers(&self) -> &Vec<String>{
[INFO] [stderr]    |            ^^^^^^^^^^^^^^^
[INFO] [stderr] 
[INFO] [stderr] warning: struct `ESA` is never constructed
[INFO] [stderr]  --> celestial/src/esa/mod.rs:7:12
[INFO] [stderr]   |
[INFO] [stderr] 7 | pub struct ESA {
[INFO] [stderr]   |            ^^^
[INFO] [stderr] 
[INFO] [stderr] warning: struct `Gaia` is never constructed
[INFO] [stderr]   --> celestial/src/esa/mod.rs:11:12
[INFO] [stderr]    |
[INFO] [stderr] 11 | pub struct Gaia {
[INFO] [stderr]    |            ^^^^
[INFO] [stderr] 
[INFO] [stderr] warning: struct `DR3` is never constructed
[INFO] [stderr]   --> celestial/src/esa/mod.rs:15:12
[INFO] [stderr]    |
[INFO] [stderr] 15 | pub struct DR3 {
[INFO] [stderr]    |            ^^^
[INFO] [stderr] 
[INFO] [stderr] warning: fields `hash` and `url` are never read
[INFO] [stderr]   --> celestial/src/esa/mod.rs:23:9
[INFO] [stderr]    |
[INFO] [stderr] 22 | pub struct GaiaSourceFile {
[INFO] [stderr]    |            -------------- fields in this struct
[INFO] [stderr] 23 |     pub hash: String,
[INFO] [stderr]    |         ^^^^
[INFO] [stderr] 24 |     pub url: url::Url
[INFO] [stderr]    |         ^^^
[INFO] [stderr] 
[INFO] [stderr] warning: fields `source_id` and `phot_g_mean_mag` are never read
[INFO] [stderr]   --> celestial/src/esa/mod.rs:28:9
[INFO] [stderr]    |
[INFO] [stderr] 27 | pub struct GaiaSourceFileRow {
[INFO] [stderr]    |            ----------------- fields in this struct
[INFO] [stderr] 28 |     pub source_id: String,
[INFO] [stderr]    |         ^^^^^^^^^
[INFO] [stderr] 29 |     pub phot_g_mean_mag: f32
[INFO] [stderr]    |         ^^^^^^^^^^^^^^^
[INFO] [stderr] 
[INFO] [stderr] warning: struct `Photometry` is never constructed
[INFO] [stderr]   --> celestial/src/esa/mod.rs:32:12
[INFO] [stderr]    |
[INFO] [stderr] 32 | pub struct Photometry {
[INFO] [stderr]    |            ^^^^^^^^^^
[INFO] [stderr] 
[INFO] [stderr] warning: fields `hash` and `url` are never read
[INFO] [stderr]   --> celestial/src/esa/mod.rs:41:9
[INFO] [stderr]    |
[INFO] [stderr] 40 | pub struct EpochPhotometryFile {
[INFO] [stderr]    |            ------------------- fields in this struct
[INFO] [stderr] 41 |     pub hash: String,
[INFO] [stderr]    |         ^^^^
[INFO] [stderr] 42 |     pub url: url::Url
[INFO] [stderr]    |         ^^^
[INFO] [stderr] 
[INFO] [stderr] warning: struct `EpochPhotometryFileRow` is never constructed
[INFO] [stderr]   --> celestial/src/esa/mod.rs:45:12
[INFO] [stderr]    |
[INFO] [stderr] 45 | pub struct EpochPhotometryFileRow {
[INFO] [stderr]    |            ^^^^^^^^^^^^^^^^^^^^^^
[INFO] [stderr] 
[INFO] [stderr] warning: methods `listing_file_url` and `list_from_listing_file_contents` are never used
[INFO] [stderr]   --> celestial/src/esa/mod.rs:52:8
[INFO] [stderr]    |
[INFO] [stderr] 50 | pub trait DataDirectory {
[INFO] [stderr]    |           ------------- methods in this trait
[INFO] [stderr] 51 |     type FileType;
[INFO] [stderr] 52 |     fn listing_file_url(&self) -> url::Url;
[INFO] [stderr]    |        ^^^^^^^^^^^^^^^^
[INFO] [stderr] 53 |     fn list_from_listing_file_contents(&self, contents: Vec<u8>) -> Vec<Self::FileType>;
[INFO] [stderr]    |        ^^^^^^^^^^^^^^^^^^^^^^^^^^^^^^^
[INFO] [stderr] 
[INFO] [stderr] warning: associated items `new` and `gaia` are never used
[INFO] [stderr]   --> celestial/src/esa/mod.rs:57:12
[INFO] [stderr]    |
[INFO] [stderr] 56 | impl ESA {
[INFO] [stderr]    | -------- associated items in this implementation
[INFO] [stderr] 57 |     pub fn new() -> ESA {
[INFO] [stderr]    |            ^^^
[INFO] [stderr] ...
[INFO] [stderr] 63 |     pub fn gaia(&self) -> Gaia {
[INFO] [stderr]    |            ^^^^
[INFO] [stderr] 
[INFO] [stderr] warning: associated items `new` and `dr3` are never used
[INFO] [stderr]   --> celestial/src/esa/mod.rs:69:8
[INFO] [stderr]    |
[INFO] [stderr] 68 | impl Gaia {
[INFO] [stderr]    | --------- associated items in this implementation
[INFO] [stderr] 69 |     fn new(esa: &ESA) -> Gaia {
[INFO] [stderr]    |        ^^^
[INFO] [stderr] ...
[INFO] [stderr] 75 |     pub fn dr3(&self) -> DR3 {
[INFO] [stderr]    |            ^^^
[INFO] [stderr] 
[INFO] [stderr] warning: associated items `new`, `gaia_source`, and `photometry` are never used
[INFO] [stderr]   --> celestial/src/esa/mod.rs:81:8
[INFO] [stderr]    |
[INFO] [stderr] 80 | impl DR3 {
[INFO] [stderr]    | -------- associated items in this implementation
[INFO] [stderr] 81 |     fn new(gaia: &Gaia) -> DR3 {
[INFO] [stderr]    |        ^^^
[INFO] [stderr] ...
[INFO] [stderr] 87 |     pub fn gaia_source(&self) -> GaiaSource {
[INFO] [stderr]    |            ^^^^^^^^^^^
[INFO] [stderr] ...
[INFO] [stderr] 91 |     pub fn photometry(&self) -> Photometry {
[INFO] [stderr]    |            ^^^^^^^^^^
[INFO] [stderr] 
[INFO] [stderr] warning: associated function `new` is never used
[INFO] [stderr]   --> celestial/src/esa/mod.rs:97:8
[INFO] [stderr]    |
[INFO] [stderr] 96 | impl GaiaSource {
[INFO] [stderr]    | --------------- associated function in this implementation
[INFO] [stderr] 97 |     fn new(dr3: &DR3) -> GaiaSource {
[INFO] [stderr]    |        ^^^
[INFO] [stderr] 
[INFO] [stderr] warning: struct `GaiaSourceFileIterator2` is never constructed
[INFO] [stderr]    --> celestial/src/esa/mod.rs:127:12
[INFO] [stderr]     |
[INFO] [stderr] 127 | pub struct GaiaSourceFileIterator2<'a, R> {
[INFO] [stderr]     |            ^^^^^^^^^^^^^^^^^^^^^^^
[INFO] [stderr] 
[INFO] [stderr] warning: associated function `new` is never used
[INFO] [stderr]    --> celestial/src/esa/mod.rs:134:8
[INFO] [stderr]     |
[INFO] [stderr] 133 | impl GaiaSourceFileIterator<'_> {
[INFO] [stderr]     | ------------------------------- associated function in this implementation
[INFO] [stderr] 134 |     fn new(contents: &[u8]) -> GaiaSourceFileIterator {
[INFO] [stderr]     |        ^^^
[INFO] [stderr] 
[INFO] [stderr] warning: methods `iter` and `parse_all` are never used
[INFO] [stderr]    --> celestial/src/esa/mod.rs:196:12
[INFO] [stderr]     |
[INFO] [stderr] 188 | impl GaiaSourceFile {
[INFO] [stderr]     | ------------------- methods in this implementation
[INFO] [stderr] ...
[INFO] [stderr] 196 |     pub fn iter<'a>(&self, contents: &'a [u8]) -> GaiaSourceFileIterator<'a> {
[INFO] [stderr]     |            ^^^^
[INFO] [stderr] ...
[INFO] [stderr] 200 |     pub fn parse_all(&self, contents: Vec<u8>) -> Vec<GaiaSourceFileRow> {
[INFO] [stderr]     |            ^^^^^^^^^
[INFO] [stderr] 
[INFO] [stderr] warning: associated items `new` and `epoch_photometry` are never used
[INFO] [stderr]    --> celestial/src/esa/mod.rs:247:8
[INFO] [stderr]     |
[INFO] [stderr] 246 | impl Photometry {
[INFO] [stderr]     | --------------- associated items in this implementation
[INFO] [stderr] 247 |     fn new(dr3: &DR3) -> Photometry {
[INFO] [stderr]     |        ^^^
[INFO] [stderr] ...
[INFO] [stderr] 253 |     pub fn epoch_photometry(&self) -> EpochPhotometry {
[INFO] [stderr]     |            ^^^^^^^^^^^^^^^^
[INFO] [stderr] 
[INFO] [stderr] warning: associated function `new` is never used
[INFO] [stderr]    --> celestial/src/esa/mod.rs:259:8
[INFO] [stderr]     |
[INFO] [stderr] 258 | impl EpochPhotometry {
[INFO] [stderr]     | -------------------- associated function in this implementation
[INFO] [stderr] 259 |     fn new(photometry: &Photometry) -> EpochPhotometry {
[INFO] [stderr]     |        ^^^
[INFO] [stderr] 
[INFO] [stderr] warning: method `parse_all` is never used
[INFO] [stderr]    --> celestial/src/esa/mod.rs:293:12
[INFO] [stderr]     |
[INFO] [stderr] 285 | impl EpochPhotometryFile {
[INFO] [stderr]     | ------------------------ method in this implementation
[INFO] [stderr] ...
[INFO] [stderr] 293 |     pub fn parse_all(&self, contents: Vec<u8>) -> Vec<EpochPhotometryFileRow> {
[INFO] [stderr]     |            ^^^^^^^^^
[INFO] [stderr] 
[INFO] [stderr] warning: struct `Tycho2` is never constructed
[INFO] [stderr]   --> celestial/src/eso/mod.rs:11:12
[INFO] [stderr]    |
[INFO] [stderr] 11 | pub struct Tycho2 {
[INFO] [stderr]    |            ^^^^^^
[INFO] [stderr] 
[INFO] [stderr] warning: associated items `new` and `parse_row_columns` are never used
[INFO] [stderr]   --> celestial/src/eso/mod.rs:20:12
[INFO] [stderr]    |
[INFO] [stderr] 19 | impl Tycho2 {
[INFO] [stderr]    | ----------- associated items in this implementation
[INFO] [stderr] 20 |     pub fn new() -> Tycho2 {
[INFO] [stderr]    |            ^^^
[INFO] [stderr] ...
[INFO] [stderr] 30 |     pub fn parse_row_columns(&self, row: Vec<String>) -> CatalogRow {
[INFO] [stderr]    |            ^^^^^^^^^^^^^^^^^
[INFO] [stderr] 
[INFO] [stderr] warning: associated function `new` is never used
[INFO] [stderr]   --> celestial/src/eso/catalog_row.rs:10:12
[INFO] [stderr]    |
[INFO] [stderr] 8  | impl CatalogRow {
[INFO] [stderr]    | --------------- associated function in this implementation
[INFO] [stderr] 9  |
[INFO] [stderr] 10 |     pub fn new(row: Vec<String>) -> CatalogRow {
[INFO] [stderr]    |            ^^^
[INFO] [stderr] 
[INFO] [stderr] warning: methods `download_async`, `relative_cache_path`, `manifest_async`, and `absolute_cache_path` are never used
[INFO] [stderr]   --> celestial/src/resource.rs:55:14
[INFO] [stderr]    |
[INFO] [stderr] 54 | pub trait CacheableResource {
[INFO] [stderr]    |           ----------------- methods in this trait
[INFO] [stderr] 55 |     async fn download_async(&self) -> ReadThroughReader {
[INFO] [stderr]    |              ^^^^^^^^^^^^^^
[INFO] [stderr] ...
[INFO] [stderr] 96 |     fn relative_cache_path(&self) -> std::path::PathBuf;
[INFO] [stderr]    |        ^^^^^^^^^^^^^^^^^^^
[INFO] [stderr] 97 |     async fn manifest_async(&self) -> Box<dyn AsyncRead + Unpin + Send>;
[INFO] [stderr]    |              ^^^^^^^^^^^^^^
[INFO] [stderr] 98 |
[INFO] [stderr] 99 |     fn absolute_cache_path(&self) -> std::path::PathBuf {
[INFO] [stderr]    |        ^^^^^^^^^^^^^^^^^^^
[INFO] [stderr] 
[INFO] [stderr] warning: unused import: `NdProducer`
[INFO] [stderr]  --> fits/src/lib.rs:6:22
[INFO] [stderr]   |
[INFO] [stderr] 6 | use ndarray::{Array, NdProducer};
[INFO] [stderr]   |                      ^^^^^^^^^^
[INFO] [stderr]   |
[INFO] [stderr]   = note: `#[warn(unused_imports)]` on by default
[INFO] [stderr] 
[INFO] [stderr] warning: methods `create_rgba_image`, `create_r_image`, `create_g_image`, and `create_b_image` are never used
[INFO] [stderr]  --> fits/src/ndarray_image_ext.rs:4:8
[INFO] [stderr]   |
[INFO] [stderr] 3 | pub trait NDArrayExt {
[INFO] [stderr]   |           ---------- methods in this trait
[INFO] [stderr] 4 |     fn create_rgba_image(&self) -> image::RgbaImage;
[INFO] [stderr]   |        ^^^^^^^^^^^^^^^^^
[INFO] [stderr] 5 |     fn create_r_image(&self) -> image::GrayImage;
[INFO] [stderr]   |        ^^^^^^^^^^^^^^
[INFO] [stderr] 6 |     fn create_g_image(&self) -> image::GrayImage;
[INFO] [stderr]   |        ^^^^^^^^^^^^^^
[INFO] [stderr] 7 |     fn create_b_image(&self) -> image::GrayImage;
[INFO] [stderr]   |        ^^^^^^^^^^^^^^
[INFO] [stderr]   |
[INFO] [stderr]   = note: `#[warn(dead_code)]` on by default
[INFO] [stderr] 
[INFO] [stderr] warning: methods `gain`, `offset`, `ra`, `dec`, `epoch`, and `b_scale` are never used
[INFO] [stderr]   --> fits/src/load_fits.rs:17:12
[INFO] [stderr]    |
[INFO] [stderr] 16 | impl<'a> ParsedFitsFileHDU<'a> {
[INFO] [stderr]    | ------------------------------ methods in this implementation
[INFO] [stderr] 17 |     pub fn gain(&self) -> f32 {self.hdu.get_header().get_value_as::<f32>("GAIN").unwrap()}
[INFO] [stderr]    |            ^^^^
[INFO] [stderr] 18 |     pub fn offset(&self) -> f32 {self.hdu.get_header().get_value_as::<f32>("OFFSET").unwrap()}
[INFO] [stderr]    |            ^^^^^^
[INFO] [stderr] 19 |     pub fn ra(&self) -> f32 {self.hdu.get_header().get_value_as::<f32>("RA").unwrap()}
[INFO] [stderr]    |            ^^
[INFO] [stderr] 20 |     pub fn dec(&self) -> f32 {self.hdu.get_header().get_value_as::<f32>("DEC").unwrap()}
[INFO] [stderr]    |            ^^^
[INFO] [stderr] 21 |     pub fn epoch(&self) -> i32 {self.hdu.get_header().get_value_as::<i32>("EQUINOX").unwrap()}
[INFO] [stderr]    |            ^^^^^
[INFO] [stderr] 22 |     pub fn b_zero(&self) -> i32 {self.hdu.get_header().get_value_as::<i32>("BZERO").unwrap()}
[INFO] [stderr] 23 |     pub fn b_scale(&self) -> i32 {self.hdu.get_header().get_value_as::<i32>("BSCALE").unwrap()}
[INFO] [stderr]    |            ^^^^^^^
[INFO] [stderr] 
[INFO] [stderr] warning: irrefutable `while let` pattern
[INFO] [stderr]    --> celestial/src/resource.rs:145:15
[INFO] [stderr]     |
[INFO] [stderr] 145 |         while let result = reader.read(&mut buff[..]).await {
[INFO] [stderr]     |               ^^^^^^^^^^^^^^^^^^^^^^^^^^^^^^^^^^^^^^^^^^^^^
[INFO] [stderr]     |
[INFO] [stderr]     = note: this pattern will always match, so the loop will never exit
[INFO] [stderr]     = help: consider instead using a `loop { ... }` with a `let` inside it
[INFO] [stderr]     = note: `#[warn(irrefutable_let_patterns)]` on by default
[INFO] [stderr] 
[INFO] [stderr] warning: field `hash` is never read
[INFO] [stderr]   --> celestial/src/esa/mod.rs:23:9
[INFO] [stderr]    |
[INFO] [stderr] 22 | pub struct GaiaSourceFile {
[INFO] [stderr]    |            -------------- field in this struct
[INFO] [stderr] 23 |     pub hash: String,
[INFO] [stderr]    |         ^^^^
[INFO] [stderr]    |
[INFO] [stderr]    = note: `#[warn(dead_code)]` on by default
[INFO] [stderr] 
[INFO] [stderr] warning: field `hash` is never read
[INFO] [stderr]   --> celestial/src/esa/mod.rs:41:9
[INFO] [stderr]    |
[INFO] [stderr] 40 | pub struct EpochPhotometryFile {
[INFO] [stderr]    |            ------------------- field in this struct
[INFO] [stderr] 41 |     pub hash: String,
[INFO] [stderr]    |         ^^^^
[INFO] [stderr] 
[INFO] [stderr] warning: method `iter` is never used
[INFO] [stderr]    --> celestial/src/esa/mod.rs:196:12
[INFO] [stderr]     |
[INFO] [stderr] 188 | impl GaiaSourceFile {
[INFO] [stderr]     | ------------------- method in this implementation
[INFO] [stderr] ...
[INFO] [stderr] 196 |     pub fn iter<'a>(&self, contents: &'a [u8]) -> GaiaSourceFileIterator<'a> {
[INFO] [stderr]     |            ^^^^
[INFO] [stderr] 
[INFO] [stderr] warning: fields `suppl_1`, `suppl_2`, and `index` are never read
[INFO] [stderr]   --> celestial/src/eso/mod.rs:13:9
[INFO] [stderr]    |
[INFO] [stderr] 11 | pub struct Tycho2 {
[INFO] [stderr]    |            ------ fields in this struct
[INFO] [stderr] 12 |     pub catalog_url: url::Url,
[INFO] [stderr] 13 |     pub suppl_1: url::Url,
[INFO] [stderr]    |         ^^^^^^^
[INFO] [stderr] 14 |     pub suppl_2: url::Url,
[INFO] [stderr]    |         ^^^^^^^
[INFO] [stderr] 15 |     pub index: url::Url
[INFO] [stderr]    |         ^^^^^
[INFO] [stderr] 
[INFO] [stderr] warning: `celestial` (lib) generated 27 warnings
[INFO] [stderr] warning: `fits` (lib) generated 3 warnings
[INFO] [stderr] warning: `fits` (lib test) generated 3 warnings (3 duplicates)
[INFO] [stderr] warning: `celestial` (lib test) generated 9 warnings (4 duplicates)
[INFO] [stderr] warning: unused variable: `el`
[INFO] [stderr]    --> rastro/src/indi/mod.rs:137:13
[INFO] [stderr]     |
[INFO] [stderr] 137 |         let el = quick_xml::de::from_str::<SetBlobVector>(xml)?;
[INFO] [stderr]     |             ^^ help: if this is intentional, prefix it with an underscore: `_el`
[INFO] [stderr]     |
[INFO] [stderr]     = note: `#[warn(unused_variables)]` on by default
[INFO] [stderr] 
[INFO] [stderr] warning: field `read_handle` is never read
[INFO] [stderr]   --> rastro/src/indi/connection.rs:13:5
[INFO] [stderr]    |
[INFO] [stderr] 11 | pub struct IndiConnection {
[INFO] [stderr]    |            -------------- field in this struct
[INFO] [stderr] 12 |     stream: TcpStream,
[INFO] [stderr] 13 |     read_handle: IndiReaderLoopHandle,
[INFO] [stderr]    |     ^^^^^^^^^^^
[INFO] [stderr]    |
[INFO] [stderr]    = note: `#[warn(dead_code)]` on by default
[INFO] [stderr] 
[INFO] [stderr] warning: `rastro` (bin "rastro" test) generated 2 warnings
[INFO] [stderr]     Finished `test` profile [unoptimized + debuginfo] target(s) in 0.48s
[INFO] [stderr]      Running unittests src/lib.rs (/opt/rustwide/target/debug/deps/celestial-68e733dd76c35add)
[INFO] [stdout] 
[INFO] [stdout] running 7 tests
[INFO] [stdout] test table_streamer::tests::it_works_with_headers ... ok
[INFO] [stdout] test table_streamer::tests::it_works_without_headers ... ok
[INFO] [stdout] test esa::tests::gaia_source ... ok
[INFO] [stdout] test esa::tests::photometry ... ok
[INFO] [stdout] test tests::download ... ok
[INFO] [stdout] test eso::tests::tycho2_download ... FAILED
[INFO] [stdout] test resource::tests::it_can_work_with_example_com ... FAILED
[INFO] [stdout] 
[INFO] [stdout] failures:
[INFO] [stdout] 
[INFO] [stdout] ---- eso::tests::tycho2_download stdout ----
[INFO] [stdout] thread 'eso::tests::tycho2_download' panicked at /opt/rustwide/cargo-home/registry/src/index.crates.io-6f17d22bba15001f/env_logger-0.9.3/src/lib.rs:1154:16:
[INFO] [stdout] env_logger::init should not be called after logger initialized: SetLoggerError(())
[INFO] [stdout] stack backtrace:
[INFO] [stdout]    0:     0x636b901d7a4a - std::backtrace_rs::backtrace::libunwind::trace::h5a5b8284f2d0c266
[INFO] [stdout]                                at /rustc/90b35a6239c3d8bdabc530a6a0816f7ff89a0aaf/library/std/src/../../backtrace/src/backtrace/libunwind.rs:116:5
[INFO] [stdout]    1:     0x636b901d7a4a - std::backtrace_rs::backtrace::trace_unsynchronized::h76d4f1c9b0b875e3
[INFO] [stdout]                                at /rustc/90b35a6239c3d8bdabc530a6a0816f7ff89a0aaf/library/std/src/../../backtrace/src/backtrace/mod.rs:66:5
[INFO] [stdout]    2:     0x636b901d7a4a - std::sys::backtrace::_print_fmt::hc4546b8364a537c6
[INFO] [stdout]                                at /rustc/90b35a6239c3d8bdabc530a6a0816f7ff89a0aaf/library/std/src/sys/backtrace.rs:66:9
[INFO] [stdout]    3:     0x636b901d7a4a - <std::sys::backtrace::BacktraceLock::print::DisplayBacktrace as core::fmt::Display>::fmt::h5b6bd5631a6d1f6b
[INFO] [stdout]                                at /rustc/90b35a6239c3d8bdabc530a6a0816f7ff89a0aaf/library/std/src/sys/backtrace.rs:39:26
[INFO] [stdout]    4:     0x636b902017a3 - core::fmt::rt::Argument::fmt::h270f6602a2b96f62
[INFO] [stdout]                                at /rustc/90b35a6239c3d8bdabc530a6a0816f7ff89a0aaf/library/core/src/fmt/rt.rs:177:76
[INFO] [stdout]    5:     0x636b902017a3 - core::fmt::write::h7550c97b06c86515
[INFO] [stdout]                                at /rustc/90b35a6239c3d8bdabc530a6a0816f7ff89a0aaf/library/core/src/fmt/mod.rs:1186:21
[INFO] [stdout]    6:     0x636b901d3ff3 - std::io::Write::write_fmt::h509ff860e5956e5e
[INFO] [stdout]                                at /rustc/90b35a6239c3d8bdabc530a6a0816f7ff89a0aaf/library/std/src/io/mod.rs:1839:15
[INFO] [stdout]    7:     0x636b901d7892 - std::sys::backtrace::BacktraceLock::print::h2395ccd2c84ba3aa
[INFO] [stdout]                                at /rustc/90b35a6239c3d8bdabc530a6a0816f7ff89a0aaf/library/std/src/sys/backtrace.rs:42:9
[INFO] [stdout]    8:     0x636b901d8eaa - std::panicking::default_hook::{{closure}}::he19d4c7230e07961
[INFO] [stdout]                                at /rustc/90b35a6239c3d8bdabc530a6a0816f7ff89a0aaf/library/std/src/panicking.rs:268:22
[INFO] [stdout]    9:     0x636b901d8cb4 - std::panicking::default_hook::hf614597d3c67bbdb
[INFO] [stdout]                                at /rustc/90b35a6239c3d8bdabc530a6a0816f7ff89a0aaf/library/std/src/panicking.rs:292:9
[INFO] [stdout]   10:     0x636b90054de9 - <alloc::boxed::Box<F,A> as core::ops::function::Fn<Args>>::call::h39b51ce4599c23d1
[INFO] [stdout]                                at /rustc/90b35a6239c3d8bdabc530a6a0816f7ff89a0aaf/library/alloc/src/boxed.rs:2468:9
[INFO] [stdout]   11:     0x636b90054de9 - test::test_main::{{closure}}::he977ae839a582784
[INFO] [stdout]                                at /rustc/90b35a6239c3d8bdabc530a6a0816f7ff89a0aaf/library/test/src/lib.rs:133:21
[INFO] [stdout]   12:     0x636b901d9548 - <alloc::boxed::Box<F,A> as core::ops::function::Fn<Args>>::call::h9455091b6b06f9fb
[INFO] [stdout]                                at /rustc/90b35a6239c3d8bdabc530a6a0816f7ff89a0aaf/library/alloc/src/boxed.rs:2468:9
[INFO] [stdout]   13:     0x636b901d9548 - std::panicking::rust_panic_with_hook::h8942133a8b252070
[INFO] [stdout]                                at /rustc/90b35a6239c3d8bdabc530a6a0816f7ff89a0aaf/library/std/src/panicking.rs:809:13
[INFO] [stdout]   14:     0x636b901d930a - std::panicking::begin_panic_handler::{{closure}}::hb5f5963570096b29
[INFO] [stdout]                                at /rustc/90b35a6239c3d8bdabc530a6a0816f7ff89a0aaf/library/std/src/panicking.rs:674:13
[INFO] [stdout]   15:     0x636b901d7f29 - std::sys::backtrace::__rust_end_short_backtrace::h6208cedc1922feda
[INFO] [stdout]                                at /rustc/90b35a6239c3d8bdabc530a6a0816f7ff89a0aaf/library/std/src/sys/backtrace.rs:170:18
[INFO] [stdout]   16:     0x636b901d8f9c - rust_begin_unwind
[INFO] [stdout]                                at /rustc/90b35a6239c3d8bdabc530a6a0816f7ff89a0aaf/library/std/src/panicking.rs:665:5
[INFO] [stdout]   17:     0x636b8fba7340 - core::panicking::panic_fmt::h0c3082644d1bf418
[INFO] [stdout]                                at /rustc/90b35a6239c3d8bdabc530a6a0816f7ff89a0aaf/library/core/src/panicking.rs:74:14
[INFO] [stdout]   18:     0x636b8fba77c6 - core::result::unwrap_failed::hd20b4aa073bda1e2
[INFO] [stdout]                                at /rustc/90b35a6239c3d8bdabc530a6a0816f7ff89a0aaf/library/core/src/result.rs:1700:5
[INFO] [stdout]   19:     0x636b8fea870e - core::result::Result<T,E>::expect::hbe351a4ebd802a51
[INFO] [stdout]                                at /rustc/90b35a6239c3d8bdabc530a6a0816f7ff89a0aaf/library/core/src/result.rs:1061:23
[INFO] [stdout]   20:     0x636b8feac229 - env_logger::init::h665874ab23b0bde0
[INFO] [stdout]                                at /opt/rustwide/cargo-home/registry/src/index.crates.io-6f17d22bba15001f/env_logger-0.9.3/src/lib.rs:1154:5
[INFO] [stdout]   21:     0x636b8fbe4417 - celestial::eso::tests::tycho2_download::{{closure}}::hfa2e275a8558a25d
[INFO] [stdout]                                at /opt/rustwide/workdir/celestial/src/eso/mod.rs:85:9
[INFO] [stdout]   22:     0x636b8fbbf3b2 - <core::pin::Pin<P> as core::future::future::Future>::poll::h78a9e62e3ce11f4d
[INFO] [stdout]                                at /rustc/90b35a6239c3d8bdabc530a6a0816f7ff89a0aaf/library/core/src/future/future.rs:123:9
[INFO] [stdout]   23:     0x636b8fbbf44d - <core::pin::Pin<P> as core::future::future::Future>::poll::hb085b2e81e1d7b88
[INFO] [stdout]                                at /rustc/90b35a6239c3d8bdabc530a6a0816f7ff89a0aaf/library/core/src/future/future.rs:123:9
[INFO] [stdout]   24:     0x636b8fbd1b0f - tokio::runtime::scheduler::current_thread::CoreGuard::block_on::{{closure}}::{{closure}}::{{closure}}::h095c8f92dbc1dd3a
[INFO] [stdout]                                at /opt/rustwide/cargo-home/registry/src/index.crates.io-6f17d22bba15001f/tokio-1.24.1/src/runtime/scheduler/current_thread.rs:541:57
[INFO] [stdout]   25:     0x636b8fbd1a55 - tokio::runtime::coop::with_budget::h4cba9a8f6c78f6dd
[INFO] [stdout]                                at /opt/rustwide/cargo-home/registry/src/index.crates.io-6f17d22bba15001f/tokio-1.24.1/src/runtime/coop.rs:102:5
[INFO] [stdout]   26:     0x636b8fbd1a55 - tokio::runtime::coop::budget::h28d2521c7faf807b
[INFO] [stdout]                                at /opt/rustwide/cargo-home/registry/src/index.crates.io-6f17d22bba15001f/tokio-1.24.1/src/runtime/coop.rs:68:5
[INFO] [stdout]   27:     0x636b8fbd1a55 - tokio::runtime::scheduler::current_thread::CoreGuard::block_on::{{closure}}::{{closure}}::he7f853ff02adf923
[INFO] [stdout]                                at /opt/rustwide/cargo-home/registry/src/index.crates.io-6f17d22bba15001f/tokio-1.24.1/src/runtime/scheduler/current_thread.rs:541:25
[INFO] [stdout]   28:     0x636b8fbd0390 - tokio::runtime::scheduler::current_thread::Context::enter::h3b6cd65a35b29056
[INFO] [stdout]                                at /opt/rustwide/cargo-home/registry/src/index.crates.io-6f17d22bba15001f/tokio-1.24.1/src/runtime/scheduler/current_thread.rs:350:19
[INFO] [stdout]   29:     0x636b8fbd10c2 - tokio::runtime::scheduler::current_thread::CoreGuard::block_on::{{closure}}::h8253636c94ecc51a
[INFO] [stdout]                                at /opt/rustwide/cargo-home/registry/src/index.crates.io-6f17d22bba15001f/tokio-1.24.1/src/runtime/scheduler/current_thread.rs:540:36
[INFO] [stdout]   30:     0x636b8fbd0e44 - tokio::runtime::scheduler::current_thread::CoreGuard::enter::{{closure}}::h55842a1b42918eaf
[INFO] [stdout]                                at /opt/rustwide/cargo-home/registry/src/index.crates.io-6f17d22bba15001f/tokio-1.24.1/src/runtime/scheduler/current_thread.rs:615:57
[INFO] [stdout]   31:     0x636b8fbd7513 - tokio::macros::scoped_tls::ScopedKey<T>::set::h4125a82dfaba77c4
[INFO] [stdout]                                at /opt/rustwide/cargo-home/registry/src/index.crates.io-6f17d22bba15001f/tokio-1.24.1/src/macros/scoped_tls.rs:61:9
[INFO] [stdout]   32:     0x636b8fbd0bef - tokio::runtime::scheduler::current_thread::CoreGuard::enter::h526c43ece318f7d0
[INFO] [stdout]                                at /opt/rustwide/cargo-home/registry/src/index.crates.io-6f17d22bba15001f/tokio-1.24.1/src/runtime/scheduler/current_thread.rs:615:27
[INFO] [stdout]   33:     0x636b8fbd0e62 - tokio::runtime::scheduler::current_thread::CoreGuard::block_on::had7856629d019359
[INFO] [stdout]                                at /opt/rustwide/cargo-home/registry/src/index.crates.io-6f17d22bba15001f/tokio-1.24.1/src/runtime/scheduler/current_thread.rs:530:19
[INFO] [stdout]   34:     0x636b8fbcfea1 - tokio::runtime::scheduler::current_thread::CurrentThread::block_on::hae184a0f3a299fed
[INFO] [stdout]                                at /opt/rustwide/cargo-home/registry/src/index.crates.io-6f17d22bba15001f/tokio-1.24.1/src/runtime/scheduler/current_thread.rs:154:24
[INFO] [stdout]   35:     0x636b8fbc2a6d - tokio::runtime::runtime::Runtime::block_on::h0a9255cf04f6d138
[INFO] [stdout]                                at /opt/rustwide/cargo-home/registry/src/index.crates.io-6f17d22bba15001f/tokio-1.24.1/src/runtime/runtime.rs:282:47
[INFO] [stdout]   36:     0x636b8fbe4305 - celestial::eso::tests::tycho2_download::h62b3b32b07f655ac
[INFO] [stdout]                                at /opt/rustwide/workdir/celestial/src/eso/mod.rs:100:9
[INFO] [stdout]   37:     0x636b8fbe41a7 - celestial::eso::tests::tycho2_download::{{closure}}::hff248c9257d5a797
[INFO] [stdout]                                at /opt/rustwide/workdir/celestial/src/eso/mod.rs:84:31
[INFO] [stdout]   38:     0x636b8fbea2f6 - core::ops::function::FnOnce::call_once::h1a8af25e627b130e
[INFO] [stdout]                                at /rustc/90b35a6239c3d8bdabc530a6a0816f7ff89a0aaf/library/core/src/ops/function.rs:250:5
[INFO] [stdout]   39:     0x636b900597ab - core::ops::function::FnOnce::call_once::h109cf8051a59b34e
[INFO] [stdout]                                at /rustc/90b35a6239c3d8bdabc530a6a0816f7ff89a0aaf/library/core/src/ops/function.rs:250:5
[INFO] [stdout]   40:     0x636b900597ab - test::__rust_begin_short_backtrace::hf4fff89d377446ba
[INFO] [stdout]                                at /rustc/90b35a6239c3d8bdabc530a6a0816f7ff89a0aaf/library/test/src/lib.rs:621:18
[INFO] [stdout]   41:     0x636b90058fe7 - test::run_test_in_process::{{closure}}::h0e39181dd7ee5a43
[INFO] [stdout]                                at /rustc/90b35a6239c3d8bdabc530a6a0816f7ff89a0aaf/library/test/src/lib.rs:644:60
[INFO] [stdout]   42:     0x636b90058fe7 - <core::panic::unwind_safe::AssertUnwindSafe<F> as core::ops::function::FnOnce<()>>::call_once::hc5a66a30f0bdfd1f
[INFO] [stdout]                                at /rustc/90b35a6239c3d8bdabc530a6a0816f7ff89a0aaf/library/core/src/panic/unwind_safe.rs:272:9
[INFO] [stdout]   43:     0x636b90058fe7 - std::panicking::try::do_call::h873b7cf639554a5e
[INFO] [stdout]                                at /rustc/90b35a6239c3d8bdabc530a6a0816f7ff89a0aaf/library/std/src/panicking.rs:557:40
[INFO] [stdout]   44:     0x636b90058fe7 - std::panicking::try::hdb19862fad9c8bd1
[INFO] [stdout]                                at /rustc/90b35a6239c3d8bdabc530a6a0816f7ff89a0aaf/library/std/src/panicking.rs:520:19
[INFO] [stdout]   45:     0x636b90058fe7 - std::panic::catch_unwind::h281fe732d236d260
[INFO] [stdout]                                at /rustc/90b35a6239c3d8bdabc530a6a0816f7ff89a0aaf/library/std/src/panic.rs:358:14
[INFO] [stdout]   46:     0x636b90058fe7 - test::run_test_in_process::h949b6df8457ed338
[INFO] [stdout]                                at /rustc/90b35a6239c3d8bdabc530a6a0816f7ff89a0aaf/library/test/src/lib.rs:644:27
[INFO] [stdout]   47:     0x636b90058fe7 - test::run_test::{{closure}}::h52c556a6d4740e10
[INFO] [stdout]                                at /rustc/90b35a6239c3d8bdabc530a6a0816f7ff89a0aaf/library/test/src/lib.rs:565:43
[INFO] [stdout]   48:     0x636b9001e2c4 - test::run_test::{{closure}}::h4237f6381c45ccb9
[INFO] [stdout]                                at /rustc/90b35a6239c3d8bdabc530a6a0816f7ff89a0aaf/library/test/src/lib.rs:595:41
[INFO] [stdout]   49:     0x636b9001e2c4 - std::sys::backtrace::__rust_begin_short_backtrace::h505c97a579eca628
[INFO] [stdout]                                at /rustc/90b35a6239c3d8bdabc530a6a0816f7ff89a0aaf/library/std/src/sys/backtrace.rs:154:18
[INFO] [stdout]   50:     0x636b9002198e - std::thread::Builder::spawn_unchecked_::{{closure}}::{{closure}}::h9e86b2e2bc107ea3
[INFO] [stdout]                                at /rustc/90b35a6239c3d8bdabc530a6a0816f7ff89a0aaf/library/std/src/thread/mod.rs:538:17
[INFO] [stdout]   51:     0x636b9002198e - <core::panic::unwind_safe::AssertUnwindSafe<F> as core::ops::function::FnOnce<()>>::call_once::h8b06ddb275ff4a25
[INFO] [stdout]                                at /rustc/90b35a6239c3d8bdabc530a6a0816f7ff89a0aaf/library/core/src/panic/unwind_safe.rs:272:9
[INFO] [stdout]   52:     0x636b9002198e - std::panicking::try::do_call::hb26ecd7cd9a9355d
[INFO] [stdout]                                at /rustc/90b35a6239c3d8bdabc530a6a0816f7ff89a0aaf/library/std/src/panicking.rs:557:40
[INFO] [stdout]   53:     0x636b9002198e - std::panicking::try::h8ddeca9d705f9069
[INFO] [stdout]                                at /rustc/90b35a6239c3d8bdabc530a6a0816f7ff89a0aaf/library/std/src/panicking.rs:520:19
[INFO] [stdout]   54:     0x636b9002198e - std::panic::catch_unwind::h49e1c33078844c46
[INFO] [stdout]                                at /rustc/90b35a6239c3d8bdabc530a6a0816f7ff89a0aaf/library/std/src/panic.rs:358:14
[INFO] [stdout]   55:     0x636b9002198e - std::thread::Builder::spawn_unchecked_::{{closure}}::h6073db6ff56ad35d
[INFO] [stdout]                                at /rustc/90b35a6239c3d8bdabc530a6a0816f7ff89a0aaf/library/std/src/thread/mod.rs:537:30
[INFO] [stdout]   56:     0x636b9002198e - core::ops::function::FnOnce::call_once{{vtable.shim}}::h2c5a5f3779c774f1
[INFO] [stdout]                                at /rustc/90b35a6239c3d8bdabc530a6a0816f7ff89a0aaf/library/core/src/ops/function.rs:250:5
[INFO] [stdout]   57:     0x636b901dd99b - <alloc::boxed::Box<F,A> as core::ops::function::FnOnce<Args>>::call_once::hf75717d9f28faebf
[INFO] [stdout]                                at /rustc/90b35a6239c3d8bdabc530a6a0816f7ff89a0aaf/library/alloc/src/boxed.rs:2454:9
[INFO] [stdout]   58:     0x636b901dd99b - <alloc::boxed::Box<F,A> as core::ops::function::FnOnce<Args>>::call_once::h7bd883a5f3c5f3c1
[INFO] [stdout]                                at /rustc/90b35a6239c3d8bdabc530a6a0816f7ff89a0aaf/library/alloc/src/boxed.rs:2454:9
[INFO] [stdout]   59:     0x636b901dd99b - std::sys::pal::unix::thread::Thread::new::thread_start::hcc78f3943333fa94
[INFO] [stdout]                                at /rustc/90b35a6239c3d8bdabc530a6a0816f7ff89a0aaf/library/std/src/sys/pal/unix/thread.rs:105:17
[INFO] [stdout]   60:     0x7bc2316f1ac3 - <unknown>
[INFO] [stdout]   61:     0x7bc231782a04 - clone
[INFO] [stdout]   62:                0x0 - <unknown>
[INFO] [stdout] 
[INFO] [stdout] ---- resource::tests::it_can_work_with_example_com stdout ----
[INFO] [stdout] Downloading https://example.com/index.html
[INFO] [stdout] thread 'resource::tests::it_can_work_with_example_com' panicked at celestial/src/resource.rs:120:52:
[INFO] [stdout] called `Result::unwrap()` on an `Err` value: reqwest::Error { kind: Request, url: Url { scheme: "https", cannot_be_a_base: false, username: "", password: None, host: Some(Domain("example.com")), port: None, path: "/index.html", query: None, fragment: None }, source: hyper::Error(Connect, ConnectError("dns error", Custom { kind: Uncategorized, error: "failed to lookup address information: Temporary failure in name resolution" })) }
[INFO] [stdout] stack backtrace:
[INFO] [stdout]    0:     0x636b901d7a4a - std::backtrace_rs::backtrace::libunwind::trace::h5a5b8284f2d0c266
[INFO] [stdout]                                at /rustc/90b35a6239c3d8bdabc530a6a0816f7ff89a0aaf/library/std/src/../../backtrace/src/backtrace/libunwind.rs:116:5
[INFO] [stdout]    1:     0x636b901d7a4a - std::backtrace_rs::backtrace::trace_unsynchronized::h76d4f1c9b0b875e3
[INFO] [stdout]                                at /rustc/90b35a6239c3d8bdabc530a6a0816f7ff89a0aaf/library/std/src/../../backtrace/src/backtrace/mod.rs:66:5
[INFO] [stdout]    2:     0x636b901d7a4a - std::sys::backtrace::_print_fmt::hc4546b8364a537c6
[INFO] [stdout]                                at /rustc/90b35a6239c3d8bdabc530a6a0816f7ff89a0aaf/library/std/src/sys/backtrace.rs:66:9
[INFO] [stdout]    3:     0x636b901d7a4a - <std::sys::backtrace::BacktraceLock::print::DisplayBacktrace as core::fmt::Display>::fmt::h5b6bd5631a6d1f6b
[INFO] [stdout]                                at /rustc/90b35a6239c3d8bdabc530a6a0816f7ff89a0aaf/library/std/src/sys/backtrace.rs:39:26
[INFO] [stdout]    4:     0x636b902017a3 - core::fmt::rt::Argument::fmt::h270f6602a2b96f62
[INFO] [stdout]                                at /rustc/90b35a6239c3d8bdabc530a6a0816f7ff89a0aaf/library/core/src/fmt/rt.rs:177:76
[INFO] [stdout]    5:     0x636b902017a3 - core::fmt::write::h7550c97b06c86515
[INFO] [stdout]                                at /rustc/90b35a6239c3d8bdabc530a6a0816f7ff89a0aaf/library/core/src/fmt/mod.rs:1186:21
[INFO] [stdout]    6:     0x636b901d3ff3 - std::io::Write::write_fmt::h509ff860e5956e5e
[INFO] [stdout]                                at /rustc/90b35a6239c3d8bdabc530a6a0816f7ff89a0aaf/library/std/src/io/mod.rs:1839:15
[INFO] [stdout]    7:     0x636b901d7892 - std::sys::backtrace::BacktraceLock::print::h2395ccd2c84ba3aa
[INFO] [stdout]                                at /rustc/90b35a6239c3d8bdabc530a6a0816f7ff89a0aaf/library/std/src/sys/backtrace.rs:42:9
[INFO] [stdout]    8:     0x636b901d8eaa - std::panicking::default_hook::{{closure}}::he19d4c7230e07961
[INFO] [stdout]                                at /rustc/90b35a6239c3d8bdabc530a6a0816f7ff89a0aaf/library/std/src/panicking.rs:268:22
[INFO] [stdout]    9:     0x636b901d8cb4 - std::panicking::default_hook::hf614597d3c67bbdb
[INFO] [stdout]                                at /rustc/90b35a6239c3d8bdabc530a6a0816f7ff89a0aaf/library/std/src/panicking.rs:292:9
[INFO] [stdout]   10:     0x636b90054de9 - <alloc::boxed::Box<F,A> as core::ops::function::Fn<Args>>::call::h39b51ce4599c23d1
[INFO] [stdout]                                at /rustc/90b35a6239c3d8bdabc530a6a0816f7ff89a0aaf/library/alloc/src/boxed.rs:2468:9
[INFO] [stdout]   11:     0x636b90054de9 - test::test_main::{{closure}}::he977ae839a582784
[INFO] [stdout]                                at /rustc/90b35a6239c3d8bdabc530a6a0816f7ff89a0aaf/library/test/src/lib.rs:133:21
[INFO] [stdout]   12:     0x636b901d9548 - <alloc::boxed::Box<F,A> as core::ops::function::Fn<Args>>::call::h9455091b6b06f9fb
[INFO] [stdout]                                at /rustc/90b35a6239c3d8bdabc530a6a0816f7ff89a0aaf/library/alloc/src/boxed.rs:2468:9
[INFO] [stdout]   13:     0x636b901d9548 - std::panicking::rust_panic_with_hook::h8942133a8b252070
[INFO] [stdout]                                at /rustc/90b35a6239c3d8bdabc530a6a0816f7ff89a0aaf/library/std/src/panicking.rs:809:13
[INFO] [stdout]   14:     0x636b901d930a - std::panicking::begin_panic_handler::{{closure}}::hb5f5963570096b29
[INFO] [stdout]                                at /rustc/90b35a6239c3d8bdabc530a6a0816f7ff89a0aaf/library/std/src/panicking.rs:674:13
[INFO] [stdout]   15:     0x636b901d7f29 - std::sys::backtrace::__rust_end_short_backtrace::h6208cedc1922feda
[INFO] [stdout]                                at /rustc/90b35a6239c3d8bdabc530a6a0816f7ff89a0aaf/library/std/src/sys/backtrace.rs:170:18
[INFO] [stdout]   16:     0x636b901d8f9c - rust_begin_unwind
[INFO] [stdout]                                at /rustc/90b35a6239c3d8bdabc530a6a0816f7ff89a0aaf/library/std/src/panicking.rs:665:5
[INFO] [stdout]   17:     0x636b8fba7340 - core::panicking::panic_fmt::h0c3082644d1bf418
[INFO] [stdout]                                at /rustc/90b35a6239c3d8bdabc530a6a0816f7ff89a0aaf/library/core/src/panicking.rs:74:14
[INFO] [stdout]   18:     0x636b8fba77c6 - core::result::unwrap_failed::hd20b4aa073bda1e2
[INFO] [stdout]                                at /rustc/90b35a6239c3d8bdabc530a6a0816f7ff89a0aaf/library/core/src/result.rs:1700:5
[INFO] [stdout]   19:     0x636b8fbb9446 - core::result::Result<T,E>::unwrap::h21d066ec4f969502
[INFO] [stdout]                                at /rustc/90b35a6239c3d8bdabc530a6a0816f7ff89a0aaf/library/core/src/result.rs:1104:23
[INFO] [stdout]   20:     0x636b8fbb9446 - <url::Url as celestial::resource::CacheableResource>::manifest_async::{{closure}}::hcc25a5592018c6aa
[INFO] [stdout]                                at /opt/rustwide/workdir/celestial/src/resource.rs:120:19
[INFO] [stdout]   21:     0x636b8fbbf375 - <core::pin::Pin<P> as core::future::future::Future>::poll::h01fbb78905ed429a
[INFO] [stdout]                                at /rustc/90b35a6239c3d8bdabc530a6a0816f7ff89a0aaf/library/core/src/future/future.rs:123:9
[INFO] [stdout]   22:     0x636b8fbb86fc - celestial::resource::CacheableResource::download_async::{{closure}}::h3b6f42276a42ad23
[INFO] [stdout]                                at /opt/rustwide/workdir/celestial/src/resource.rs:66:54
[INFO] [stdout]   23:     0x636b8fbbf40f - <core::pin::Pin<P> as core::future::future::Future>::poll::h90947b20f701b443
[INFO] [stdout]                                at /rustc/90b35a6239c3d8bdabc530a6a0816f7ff89a0aaf/library/core/src/future/future.rs:123:9
[INFO] [stdout]   24:     0x636b8fbe550f - celestial::resource::tests::it_can_work_with_example_com::{{closure}}::ha35487ff70b56bdb
[INFO] [stdout]                                at /opt/rustwide/workdir/celestial/src/resource.rs:172:47
[INFO] [stdout]   25:     0x636b8fbbf3b2 - <core::pin::Pin<P> as core::future::future::Future>::poll::h78a9e62e3ce11f4d
[INFO] [stdout]                                at /rustc/90b35a6239c3d8bdabc530a6a0816f7ff89a0aaf/library/core/src/future/future.rs:123:9
[INFO] [stdout]   26:     0x636b8fbbf44d - <core::pin::Pin<P> as core::future::future::Future>::poll::hb085b2e81e1d7b88
[INFO] [stdout]                                at /rustc/90b35a6239c3d8bdabc530a6a0816f7ff89a0aaf/library/core/src/future/future.rs:123:9
[INFO] [stdout]   27:     0x636b8fbd1b0f - tokio::runtime::scheduler::current_thread::CoreGuard::block_on::{{closure}}::{{closure}}::{{closure}}::h095c8f92dbc1dd3a
[INFO] [stdout]                                at /opt/rustwide/cargo-home/registry/src/index.crates.io-6f17d22bba15001f/tokio-1.24.1/src/runtime/scheduler/current_thread.rs:541:57
[INFO] [stdout]   28:     0x636b8fbd1a55 - tokio::runtime::coop::with_budget::h4cba9a8f6c78f6dd
[INFO] [stdout]                                at /opt/rustwide/cargo-home/registry/src/index.crates.io-6f17d22bba15001f/tokio-1.24.1/src/runtime/coop.rs:102:5
[INFO] [stdout]   29:     0x636b8fbd1a55 - tokio::runtime::coop::budget::h28d2521c7faf807b
[INFO] [stdout]                                at /opt/rustwide/cargo-home/registry/src/index.crates.io-6f17d22bba15001f/tokio-1.24.1/src/runtime/coop.rs:68:5
[INFO] [stdout]   30:     0x636b8fbd1a55 - tokio::runtime::scheduler::current_thread::CoreGuard::block_on::{{closure}}::{{closure}}::he7f853ff02adf923
[INFO] [stdout]                                at /opt/rustwide/cargo-home/registry/src/index.crates.io-6f17d22bba15001f/tokio-1.24.1/src/runtime/scheduler/current_thread.rs:541:25
[INFO] [stdout]   31:     0x636b8fbd0390 - tokio::runtime::scheduler::current_thread::Context::enter::h3b6cd65a35b29056
[INFO] [stdout]                                at /opt/rustwide/cargo-home/registry/src/index.crates.io-6f17d22bba15001f/tokio-1.24.1/src/runtime/scheduler/current_thread.rs:350:19
[INFO] [stdout]   32:     0x636b8fbd10c2 - tokio::runtime::scheduler::current_thread::CoreGuard::block_on::{{closure}}::h8253636c94ecc51a
[INFO] [stdout]                                at /opt/rustwide/cargo-home/registry/src/index.crates.io-6f17d22bba15001f/tokio-1.24.1/src/runtime/scheduler/current_thread.rs:540:36
[INFO] [stdout]   33:     0x636b8fbd0e44 - tokio::runtime::scheduler::current_thread::CoreGuard::enter::{{closure}}::h55842a1b42918eaf
[INFO] [stdout]                                at /opt/rustwide/cargo-home/registry/src/index.crates.io-6f17d22bba15001f/tokio-1.24.1/src/runtime/scheduler/current_thread.rs:615:57
[INFO] [stdout]   34:     0x636b8fbd7513 - tokio::macros::scoped_tls::ScopedKey<T>::set::h4125a82dfaba77c4
[INFO] [stdout]                                at /opt/rustwide/cargo-home/registry/src/index.crates.io-6f17d22bba15001f/tokio-1.24.1/src/macros/scoped_tls.rs:61:9
[INFO] [stdout]   35:     0x636b8fbd0bef - tokio::runtime::scheduler::current_thread::CoreGuard::enter::h526c43ece318f7d0
[INFO] [stdout]                                at /opt/rustwide/cargo-home/registry/src/index.crates.io-6f17d22bba15001f/tokio-1.24.1/src/runtime/scheduler/current_thread.rs:615:27
[INFO] [stdout]   36:     0x636b8fbd0e62 - tokio::runtime::scheduler::current_thread::CoreGuard::block_on::had7856629d019359
[INFO] [stdout]                                at /opt/rustwide/cargo-home/registry/src/index.crates.io-6f17d22bba15001f/tokio-1.24.1/src/runtime/scheduler/current_thread.rs:530:19
[INFO] [stdout]   37:     0x636b8fbcfea1 - tokio::runtime::scheduler::current_thread::CurrentThread::block_on::hae184a0f3a299fed
[INFO] [stdout]                                at /opt/rustwide/cargo-home/registry/src/index.crates.io-6f17d22bba15001f/tokio-1.24.1/src/runtime/scheduler/current_thread.rs:154:24
[INFO] [stdout]   38:     0x636b8fbc2a6d - tokio::runtime::runtime::Runtime::block_on::h0a9255cf04f6d138
[INFO] [stdout]                                at /opt/rustwide/cargo-home/registry/src/index.crates.io-6f17d22bba15001f/tokio-1.24.1/src/runtime/runtime.rs:282:47
[INFO] [stdout]   39:     0x636b8fbe4f95 - celestial::resource::tests::it_can_work_with_example_com::h80679db58d1c8963
[INFO] [stdout]                                at /opt/rustwide/workdir/celestial/src/resource.rs:191:9
[INFO] [stdout]   40:     0x636b8fbe4e37 - celestial::resource::tests::it_can_work_with_example_com::{{closure}}::hc7ee219286f62799
[INFO] [stdout]                                at /opt/rustwide/workdir/celestial/src/resource.rs:163:44
[INFO] [stdout]   41:     0x636b8fbea536 - core::ops::function::FnOnce::call_once::h7bdd15e15fe2ca60
[INFO] [stdout]                                at /rustc/90b35a6239c3d8bdabc530a6a0816f7ff89a0aaf/library/core/src/ops/function.rs:250:5
[INFO] [stdout]   42:     0x636b900597ab - core::ops::function::FnOnce::call_once::h109cf8051a59b34e
[INFO] [stdout]                                at /rustc/90b35a6239c3d8bdabc530a6a0816f7ff89a0aaf/library/core/src/ops/function.rs:250:5
[INFO] [stdout]   43:     0x636b900597ab - test::__rust_begin_short_backtrace::hf4fff89d377446ba
[INFO] [stdout]                                at /rustc/90b35a6239c3d8bdabc530a6a0816f7ff89a0aaf/library/test/src/lib.rs:621:18
[INFO] [stdout]   44:     0x636b90058fe7 - test::run_test_in_process::{{closure}}::h0e39181dd7ee5a43
[INFO] [stdout]                                at /rustc/90b35a6239c3d8bdabc530a6a0816f7ff89a0aaf/library/test/src/lib.rs:644:60
[INFO] [stdout]   45:     0x636b90058fe7 - <core::panic::unwind_safe::AssertUnwindSafe<F> as core::ops::function::FnOnce<()>>::call_once::hc5a66a30f0bdfd1f
[INFO] [stdout]                                at /rustc/90b35a6239c3d8bdabc530a6a0816f7ff89a0aaf/library/core/src/panic/unwind_safe.rs:272:9
[INFO] [stdout]   46:     0x636b90058fe7 - std::panicking::try::do_call::h873b7cf639554a5e
[INFO] [stdout]                                at /rustc/90b35a6239c3d8bdabc530a6a0816f7ff89a0aaf/library/std/src/panicking.rs:557:40
[INFO] [stdout]   47:     0x636b90058fe7 - std::panicking::try::hdb19862fad9c8bd1
[INFO] [stdout]                                at /rustc/90b35a6239c3d8bdabc530a6a0816f7ff89a0aaf/library/std/src/panicking.rs:520:19
[INFO] [stdout]   48:     0x636b90058fe7 - std::panic::catch_unwind::h281fe732d236d260
[INFO] [stdout]                                at /rustc/90b35a6239c3d8bdabc530a6a0816f7ff89a0aaf/library/std/src/panic.rs:358:14
[INFO] [stdout]   49:     0x636b90058fe7 - test::run_test_in_process::h949b6df8457ed338
[INFO] [stdout]                                at /rustc/90b35a6239c3d8bdabc530a6a0816f7ff89a0aaf/library/test/src/lib.rs:644:27
[INFO] [stdout]   50:     0x636b90058fe7 - test::run_test::{{closure}}::h52c556a6d4740e10
[INFO] [stdout]                                at /rustc/90b35a6239c3d8bdabc530a6a0816f7ff89a0aaf/library/test/src/lib.rs:565:43
[INFO] [stdout]   51:     0x636b9001e2c4 - test::run_test::{{closure}}::h4237f6381c45ccb9
[INFO] [stdout]                                at /rustc/90b35a6239c3d8bdabc530a6a0816f7ff89a0aaf/library/test/src/lib.rs:595:41
[INFO] [stdout]   52:     0x636b9001e2c4 - std::sys::backtrace::__rust_begin_short_backtrace::h505c97a579eca628
[INFO] [stdout]                                at /rustc/90b35a6239c3d8bdabc530a6a0816f7ff89a0aaf/library/std/src/sys/backtrace.rs:154:18
[INFO] [stdout]   53:     0x636b9002198e - std::thread::Builder::spawn_unchecked_::{{closure}}::{{closure}}::h9e86b2e2bc107ea3
[INFO] [stdout]                                at /rustc/90b35a6239c3d8bdabc530a6a0816f7ff89a0aaf/library/std/src/thread/mod.rs:538:17
[INFO] [stdout]   54:     0x636b9002198e - <core::panic::unwind_safe::AssertUnwindSafe<F> as core::ops::function::FnOnce<()>>::call_once::h8b06ddb275ff4a25
[INFO] [stdout]                                at /rustc/90b35a6239c3d8bdabc530a6a0816f7ff89a0aaf/library/core/src/panic/unwind_safe.rs:272:9
[INFO] [stdout]   55:     0x636b9002198e - std::panicking::try::do_call::hb26ecd7cd9a9355d
[INFO] [stdout]                                at /rustc/90b35a6239c3d8bdabc530a6a0816f7ff89a0aaf/library/std/src/panicking.rs:557:40
[INFO] [stdout]   56:     0x636b9002198e - std::panicking::try::h8ddeca9d705f9069
[INFO] [stdout]                                at /rustc/90b35a6239c3d8bdabc530a6a0816f7ff89a0aaf/library/std/src/panicking.rs:520:19
[INFO] [stdout]   57:     0x636b9002198e - std::panic::catch_unwind::h49e1c33078844c46
[INFO] [stdout]                                at /rustc/90b35a6239c3d8bdabc530a6a0816f7ff89a0aaf/library/std/src/panic.rs:358:14
[INFO] [stdout]   58:     0x636b9002198e - std::thread::Builder::spawn_unchecked_::{{closure}}::h6073db6ff56ad35d
[INFO] [stdout]                                at /rustc/90b35a6239c3d8bdabc530a6a0816f7ff89a0aaf/library/std/src/thread/mod.rs:537:30
[INFO] [stdout]   59:     0x636b9002198e - core::ops::function::FnOnce::call_once{{vtable.shim}}::h2c5a5f3779c774f1
[INFO] [stdout]                                at /rustc/90b35a6239c3d8bdabc530a6a0816f7ff89a0aaf/library/core/src/ops/function.rs:250:5
[INFO] [stdout]   60:     0x636b901dd99b - <alloc::boxed::Box<F,A> as core::ops::function::FnOnce<Args>>::call_once::hf75717d9f28faebf
[INFO] [stdout]                                at /rustc/90b35a6239c3d8bdabc530a6a0816f7ff89a0aaf/library/alloc/src/boxed.rs:2454:9
[INFO] [stdout]   61:     0x636b901dd99b - <alloc::boxed::Box<F,A> as core::ops::function::FnOnce<Args>>::call_once::h7bd883a5f3c5f3c1
[INFO] [stdout]                                at /rustc/90b35a6239c3d8bdabc530a6a0816f7ff89a0aaf/library/alloc/src/boxed.rs:2454:9
[INFO] [stdout]   62:     0x636b901dd99b - std::sys::pal::unix::thread::Thread::new::thread_start::hcc78f3943333fa94
[INFO] [stdout]                                at /rustc/90b35a6239c3d8bdabc530a6a0816f7ff89a0aaf/library/std/src/sys/pal/unix/thread.rs:105:17
[INFO] [stdout]   63:     0x7bc2316f1ac3 - <unknown>
[INFO] [stdout]   64:     0x7bc231782a04 - clone
[INFO] [stdout]   65:                0x0 - <unknown>
[INFO] [stdout] 
[INFO] [stdout] 
[INFO] [stdout] failures:
[INFO] [stdout]     eso::tests::tycho2_download
[INFO] [stdout]     resource::tests::it_can_work_with_example_com
[INFO] [stdout] 
[INFO] [stdout] test result: FAILED. 5 passed; 2 failed; 0 ignored; 0 measured; 0 filtered out; finished in 0.21s
[INFO] [stdout] 
[INFO] [stderr] error: test failed, to rerun pass `-p celestial --lib`
[INFO] running `Command { std: "docker" "inspect" "af2cd8eba1d279ae0307db2cfe14fbe4dcaec7c662a0b3c40eee79491be155ac", kill_on_drop: false }`
[INFO] running `Command { std: "docker" "rm" "-f" "af2cd8eba1d279ae0307db2cfe14fbe4dcaec7c662a0b3c40eee79491be155ac", kill_on_drop: false }`
[INFO] [stdout] af2cd8eba1d279ae0307db2cfe14fbe4dcaec7c662a0b3c40eee79491be155ac
