[INFO] cloning repository https://github.com/kaiusl/codecrafters-interpreter-rust
[INFO] running `Command { std: "git" "-c" "credential.helper=" "-c" "credential.helper=/workspace/cargo-home/bin/git-credential-null" "clone" "--bare" "https://github.com/kaiusl/codecrafters-interpreter-rust" "/workspace/cache/git-repos/https%3A%2F%2Fgithub.com%2Fkaiusl%2Fcodecrafters-interpreter-rust", kill_on_drop: false }`
[INFO] [stderr] Cloning into bare repository '/workspace/cache/git-repos/https%3A%2F%2Fgithub.com%2Fkaiusl%2Fcodecrafters-interpreter-rust'...
[INFO] running `Command { std: "git" "rev-parse" "HEAD", kill_on_drop: false }`
[INFO] [stdout] 1e2040727413e8455f658957b9848e0242ce3b7b
[INFO] testing kaiusl/codecrafters-interpreter-rust against 1.83.0 for beta-1.84.0-4-retry
[INFO] running `Command { std: "git" "clone" "/workspace/cache/git-repos/https%3A%2F%2Fgithub.com%2Fkaiusl%2Fcodecrafters-interpreter-rust" "/workspace/builds/worker-6-tc1/source", kill_on_drop: false }`
[INFO] [stderr] Cloning into '/workspace/builds/worker-6-tc1/source'...
[INFO] [stderr] done.
[INFO] validating manifest of git repo https://github.com/kaiusl/codecrafters-interpreter-rust on toolchain 1.83.0
[INFO] running `Command { std: CARGO_HOME="/workspace/cargo-home" RUSTUP_HOME="/workspace/rustup-home" "/workspace/cargo-home/bin/cargo" "+1.83.0" "metadata" "--manifest-path" "Cargo.toml" "--no-deps", kill_on_drop: false }`
[INFO] started tweaking git repo https://github.com/kaiusl/codecrafters-interpreter-rust
[INFO] finished tweaking git repo https://github.com/kaiusl/codecrafters-interpreter-rust
[INFO] tweaked toml for git repo https://github.com/kaiusl/codecrafters-interpreter-rust written to /workspace/builds/worker-6-tc1/source/Cargo.toml
[INFO] crate git repo https://github.com/kaiusl/codecrafters-interpreter-rust already has a lockfile, it will not be regenerated
[INFO] running `Command { std: CARGO_HOME="/workspace/cargo-home" RUSTUP_HOME="/workspace/rustup-home" "/workspace/cargo-home/bin/cargo" "+1.83.0" "fetch" "--manifest-path" "Cargo.toml", kill_on_drop: false }`
[INFO] [stderr]  Downloading crates ...
[INFO] [stderr]   Downloaded rstest v0.22.0
[INFO] [stderr]   Downloaded insta v1.39.0
[INFO] [stderr]   Downloaded rstest_macros v0.22.0
[INFO] running `Command { std: "docker" "create" "-v" "/var/lib/crater-agent-workspace/builds/worker-6-tc1/target:/opt/rustwide/target:rw,Z" "-v" "/var/lib/crater-agent-workspace/builds/worker-6-tc1/source:/opt/rustwide/workdir:ro,Z" "-v" "/var/lib/crater-agent-workspace/cargo-home:/opt/rustwide/cargo-home:ro,Z" "-v" "/var/lib/crater-agent-workspace/rustup-home:/opt/rustwide/rustup-home:ro,Z" "-e" "SOURCE_DIR=/opt/rustwide/workdir" "-e" "CARGO_TARGET_DIR=/opt/rustwide/target" "-e" "CARGO_HOME=/opt/rustwide/cargo-home" "-e" "RUSTUP_HOME=/opt/rustwide/rustup-home" "-w" "/opt/rustwide/workdir" "-m" "1610612736" "--user" "0:0" "--network" "none" "ghcr.io/rust-lang/crates-build-env/linux@sha256:f3a9d4ad9d972b27faf3965f35b62e55ba32bbce8f20bc8fe909558a86702fde" "/opt/rustwide/cargo-home/bin/cargo" "+1.83.0" "metadata" "--no-deps" "--format-version=1", kill_on_drop: false }`
[INFO] [stdout] ab180e8156a6c88bb8c1a28c6b5f80f034d1cb872b8a744928089278301e2bc3
[INFO] running `Command { std: "docker" "start" "-a" "ab180e8156a6c88bb8c1a28c6b5f80f034d1cb872b8a744928089278301e2bc3", kill_on_drop: false }`
[INFO] running `Command { std: "docker" "inspect" "ab180e8156a6c88bb8c1a28c6b5f80f034d1cb872b8a744928089278301e2bc3", kill_on_drop: false }`
[INFO] running `Command { std: "docker" "rm" "-f" "ab180e8156a6c88bb8c1a28c6b5f80f034d1cb872b8a744928089278301e2bc3", kill_on_drop: false }`
[INFO] [stdout] ab180e8156a6c88bb8c1a28c6b5f80f034d1cb872b8a744928089278301e2bc3
[INFO] running `Command { std: "docker" "create" "-v" "/var/lib/crater-agent-workspace/builds/worker-6-tc1/target:/opt/rustwide/target:rw,Z" "-v" "/var/lib/crater-agent-workspace/builds/worker-6-tc1/source:/opt/rustwide/workdir:ro,Z" "-v" "/var/lib/crater-agent-workspace/cargo-home:/opt/rustwide/cargo-home:ro,Z" "-v" "/var/lib/crater-agent-workspace/rustup-home:/opt/rustwide/rustup-home:ro,Z" "-e" "SOURCE_DIR=/opt/rustwide/workdir" "-e" "CARGO_TARGET_DIR=/opt/rustwide/target" "-e" "CARGO_INCREMENTAL=0" "-e" "RUST_BACKTRACE=full" "-e" "RUSTFLAGS=--cap-lints=warn" "-e" "RUSTDOCFLAGS=--cap-lints=warn" "-e" "CARGO_HOME=/opt/rustwide/cargo-home" "-e" "RUSTUP_HOME=/opt/rustwide/rustup-home" "-w" "/opt/rustwide/workdir" "-m" "1610612736" "--user" "0:0" "--network" "none" "ghcr.io/rust-lang/crates-build-env/linux@sha256:f3a9d4ad9d972b27faf3965f35b62e55ba32bbce8f20bc8fe909558a86702fde" "/opt/rustwide/cargo-home/bin/cargo" "+1.83.0" "build" "--frozen" "--message-format=json", kill_on_drop: false }`
[INFO] [stdout] e56dd31c38b68857acbdbd470b253e047d345189294102d97f900cf5fe4c7858
[INFO] running `Command { std: "docker" "start" "-a" "e56dd31c38b68857acbdbd470b253e047d345189294102d97f900cf5fe4c7858", kill_on_drop: false }`
[INFO] [stderr]    Compiling proc-macro2 v1.0.86
[INFO] [stderr]    Compiling unicode-ident v1.0.12
[INFO] [stderr]    Compiling memchr v2.7.4
[INFO] [stderr]    Compiling semver v1.0.23
[INFO] [stderr]    Compiling autocfg v1.3.0
[INFO] [stderr]    Compiling libc v0.2.158
[INFO] [stderr]    Compiling shlex v1.3.0
[INFO] [stderr]    Compiling hashbrown v0.14.5
[INFO] [stderr]    Compiling cfg-if v1.0.0
[INFO] [stderr]    Compiling futures-core v0.3.30
[INFO] [stderr]    Compiling cc v1.1.14
[INFO] [stderr]    Compiling slab v0.4.9
[INFO] [stderr]    Compiling equivalent v1.0.1
[INFO] [stderr]    Compiling futures-sink v0.3.30
[INFO] [stderr]    Compiling futures-channel v0.3.30
[INFO] [stderr]    Compiling rustc_version v0.4.1
[INFO] [stderr]    Compiling futures-io v0.3.30
[INFO] [stderr]    Compiling indexmap v2.4.0
[INFO] [stderr]    Compiling quote v1.0.36
[INFO] [stderr]    Compiling backtrace v0.3.73
[INFO] [stderr]    Compiling aho-corasick v1.1.3
[INFO] [stderr]    Compiling gimli v0.29.0
[INFO] [stderr]    Compiling syn v2.0.75
[INFO] [stderr]    Compiling pin-utils v0.1.0
[INFO] [stderr]    Compiling winnow v0.6.18
[INFO] [stderr]    Compiling adler v1.0.2
[INFO] [stderr]    Compiling rustix v0.38.34
[INFO] [stderr]    Compiling toml_datetime v0.6.8
[INFO] [stderr]    Compiling pin-project-lite v0.2.14
[INFO] [stderr]    Compiling regex-syntax v0.8.4
[INFO] [stderr]    Compiling futures-task v0.3.30
[INFO] [stderr]    Compiling miniz_oxide v0.7.4
[INFO] [stderr]    Compiling rstest_macros v0.22.0
[INFO] [stderr]    Compiling object v0.36.3
[INFO] [stderr]    Compiling rustc-demangle v0.1.24
[INFO] [stderr]    Compiling bitflags v2.6.0
[INFO] [stderr]    Compiling thiserror v1.0.63
[INFO] [stderr]    Compiling linux-raw-sys v0.4.14
[INFO] [stderr]    Compiling unicode-linebreak v0.1.5
[INFO] [stderr]    Compiling lazy_static v1.5.0
[INFO] [stderr]    Compiling is_ci v1.2.0
[INFO] [stderr]    Compiling smawk v0.3.2
[INFO] [stderr]    Compiling unicode-width v0.1.13
[INFO] [stderr]    Compiling glob v0.3.1
[INFO] [stderr]    Compiling toml_edit v0.22.20
[INFO] [stderr]    Compiling regex-automata v0.4.7
[INFO] [stderr]    Compiling relative-path v1.9.3
[INFO] [stderr]    Compiling anyhow v1.0.86
[INFO] [stderr]    Compiling addr2line v0.22.0
[INFO] [stderr]    Compiling terminal_size v0.3.0
[INFO] [stderr]    Compiling textwrap v0.16.1
[INFO] [stderr]    Compiling supports-color v3.0.0
[INFO] [stderr]    Compiling console v0.15.8
[INFO] [stderr]    Compiling owo-colors v4.0.0
[INFO] [stderr]    Compiling linked-hash-map v0.5.6
[INFO] [stderr]    Compiling proc-macro-crate v3.2.0
[INFO] [stderr]    Compiling supports-hyperlinks v3.0.0
[INFO] [stderr]    Compiling supports-unicode v3.0.0
[INFO] [stderr]    Compiling futures-timer v3.0.3
[INFO] [stderr]    Compiling similar v2.6.0
[INFO] [stderr]    Compiling bytes v1.7.1
[INFO] [stderr]    Compiling insta v1.39.0
[INFO] [stderr]    Compiling regex v1.10.6
[INFO] [stderr]    Compiling backtrace-ext v0.2.1
[INFO] [stderr]    Compiling futures-macro v0.3.30
[INFO] [stderr]    Compiling thiserror-impl v1.0.63
[INFO] [stderr]    Compiling miette-derive v7.2.0
[INFO] [stderr]    Compiling futures-util v0.3.30
[INFO] [stderr]    Compiling miette v7.2.0
[INFO] [stderr]    Compiling futures-executor v0.3.30
[INFO] [stderr]    Compiling futures v0.3.30
[INFO] [stderr]    Compiling rstest v0.22.0
[INFO] [stderr]    Compiling codecrafters-interpreter v0.1.0 (/opt/rustwide/workdir)
[INFO] [stdout] warning: elided lifetime has a name
[INFO] [stdout]   --> src/interpreter.rs:50:65
[INFO] [stdout]    |
[INFO] [stdout] 41 | impl<'a> Interpreter<'a> {
[INFO] [stdout]    |      -- lifetime `'a` declared here
[INFO] [stdout] ...
[INFO] [stdout] 50 |     pub fn from_str(s: &'a str) -> Result<Self, Vec<ParserError<'_>>> {
[INFO] [stdout]    |                                                                 ^^ this elided lifetime gets resolved as `'a`
[INFO] [stdout]    |
[INFO] [stdout]    = note: `#[warn(elided_named_lifetimes)]` on by default
[INFO] [stdout] 
[INFO] [stdout] 
[INFO] [stdout] warning: unused variable: `eq`
[INFO] [stdout]    --> src/parser.rs:280:24
[INFO] [stdout]     |
[INFO] [stdout] 280 |         if let Some(Ok(eq)) = self.lexer.next_if(|tok| matches!(tok, Token::Eq)) {
[INFO] [stdout]     |                        ^^ help: if this is intentional, prefix it with an underscore: `_eq`
[INFO] [stdout]     |
[INFO] [stdout]     = note: `#[warn(unused_variables)]` on by default
[INFO] [stdout] 
[INFO] [stdout] 
[INFO] [stdout] warning: field `input` is never read
[INFO] [stdout]   --> src/lexer.rs:79:5
[INFO] [stdout]    |
[INFO] [stdout] 78 | pub struct Chars<'a> {
[INFO] [stdout]    |            ----- field in this struct
[INFO] [stdout] 79 |     input: &'a str,
[INFO] [stdout]    |     ^^^^^
[INFO] [stdout]    |
[INFO] [stdout]    = note: `Chars` has derived impls for the traits `Clone` and `Debug`, but these are intentionally ignored during dead code analysis
[INFO] [stdout]    = note: `#[warn(dead_code)]` on by default
[INFO] [stdout] 
[INFO] [stdout] 
[INFO] [stdout] warning: method `to_owned` is never used
[INFO] [stdout]   --> src/lexer/error.rs:16:12
[INFO] [stdout]    |
[INFO] [stdout] 14 | impl<'a> LexerError<'a> {
[INFO] [stdout]    | ----------------------- method in this implementation
[INFO] [stdout] 15 |
[INFO] [stdout] 16 |     pub fn to_owned(&self) -> LexerError<'static> {
[INFO] [stdout]    |            ^^^^^^^^
[INFO] [stdout] 
[INFO] [stdout] 
[INFO] [stdout] warning: methods `token` and `to_owned` are never used
[INFO] [stdout]   --> src/lexer/error.rs:45:12
[INFO] [stdout]    |
[INFO] [stdout] 35 | impl<'a> UnexpectedCharacterError<'a> {
[INFO] [stdout]    | ------------------------------------- methods in this implementation
[INFO] [stdout] ...
[INFO] [stdout] 45 |     pub fn token(&self) -> char {
[INFO] [stdout]    |            ^^^^^
[INFO] [stdout] ...
[INFO] [stdout] 49 |     pub fn to_owned(&self) -> UnexpectedCharacterError<'static> {
[INFO] [stdout]    |            ^^^^^^^^
[INFO] [stdout] 
[INFO] [stdout] 
[INFO] [stdout] warning: methods `to_owned` and `span` are never used
[INFO] [stdout]   --> src/lexer/error.rs:78:12
[INFO] [stdout]    |
[INFO] [stdout] 69 | impl<'a> UnterminatedStringError<'a> {
[INFO] [stdout]    | ------------------------------------ methods in this implementation
[INFO] [stdout] ...
[INFO] [stdout] 78 |     pub fn to_owned(&self) -> UnterminatedStringError<'static> {
[INFO] [stdout]    |            ^^^^^^^^
[INFO] [stdout] ...
[INFO] [stdout] 86 |     pub fn span(&self) -> miette::SourceSpan {
[INFO] [stdout]    |            ^^^^
[INFO] [stdout] 
[INFO] [stdout] 
[INFO] [stdout] warning: associated function `from_str` is never used
[INFO] [stdout]   --> src/parser.rs:92:12
[INFO] [stdout]    |
[INFO] [stdout] 83 | impl<'a> Parser<'a> {
[INFO] [stdout]    | ------------------- associated function in this implementation
[INFO] [stdout] ...
[INFO] [stdout] 92 |     pub fn from_str(input: &'a str) -> Self {
[INFO] [stdout]    |            ^^^^^^^^
[INFO] [stdout] 
[INFO] [stdout] 
[INFO] [stdout] warning: method `eq_wo_spans` is never used
[INFO] [stdout]    --> src/parser.rs:587:12
[INFO] [stdout]     |
[INFO] [stdout] 570 | impl Expr {
[INFO] [stdout]     | --------- method in this implementation
[INFO] [stdout] ...
[INFO] [stdout] 587 |     pub fn eq_wo_spans(&self, other: &Expr) -> bool {
[INFO] [stdout]     |            ^^^^^^^^^^^
[INFO] [stdout] 
[INFO] [stdout] 
[INFO] [stdout] warning: method `eq_wo_spans` is never used
[INFO] [stdout]    --> src/parser.rs:629:12
[INFO] [stdout]     |
[INFO] [stdout] 628 | impl AssignmentExpr {
[INFO] [stdout]     | ------------------- method in this implementation
[INFO] [stdout] 629 |     pub fn eq_wo_spans(&self, other: &AssignmentExpr) -> bool {
[INFO] [stdout]     |            ^^^^^^^^^^^
[INFO] [stdout] 
[INFO] [stdout] 
[INFO] [stdout] warning: method `eq_wo_spans` is never used
[INFO] [stdout]    --> src/parser.rs:648:12
[INFO] [stdout]     |
[INFO] [stdout] 647 | impl BinaryExpr {
[INFO] [stdout]     | --------------- method in this implementation
[INFO] [stdout] 648 |     pub fn eq_wo_spans(&self, other: &BinaryExpr) -> bool {
[INFO] [stdout]     |            ^^^^^^^^^^^
[INFO] [stdout] 
[INFO] [stdout] 
[INFO] [stdout] warning: method `eq_wo_spans` is never used
[INFO] [stdout]    --> src/parser.rs:717:12
[INFO] [stdout]     |
[INFO] [stdout] 716 | impl UnaryExpr {
[INFO] [stdout]     | -------------- method in this implementation
[INFO] [stdout] 717 |     pub fn eq_wo_spans(&self, other: &UnaryExpr) -> bool {
[INFO] [stdout]     |            ^^^^^^^^^^^
[INFO] [stdout] 
[INFO] [stdout] 
[INFO] [stdout] warning: variants `Str` and `Char` are never constructed
[INFO] [stdout]   --> src/parser/error.rs:38:5
[INFO] [stdout]    |
[INFO] [stdout] 37 | pub enum MissingItemLocation<'a> {
[INFO] [stdout]    |          ------------------- variants in this enum
[INFO] [stdout] 38 |     Str(&'a str),
[INFO] [stdout]    |     ^^^
[INFO] [stdout] 39 |     Token(Token<'a>),
[INFO] [stdout] 40 |     Char(char),
[INFO] [stdout]    |     ^^^^
[INFO] [stdout]    |
[INFO] [stdout]    = note: `MissingItemLocation` has derived impls for the traits `Clone` and `Debug`, but these are intentionally ignored during dead code analysis
[INFO] [stdout] 
[INFO] [stdout] 
[INFO] [stderr]     Finished `dev` profile [unoptimized + debuginfo] target(s) in 1m 03s
[INFO] running `Command { std: "docker" "inspect" "e56dd31c38b68857acbdbd470b253e047d345189294102d97f900cf5fe4c7858", kill_on_drop: false }`
[INFO] running `Command { std: "docker" "rm" "-f" "e56dd31c38b68857acbdbd470b253e047d345189294102d97f900cf5fe4c7858", kill_on_drop: false }`
[INFO] [stdout] e56dd31c38b68857acbdbd470b253e047d345189294102d97f900cf5fe4c7858
[INFO] running `Command { std: "docker" "create" "-v" "/var/lib/crater-agent-workspace/builds/worker-6-tc1/target:/opt/rustwide/target:rw,Z" "-v" "/var/lib/crater-agent-workspace/builds/worker-6-tc1/source:/opt/rustwide/workdir:ro,Z" "-v" "/var/lib/crater-agent-workspace/cargo-home:/opt/rustwide/cargo-home:ro,Z" "-v" "/var/lib/crater-agent-workspace/rustup-home:/opt/rustwide/rustup-home:ro,Z" "-e" "SOURCE_DIR=/opt/rustwide/workdir" "-e" "CARGO_TARGET_DIR=/opt/rustwide/target" "-e" "CARGO_INCREMENTAL=0" "-e" "RUST_BACKTRACE=full" "-e" "RUSTFLAGS=--cap-lints=warn" "-e" "RUSTDOCFLAGS=--cap-lints=warn" "-e" "CARGO_HOME=/opt/rustwide/cargo-home" "-e" "RUSTUP_HOME=/opt/rustwide/rustup-home" "-w" "/opt/rustwide/workdir" "-m" "1610612736" "--user" "0:0" "--network" "none" "ghcr.io/rust-lang/crates-build-env/linux@sha256:f3a9d4ad9d972b27faf3965f35b62e55ba32bbce8f20bc8fe909558a86702fde" "/opt/rustwide/cargo-home/bin/cargo" "+1.83.0" "test" "--frozen" "--no-run" "--message-format=json", kill_on_drop: false }`
[INFO] [stdout] e66eee6ca2304afec59ba18ffb4cd76727e4b03d703041599a71c6497a58c89f
[INFO] running `Command { std: "docker" "start" "-a" "e66eee6ca2304afec59ba18ffb4cd76727e4b03d703041599a71c6497a58c89f", kill_on_drop: false }`
[INFO] [stderr]    Compiling codecrafters-interpreter v0.1.0 (/opt/rustwide/workdir)
[INFO] [stdout] warning: unused import: `super::*`
[INFO] [stdout]  --> src/interpreter/tests.rs:3:5
[INFO] [stdout]   |
[INFO] [stdout] 3 | use super::*;
[INFO] [stdout]   |     ^^^^^^^^
[INFO] [stdout]   |
[INFO] [stdout]   = note: `#[warn(unused_imports)]` on by default
[INFO] [stdout] 
[INFO] [stdout] 
[INFO] [stdout] warning: elided lifetime has a name
[INFO] [stdout]   --> src/interpreter.rs:50:65
[INFO] [stdout]    |
[INFO] [stdout] 41 | impl<'a> Interpreter<'a> {
[INFO] [stdout]    |      -- lifetime `'a` declared here
[INFO] [stdout] ...
[INFO] [stdout] 50 |     pub fn from_str(s: &'a str) -> Result<Self, Vec<ParserError<'_>>> {
[INFO] [stdout]    |                                                                 ^^ this elided lifetime gets resolved as `'a`
[INFO] [stdout]    |
[INFO] [stdout]    = note: `#[warn(elided_named_lifetimes)]` on by default
[INFO] [stdout] 
[INFO] [stdout] 
[INFO] [stdout] warning: variable does not need to be mutable
[INFO] [stdout]    --> src/parser/tests.rs:143:9
[INFO] [stdout]     |
[INFO] [stdout] 143 |     let mut parser = Parser::new(lexer);
[INFO] [stdout]     |         ----^^^^^^
[INFO] [stdout]     |         |
[INFO] [stdout]     |         help: remove this `mut`
[INFO] [stdout]     |
[INFO] [stdout]     = note: `#[warn(unused_mut)]` on by default
[INFO] [stdout] 
[INFO] [stdout] 
[INFO] [stdout] warning: variable does not need to be mutable
[INFO] [stdout]    --> src/parser/tests.rs:155:9
[INFO] [stdout]     |
[INFO] [stdout] 155 |     let mut parser = Parser::new(lexer);
[INFO] [stdout]     |         ----^^^^^^
[INFO] [stdout]     |         |
[INFO] [stdout]     |         help: remove this `mut`
[INFO] [stdout] 
[INFO] [stdout] 
[INFO] [stdout] warning: variable does not need to be mutable
[INFO] [stdout]    --> src/parser/tests.rs:166:9
[INFO] [stdout]     |
[INFO] [stdout] 166 |     let mut parser = Parser::new(lexer);
[INFO] [stdout]     |         ----^^^^^^
[INFO] [stdout]     |         |
[INFO] [stdout]     |         help: remove this `mut`
[INFO] [stdout] 
[INFO] [stdout] 
[INFO] [stdout] warning: variable does not need to be mutable
[INFO] [stdout]    --> src/parser/tests.rs:175:9
[INFO] [stdout]     |
[INFO] [stdout] 175 |     let mut parser = Parser::from_str("var a = 10; print a;");
[INFO] [stdout]     |         ----^^^^^^
[INFO] [stdout]     |         |
[INFO] [stdout]     |         help: remove this `mut`
[INFO] [stdout] 
[INFO] [stdout] 
[INFO] [stdout] warning: variable does not need to be mutable
[INFO] [stdout]    --> src/parser/tests.rs:185:9
[INFO] [stdout]     |
[INFO] [stdout] 185 |     let mut parser = Parser::from_str("var a; a = 10; print a;");
[INFO] [stdout]     |         ----^^^^^^
[INFO] [stdout]     |         |
[INFO] [stdout]     |         help: remove this `mut`
[INFO] [stdout] 
[INFO] [stdout] 
[INFO] [stdout] warning: variable does not need to be mutable
[INFO] [stdout]    --> src/parser/tests.rs:194:9
[INFO] [stdout]     |
[INFO] [stdout] 194 |     let mut parser = Parser::from_str("var a = 10; { print a; var b = 15; }");
[INFO] [stdout]     |         ----^^^^^^
[INFO] [stdout]     |         |
[INFO] [stdout]     |         help: remove this `mut`
[INFO] [stdout] 
[INFO] [stdout] 
[INFO] [stdout] warning: variable does not need to be mutable
[INFO] [stdout]    --> src/parser/tests.rs:203:9
[INFO] [stdout]     |
[INFO] [stdout] 203 |     let mut parser = Parser::from_str("{ var aa = 10; print aa; } print aa;");
[INFO] [stdout]     |         ----^^^^^^
[INFO] [stdout]     |         |
[INFO] [stdout]     |         help: remove this `mut`
[INFO] [stdout] 
[INFO] [stdout] 
[INFO] [stdout] warning: unused variable: `eq`
[INFO] [stdout]    --> src/parser.rs:280:24
[INFO] [stdout]     |
[INFO] [stdout] 280 |         if let Some(Ok(eq)) = self.lexer.next_if(|tok| matches!(tok, Token::Eq)) {
[INFO] [stdout]     |                        ^^ help: if this is intentional, prefix it with an underscore: `_eq`
[INFO] [stdout]     |
[INFO] [stdout]     = note: `#[warn(unused_variables)]` on by default
[INFO] [stdout] 
[INFO] [stdout] 
[INFO] [stdout] warning: field `input` is never read
[INFO] [stdout]   --> src/lexer.rs:79:5
[INFO] [stdout]    |
[INFO] [stdout] 78 | pub struct Chars<'a> {
[INFO] [stdout]    |            ----- field in this struct
[INFO] [stdout] 79 |     input: &'a str,
[INFO] [stdout]    |     ^^^^^
[INFO] [stdout]    |
[INFO] [stdout]    = note: `Chars` has derived impls for the traits `Clone` and `Debug`, but these are intentionally ignored during dead code analysis
[INFO] [stdout]    = note: `#[warn(dead_code)]` on by default
[INFO] [stdout] 
[INFO] [stdout] 
[INFO] [stdout] warning: method `to_owned` is never used
[INFO] [stdout]   --> src/lexer/error.rs:16:12
[INFO] [stdout]    |
[INFO] [stdout] 14 | impl<'a> LexerError<'a> {
[INFO] [stdout]    | ----------------------- method in this implementation
[INFO] [stdout] 15 |
[INFO] [stdout] 16 |     pub fn to_owned(&self) -> LexerError<'static> {
[INFO] [stdout]    |            ^^^^^^^^
[INFO] [stdout] 
[INFO] [stdout] 
[INFO] [stdout] warning: method `span` is never used
[INFO] [stdout]   --> src/lexer/error.rs:86:12
[INFO] [stdout]    |
[INFO] [stdout] 69 | impl<'a> UnterminatedStringError<'a> {
[INFO] [stdout]    | ------------------------------------ method in this implementation
[INFO] [stdout] ...
[INFO] [stdout] 86 |     pub fn span(&self) -> miette::SourceSpan {
[INFO] [stdout]    |            ^^^^
[INFO] [stdout] 
[INFO] [stdout] 
[INFO] [stdout] warning: variants `Str` and `Char` are never constructed
[INFO] [stdout]   --> src/parser/error.rs:38:5
[INFO] [stdout]    |
[INFO] [stdout] 37 | pub enum MissingItemLocation<'a> {
[INFO] [stdout]    |          ------------------- variants in this enum
[INFO] [stdout] 38 |     Str(&'a str),
[INFO] [stdout]    |     ^^^
[INFO] [stdout] 39 |     Token(Token<'a>),
[INFO] [stdout] 40 |     Char(char),
[INFO] [stdout]    |     ^^^^
[INFO] [stdout]    |
[INFO] [stdout]    = note: `MissingItemLocation` has derived impls for the traits `Clone` and `Debug`, but these are intentionally ignored during dead code analysis
[INFO] [stdout] 
[INFO] [stdout] 
[INFO] [stderr]     Finished `test` profile [unoptimized + debuginfo] target(s) in 2.65s
[INFO] running `Command { std: "docker" "inspect" "e66eee6ca2304afec59ba18ffb4cd76727e4b03d703041599a71c6497a58c89f", kill_on_drop: false }`
[INFO] running `Command { std: "docker" "rm" "-f" "e66eee6ca2304afec59ba18ffb4cd76727e4b03d703041599a71c6497a58c89f", kill_on_drop: false }`
[INFO] [stdout] e66eee6ca2304afec59ba18ffb4cd76727e4b03d703041599a71c6497a58c89f
[INFO] running `Command { std: "docker" "create" "-v" "/var/lib/crater-agent-workspace/builds/worker-6-tc1/target:/opt/rustwide/target:rw,Z" "-v" "/var/lib/crater-agent-workspace/builds/worker-6-tc1/source:/opt/rustwide/workdir:ro,Z" "-v" "/var/lib/crater-agent-workspace/cargo-home:/opt/rustwide/cargo-home:ro,Z" "-v" "/var/lib/crater-agent-workspace/rustup-home:/opt/rustwide/rustup-home:ro,Z" "-e" "SOURCE_DIR=/opt/rustwide/workdir" "-e" "CARGO_TARGET_DIR=/opt/rustwide/target" "-e" "CARGO_INCREMENTAL=0" "-e" "RUST_BACKTRACE=full" "-e" "RUSTFLAGS=--cap-lints=warn" "-e" "RUSTDOCFLAGS=--cap-lints=warn" "-e" "CARGO_HOME=/opt/rustwide/cargo-home" "-e" "RUSTUP_HOME=/opt/rustwide/rustup-home" "-w" "/opt/rustwide/workdir" "-m" "1610612736" "--user" "0:0" "--network" "none" "ghcr.io/rust-lang/crates-build-env/linux@sha256:f3a9d4ad9d972b27faf3965f35b62e55ba32bbce8f20bc8fe909558a86702fde" "/opt/rustwide/cargo-home/bin/cargo" "+1.83.0" "test" "--frozen", kill_on_drop: false }`
[INFO] [stdout] 556799333eabcf5d8564d20f886bc4cc7db376c533d3e00844ffef62abe506e7
[INFO] running `Command { std: "docker" "start" "-a" "556799333eabcf5d8564d20f886bc4cc7db376c533d3e00844ffef62abe506e7", kill_on_drop: false }`
[INFO] [stderr] warning: unused import: `super::*`
[INFO] [stderr]  --> src/interpreter/tests.rs:3:5
[INFO] [stderr]   |
[INFO] [stderr] 3 | use super::*;
[INFO] [stderr]   |     ^^^^^^^^
[INFO] [stderr]   |
[INFO] [stderr]   = note: `#[warn(unused_imports)]` on by default
[INFO] [stderr] 
[INFO] [stderr] warning: elided lifetime has a name
[INFO] [stderr]   --> src/interpreter.rs:50:65
[INFO] [stderr]    |
[INFO] [stderr] 41 | impl<'a> Interpreter<'a> {
[INFO] [stderr]    |      -- lifetime `'a` declared here
[INFO] [stderr] ...
[INFO] [stderr] 50 |     pub fn from_str(s: &'a str) -> Result<Self, Vec<ParserError<'_>>> {
[INFO] [stderr]    |                                                                 ^^ this elided lifetime gets resolved as `'a`
[INFO] [stderr]    |
[INFO] [stderr]    = note: `#[warn(elided_named_lifetimes)]` on by default
[INFO] [stderr] 
[INFO] [stderr] warning: variable does not need to be mutable
[INFO] [stderr]    --> src/parser/tests.rs:143:9
[INFO] [stderr]     |
[INFO] [stderr] 143 |     let mut parser = Parser::new(lexer);
[INFO] [stderr]     |         ----^^^^^^
[INFO] [stderr]     |         |
[INFO] [stderr]     |         help: remove this `mut`
[INFO] [stderr]     |
[INFO] [stderr]     = note: `#[warn(unused_mut)]` on by default
[INFO] [stderr] 
[INFO] [stderr] warning: variable does not need to be mutable
[INFO] [stderr]    --> src/parser/tests.rs:155:9
[INFO] [stderr]     |
[INFO] [stderr] 155 |     let mut parser = Parser::new(lexer);
[INFO] [stderr]     |         ----^^^^^^
[INFO] [stderr]     |         |
[INFO] [stderr]     |         help: remove this `mut`
[INFO] [stderr] 
[INFO] [stderr] warning: variable does not need to be mutable
[INFO] [stderr]    --> src/parser/tests.rs:166:9
[INFO] [stderr]     |
[INFO] [stderr] 166 |     let mut parser = Parser::new(lexer);
[INFO] [stderr]     |         ----^^^^^^
[INFO] [stderr]     |         |
[INFO] [stderr]     |         help: remove this `mut`
[INFO] [stderr] 
[INFO] [stderr] warning: variable does not need to be mutable
[INFO] [stderr]    --> src/parser/tests.rs:175:9
[INFO] [stderr]     |
[INFO] [stderr] 175 |     let mut parser = Parser::from_str("var a = 10; print a;");
[INFO] [stderr]     |         ----^^^^^^
[INFO] [stderr]     |         |
[INFO] [stderr]     |         help: remove this `mut`
[INFO] [stderr] 
[INFO] [stderr] warning: variable does not need to be mutable
[INFO] [stderr]    --> src/parser/tests.rs:185:9
[INFO] [stderr]     |
[INFO] [stderr] 185 |     let mut parser = Parser::from_str("var a; a = 10; print a;");
[INFO] [stderr]     |         ----^^^^^^
[INFO] [stderr]     |         |
[INFO] [stderr]     |         help: remove this `mut`
[INFO] [stderr] 
[INFO] [stderr] warning: variable does not need to be mutable
[INFO] [stderr]    --> src/parser/tests.rs:194:9
[INFO] [stderr]     |
[INFO] [stderr] 194 |     let mut parser = Parser::from_str("var a = 10; { print a; var b = 15; }");
[INFO] [stderr]     |         ----^^^^^^
[INFO] [stderr]     |         |
[INFO] [stderr]     |         help: remove this `mut`
[INFO] [stderr] 
[INFO] [stderr] warning: variable does not need to be mutable
[INFO] [stderr]    --> src/parser/tests.rs:203:9
[INFO] [stderr]     |
[INFO] [stderr] 203 |     let mut parser = Parser::from_str("{ var aa = 10; print aa; } print aa;");
[INFO] [stderr]     |         ----^^^^^^
[INFO] [stderr]     |         |
[INFO] [stderr]     |         help: remove this `mut`
[INFO] [stderr] 
[INFO] [stderr] warning: unused variable: `eq`
[INFO] [stderr]    --> src/parser.rs:280:24
[INFO] [stderr]     |
[INFO] [stderr] 280 |         if let Some(Ok(eq)) = self.lexer.next_if(|tok| matches!(tok, Token::Eq)) {
[INFO] [stderr]     |                        ^^ help: if this is intentional, prefix it with an underscore: `_eq`
[INFO] [stderr]     |
[INFO] [stderr]     = note: `#[warn(unused_variables)]` on by default
[INFO] [stderr] 
[INFO] [stderr] warning: field `input` is never read
[INFO] [stderr]   --> src/lexer.rs:79:5
[INFO] [stderr]    |
[INFO] [stderr] 78 | pub struct Chars<'a> {
[INFO] [stderr]    |            ----- field in this struct
[INFO] [stderr] 79 |     input: &'a str,
[INFO] [stderr]    |     ^^^^^
[INFO] [stderr]    |
[INFO] [stderr]    = note: `Chars` has derived impls for the traits `Clone` and `Debug`, but these are intentionally ignored during dead code analysis
[INFO] [stderr]    = note: `#[warn(dead_code)]` on by default
[INFO] [stderr] 
[INFO] [stderr] warning: method `to_owned` is never used
[INFO] [stderr]   --> src/lexer/error.rs:16:12
[INFO] [stderr]    |
[INFO] [stderr] 14 | impl<'a> LexerError<'a> {
[INFO] [stderr]    | ----------------------- method in this implementation
[INFO] [stderr] 15 |
[INFO] [stderr] 16 |     pub fn to_owned(&self) -> LexerError<'static> {
[INFO] [stderr]    |            ^^^^^^^^
[INFO] [stderr] 
[INFO] [stderr] warning: method `span` is never used
[INFO] [stderr]   --> src/lexer/error.rs:86:12
[INFO] [stderr]    |
[INFO] [stderr] 69 | impl<'a> UnterminatedStringError<'a> {
[INFO] [stderr]    | ------------------------------------ method in this implementation
[INFO] [stderr] ...
[INFO] [stderr] 86 |     pub fn span(&self) -> miette::SourceSpan {
[INFO] [stderr]    |            ^^^^
[INFO] [stderr] 
[INFO] [stderr] warning: variants `Str` and `Char` are never constructed
[INFO] [stderr]   --> src/parser/error.rs:38:5
[INFO] [stderr]    |
[INFO] [stderr] 37 | pub enum MissingItemLocation<'a> {
[INFO] [stderr]    |          ------------------- variants in this enum
[INFO] [stderr] 38 |     Str(&'a str),
[INFO] [stderr]    |     ^^^
[INFO] [stderr] 39 |     Token(Token<'a>),
[INFO] [stderr] 40 |     Char(char),
[INFO] [stderr]    |     ^^^^
[INFO] [stderr]    |
[INFO] [stderr]    = note: `MissingItemLocation` has derived impls for the traits `Clone` and `Debug`, but these are intentionally ignored during dead code analysis
[INFO] [stderr] 
[INFO] [stderr] warning: `codecrafters-interpreter` (bin "codecrafters-interpreter" test) generated 14 warnings (run `cargo fix --bin "codecrafters-interpreter" --tests` to apply 8 suggestions)
[INFO] [stderr]     Finished `test` profile [unoptimized + debuginfo] target(s) in 0.08s
[INFO] [stderr]      Running unittests src/main.rs (/opt/rustwide/target/debug/deps/codecrafters_interpreter-7a36c2f82446fec9)
[INFO] [stdout] 
[INFO] [stdout] running 32 tests
[INFO] [stdout] test interpreter::tests::test_assignment ... ok
[INFO] [stdout] test interpreter::tests::test_global_var ... ok
[INFO] [stdout] test interpreter::tests::test_print ... ok
[INFO] [stdout] test lexer::tests::test_comments ... ok
[INFO] [stdout] test lexer::tests::test_identifiers ... ok
[INFO] [stdout] test lexer::tests::test_keywords ... ok
[INFO] [stdout] test lexer::tests::test_non_ascii_strings ... ok
[INFO] [stdout] test lexer::tests::test_numbers ... ok
[INFO] [stdout] test lexer::tests::test_simple_errors ... ok
[INFO] [stdout] test lexer::tests::test_strings ... ok
[INFO] [stdout] test interpreter::tests::test_blocks ... ok
[INFO] [stdout] test lexer::tests::test_simple_tokens ... ok
[INFO] [stdout] test parser::tests::test_binary_simple ... ok
[INFO] [stdout] test parser::tests::test_binary_complex ... ok
[INFO] [stdout] test parser::tests::test_assignment ... ok
[INFO] [stdout] test parser::tests::test_errors ... ok
[INFO] [stdout] test parser::tests::test_errors2 ... ok
[INFO] [stdout] test parser::tests::test_block ... ok
[INFO] [stdout] test parser::tests::test_mix ... ok
[INFO] [stdout] test parser::tests::test_errors3 ... ok
[INFO] [stdout] test parser::tests::test_primary ... ok
[INFO] [stdout] test parser::tests::test_print ... ok
[INFO] [stdout] test parser::tests::test_print2 ... ok
[INFO] [stdout] test parser::tests::test_print4 ... ok
[INFO] [stdout] test parser::tests::test_var ... ok
[INFO] [stdout] test parser::tests::test_unary ... ok
[INFO] [stdout] test interpreter::tests::test_undefined_variable - should panic ... ok
[INFO] [stdout] test interpreter::tests::test_unary_errors::case_4 - should panic ... ok
[INFO] [stdout] test interpreter::tests::test_unary_errors::case_2 - should panic ... ok
[INFO] [stdout] test interpreter::tests::test_unary_errors::case_3 - should panic ... ok
[INFO] [stdout] test interpreter::tests::test_unary_errors::case_1 - should panic ... ok
[INFO] [stdout] test parser::tests::test_block2 ... FAILED
[INFO] [stdout] 
[INFO] [stdout] failures:
[INFO] [stdout] 
[INFO] [stdout] ---- parser::tests::test_block2 stdout ----
[INFO] [stdout] ━━━━━━━━━━━━━━━━━━━━━━━━━━━━━━━ Snapshot Summary ━━━━━━━━━━━━━━━━━━━━━━━━━━━━━━━
[INFO] [stdout] Snapshot file: src/parser/snapshots/codecrafters_interpreter__parser__tests__block2.snap
[INFO] [stdout] Snapshot: block2
[INFO] [stdout] Source: src/parser/tests.rs:207
[INFO] [stdout] ────────────────────────────────────────────────────────────────────────────────
[INFO] [stdout] Expression: ast
[INFO] [stdout] ────────────────────────────────────────────────────────────────────────────────
[INFO] [stdout] +new results
[INFO] [stdout] ────────────┬───────────────────────────────────────────────────────────────────
[INFO] [stdout]           0 │+[
[INFO] [stdout]           1 │+    Spanned {
[INFO] [stdout]           2 │+        item: Block(
[INFO] [stdout]           3 │+            [
[INFO] [stdout]           4 │+                Spanned {
[INFO] [stdout]           5 │+                    item: Var(
[INFO] [stdout]           6 │+                        VarDeclaration {
[INFO] [stdout]           7 │+                            ident: Spanned {
[INFO] [stdout]           8 │+                                item: "aa",
[INFO] [stdout]           9 │+                                span: Span {
[INFO] [stdout]          10 │+                                    line: 1,
[INFO] [stdout]          11 │+                                    start: 6,
[INFO] [stdout]          12 │+                                    end: 8,
[INFO] [stdout]          13 │+                                },
[INFO] [stdout]          14 │+                            },
[INFO] [stdout]          15 │+                            expr: Some(
[INFO] [stdout]          16 │+                                Spanned {
[INFO] [stdout]          17 │+                                    item: Number(
[INFO] [stdout]          18 │+                                        10.0,
[INFO] [stdout]          19 │+                                    ),
[INFO] [stdout]          20 │+                                    span: Span {
[INFO] [stdout]          21 │+                                        line: 1,
[INFO] [stdout]          22 │+                                        start: 11,
[INFO] [stdout]          23 │+                                        end: 13,
[INFO] [stdout]          24 │+                                    },
[INFO] [stdout]          25 │+                                },
[INFO] [stdout]          26 │+                            ),
[INFO] [stdout]          27 │+                        },
[INFO] [stdout]          28 │+                    ),
[INFO] [stdout]          29 │+                    span: Span {
[INFO] [stdout]          30 │+                        line: 1,
[INFO] [stdout]          31 │+                        start: 2,
[INFO] [stdout]          32 │+                        end: 14,
[INFO] [stdout]          33 │+                    },
[INFO] [stdout]          34 │+                },
[INFO] [stdout]          35 │+                Spanned {
[INFO] [stdout]          36 │+                    item: Print(
[INFO] [stdout]          37 │+                        Spanned {
[INFO] [stdout]          38 │+                            item: GlobalVariable(
[INFO] [stdout]          39 │+                                "aa",
[INFO] [stdout]          40 │+                            ),
[INFO] [stdout]          41 │+                            span: Span {
[INFO] [stdout]          42 │+                                line: 1,
[INFO] [stdout]          43 │+                                start: 21,
[INFO] [stdout]          44 │+                                end: 23,
[INFO] [stdout]          45 │+                            },
[INFO] [stdout]          46 │+                        },
[INFO] [stdout]          47 │+                    ),
[INFO] [stdout]          48 │+                    span: Span {
[INFO] [stdout]          49 │+                        line: 1,
[INFO] [stdout]          50 │+                        start: 15,
[INFO] [stdout]          51 │+                        end: 24,
[INFO] [stdout]          52 │+                    },
[INFO] [stdout]          53 │+                },
[INFO] [stdout]          54 │+            ],
[INFO] [stdout]          55 │+        ),
[INFO] [stdout]          56 │+        span: Span {
[INFO] [stdout]          57 │+            line: 1,
[INFO] [stdout]          58 │+            start: 0,
[INFO] [stdout]          59 │+            end: 26,
[INFO] [stdout]          60 │+        },
[INFO] [stdout]          61 │+    },
[INFO] [stdout]          62 │+    Spanned {
[INFO] [stdout]          63 │+        item: Print(
[INFO] [stdout]          64 │+            Spanned {
[INFO] [stdout]          65 │+                item: GlobalVariable(
[INFO] [stdout]          66 │+                    "aa",
[INFO] [stdout]          67 │+                ),
[INFO] [stdout]          68 │+                span: Span {
[INFO] [stdout]          69 │+                    line: 1,
[INFO] [stdout]          70 │+                    start: 33,
[INFO] [stdout]          71 │+                    end: 35,
[INFO] [stdout]          72 │+                },
[INFO] [stdout]          73 │+            },
[INFO] [stdout]          74 │+        ),
[INFO] [stdout]          75 │+        span: Span {
[INFO] [stdout]          76 │+            line: 1,
[INFO] [stdout]          77 │+            start: 27,
[INFO] [stdout]          78 │+            end: 36,
[INFO] [stdout]          79 │+        },
[INFO] [stdout]          80 │+    },
[INFO] [stdout]          81 │+]
[INFO] [stdout] ────────────┴───────────────────────────────────────────────────────────────────
[INFO] [stdout] thread 'parser::tests::test_block2' panicked at src/parser/tests.rs:207:5:
[INFO] [stdout] called `Result::unwrap()` on an `Err` value: Os { code: 30, kind: ReadOnlyFilesystem, message: "Read-only file system" }
[INFO] [stdout] stack backtrace:
[INFO] [stdout]    0:     0x63df9271772a - std::backtrace_rs::backtrace::libunwind::trace::h5a5b8284f2d0c266
[INFO] [stdout]                                at /rustc/90b35a6239c3d8bdabc530a6a0816f7ff89a0aaf/library/std/src/../../backtrace/src/backtrace/libunwind.rs:116:5
[INFO] [stdout]    1:     0x63df9271772a - std::backtrace_rs::backtrace::trace_unsynchronized::h76d4f1c9b0b875e3
[INFO] [stdout]                                at /rustc/90b35a6239c3d8bdabc530a6a0816f7ff89a0aaf/library/std/src/../../backtrace/src/backtrace/mod.rs:66:5
[INFO] [stdout]    2:     0x63df9271772a - std::sys::backtrace::_print_fmt::hc4546b8364a537c6
[INFO] [stdout]                                at /rustc/90b35a6239c3d8bdabc530a6a0816f7ff89a0aaf/library/std/src/sys/backtrace.rs:66:9
[INFO] [stdout]    3:     0x63df9271772a - <std::sys::backtrace::BacktraceLock::print::DisplayBacktrace as core::fmt::Display>::fmt::h5b6bd5631a6d1f6b
[INFO] [stdout]                                at /rustc/90b35a6239c3d8bdabc530a6a0816f7ff89a0aaf/library/std/src/sys/backtrace.rs:39:26
[INFO] [stdout]    4:     0x63df927408f3 - core::fmt::rt::Argument::fmt::h270f6602a2b96f62
[INFO] [stdout]                                at /rustc/90b35a6239c3d8bdabc530a6a0816f7ff89a0aaf/library/core/src/fmt/rt.rs:177:76
[INFO] [stdout]    5:     0x63df927408f3 - core::fmt::write::h7550c97b06c86515
[INFO] [stdout]                                at /rustc/90b35a6239c3d8bdabc530a6a0816f7ff89a0aaf/library/core/src/fmt/mod.rs:1186:21
[INFO] [stdout]    6:     0x63df92713e03 - std::io::Write::write_fmt::h509ff860e5956e5e
[INFO] [stdout]                                at /rustc/90b35a6239c3d8bdabc530a6a0816f7ff89a0aaf/library/std/src/io/mod.rs:1839:15
[INFO] [stdout]    7:     0x63df92717572 - std::sys::backtrace::BacktraceLock::print::h2395ccd2c84ba3aa
[INFO] [stdout]                                at /rustc/90b35a6239c3d8bdabc530a6a0816f7ff89a0aaf/library/std/src/sys/backtrace.rs:42:9
[INFO] [stdout]    8:     0x63df92718b8a - std::panicking::default_hook::{{closure}}::he19d4c7230e07961
[INFO] [stdout]                                at /rustc/90b35a6239c3d8bdabc530a6a0816f7ff89a0aaf/library/std/src/panicking.rs:268:22
[INFO] [stdout]    9:     0x63df92718994 - std::panicking::default_hook::hf614597d3c67bbdb
[INFO] [stdout]                                at /rustc/90b35a6239c3d8bdabc530a6a0816f7ff89a0aaf/library/std/src/panicking.rs:292:9
[INFO] [stdout]   10:     0x63df92654c99 - <alloc::boxed::Box<F,A> as core::ops::function::Fn<Args>>::call::h39b51ce4599c23d1
[INFO] [stdout]                                at /rustc/90b35a6239c3d8bdabc530a6a0816f7ff89a0aaf/library/alloc/src/boxed.rs:2468:9
[INFO] [stdout]   11:     0x63df92654c99 - test::test_main::{{closure}}::he977ae839a582784
[INFO] [stdout]                                at /rustc/90b35a6239c3d8bdabc530a6a0816f7ff89a0aaf/library/test/src/lib.rs:133:21
[INFO] [stdout]   12:     0x63df92719228 - <alloc::boxed::Box<F,A> as core::ops::function::Fn<Args>>::call::h9455091b6b06f9fb
[INFO] [stdout]                                at /rustc/90b35a6239c3d8bdabc530a6a0816f7ff89a0aaf/library/alloc/src/boxed.rs:2468:9
[INFO] [stdout]   13:     0x63df92719228 - std::panicking::rust_panic_with_hook::h8942133a8b252070
[INFO] [stdout]                                at /rustc/90b35a6239c3d8bdabc530a6a0816f7ff89a0aaf/library/std/src/panicking.rs:809:13
[INFO] [stdout]   14:     0x63df92718fea - std::panicking::begin_panic_handler::{{closure}}::hb5f5963570096b29
[INFO] [stdout]                                at /rustc/90b35a6239c3d8bdabc530a6a0816f7ff89a0aaf/library/std/src/panicking.rs:674:13
[INFO] [stdout]   15:     0x63df92717c09 - std::sys::backtrace::__rust_end_short_backtrace::h6208cedc1922feda
[INFO] [stdout]                                at /rustc/90b35a6239c3d8bdabc530a6a0816f7ff89a0aaf/library/std/src/sys/backtrace.rs:170:18
[INFO] [stdout]   16:     0x63df92718c7c - rust_begin_unwind
[INFO] [stdout]                                at /rustc/90b35a6239c3d8bdabc530a6a0816f7ff89a0aaf/library/std/src/panicking.rs:665:5
[INFO] [stdout]   17:     0x63df924c5c60 - core::panicking::panic_fmt::h0c3082644d1bf418
[INFO] [stdout]                                at /rustc/90b35a6239c3d8bdabc530a6a0816f7ff89a0aaf/library/core/src/panicking.rs:74:14
[INFO] [stdout]   18:     0x63df924c60a6 - core::result::unwrap_failed::hd20b4aa073bda1e2
[INFO] [stdout]                                at /rustc/90b35a6239c3d8bdabc530a6a0816f7ff89a0aaf/library/core/src/result.rs:1700:5
[INFO] [stdout]   19:     0x63df924e4c20 - core::result::Result<T,E>::unwrap::h3e5356ec6d0207a3
[INFO] [stdout]                                at /rustc/90b35a6239c3d8bdabc530a6a0816f7ff89a0aaf/library/core/src/result.rs:1104:23
[INFO] [stdout]   20:     0x63df924e4c20 - codecrafters_interpreter::parser::tests::test_block2::h03605a067b7c2d6c
[INFO] [stdout]                                at /opt/rustwide/workdir/src/parser/tests.rs:207:5
[INFO] [stdout]   21:     0x63df924e47f7 - codecrafters_interpreter::parser::tests::test_block2::{{closure}}::h9b293488034e5202
[INFO] [stdout]                                at /opt/rustwide/workdir/src/parser/tests.rs:202:17
[INFO] [stdout]   22:     0x63df924e9006 - core::ops::function::FnOnce::call_once::ha62586a7c775cb63
[INFO] [stdout]                                at /rustc/90b35a6239c3d8bdabc530a6a0816f7ff89a0aaf/library/core/src/ops/function.rs:250:5
[INFO] [stdout]   23:     0x63df9265965b - core::ops::function::FnOnce::call_once::h109cf8051a59b34e
[INFO] [stdout]                                at /rustc/90b35a6239c3d8bdabc530a6a0816f7ff89a0aaf/library/core/src/ops/function.rs:250:5
[INFO] [stdout]   24:     0x63df9265965b - test::__rust_begin_short_backtrace::hf4fff89d377446ba
[INFO] [stdout]                                at /rustc/90b35a6239c3d8bdabc530a6a0816f7ff89a0aaf/library/test/src/lib.rs:621:18
[INFO] [stdout]   25:     0x63df92658e97 - test::run_test_in_process::{{closure}}::h0e39181dd7ee5a43
[INFO] [stdout]                                at /rustc/90b35a6239c3d8bdabc530a6a0816f7ff89a0aaf/library/test/src/lib.rs:644:60
[INFO] [stdout]   26:     0x63df92658e97 - <core::panic::unwind_safe::AssertUnwindSafe<F> as core::ops::function::FnOnce<()>>::call_once::hc5a66a30f0bdfd1f
[INFO] [stdout]                                at /rustc/90b35a6239c3d8bdabc530a6a0816f7ff89a0aaf/library/core/src/panic/unwind_safe.rs:272:9
[INFO] [stdout]   27:     0x63df92658e97 - std::panicking::try::do_call::h873b7cf639554a5e
[INFO] [stdout]                                at /rustc/90b35a6239c3d8bdabc530a6a0816f7ff89a0aaf/library/std/src/panicking.rs:557:40
[INFO] [stdout]   28:     0x63df92658e97 - std::panicking::try::hdb19862fad9c8bd1
[INFO] [stdout]                                at /rustc/90b35a6239c3d8bdabc530a6a0816f7ff89a0aaf/library/std/src/panicking.rs:520:19
[INFO] [stdout]   29:     0x63df92658e97 - std::panic::catch_unwind::h281fe732d236d260
[INFO] [stdout]                                at /rustc/90b35a6239c3d8bdabc530a6a0816f7ff89a0aaf/library/std/src/panic.rs:358:14
[INFO] [stdout]   30:     0x63df92658e97 - test::run_test_in_process::h949b6df8457ed338
[INFO] [stdout]                                at /rustc/90b35a6239c3d8bdabc530a6a0816f7ff89a0aaf/library/test/src/lib.rs:644:27
[INFO] [stdout]   31:     0x63df92658e97 - test::run_test::{{closure}}::h52c556a6d4740e10
[INFO] [stdout]                                at /rustc/90b35a6239c3d8bdabc530a6a0816f7ff89a0aaf/library/test/src/lib.rs:565:43
[INFO] [stdout]   32:     0x63df9261e174 - test::run_test::{{closure}}::h4237f6381c45ccb9
[INFO] [stdout]                                at /rustc/90b35a6239c3d8bdabc530a6a0816f7ff89a0aaf/library/test/src/lib.rs:595:41
[INFO] [stdout]   33:     0x63df9261e174 - std::sys::backtrace::__rust_begin_short_backtrace::h505c97a579eca628
[INFO] [stdout]                                at /rustc/90b35a6239c3d8bdabc530a6a0816f7ff89a0aaf/library/std/src/sys/backtrace.rs:154:18
[INFO] [stdout]   34:     0x63df9262183e - std::thread::Builder::spawn_unchecked_::{{closure}}::{{closure}}::h9e86b2e2bc107ea3
[INFO] [stdout]                                at /rustc/90b35a6239c3d8bdabc530a6a0816f7ff89a0aaf/library/std/src/thread/mod.rs:538:17
[INFO] [stdout]   35:     0x63df9262183e - <core::panic::unwind_safe::AssertUnwindSafe<F> as core::ops::function::FnOnce<()>>::call_once::h8b06ddb275ff4a25
[INFO] [stdout]                                at /rustc/90b35a6239c3d8bdabc530a6a0816f7ff89a0aaf/library/core/src/panic/unwind_safe.rs:272:9
[INFO] [stdout]   36:     0x63df9262183e - std::panicking::try::do_call::hb26ecd7cd9a9355d
[INFO] [stdout]                                at /rustc/90b35a6239c3d8bdabc530a6a0816f7ff89a0aaf/library/std/src/panicking.rs:557:40
[INFO] [stdout]   37:     0x63df9262183e - std::panicking::try::h8ddeca9d705f9069
[INFO] [stdout]                                at /rustc/90b35a6239c3d8bdabc530a6a0816f7ff89a0aaf/library/std/src/panicking.rs:520:19
[INFO] [stdout]   38:     0x63df9262183e - std::panic::catch_unwind::h49e1c33078844c46
[INFO] [stdout]                                at /rustc/90b35a6239c3d8bdabc530a6a0816f7ff89a0aaf/library/std/src/panic.rs:358:14
[INFO] [stdout]   39:     0x63df9262183e - std::thread::Builder::spawn_unchecked_::{{closure}}::h6073db6ff56ad35d
[INFO] [stdout]                                at /rustc/90b35a6239c3d8bdabc530a6a0816f7ff89a0aaf/library/std/src/thread/mod.rs:537:30
[INFO] [stdout]   40:     0x63df9262183e - core::ops::function::FnOnce::call_once{{vtable.shim}}::h2c5a5f3779c774f1
[INFO] [stdout]                                at /rustc/90b35a6239c3d8bdabc530a6a0816f7ff89a0aaf/library/core/src/ops/function.rs:250:5
[INFO] [stdout]   41:     0x63df9271d58b - <alloc::boxed::Box<F,A> as core::ops::function::FnOnce<Args>>::call_once::hf75717d9f28faebf
[INFO] [stdout]                                at /rustc/90b35a6239c3d8bdabc530a6a0816f7ff89a0aaf/library/alloc/src/boxed.rs:2454:9
[INFO] [stdout]   42:     0x63df9271d58b - <alloc::boxed::Box<F,A> as core::ops::function::FnOnce<Args>>::call_once::h7bd883a5f3c5f3c1
[INFO] [stdout]                                at /rustc/90b35a6239c3d8bdabc530a6a0816f7ff89a0aaf/library/alloc/src/boxed.rs:2454:9
[INFO] [stdout]   43:     0x63df9271d58b - std::sys::pal::unix::thread::Thread::new::thread_start::hcc78f3943333fa94
[INFO] [stdout]                                at /rustc/90b35a6239c3d8bdabc530a6a0816f7ff89a0aaf/library/std/src/sys/pal/unix/thread.rs:105:17
[INFO] [stdout]   44:     0x7ee6c65b5ac3 - <unknown>
[INFO] [stdout]   45:     0x7ee6c6646a04 - clone
[INFO] [stdout]   46:                0x0 - <unknown>
[INFO] [stdout] 
[INFO] [stdout] 
[INFO] [stdout] failures:
[INFO] [stdout]     parser::tests::test_block2
[INFO] [stdout] 
[INFO] [stdout] test result: FAILED. 31 passed; 1 failed; 0 ignored; 0 measured; 0 filtered out; finished in 1.57s
[INFO] [stdout] 
[INFO] [stderr] error: test failed, to rerun pass `--bin codecrafters-interpreter`
[INFO] running `Command { std: "docker" "inspect" "556799333eabcf5d8564d20f886bc4cc7db376c533d3e00844ffef62abe506e7", kill_on_drop: false }`
[INFO] running `Command { std: "docker" "rm" "-f" "556799333eabcf5d8564d20f886bc4cc7db376c533d3e00844ffef62abe506e7", kill_on_drop: false }`
[INFO] [stdout] 556799333eabcf5d8564d20f886bc4cc7db376c533d3e00844ffef62abe506e7
