[INFO] cloning repository https://github.com/jzw2/rust-capr
[INFO] running `Command { std: "git" "-c" "credential.helper=" "-c" "credential.helper=/workspace/cargo-home/bin/git-credential-null" "clone" "--bare" "https://github.com/jzw2/rust-capr" "/workspace/cache/git-repos/https%3A%2F%2Fgithub.com%2Fjzw2%2Frust-capr", kill_on_drop: false }`
[INFO] [stderr] Cloning into bare repository '/workspace/cache/git-repos/https%3A%2F%2Fgithub.com%2Fjzw2%2Frust-capr'...
[INFO] running `Command { std: "git" "rev-parse" "HEAD", kill_on_drop: false }`
[INFO] [stdout] 0e347f484c05c3fa07b3cf27c6dea1553378c538
[INFO] testing jzw2/rust-capr against 1.83.0 for beta-1.84.0-4-retry
[INFO] running `Command { std: "git" "clone" "/workspace/cache/git-repos/https%3A%2F%2Fgithub.com%2Fjzw2%2Frust-capr" "/workspace/builds/worker-5-tc1/source", kill_on_drop: false }`
[INFO] [stderr] Cloning into '/workspace/builds/worker-5-tc1/source'...
[INFO] [stderr] done.
[INFO] validating manifest of git repo https://github.com/jzw2/rust-capr on toolchain 1.83.0
[INFO] running `Command { std: CARGO_HOME="/workspace/cargo-home" RUSTUP_HOME="/workspace/rustup-home" "/workspace/cargo-home/bin/cargo" "+1.83.0" "metadata" "--manifest-path" "Cargo.toml" "--no-deps", kill_on_drop: false }`
[INFO] started tweaking git repo https://github.com/jzw2/rust-capr
[INFO] finished tweaking git repo https://github.com/jzw2/rust-capr
[INFO] tweaked toml for git repo https://github.com/jzw2/rust-capr written to /workspace/builds/worker-5-tc1/source/Cargo.toml
[INFO] crate git repo https://github.com/jzw2/rust-capr already has a lockfile, it will not be regenerated
[INFO] running `Command { std: CARGO_HOME="/workspace/cargo-home" RUSTUP_HOME="/workspace/rustup-home" "/workspace/cargo-home/bin/cargo" "+1.83.0" "fetch" "--manifest-path" "Cargo.toml", kill_on_drop: false }`
[INFO] [stderr]     Updating crates.io index
[INFO] [stderr]  Downloading crates ...
[INFO] [stderr]   Downloaded compare v0.0.6
[INFO] [stderr]   Downloaded ordered-float v4.5.0
[INFO] [stderr]   Downloaded unsafe_unwrap v0.1.0
[INFO] [stderr]   Downloaded binary-heap-plus v0.1.6
[INFO] [stderr]   Downloaded anyhow v1.0.93
[INFO] [stderr]   Downloaded ordered_iter v0.1.2
[INFO] [stderr]   Downloaded bimap v0.6.3
[INFO] [stderr]   Downloaded rustfst v1.1.2
[INFO] [stderr]   Downloaded stable_bst v0.2.0
[INFO] [stderr]   Downloaded libc v0.2.166
[INFO] running `Command { std: "docker" "create" "-v" "/var/lib/crater-agent-workspace/builds/worker-5-tc1/target:/opt/rustwide/target:rw,Z" "-v" "/var/lib/crater-agent-workspace/builds/worker-5-tc1/source:/opt/rustwide/workdir:ro,Z" "-v" "/var/lib/crater-agent-workspace/cargo-home:/opt/rustwide/cargo-home:ro,Z" "-v" "/var/lib/crater-agent-workspace/rustup-home:/opt/rustwide/rustup-home:ro,Z" "-e" "SOURCE_DIR=/opt/rustwide/workdir" "-e" "CARGO_TARGET_DIR=/opt/rustwide/target" "-e" "CARGO_HOME=/opt/rustwide/cargo-home" "-e" "RUSTUP_HOME=/opt/rustwide/rustup-home" "-w" "/opt/rustwide/workdir" "-m" "1610612736" "--user" "0:0" "--network" "none" "ghcr.io/rust-lang/crates-build-env/linux@sha256:f3a9d4ad9d972b27faf3965f35b62e55ba32bbce8f20bc8fe909558a86702fde" "/opt/rustwide/cargo-home/bin/cargo" "+1.83.0" "metadata" "--no-deps" "--format-version=1", kill_on_drop: false }`
[INFO] [stdout] 718d68f0020c2dc16266f369b9cfd59687ed9af624bb2f3b0197c6d7bbfeb351
[INFO] running `Command { std: "docker" "start" "-a" "718d68f0020c2dc16266f369b9cfd59687ed9af624bb2f3b0197c6d7bbfeb351", kill_on_drop: false }`
[INFO] running `Command { std: "docker" "inspect" "718d68f0020c2dc16266f369b9cfd59687ed9af624bb2f3b0197c6d7bbfeb351", kill_on_drop: false }`
[INFO] running `Command { std: "docker" "rm" "-f" "718d68f0020c2dc16266f369b9cfd59687ed9af624bb2f3b0197c6d7bbfeb351", kill_on_drop: false }`
[INFO] [stdout] 718d68f0020c2dc16266f369b9cfd59687ed9af624bb2f3b0197c6d7bbfeb351
[INFO] running `Command { std: "docker" "create" "-v" "/var/lib/crater-agent-workspace/builds/worker-5-tc1/target:/opt/rustwide/target:rw,Z" "-v" "/var/lib/crater-agent-workspace/builds/worker-5-tc1/source:/opt/rustwide/workdir:ro,Z" "-v" "/var/lib/crater-agent-workspace/cargo-home:/opt/rustwide/cargo-home:ro,Z" "-v" "/var/lib/crater-agent-workspace/rustup-home:/opt/rustwide/rustup-home:ro,Z" "-e" "SOURCE_DIR=/opt/rustwide/workdir" "-e" "CARGO_TARGET_DIR=/opt/rustwide/target" "-e" "CARGO_INCREMENTAL=0" "-e" "RUST_BACKTRACE=full" "-e" "RUSTFLAGS=--cap-lints=warn" "-e" "RUSTDOCFLAGS=--cap-lints=warn" "-e" "CARGO_HOME=/opt/rustwide/cargo-home" "-e" "RUSTUP_HOME=/opt/rustwide/rustup-home" "-w" "/opt/rustwide/workdir" "-m" "1610612736" "--user" "0:0" "--network" "none" "ghcr.io/rust-lang/crates-build-env/linux@sha256:f3a9d4ad9d972b27faf3965f35b62e55ba32bbce8f20bc8fe909558a86702fde" "/opt/rustwide/cargo-home/bin/cargo" "+1.83.0" "build" "--frozen" "--message-format=json", kill_on_drop: false }`
[INFO] [stdout] 04f0506f6c4cc6eb69167709d4aa081d1086e786efafa8cc841117a272e01aa9
[INFO] running `Command { std: "docker" "start" "-a" "04f0506f6c4cc6eb69167709d4aa081d1086e786efafa8cc841117a272e01aa9", kill_on_drop: false }`
[INFO] [stderr]    Compiling proc-macro2 v1.0.92
[INFO] [stderr]    Compiling unicode-ident v1.0.14
[INFO] [stderr]    Compiling libc v0.2.166
[INFO] [stderr]    Compiling wasm-bindgen-shared v0.2.95
[INFO] [stderr]    Compiling bumpalo v3.16.0
[INFO] [stderr]    Compiling log v0.4.22
[INFO] [stderr]    Compiling bit-vec v0.6.3
[INFO] [stderr]    Compiling typenum v1.17.0
[INFO] [stderr]    Compiling serde v1.0.215
[INFO] [stderr]    Compiling wasm-bindgen v0.2.95
[INFO] [stderr]    Compiling anyhow v1.0.93
[INFO] [stderr]    Compiling num-traits v0.2.19
[INFO] [stderr]    Compiling serde_json v1.0.133
[INFO] [stderr]    Compiling compare v0.0.6
[INFO] [stderr]    Compiling unsafe_unwrap v0.1.0
[INFO] [stderr]    Compiling binary-heap-plus v0.1.6
[INFO] [stderr]    Compiling bimap v0.6.3
[INFO] [stderr]    Compiling superslice v1.0.0
[INFO] [stderr]    Compiling itoa v1.0.14
[INFO] [stderr]    Compiling bitflags v2.6.0
[INFO] [stderr]    Compiling bit-set v0.5.3
[INFO] [stderr]    Compiling ordered_iter v0.1.2
[INFO] [stderr]    Compiling stable_bst v0.2.0
[INFO] [stderr]    Compiling quote v1.0.37
[INFO] [stderr]    Compiling syn v2.0.89
[INFO] [stderr]    Compiling getrandom v0.2.15
[INFO] [stderr]    Compiling rand_core v0.6.4
[INFO] [stderr]    Compiling ordered-float v4.5.0
[INFO] [stderr]    Compiling generic-array v0.12.4
[INFO] [stderr]    Compiling wasm-bindgen-backend v0.2.95
[INFO] [stderr]    Compiling zerocopy-derive v0.7.35
[INFO] [stderr]    Compiling serde_derive v1.0.215
[INFO] [stderr]    Compiling wasm-bindgen-macro-support v0.2.95
[INFO] [stderr]    Compiling wasm-bindgen-macro v0.2.95
[INFO] [stderr]    Compiling zerocopy v0.7.35
[INFO] [stderr]    Compiling ppv-lite86 v0.2.20
[INFO] [stderr]    Compiling rand_chacha v0.3.1
[INFO] [stderr]    Compiling rand v0.8.5
[INFO] [stderr]    Compiling console_error_panic_hook v0.1.7
[INFO] [stderr]    Compiling rustfst v1.1.2
[INFO] [stderr]    Compiling rust-capr v0.1.0 (/opt/rustwide/workdir)
[INFO] [stderr]     Finished `dev` profile [unoptimized + debuginfo] target(s) in 27.57s
[INFO] running `Command { std: "docker" "inspect" "04f0506f6c4cc6eb69167709d4aa081d1086e786efafa8cc841117a272e01aa9", kill_on_drop: false }`
[INFO] running `Command { std: "docker" "rm" "-f" "04f0506f6c4cc6eb69167709d4aa081d1086e786efafa8cc841117a272e01aa9", kill_on_drop: false }`
[INFO] [stdout] 04f0506f6c4cc6eb69167709d4aa081d1086e786efafa8cc841117a272e01aa9
[INFO] running `Command { std: "docker" "create" "-v" "/var/lib/crater-agent-workspace/builds/worker-5-tc1/target:/opt/rustwide/target:rw,Z" "-v" "/var/lib/crater-agent-workspace/builds/worker-5-tc1/source:/opt/rustwide/workdir:ro,Z" "-v" "/var/lib/crater-agent-workspace/cargo-home:/opt/rustwide/cargo-home:ro,Z" "-v" "/var/lib/crater-agent-workspace/rustup-home:/opt/rustwide/rustup-home:ro,Z" "-e" "SOURCE_DIR=/opt/rustwide/workdir" "-e" "CARGO_TARGET_DIR=/opt/rustwide/target" "-e" "CARGO_INCREMENTAL=0" "-e" "RUST_BACKTRACE=full" "-e" "RUSTFLAGS=--cap-lints=warn" "-e" "RUSTDOCFLAGS=--cap-lints=warn" "-e" "CARGO_HOME=/opt/rustwide/cargo-home" "-e" "RUSTUP_HOME=/opt/rustwide/rustup-home" "-w" "/opt/rustwide/workdir" "-m" "1610612736" "--user" "0:0" "--network" "none" "ghcr.io/rust-lang/crates-build-env/linux@sha256:f3a9d4ad9d972b27faf3965f35b62e55ba32bbce8f20bc8fe909558a86702fde" "/opt/rustwide/cargo-home/bin/cargo" "+1.83.0" "test" "--frozen" "--no-run" "--message-format=json", kill_on_drop: false }`
[INFO] [stdout] 0073a5701c3211b77f21983537e7db99e4821bbafe94e8e3bb93ea8e9fe8346d
[INFO] running `Command { std: "docker" "start" "-a" "0073a5701c3211b77f21983537e7db99e4821bbafe94e8e3bb93ea8e9fe8346d", kill_on_drop: false }`
[INFO] [stderr]    Compiling rust-capr v0.1.0 (/opt/rustwide/workdir)
[INFO] [stdout] warning: unused import: `std::vec`
[INFO] [stdout]    --> src/trans.rs:389:9
[INFO] [stdout]     |
[INFO] [stdout] 389 |     use std::vec;
[INFO] [stdout]     |         ^^^^^^^^
[INFO] [stdout]     |
[INFO] [stdout]     = note: `#[warn(unused_imports)]` on by default
[INFO] [stdout] 
[INFO] [stdout] 
[INFO] [stdout] warning: unused variable: `fst`
[INFO] [stdout]    --> src/sound_law.rs:298:13
[INFO] [stdout]     |
[INFO] [stdout] 298 |         let fst = law.get_fst();
[INFO] [stdout]     |             ^^^ help: if this is intentional, prefix it with an underscore: `_fst`
[INFO] [stdout]     |
[INFO] [stdout]     = note: `#[warn(unused_variables)]` on by default
[INFO] [stdout] 
[INFO] [stdout] 
[INFO] [stderr]     Finished `test` profile [unoptimized + debuginfo] target(s) in 4.65s
[INFO] running `Command { std: "docker" "inspect" "0073a5701c3211b77f21983537e7db99e4821bbafe94e8e3bb93ea8e9fe8346d", kill_on_drop: false }`
[INFO] running `Command { std: "docker" "rm" "-f" "0073a5701c3211b77f21983537e7db99e4821bbafe94e8e3bb93ea8e9fe8346d", kill_on_drop: false }`
[INFO] [stdout] 0073a5701c3211b77f21983537e7db99e4821bbafe94e8e3bb93ea8e9fe8346d
[INFO] running `Command { std: "docker" "create" "-v" "/var/lib/crater-agent-workspace/builds/worker-5-tc1/target:/opt/rustwide/target:rw,Z" "-v" "/var/lib/crater-agent-workspace/builds/worker-5-tc1/source:/opt/rustwide/workdir:ro,Z" "-v" "/var/lib/crater-agent-workspace/cargo-home:/opt/rustwide/cargo-home:ro,Z" "-v" "/var/lib/crater-agent-workspace/rustup-home:/opt/rustwide/rustup-home:ro,Z" "-e" "SOURCE_DIR=/opt/rustwide/workdir" "-e" "CARGO_TARGET_DIR=/opt/rustwide/target" "-e" "CARGO_INCREMENTAL=0" "-e" "RUST_BACKTRACE=full" "-e" "RUSTFLAGS=--cap-lints=warn" "-e" "RUSTDOCFLAGS=--cap-lints=warn" "-e" "CARGO_HOME=/opt/rustwide/cargo-home" "-e" "RUSTUP_HOME=/opt/rustwide/rustup-home" "-w" "/opt/rustwide/workdir" "-m" "1610612736" "--user" "0:0" "--network" "none" "ghcr.io/rust-lang/crates-build-env/linux@sha256:f3a9d4ad9d972b27faf3965f35b62e55ba32bbce8f20bc8fe909558a86702fde" "/opt/rustwide/cargo-home/bin/cargo" "+1.83.0" "test" "--frozen", kill_on_drop: false }`
[INFO] [stdout] 4a44ffec3e71a523f564a1f2f97ee3f9c593269d35c937047701a8f51f186ebc
[INFO] running `Command { std: "docker" "start" "-a" "4a44ffec3e71a523f564a1f2f97ee3f9c593269d35c937047701a8f51f186ebc", kill_on_drop: false }`
[INFO] [stderr] warning: unused import: `std::vec`
[INFO] [stderr]    --> src/trans.rs:389:9
[INFO] [stderr]     |
[INFO] [stderr] 389 |     use std::vec;
[INFO] [stderr]     |         ^^^^^^^^
[INFO] [stderr]     |
[INFO] [stderr]     = note: `#[warn(unused_imports)]` on by default
[INFO] [stderr] 
[INFO] [stderr] warning: unused variable: `fst`
[INFO] [stderr]    --> src/sound_law.rs:298:13
[INFO] [stderr]     |
[INFO] [stderr] 298 |         let fst = law.get_fst();
[INFO] [stderr]     |             ^^^ help: if this is intentional, prefix it with an underscore: `_fst`
[INFO] [stderr]     |
[INFO] [stderr]     = note: `#[warn(unused_variables)]` on by default
[INFO] [stderr] 
[INFO] [stderr] warning: `rust-capr` (lib test) generated 2 warnings (run `cargo fix --lib -p rust-capr --tests` to apply 1 suggestion)
[INFO] [stderr]     Finished `test` profile [unoptimized + debuginfo] target(s) in 0.04s
[INFO] [stderr]      Running unittests src/lib.rs (/opt/rustwide/target/debug/deps/rust_capr-b407354c841bb917)
[INFO] [stdout] 
[INFO] [stdout] running 26 tests
[INFO] [stdout] test sound_law::tests::test_labels_from_string ... ok
[INFO] [stdout] test negate::tests::negate_test_all_strings ... FAILED
[INFO] [stderr] panicked at src/trans.rs:124:18:
[INFO] [stdout] test negate::tests::negate_test_multiple_strings ... FAILED
[INFO] [stderr] called `Result::unwrap()` on an `Err` value: No such file or directory (os error 2)
[INFO] [stdout] test negate::tests::negate_test_simple_string ... FAILED
[INFO] [stderr] 
[INFO] [stdout] test negate::tests::star_then_star_2_alphabet ... FAILED
[INFO] [stderr] Stack backtrace:
[INFO] [stderr]    0: anyhow::error::<impl core::convert::From<E> for anyhow::Error>::from
[INFO] [stderr]              at /opt/rustwide/cargo-home/registry/src/index.crates.io-6f17d22bba15001f/anyhow-1.0.93/src/backtrace.rs:27:14
[INFO] [stderr]    1: <core::result::Result<T,F> as core::ops::try_trait::FromResidual<core::result::Result<core::convert::Infallible,E>>>::from_residual
[INFO] [stderr]              at /rustc/90b35a6239c3d8bdabc530a6a0816f7ff89a0aaf/library/core/src/result.rs:2010:27
[INFO] [stderr]    2: rustfst::fst_traits::serializable_fst::SerializableFst::draw
[INFO] [stderr]              at /opt/rustwide/cargo-home/registry/src/index.crates.io-6f17d22bba15001f/rustfst-1.1.2/src/fst_traits/serializable_fst.rs:86:22
[INFO] [stderr]    3: rust_capr::trans::SoundFst::d
[INFO] [stderr]              at ./src/trans.rs:122:13
[INFO] [stderr]    4: rust_capr::negate::<impl rust_capr::trans::SoundFst>::negate
[INFO] [stderr]              at ./src/negate.rs:18:9
[INFO] [stderr]    5: rust_capr::negate::tests::negate_test_multiple_strings
[INFO] [stderr]              at ./src/negate.rs:122:26
[INFO] [stderr]    6: rust_capr::negate::tests::negate_test_multiple_strings::{{closure}}
[INFO] [stderr]              at ./src/negate.rs:113:38
[INFO] [stderr]    7: core::ops::function::FnOnce::call_once
[INFO] [stderr]              at /rustc/90b35a6239c3d8bdabc530a6a0816f7ff89a0aaf/library/core/src/ops/function.rs:250:5
[INFO] [stderr]    8: core::ops::function::FnOnce::call_once
[INFO] [stderr]              at /rustc/90b35a6239c3d8bdabc530a6a0816f7ff89a0aaf/library/core/src/ops/function.rs:250:5
[INFO] [stderr]    9: test::__rust_begin_short_backtrace
[INFO] [stderr]              at /rustc/90b35a6239c3d8bdabc530a6a0816f7ff89a0aaf/library/test/src/lib.rs:621:18
[INFO] [stderr]   10: test::run_test_in_process::{{closure}}
[INFO] [stderr]              at /rustc/90b35a6239c3d8bdabc530a6a0816f7ff89a0aaf/library/test/src/lib.rs:644:60
[INFO] [stderr]   11: <core::panic::unwind_safe::AssertUnwindSafe<F> as core::ops::function::FnOnce<()>>::call_once
[INFO] [stderr]              at /rustc/90b35a6239c3d8bdabc530a6a0816f7ff89a0aaf/library/core/src/panic/unwind_safe.rs:272:9
[INFO] [stderr]   12: std::panicking::try::do_call
[INFO] [stderr]              at /rustc/90b35a6239c3d8bdabc530a6a0816f7ff89a0aaf/library/std/src/panicking.rs:557:40
[INFO] [stderr]   13: std::panicking::try
[INFO] [stderr]              at /rustc/90b35a6239c3d8bdabc530a6a0816f7ff89a0aaf/library/std/src/panicking.rs:520:19
[INFO] [stderr]   14: std::panic::catch_unwind
[INFO] [stderr]              at /rustc/90b35a6239c3d8bdabc530a6a0816f7ff89a0aaf/library/std/src/panic.rs:358:14
[INFO] [stderr]   15: test::run_test_in_process
[INFO] [stderr]              at /rustc/90b35a6239c3d8bdabc530a6a0816f7ff89a0aaf/library/test/src/lib.rs:644:27
[INFO] [stderr]   16: test::run_test::{{closure}}
[INFO] [stderr]              at /rustc/90b35a6239c3d8bdabc530a6a0816f7ff89a0aaf/library/test/src/lib.rs:565:43
[INFO] [stderr]   17: test::run_test::{{closure}}
[INFO] [stderr]              at /rustc/90b35a6239c3d8bdabc530a6a0816f7ff89a0aaf/library/test/src/lib.rs:595:41
[INFO] [stderr]   18: std::sys::backtrace::__rust_begin_short_backtrace
[INFO] [stderr]              at /rustc/90b35a6239c3d8bdabc530a6a0816f7ff89a0aaf/library/std/src/sys/backtrace.rs:154:18
[INFO] [stderr]   19: std::thread::Builder::spawn_unchecked_::{{closure}}::{{closure}}
[INFO] [stderr]              at /rustc/90b35a6239c3d8bdabc530a6a0816f7ff89a0aaf/library/std/src/thread/mod.rs:538:17
[INFO] [stderr]   20: <core::panic::unwind_safe::AssertUnwindSafe<F> as core::ops::function::FnOnce<()>>::call_once
[INFO] [stderr]              at /rustc/90b35a6239c3d8bdabc530a6a0816f7ff89a0aaf/library/core/src/panic/unwind_safe.rs:272:9
[INFO] [stderr]   21: std::panicking::try::do_call
[INFO] [stderr]              at /rustc/90b35a6239c3d8bdabc530a6a0816f7ff89a0aaf/library/std/src/panicking.rs:557:40
[INFO] [stderr]   22: std::panicking::try
[INFO] [stderr]              at /rustc/90b35a6239c3d8bdabc530a6a0816f7ff89a0aaf/library/std/src/panicking.rs:520:19
[INFO] [stderr]   23: std::panic::catch_unwind
[INFO] [stderr]              at /rustc/90b35a6239c3d8bdabc530a6a0816f7ff89a0aaf/library/std/src/panic.rs:358:14
[INFO] [stderr]   24: std::thread::Builder::spawn_unchecked_::{{closure}}
[INFO] [stderr]              at /rustc/90b35a6239c3d8bdabc530a6a0816f7ff89a0aaf/library/std/src/thread/mod.rs:537:30
[INFO] [stderr]   25: core::ops::function::FnOnce::call_once{{vtable.shim}}
[INFO] [stderr]              at /rustc/90b35a6239c3d8bdabc530a6a0816f7ff89a0aaf/library/core/src/ops/function.rs:250:5
[INFO] [stderr]   26: <alloc::boxed::Box<F,A> as core::ops::function::FnOnce<Args>>::call_once
[INFO] [stderr]              at /rustc/90b35a6239c3d8bdabc530a6a0816f7ff89a0aaf/library/alloc/src/boxed.rs:2454:9
[INFO] [stderr]   27: <alloc::boxed::Box<F,A> as core::ops::function::FnOnce<Args>>::call_once
[INFO] [stderr]              at /rustc/90b35a6239c3d8bdabc530a6a0816f7ff89a0aaf/library/alloc/src/boxed.rs:2454:9
[INFO] [stderr]   28: std::sys::pal::unix::thread::Thread::new::thread_start
[INFO] [stderr]              at /rustc/90b35a6239c3d8bdabc530a6a0816f7ff89a0aaf/library/std/src/sys/pal/unix/thread.rs:105:17
[INFO] [stderr]   29: <unknown>
[INFO] [stderr]   30: clone
[INFO] [stderr] panicked at src/trans.rs:124:18:
[INFO] [stderr] called `Result::unwrap()` on an `Err` value: No such file or directory (os error 2)
[INFO] [stderr] 
[INFO] [stderr] Stack backtrace:
[INFO] [stderr]    0: anyhow::error::<impl core::convert::From<E> for anyhow::Error>::from
[INFO] [stderr]              at /opt/rustwide/cargo-home/registry/src/index.crates.io-6f17d22bba15001f/anyhow-1.0.93/src/backtrace.rs:27:14
[INFO] [stderr]    1: <core::result::Result<T,F> as core::ops::try_trait::FromResidual<core::result::Result<core::convert::Infallible,E>>>::from_residual
[INFO] [stderr]              at /rustc/90b35a6239c3d8bdabc530a6a0816f7ff89a0aaf/library/core/src/result.rs:2010:27
[INFO] [stderr]    2: rustfst::fst_traits::serializable_fst::SerializableFst::draw
[INFO] [stderr]              at /opt/rustwide/cargo-home/registry/src/index.crates.io-6f17d22bba15001f/rustfst-1.1.2/src/fst_traits/serializable_fst.rs:86:22
[INFO] [stderr]    3: rust_capr::trans::SoundFst::d
[INFO] [stderr]              at ./src/trans.rs:122:13
[INFO] [stderr]    4: rust_capr::negate::<impl rust_capr::trans::SoundFst>::negate
[INFO] [stderr]              at ./src/negate.rs:18:9
[INFO] [stderr]    5: rust_capr::negate::tests::negate_test_simple_string
[INFO] [stderr]              at ./src/negate.rs:150:26
[INFO] [stderr]    6: rust_capr::negate::tests::negate_test_simple_string::{{closure}}
[INFO] [stderr]              at ./src/negate.rs:143:35
[INFO] [stderr]    7: core::ops::function::FnOnce::call_once
[INFO] [stderr]              at /rustc/90b35a6239c3d8bdabc530a6a0816f7ff89a0aaf/library/core/src/ops/function.rs:250:5
[INFO] [stderr]    8: core::ops::function::FnOnce::call_once
[INFO] [stderr]              at /rustc/90b35a6239c3d8bdabc530a6a0816f7ff89a0aaf/library/core/src/ops/function.rs:250:5
[INFO] [stderr]    9: test::__rust_begin_short_backtrace
[INFO] [stderr]              at /rustc/90b35a6239c3d8bdabc530a6a0816f7ff89a0aaf/library/test/src/lib.rs:621:18
[INFO] [stderr]   10: test::run_test_in_process::{{closure}}
[INFO] [stderr]              at /rustc/90b35a6239c3d8bdabc530a6a0816f7ff89a0aaf/library/test/src/lib.rs:644:60
[INFO] [stderr]   11: <core::panic::unwind_safe::AssertUnwindSafe<F> as core::ops::function::FnOnce<()>>::call_once
[INFO] [stderr]              at /rustc/90b35a6239c3d8bdabc530a6a0816f7ff89a0aaf/library/core/src/panic/unwind_safe.rs:272:9
[INFO] [stderr]   12: std::panicking::try::do_call
[INFO] [stderr]              at /rustc/90b35a6239c3d8bdabc530a6a0816f7ff89a0aaf/library/std/src/panicking.rs:557:40
[INFO] [stderr]   13: std::panicking::try
[INFO] [stderr]              at /rustc/90b35a6239c3d8bdabc530a6a0816f7ff89a0aaf/library/std/src/panicking.rs:520:19
[INFO] [stderr]   14: std::panic::catch_unwind
[INFO] [stderr]              at /rustc/90b35a6239c3d8bdabc530a6a0816f7ff89a0aaf/library/std/src/panic.rs:358:14
[INFO] [stderr]   15: test::run_test_in_process
[INFO] [stderr]              at /rustc/90b35a6239c3d8bdabc530a6a0816f7ff89a0aaf/library/test/src/lib.rs:644:27
[INFO] [stderr]   16: test::run_test::{{closure}}
[INFO] [stderr]              at /rustc/90b35a6239c3d8bdabc530a6a0816f7ff89a0aaf/library/test/src/lib.rs:565:43
[INFO] [stderr]   17: test::run_test::{{closure}}
[INFO] [stderr]              at /rustc/90b35a6239c3d8bdabc530a6a0816f7ff89a0aaf/library/test/src/lib.rs:595:41
[INFO] [stderr]   18: std::sys::backtrace::__rust_begin_short_backtrace
[INFO] [stderr]              at /rustc/90b35a6239c3d8bdabc530a6a0816f7ff89a0aaf/library/std/src/sys/backtrace.rs:154:18
[INFO] [stderr]   19: std::thread::Builder::spawn_unchecked_::{{closure}}::{{closure}}
[INFO] [stderr]              at /rustc/90b35a6239c3d8bdabc530a6a0816f7ff89a0aaf/library/std/src/thread/mod.rs:538:17
[INFO] [stderr]   20: <core::panic::unwind_safe::AssertUnwindSafe<F> as core::ops::function::FnOnce<()>>::call_once
[INFO] [stderr]              at /rustc/90b35a6239c3d8bdabc530a6a0816f7ff89a0aaf/library/core/src/panic/unwind_safe.rs:272:9
[INFO] [stderr]   21: std::panicking::try::do_call
[INFO] [stderr]              at /rustc/90b35a6239c3d8bdabc530a6a0816f7ff89a0aaf/library/std/src/panicking.rs:557:40
[INFO] [stderr]   22: std::panicking::try
[INFO] [stderr]              at /rustc/90b35a6239c3d8bdabc530a6a0816f7ff89a0aaf/library/std/src/panicking.rs:520:19
[INFO] [stderr]   23: std::panic::catch_unwind
[INFO] [stderr]              at /rustc/90b35a6239c3d8bdabc530a6a0816f7ff89a0aaf/library/std/src/panic.rs:358:14
[INFO] [stderr]   24: std::thread::Builder::spawn_unchecked_::{{closure}}
[INFO] [stderr]              at /rustc/90b35a6239c3d8bdabc530a6a0816f7ff89a0aaf/library/std/src/thread/mod.rs:537:30
[INFO] [stderr]   25: core::ops::function::FnOnce::call_once{{vtable.shim}}
[INFO] [stderr]              at /rustc/90b35a6239c3d8bdabc530a6a0816f7ff89a0aaf/library/core/src/ops/function.rs:250:5
[INFO] [stderr]   26: <alloc::boxed::Box<F,A> as core::ops::function::FnOnce<Args>>::call_once
[INFO] [stderr]              at /rustc/90b35a6239c3d8bdabc530a6a0816f7ff89a0aaf/library/alloc/src/boxed.rs:2454:9
[INFO] [stderr]   27: <alloc::boxed::Box<F,A> as core::ops::function::FnOnce<Args>>::call_once
[INFO] [stderr]              at /rustc/90b35a6239c3d8bdabc530a6a0816f7ff89a0aaf/library/alloc/src/boxed.rs:2454:9
[INFO] [stderr]   28: std::sys::pal::unix::thread::Thread::new::thread_start
[INFO] [stderr]              at /rustc/90b35a6239c3d8bdabc530a6a0816f7ff89a0aaf/library/std/src/sys/pal/unix/thread.rs:105:17
[INFO] [stderr]   29: <unknown>
[INFO] [stderr]   30: clone
[INFO] [stderr] panicked at src/trans.rs:124:18:
[INFO] [stderr] called `Result::unwrap()` on an `Err` value: No such file or directory (os error 2)
[INFO] [stderr] 
[INFO] [stderr] Stack backtrace:
[INFO] [stderr]    0: anyhow::error::<impl core::convert::From<E> for anyhow::Error>::from
[INFO] [stderr]              at /opt/rustwide/cargo-home/registry/src/index.crates.io-6f17d22bba15001f/anyhow-1.0.93/src/backtrace.rs:27:14
[INFO] [stderr]    1: <core::result::Result<T,F> as core::ops::try_trait::FromResidual<core::result::Result<core::convert::Infallible,E>>>::from_residual
[INFO] [stderr]              at /rustc/90b35a6239c3d8bdabc530a6a0816f7ff89a0aaf/library/core/src/result.rs:2010:27
[INFO] [stderr]    2: rustfst::fst_traits::serializable_fst::SerializableFst::draw
[INFO] [stderr]              at /opt/rustwide/cargo-home/registry/src/index.crates.io-6f17d22bba15001f/rustfst-1.1.2/src/fst_traits/serializable_fst.rs:86:22
[INFO] [stderr]    3: rust_capr::trans::SoundFst::d
[INFO] [stderr]              at ./src/trans.rs:122:13
[INFO] [stderr]    4: rust_capr::negate::<impl rust_capr::trans::SoundFst>::negate
[INFO] [stderr]              at ./src/negate.rs:18:9
[INFO] [stderr]    5: rust_capr::negate::tests::star_then_star_2_alphabet
[INFO] [stderr]              at ./src/negate.rs:280:26
[INFO] [stderr]    6: rust_capr::negate::tests::star_then_star_2_alphabet::{{closure}}
[INFO] [stderr]              at ./src/negate.rs:271:35
[INFO] [stderr]    7: core::ops::function::FnOnce::call_once
[INFO] [stderr]              at /rustc/90b35a6239c3d8bdabc530a6a0816f7ff89a0aaf/library/core/src/ops/function.rs:250:5
[INFO] [stderr]    8: core::ops::function::FnOnce::call_once
[INFO] [stderr]              at /rustc/90b35a6239c3d8bdabc530a6a0816f7ff89a0aaf/library/core/src/ops/function.rs:250:5
[INFO] [stderr]    9: test::__rust_begin_short_backtrace
[INFO] [stderr]              at /rustc/90b35a6239c3d8bdabc530a6a0816f7ff89a0aaf/library/test/src/lib.rs:621:18
[INFO] [stderr]   10: test::run_test_in_process::{{closure}}
[INFO] [stderr]              at /rustc/90b35a6239c3d8bdabc530a6a0816f7ff89a0aaf/library/test/src/lib.rs:644:60
[INFO] [stderr]   11: <core::panic::unwind_safe::AssertUnwindSafe<F> as core::ops::function::FnOnce<()>>::call_once
[INFO] [stderr]              at /rustc/90b35a6239c3d8bdabc530a6a0816f7ff89a0aaf/library/core/src/panic/unwind_safe.rs:272:9
[INFO] [stderr]   12: std::panicking::try::do_call
[INFO] [stderr]              at /rustc/90b35a6239c3d8bdabc530a6a0816f7ff89a0aaf/library/std/src/panicking.rs:557:40
[INFO] [stderr]   13: std::panicking::try
[INFO] [stderr]              at /rustc/90b35a6239c3d8bdabc530a6a0816f7ff89a0aaf/library/std/src/panicking.rs:520:19
[INFO] [stderr]   14: std::panic::catch_unwind
[INFO] [stderr]              at /rustc/90b35a6239c3d8bdabc530a6a0816f7ff89a0aaf/library/std/src/panic.rs:358:14
[INFO] [stderr]   15: test::run_test_in_process
[INFO] [stderr]              at /rustc/90b35a6239c3d8bdabc530a6a0816f7ff89a0aaf/library/test/src/lib.rs:644:27
[INFO] [stderr]   16: test::run_test::{{closure}}
[INFO] [stderr]              at /rustc/90b35a6239c3d8bdabc530a6a0816f7ff89a0aaf/library/test/src/lib.rs:565:43
[INFO] [stderr]   17: test::run_test::{{closure}}
[INFO] [stderr]              at /rustc/90b35a6239c3d8bdabc530a6a0816f7ff89a0aaf/library/test/src/lib.rs:595:41
[INFO] [stderr]   18: std::sys::backtrace::__rust_begin_short_backtrace
[INFO] [stderr]              at /rustc/90b35a6239c3d8bdabc530a6a0816f7ff89a0aaf/library/std/src/sys/backtrace.rs:154:18
[INFO] [stderr]   19: std::thread::Builder::spawn_unchecked_::{{closure}}::{{closure}}
[INFO] [stderr]              at /rustc/90b35a6239c3d8bdabc530a6a0816f7ff89a0aaf/library/std/src/thread/mod.rs:538:17
[INFO] [stderr]   20: <core::panic::unwind_safe::AssertUnwindSafe<F> as core::ops::function::FnOnce<()>>::call_once
[INFO] [stderr]              at /rustc/90b35a6239c3d8bdabc530a6a0816f7ff89a0aaf/library/core/src/panic/unwind_safe.rs:272:9
[INFO] [stderr]   21: std::panicking::try::do_call
[INFO] [stderr]              at /rustc/90b35a6239c3d8bdabc530a6a0816f7ff89a0aaf/library/std/src/panicking.rs:557:40
[INFO] [stderr]   22: std::panicking::try
[INFO] [stderr]              at /rustc/90b35a6239c3d8bdabc530a6a0816f7ff89a0aaf/library/std/src/panicking.rs:520:19
[INFO] [stderr]   23: std::panic::catch_unwind
[INFO] [stderr]              at /rustc/90b35a6239c3d8bdabc530a6a0816f7ff89a0aaf/library/std/src/panic.rs:358:14
[INFO] [stderr]   24: std::thread::Builder::spawn_unchecked_::{{closure}}
[INFO] [stderr]              at /rustc/90b35a6239c3d8bdabc530a6a0816f7ff89a0aaf/library/std/src/thread/mod.rs:537:30
[INFO] [stderr]   25: core::ops::function::FnOnce::call_once{{vtable.shim}}
[INFO] [stderr]              at /rustc/90b35a6239c3d8bdabc530a6a0816f7ff89a0aaf/library/core/src/ops/function.rs:250:5
[INFO] [stderr]   26: <alloc::boxed::Box<F,A> as core::ops::function::FnOnce<Args>>::call_once
[INFO] [stderr]              at /rustc/90b35a6239c3d8bdabc530a6a0816f7ff89a0aaf/library/alloc/src/boxed.rs:2454:9
[INFO] [stderr]   27: <alloc::boxed::Box<F,A> as core::ops::function::FnOnce<Args>>::call_once
[INFO] [stderr]              at /rustc/90b35a6239c3d8bdabc530a6a0816f7ff89a0aaf/library/alloc/src/boxed.rs:2454:9
[INFO] [stderr]   28: std::sys::pal::unix::thread::Thread::new::thread_start
[INFO] [stderr]              at /rustc/90b35a6239c3d8bdabc530a6a0816f7ff89a0aaf/library/std/src/sys/pal/unix/thread.rs:105:17
[INFO] [stderr]   29: <unknown>
[INFO] [stderr]   30: clone
[INFO] [stderr] panicked at src/trans.rs:124:18:
[INFO] [stdout] test trans::tests::begin_bracket_test ... ok
[INFO] [stderr] called `Result::unwrap()` on an `Err` value: No such file or directory (os error 2)
[INFO] [stdout] test tests::sound_law_non_invert ... FAILED
[INFO] [stderr] 
[INFO] [stderr] Stack backtrace:
[INFO] [stderr]    0: anyhow::error::<impl core::convert::From<E> for anyhow::Error>::from
[INFO] [stderr]              at /opt/rustwide/cargo-home/registry/src/index.crates.io-6f17d22bba15001f/anyhow-1.0.93/src/backtrace.rs:27:14
[INFO] [stderr]    1: <core::result::Result<T,F> as core::ops::try_trait::FromResidual<core::result::Result<core::convert::Infallible,E>>>::from_residual
[INFO] [stderr]              at /rustc/90b35a6239c3d8bdabc530a6a0816f7ff89a0aaf/library/core/src/result.rs:2010:27
[INFO] [stderr]    2: rustfst::fst_traits::serializable_fst::SerializableFst::draw
[INFO] [stderr]              at /opt/rustwide/cargo-home/registry/src/index.crates.io-6f17d22bba15001f/rustfst-1.1.2/src/fst_traits/serializable_fst.rs:86:22
[INFO] [stderr]    3: rust_capr::trans::SoundFst::d
[INFO] [stderr]              at ./src/trans.rs:122:13
[INFO] [stderr]    4: rust_capr::negate::<impl rust_capr::trans::SoundFst>::negate
[INFO] [stderr]              at ./src/negate.rs:18:9
[INFO] [stderr]    5: rust_capr::negate::<impl rust_capr::trans::SoundFst>::negate_with_symbol_table
[INFO] [stderr]              at ./src/negate.rs:14:9
[INFO] [stderr]    6: rust_capr::trans::SoundFst::constrain_boundry_markers
[INFO] [stderr]              at ./src/trans.rs:274:9
[INFO] [stderr]    7: rust_capr::trans::SoundFst::replace_in_context
[INFO] [stderr]              at ./src/trans.rs:301:19
[INFO] [stderr]    8: rust_capr::sound_law::SoundLaw::new
[INFO] [stderr]              at ./src/sound_law.rs:67:27
[INFO] [stderr]    9: rust_capr::create_law
[INFO] [stderr]              at ./src/lib.rs:16:5
[INFO] [stderr]   10: rust_capr::transduce_context
[INFO] [stderr]              at ./src/lib.rs:42:15
[INFO] [stderr]   11: rust_capr::tests::sound_law_non_invert
[INFO] [stderr]              at ./src/lib.rs:71:22
[INFO] [stderr]   12: rust_capr::tests::sound_law_non_invert::{{closure}}
[INFO] [stderr]              at ./src/lib.rs:64:30
[INFO] [stderr]   13: core::ops::function::FnOnce::call_once
[INFO] [stderr]              at /rustc/90b35a6239c3d8bdabc530a6a0816f7ff89a0aaf/library/core/src/ops/function.rs:250:5
[INFO] [stderr]   14: core::ops::function::FnOnce::call_once
[INFO] [stderr]              at /rustc/90b35a6239c3d8bdabc530a6a0816f7ff89a0aaf/library/core/src/ops/function.rs:250:5
[INFO] [stderr]   15: test::__rust_begin_short_backtrace
[INFO] [stderr]              at /rustc/90b35a6239c3d8bdabc530a6a0816f7ff89a0aaf/library/test/src/lib.rs:621:18
[INFO] [stderr]   16: test::run_test_in_process::{{closure}}
[INFO] [stderr]              at /rustc/90b35a6239c3d8bdabc530a6a0816f7ff89a0aaf/library/test/src/lib.rs:644:60
[INFO] [stderr]   17: <core::panic::unwind_safe::AssertUnwindSafe<F> as core::ops::function::FnOnce<()>>::call_once
[INFO] [stderr]              at /rustc/90b35a6239c3d8bdabc530a6a0816f7ff89a0aaf/library/core/src/panic/unwind_safe.rs:272:9
[INFO] [stderr]   18: std::panicking::try::do_call
[INFO] [stderr]              at /rustc/90b35a6239c3d8bdabc530a6a0816f7ff89a0aaf/library/std/src/panicking.rs:557:40
[INFO] [stderr]   19: std::panicking::try
[INFO] [stderr]              at /rustc/90b35a6239c3d8bdabc530a6a0816f7ff89a0aaf/library/std/src/panicking.rs:520:19
[INFO] [stderr]   20: std::panic::catch_unwind
[INFO] [stderr]              at /rustc/90b35a6239c3d8bdabc530a6a0816f7ff89a0aaf/library/std/src/panic.rs:358:14
[INFO] [stderr]   21: test::run_test_in_process
[INFO] [stderr]              at /rustc/90b35a6239c3d8bdabc530a6a0816f7ff89a0aaf/library/test/src/lib.rs:644:27
[INFO] [stderr]   22: test::run_test::{{closure}}
[INFO] [stderr]              at /rustc/90b35a6239c3d8bdabc530a6a0816f7ff89a0aaf/library/test/src/lib.rs:565:43
[INFO] [stderr]   23: test::run_test::{{closure}}
[INFO] [stderr]              at /rustc/90b35a6239c3d8bdabc530a6a0816f7ff89a0aaf/library/test/src/lib.rs:595:41
[INFO] [stderr]   24: std::sys::backtrace::__rust_begin_short_backtrace
[INFO] [stderr]              at /rustc/90b35a6239c3d8bdabc530a6a0816f7ff89a0aaf/library/std/src/sys/backtrace.rs:154:18
[INFO] [stderr]   25: std::thread::Builder::spawn_unchecked_::{{closure}}::{{closure}}
[INFO] [stderr]              at /rustc/90b35a6239c3d8bdabc530a6a0816f7ff89a0aaf/library/std/src/thread/mod.rs:538:17
[INFO] [stderr]   26: <core::panic::unwind_safe::AssertUnwindSafe<F> as core::ops::function::FnOnce<()>>::call_once
[INFO] [stderr]              at /rustc/90b35a6239c3d8bdabc530a6a0816f7ff89a0aaf/library/core/src/panic/unwind_safe.rs:272:9
[INFO] [stderr]   27: std::panicking::try::do_call
[INFO] [stderr]              at /rustc/90b35a6239c3d8bdabc530a6a0816f7ff89a0aaf/library/std/src/panicking.rs:557:40
[INFO] [stderr]   28: std::panicking::try
[INFO] [stderr]              at /rustc/90b35a6239c3d8bdabc530a6a0816f7ff89a0aaf/library/std/src/panicking.rs:520:19
[INFO] [stderr]   29: std::panic::catch_unwind
[INFO] [stderr]              at /rustc/90b35a6239c3d8bdabc530a6a0816f7ff89a0aaf/library/std/src/panic.rs:358:14
[INFO] [stderr]   30: std::thread::Builder::spawn_unchecked_::{{closure}}
[INFO] [stderr]              at /rustc/90b35a6239c3d8bdabc530a6a0816f7ff89a0aaf/library/std/src/thread/mod.rs:537:30
[INFO] [stderr]   31: core::ops::function::FnOnce::call_once{{vtable.shim}}
[INFO] [stderr]              at /rustc/90b35a6239c3d8bdabc530a6a0816f7ff89a0aaf/library/core/src/ops/function.rs:250:5
[INFO] [stderr]   32: <alloc::boxed::Box<F,A> as core::ops::function::FnOnce<Args>>::call_once
[INFO] [stderr]              at /rustc/90b35a6239c3d8bdabc530a6a0816f7ff89a0aaf/library/alloc/src/boxed.rs:2454:9
[INFO] [stderr]   33: <alloc::boxed::Box<F,A> as core::ops::function::FnOnce<Args>>::call_once
[INFO] [stderr]              at /rustc/90b35a6239c3d8bdabc530a6a0816f7ff89a0aaf/library/alloc/src/boxed.rs:2454:9
[INFO] [stderr]   34: std::sys::pal::unix::thread::Thread::new::thread_start
[INFO] [stderr]              at /rustc/90b35a6239c3d8bdabc530a6a0816f7ff89a0aaf/library/std/src/sys/pal/unix/thread.rs:105:17
[INFO] [stderr]   35: <unknown>
[INFO] [stderr]   36: clone
[INFO] [stderr] panicked at src/trans.rs:124:18:
[INFO] [stderr] called `Result::unwrap()` on an `Err` value: No such file or directory (os error 2)
[INFO] [stderr] 
[INFO] [stderr] Stack backtrace:
[INFO] [stderr]    0: anyhow::error::<impl core::convert::From<E> for anyhow::Error>::from
[INFO] [stderr]              at /opt/rustwide/cargo-home/registry/src/index.crates.io-6f17d22bba15001f/anyhow-1.0.93/src/backtrace.rs:27:14
[INFO] [stderr]    1: <core::result::Result<T,F> as core::ops::try_trait::FromResidual<core::result::Result<core::convert::Infallible,E>>>::from_residual
[INFO] [stderr]              at /rustc/90b35a6239c3d8bdabc530a6a0816f7ff89a0aaf/library/core/src/result.rs:2010:27
[INFO] [stderr]    2: rustfst::fst_traits::serializable_fst::SerializableFst::draw
[INFO] [stderr]              at /opt/rustwide/cargo-home/registry/src/index.crates.io-6f17d22bba15001f/rustfst-1.1.2/src/fst_traits/serializable_fst.rs:86:22
[INFO] [stderr]    3: rust_capr::trans::SoundFst::d
[INFO] [stderr]              at ./src/trans.rs:122:13
[INFO] [stderr]    4: rust_capr::negate::<impl rust_capr::trans::SoundFst>::negate
[INFO] [stderr]              at ./src/negate.rs:18:9
[INFO] [stderr]    5: rust_capr::negate::<impl rust_capr::trans::SoundFst>::negate_with_symbol_table
[INFO] [stderr]              at ./src/negate.rs:14:9
[INFO] [stderr]    6: rust_capr::trans::SoundFst::constrain_boundry_markers
[INFO] [stderr]              at ./src/trans.rs:274:9
[INFO] [stderr]    7: rust_capr::trans::SoundFst::replace_in_context
[INFO] [stderr]              at ./src/trans.rs:301:19
[INFO] [stderr]    8: rust_capr::sound_law::SoundLaw::new
[INFO] [stderr]              at ./src/sound_law.rs:67:27
[INFO] [stderr]    9: rust_capr::sound_law::tests::compose_test_overflow
[INFO] [stderr]              at ./src/sound_law.rs:376:20
[INFO] [stderr]   10: rust_capr::sound_law::tests::compose_test_overflow::{{closure}}
[INFO] [stderr]              at ./src/sound_law.rs:374:31
[INFO] [stderr]   11: core::ops::function::FnOnce::call_once
[INFO] [stderr]              at /rustc/90b35a6239c3d8bdabc530a6a0816f7ff89a0aaf/library/core/src/ops/function.rs:250:5
[INFO] [stderr]   12: core::ops::function::FnOnce::call_once
[INFO] [stderr]              at /rustc/90b35a6239c3d8bdabc530a6a0816f7ff89a0aaf/library/core/src/ops/function.rs:250:5
[INFO] [stderr]   13: test::__rust_begin_short_backtrace
[INFO] [stderr]              at /rustc/90b35a6239c3d8bdabc530a6a0816f7ff89a0aaf/library/test/src/lib.rs:621:18
[INFO] [stderr]   14: test::run_test_in_process::{{closure}}
[INFO] [stderr]              at /rustc/90b35a6239c3d8bdabc530a6a0816f7ff89a0aaf/library/test/src/lib.rs:644:60
[INFO] [stderr]   15: <core::panic::unwind_safe::AssertUnwindSafe<F> as core::ops::function::FnOnce<()>>::call_once
[INFO] [stderr]              at /rustc/90b35a6239c3d8bdabc530a6a0816f7ff89a0aaf/library/core/src/panic/unwind_safe.rs:272:9
[INFO] [stderr]   16: std::panicking::try::do_call
[INFO] [stderr]              at /rustc/90b35a6239c3d8bdabc530a6a0816f7ff89a0aaf/library/std/src/panicking.rs:557:40
[INFO] [stderr]   17: std::panicking::try
[INFO] [stderr]              at /rustc/90b35a6239c3d8bdabc530a6a0816f7ff89a0aaf/library/std/src/panicking.rs:520:19
[INFO] [stderr]   18: std::panic::catch_unwind
[INFO] [stderr]              at /rustc/90b35a6239c3d8bdabc530a6a0816f7ff89a0aaf/library/std/src/panic.rs:358:14
[INFO] [stderr]   19: test::run_test_in_process
[INFO] [stderr]              at /rustc/90b35a6239c3d8bdabc530a6a0816f7ff89a0aaf/library/test/src/lib.rs:644:27
[INFO] [stderr]   20: test::run_test::{{closure}}
[INFO] [stderr]              at /rustc/90b35a6239c3d8bdabc530a6a0816f7ff89a0aaf/library/test/src/lib.rs:565:43
[INFO] [stderr]   21: test::run_test::{{closure}}
[INFO] [stderr]              at /rustc/90b35a6239c3d8bdabc530a6a0816f7ff89a0aaf/library/test/src/lib.rs:595:41
[INFO] [stderr]   22: std::sys::backtrace::__rust_begin_short_backtrace
[INFO] [stderr]              at /rustc/90b35a6239c3d8bdabc530a6a0816f7ff89a0aaf/library/std/src/sys/backtrace.rs:154:18
[INFO] [stderr]   23: std::thread::Builder::spawn_unchecked_::{{closure}}::{{closure}}
[INFO] [stderr]              at /rustc/90b35a6239c3d8bdabc530a6a0816f7ff89a0aaf/library/std/src/thread/mod.rs:538:17
[INFO] [stderr]   24: <core::panic::unwind_safe::AssertUnwindSafe<F> as core::ops::function::FnOnce<()>>::call_once
[INFO] [stderr]              at /rustc/90b35a6239c3d8bdabc530a6a0816f7ff89a0aaf/library/core/src/panic/unwind_safe.rs:272:9
[INFO] [stderr]   25: std::panicking::try::do_call
[INFO] [stderr]              at /rustc/90b35a6239c3d8bdabc530a6a0816f7ff89a0aaf/library/std/src/panicking.rs:557:40
[INFO] [stderr]   26: std::panicking::try
[INFO] [stderr]              at /rustc/90b35a6239c3d8bdabc530a6a0816f7ff89a0aaf/library/std/src/panicking.rs:520:19
[INFO] [stderr]   27: std::panic::catch_unwind
[INFO] [stderr]              at /rustc/90b35a6239c3d8bdabc530a6a0816f7ff89a0aaf/library/std/src/panic.rs:358:14
[INFO] [stderr]   28: std::thread::Builder::spawn_unchecked_::{{closure}}
[INFO] [stderr]              at /rustc/90b35a6239c3d8bdabc530a6a0816f7ff89a0aaf/library/std/src/thread/mod.rs:537:30
[INFO] [stderr]   29: core::ops::function::FnOnce::call_once{{vtable.shim}}
[INFO] [stderr]              at /rustc/90b35a6239c3d8bdabc530a6a0816f7ff89a0aaf/library/core/src/ops/function.rs:250:5
[INFO] [stderr]   30: <alloc::boxed::Box<F,A> as core::ops::function::FnOnce<Args>>::call_once
[INFO] [stderr]              at /rustc/90b35a6239c3d8bdabc530a6a0816f7ff89a0aaf/library/alloc/src/boxed.rs:2454:9
[INFO] [stderr]   31: <alloc::boxed::Box<F,A> as core::ops::function::FnOnce<Args>>::call_once
[INFO] [stderr]              at /rustc/90b35a6239c3d8bdabc530a6a0816f7ff89a0aaf/library/alloc/src/boxed.rs:2454:9
[INFO] [stderr]   32: std::sys::pal::unix::thread::Thread::new::thread_start
[INFO] [stderr]              at /rustc/90b35a6239c3d8bdabc530a6a0816f7ff89a0aaf/library/std/src/sys/pal/unix/thread.rs:105:17
[INFO] [stderr]   33: <unknown>
[INFO] [stderr]   34: clone
[INFO] [stdout] test sound_law::tests::compose_test_overflow ... FAILED
[INFO] [stderr] panicked at src/trans.rs:124:18:
[INFO] [stdout] test sound_law::tests::right_arrow_test_with_soundlaw ... FAILED
[INFO] [stderr] called `Result::unwrap()` on an `Err` value: No such file or directory (os error 2)
[INFO] [stdout] test negate::tests::negate_test_empty_string ... FAILED
[INFO] [stderr] 
[INFO] [stderr] Stack backtrace:
[INFO] [stderr]    0: anyhow::error::<impl core::convert::From<E> for anyhow::Error>::from
[INFO] [stdout] test trans::tests::symbol_compose_test ... ok
[INFO] [stderr]              at /opt/rustwide/cargo-home/registry/src/index.crates.io-6f17d22bba15001f/anyhow-1.0.93/src/backtrace.rs:27:14
[INFO] [stdout] test negate::tests::negate_test_no_strings ... FAILED
[INFO] [stderr]    1: <core::result::Result<T,F> as core::ops::try_trait::FromResidual<core::result::Result<core::convert::Infallible,E>>>::from_residual
[INFO] [stdout] test sound_law::tests::compose_test ... FAILED
[INFO] [stderr]              at /rustc/90b35a6239c3d8bdabc530a6a0816f7ff89a0aaf/library/core/src/result.rs:2010:27
[INFO] [stderr]    2: rustfst::fst_traits::serializable_fst::SerializableFst::draw
[INFO] [stderr]              at /opt/rustwide/cargo-home/registry/src/index.crates.io-6f17d22bba15001f/rustfst-1.1.2/src/fst_traits/serializable_fst.rs:86:22
[INFO] [stdout] test negate::tests::negate_test_ignore_0_label ... FAILED
[INFO] [stderr]    3: rust_capr::trans::SoundFst::d
[INFO] [stderr]              at ./src/trans.rs:122:13
[INFO] [stderr]    4: rust_capr::negate::<impl rust_capr::trans::SoundFst>::negate
[INFO] [stderr]              at ./src/negate.rs:18:9
[INFO] [stderr]    5: rust_capr::negate::<impl rust_capr::trans::SoundFst>::negate_with_symbol_table
[INFO] [stderr]              at ./src/negate.rs:14:9
[INFO] [stderr]    6: rust_capr::trans::SoundFst::constrain_boundry_markers
[INFO] [stderr]              at ./src/trans.rs:274:9
[INFO] [stderr]    7: rust_capr::trans::SoundFst::replace_in_context
[INFO] [stderr]              at ./src/trans.rs:301:19
[INFO] [stderr]    8: rust_capr::sound_law::SoundLaw::new
[INFO] [stderr]              at ./src/sound_law.rs:67:27
[INFO] [stderr]    9: rust_capr::sound_law::tests::right_arrow_test_with_soundlaw
[INFO] [stderr]              at ./src/sound_law.rs:295:19
[INFO] [stderr]   10: rust_capr::sound_law::tests::right_arrow_test_with_soundlaw::{{closure}}
[INFO] [stderr]              at ./src/sound_law.rs:293:40
[INFO] [stderr]   11: core::ops::function::FnOnce::call_once
[INFO] [stderr]              at /rustc/90b35a6239c3d8bdabc530a6a0816f7ff89a0aaf/library/core/src/ops/function.rs:250:5
[INFO] [stderr]   12: core::ops::function::FnOnce::call_once
[INFO] [stderr]              at /rustc/90b35a6239c3d8bdabc530a6a0816f7ff89a0aaf/library/core/src/ops/function.rs:250:5
[INFO] [stderr]   13: test::__rust_begin_short_backtrace
[INFO] [stderr]              at /rustc/90b35a6239c3d8bdabc530a6a0816f7ff89a0aaf/library/test/src/lib.rs:621:18
[INFO] [stderr]   14: test::run_test_in_process::{{closure}}
[INFO] [stderr]              at /rustc/90b35a6239c3d8bdabc530a6a0816f7ff89a0aaf/library/test/src/lib.rs:644:60
[INFO] [stderr]   15: <core::panic::unwind_safe::AssertUnwindSafe<F> as core::ops::function::FnOnce<()>>::call_once
[INFO] [stderr]              at /rustc/90b35a6239c3d8bdabc530a6a0816f7ff89a0aaf/library/core/src/panic/unwind_safe.rs:272:9
[INFO] [stderr]   16: std::panicking::try::do_call
[INFO] [stderr]              at /rustc/90b35a6239c3d8bdabc530a6a0816f7ff89a0aaf/library/std/src/panicking.rs:557:40
[INFO] [stderr]   17: std::panicking::try
[INFO] [stderr]              at /rustc/90b35a6239c3d8bdabc530a6a0816f7ff89a0aaf/library/std/src/panicking.rs:520:19
[INFO] [stderr]   18: std::panic::catch_unwind
[INFO] [stderr]              at /rustc/90b35a6239c3d8bdabc530a6a0816f7ff89a0aaf/library/std/src/panic.rs:358:14
[INFO] [stderr]   19: test::run_test_in_process
[INFO] [stderr]              at /rustc/90b35a6239c3d8bdabc530a6a0816f7ff89a0aaf/library/test/src/lib.rs:644:27
[INFO] [stderr]   20: test::run_test::{{closure}}
[INFO] [stderr]              at /rustc/90b35a6239c3d8bdabc530a6a0816f7ff89a0aaf/library/test/src/lib.rs:565:43
[INFO] [stderr]   21: test::run_test::{{closure}}
[INFO] [stderr]              at /rustc/90b35a6239c3d8bdabc530a6a0816f7ff89a0aaf/library/test/src/lib.rs:595:41
[INFO] [stderr]   22: std::sys::backtrace::__rust_begin_short_backtrace
[INFO] [stderr]              at /rustc/90b35a6239c3d8bdabc530a6a0816f7ff89a0aaf/library/std/src/sys/backtrace.rs:154:18
[INFO] [stderr]   23: std::thread::Builder::spawn_unchecked_::{{closure}}::{{closure}}
[INFO] [stderr]              at /rustc/90b35a6239c3d8bdabc530a6a0816f7ff89a0aaf/library/std/src/thread/mod.rs:538:17
[INFO] [stderr]   24: <core::panic::unwind_safe::AssertUnwindSafe<F> as core::ops::function::FnOnce<()>>::call_once
[INFO] [stderr]              at /rustc/90b35a6239c3d8bdabc530a6a0816f7ff89a0aaf/library/core/src/panic/unwind_safe.rs:272:9
[INFO] [stderr]   25: std::panicking::try::do_call
[INFO] [stderr]              at /rustc/90b35a6239c3d8bdabc530a6a0816f7ff89a0aaf/library/std/src/panicking.rs:557:40
[INFO] [stderr]   26: std::panicking::try
[INFO] [stderr]              at /rustc/90b35a6239c3d8bdabc530a6a0816f7ff89a0aaf/library/std/src/panicking.rs:520:19
[INFO] [stderr]   27: std::panic::catch_unwind
[INFO] [stderr]              at /rustc/90b35a6239c3d8bdabc530a6a0816f7ff89a0aaf/library/std/src/panic.rs:358:14
[INFO] [stderr]   28: std::thread::Builder::spawn_unchecked_::{{closure}}
[INFO] [stderr]              at /rustc/90b35a6239c3d8bdabc530a6a0816f7ff89a0aaf/library/std/src/thread/mod.rs:537:30
[INFO] [stderr]   29: core::ops::function::FnOnce::call_once{{vtable.shim}}
[INFO] [stderr]              at /rustc/90b35a6239c3d8bdabc530a6a0816f7ff89a0aaf/library/core/src/ops/function.rs:250:5
[INFO] [stderr]   30: <alloc::boxed::Box<F,A> as core::ops::function::FnOnce<Args>>::call_once
[INFO] [stderr]              at /rustc/90b35a6239c3d8bdabc530a6a0816f7ff89a0aaf/library/alloc/src/boxed.rs:2454:9
[INFO] [stderr]   31: <alloc::boxed::Box<F,A> as core::ops::function::FnOnce<Args>>::call_once
[INFO] [stderr]              at /rustc/90b35a6239c3d8bdabc530a6a0816f7ff89a0aaf/library/alloc/src/boxed.rs:2454:9
[INFO] [stderr]   32: std::sys::pal::unix::thread::Thread::new::thread_start
[INFO] [stderr]              at /rustc/90b35a6239c3d8bdabc530a6a0816f7ff89a0aaf/library/std/src/sys/pal/unix/thread.rs:105:17
[INFO] [stderr]   33: <unknown>
[INFO] [stderr]   34: clone
[INFO] [stderr] panicked at src/trans.rs:124:18:
[INFO] [stderr] called `Result::unwrap()` on an `Err` value: No such file or directory (os error 2)
[INFO] [stderr] 
[INFO] [stderr] Stack backtrace:
[INFO] [stderr]    0: anyhow::error::<impl core::convert::From<E> for anyhow::Error>::from
[INFO] [stderr]              at /opt/rustwide/cargo-home/registry/src/index.crates.io-6f17d22bba15001f/anyhow-1.0.93/src/backtrace.rs:27:14
[INFO] [stderr]    1: <core::result::Result<T,F> as core::ops::try_trait::FromResidual<core::result::Result<core::convert::Infallible,E>>>::from_residual
[INFO] [stderr]              at /rustc/90b35a6239c3d8bdabc530a6a0816f7ff89a0aaf/library/core/src/result.rs:2010:27
[INFO] [stderr]    2: rustfst::fst_traits::serializable_fst::SerializableFst::draw
[INFO] [stderr]              at /opt/rustwide/cargo-home/registry/src/index.crates.io-6f17d22bba15001f/rustfst-1.1.2/src/fst_traits/serializable_fst.rs:86:22
[INFO] [stderr]    3: rust_capr::trans::SoundFst::d
[INFO] [stderr]              at ./src/trans.rs:122:13
[INFO] [stderr]    4: rust_capr::negate::<impl rust_capr::trans::SoundFst>::negate
[INFO] [stderr]              at ./src/negate.rs:18:9
[INFO] [stderr]    5: rust_capr::negate::tests::negate_test_empty_string
[INFO] [stderr]              at ./src/negate.rs:185:26
[INFO] [stderr]    6: rust_capr::negate::tests::negate_test_empty_string::{{closure}}
[INFO] [stderr]              at ./src/negate.rs:174:34
[INFO] [stderr]    7: core::ops::function::FnOnce::call_once
[INFO] [stderr]              at /rustc/90b35a6239c3d8bdabc530a6a0816f7ff89a0aaf/library/core/src/ops/function.rs:250:5
[INFO] [stderr]    8: core::ops::function::FnOnce::call_once
[INFO] [stderr]              at /rustc/90b35a6239c3d8bdabc530a6a0816f7ff89a0aaf/library/core/src/ops/function.rs:250:5
[INFO] [stderr]    9: test::__rust_begin_short_backtrace
[INFO] [stderr]              at /rustc/90b35a6239c3d8bdabc530a6a0816f7ff89a0aaf/library/test/src/lib.rs:621:18
[INFO] [stderr]   10: test::run_test_in_process::{{closure}}
[INFO] [stderr]              at /rustc/90b35a6239c3d8bdabc530a6a0816f7ff89a0aaf/library/test/src/lib.rs:644:60
[INFO] [stderr]   11: <core::panic::unwind_safe::AssertUnwindSafe<F> as core::ops::function::FnOnce<()>>::call_once
[INFO] [stderr]              at /rustc/90b35a6239c3d8bdabc530a6a0816f7ff89a0aaf/library/core/src/panic/unwind_safe.rs:272:9
[INFO] [stderr]   12: std::panicking::try::do_call
[INFO] [stderr]              at /rustc/90b35a6239c3d8bdabc530a6a0816f7ff89a0aaf/library/std/src/panicking.rs:557:40
[INFO] [stderr]   13: std::panicking::try
[INFO] [stderr]              at /rustc/90b35a6239c3d8bdabc530a6a0816f7ff89a0aaf/library/std/src/panicking.rs:520:19
[INFO] [stderr]   14: std::panic::catch_unwind
[INFO] [stderr]              at /rustc/90b35a6239c3d8bdabc530a6a0816f7ff89a0aaf/library/std/src/panic.rs:358:14
[INFO] [stderr]   15: test::run_test_in_process
[INFO] [stderr]              at /rustc/90b35a6239c3d8bdabc530a6a0816f7ff89a0aaf/library/test/src/lib.rs:644:27
[INFO] [stderr]   16: test::run_test::{{closure}}
[INFO] [stderr]              at /rustc/90b35a6239c3d8bdabc530a6a0816f7ff89a0aaf/library/test/src/lib.rs:565:43
[INFO] [stderr]   17: test::run_test::{{closure}}
[INFO] [stderr]              at /rustc/90b35a6239c3d8bdabc530a6a0816f7ff89a0aaf/library/test/src/lib.rs:595:41
[INFO] [stderr]   18: std::sys::backtrace::__rust_begin_short_backtrace
[INFO] [stderr]              at /rustc/90b35a6239c3d8bdabc530a6a0816f7ff89a0aaf/library/std/src/sys/backtrace.rs:154:18
[INFO] [stderr]   19: std::thread::Builder::spawn_unchecked_::{{closure}}::{{closure}}
[INFO] [stderr]              at /rustc/90b35a6239c3d8bdabc530a6a0816f7ff89a0aaf/library/std/src/thread/mod.rs:538:17
[INFO] [stderr]   20: <core::panic::unwind_safe::AssertUnwindSafe<F> as core::ops::function::FnOnce<()>>::call_once
[INFO] [stderr]              at /rustc/90b35a6239c3d8bdabc530a6a0816f7ff89a0aaf/library/core/src/panic/unwind_safe.rs:272:9
[INFO] [stderr]   21: std::panicking::try::do_call
[INFO] [stdout] test sound_law::tests::compose_test_insert ... FAILED
[INFO] [stderr]              at /rustc/90b35a6239c3d8bdabc530a6a0816f7ff89a0aaf/library/std/src/panicking.rs:557:40
[INFO] [stdout] test sound_law::tests::compose_test_rm ... FAILED
[INFO] [stderr]   22: std::panicking::try
[INFO] [stdout] test trans::tests::replace_transducer_test ... FAILED
[INFO] [stderr]              at /rustc/90b35a6239c3d8bdabc530a6a0816f7ff89a0aaf/library/std/src/panicking.rs:520:19
[INFO] [stderr]   23: std::panic::catch_unwind
[INFO] [stderr]              at /rustc/90b35a6239c3d8bdabc530a6a0816f7ff89a0aaf/library/std/src/panic.rs:358:14
[INFO] [stderr]   24: std::thread::Builder::spawn_unchecked_::{{closure}}
[INFO] [stderr]              at /rustc/90b35a6239c3d8bdabc530a6a0816f7ff89a0aaf/library/std/src/thread/mod.rs:537:30
[INFO] [stderr]   25: core::ops::function::FnOnce::call_once{{vtable.shim}}
[INFO] [stderr]              at /rustc/90b35a6239c3d8bdabc530a6a0816f7ff89a0aaf/library/core/src/ops/function.rs:250:5
[INFO] [stderr]   26: <alloc::boxed::Box<F,A> as core::ops::function::FnOnce<Args>>::call_once
[INFO] [stderr]              at /rustc/90b35a6239c3d8bdabc530a6a0816f7ff89a0aaf/library/alloc/src/boxed.rs:2454:9
[INFO] [stderr]   27: <alloc::boxed::Box<F,A> as core::ops::function::FnOnce<Args>>::call_once
[INFO] [stderr]              at /rustc/90b35a6239c3d8bdabc530a6a0816f7ff89a0aaf/library/alloc/src/boxed.rs:2454:9
[INFO] [stdout] test negate::tests::star_then_star ... FAILED
[INFO] [stderr]   28: std::sys::pal::unix::thread::Thread::new::thread_start
[INFO] [stdout] test trans::tests::simple_replace_multiple ... FAILED
[INFO] [stderr]              at /rustc/90b35a6239c3d8bdabc530a6a0816f7ff89a0aaf/library/std/src/sys/pal/unix/thread.rs:105:17
[INFO] [stderr]   29: <unknown>
[INFO] [stderr]   30: clone
[INFO] [stderr] panicked at src/trans.rs:124:18:
[INFO] [stderr] called `Result::unwrap()` on an `Err` value: No such file or directory (os error 2)
[INFO] [stderr] 
[INFO] [stderr] Stack backtrace:
[INFO] [stderr]    0: anyhow::error::<impl core::convert::From<E> for anyhow::Error>::from
[INFO] [stderr]              at /opt/rustwide/cargo-home/registry/src/index.crates.io-6f17d22bba15001f/anyhow-1.0.93/src/backtrace.rs:27:14
[INFO] [stderr]    1: <core::result::Result<T,F> as core::ops::try_trait::FromResidual<core::result::Result<core::convert::Infallible,E>>>::from_residual
[INFO] [stderr]              at /rustc/90b35a6239c3d8bdabc530a6a0816f7ff89a0aaf/library/core/src/result.rs:2010:27
[INFO] [stderr]    2: rustfst::fst_traits::serializable_fst::SerializableFst::draw
[INFO] [stderr]              at /opt/rustwide/cargo-home/registry/src/index.crates.io-6f17d22bba15001f/rustfst-1.1.2/src/fst_traits/serializable_fst.rs:86:22
[INFO] [stderr]    3: rust_capr::trans::SoundFst::d
[INFO] [stderr]              at ./src/trans.rs:122:13
[INFO] [stderr]    4: rust_capr::negate::<impl rust_capr::trans::SoundFst>::negate
[INFO] [stderr]              at ./src/negate.rs:18:9
[INFO] [stderr]    5: rust_capr::negate::tests::negate_test_no_strings
[INFO] [stderr]              at ./src/negate.rs:234:26
[INFO] [stderr]    6: rust_capr::negate::tests::negate_test_no_strings::{{closure}}
[INFO] [stderr]              at ./src/negate.rs:224:32
[INFO] [stderr]    7: core::ops::function::FnOnce::call_once
[INFO] [stderr]              at /rustc/90b35a6239c3d8bdabc530a6a0816f7ff89a0aaf/library/core/src/ops/function.rs:250:5
[INFO] [stderr]    8: core::ops::function::FnOnce::call_once
[INFO] [stderr]              at /rustc/90b35a6239c3d8bdabc530a6a0816f7ff89a0aaf/library/core/src/ops/function.rs:250:5
[INFO] [stderr]    9: test::__rust_begin_short_backtrace
[INFO] [stderr]              at /rustc/90b35a6239c3d8bdabc530a6a0816f7ff89a0aaf/library/test/src/lib.rs:621:18
[INFO] [stderr]   10: test::run_test_in_process::{{closure}}
[INFO] [stderr]              at /rustc/90b35a6239c3d8bdabc530a6a0816f7ff89a0aaf/library/test/src/lib.rs:644:60
[INFO] [stderr]   11: <core::panic::unwind_safe::AssertUnwindSafe<F> as core::ops::function::FnOnce<()>>::call_once
[INFO] [stderr]              at /rustc/90b35a6239c3d8bdabc530a6a0816f7ff89a0aaf/library/core/src/panic/unwind_safe.rs:272:9
[INFO] [stderr]   12: std::panicking::try::do_call
[INFO] [stderr]              at /rustc/90b35a6239c3d8bdabc530a6a0816f7ff89a0aaf/library/std/src/panicking.rs:557:40
[INFO] [stderr]   13: std::panicking::try
[INFO] [stderr]              at /rustc/90b35a6239c3d8bdabc530a6a0816f7ff89a0aaf/library/std/src/panicking.rs:520:19
[INFO] [stderr]   14: std::panic::catch_unwind
[INFO] [stderr]              at /rustc/90b35a6239c3d8bdabc530a6a0816f7ff89a0aaf/library/std/src/panic.rs:358:14
[INFO] [stderr]   15: test::run_test_in_process
[INFO] [stderr]              at /rustc/90b35a6239c3d8bdabc530a6a0816f7ff89a0aaf/library/test/src/lib.rs:644:27
[INFO] [stderr]   16: test::run_test::{{closure}}
[INFO] [stderr]              at /rustc/90b35a6239c3d8bdabc530a6a0816f7ff89a0aaf/library/test/src/lib.rs:565:43
[INFO] [stderr]   17: test::run_test::{{closure}}
[INFO] [stderr]              at /rustc/90b35a6239c3d8bdabc530a6a0816f7ff89a0aaf/library/test/src/lib.rs:595:41
[INFO] [stderr]   18: std::sys::backtrace::__rust_begin_short_backtrace
[INFO] [stderr]              at /rustc/90b35a6239c3d8bdabc530a6a0816f7ff89a0aaf/library/std/src/sys/backtrace.rs:154:18
[INFO] [stderr]   19: std::thread::Builder::spawn_unchecked_::{{closure}}::{{closure}}
[INFO] [stderr]              at /rustc/90b35a6239c3d8bdabc530a6a0816f7ff89a0aaf/library/std/src/thread/mod.rs:538:17
[INFO] [stderr]   20: <core::panic::unwind_safe::AssertUnwindSafe<F> as core::ops::function::FnOnce<()>>::call_once
[INFO] [stderr]              at /rustc/90b35a6239c3d8bdabc530a6a0816f7ff89a0aaf/library/core/src/panic/unwind_safe.rs:272:9
[INFO] [stderr]   21: std::panicking::try::do_call
[INFO] [stderr]              at /rustc/90b35a6239c3d8bdabc530a6a0816f7ff89a0aaf/library/std/src/panicking.rs:557:40
[INFO] [stderr]   22: std::panicking::try
[INFO] [stderr]              at /rustc/90b35a6239c3d8bdabc530a6a0816f7ff89a0aaf/library/std/src/panicking.rs:520:19
[INFO] [stderr]   23: std::panic::catch_unwind
[INFO] [stderr]              at /rustc/90b35a6239c3d8bdabc530a6a0816f7ff89a0aaf/library/std/src/panic.rs:358:14
[INFO] [stderr]   24: std::thread::Builder::spawn_unchecked_::{{closure}}
[INFO] [stderr]              at /rustc/90b35a6239c3d8bdabc530a6a0816f7ff89a0aaf/library/std/src/thread/mod.rs:537:30
[INFO] [stderr]   25: core::ops::function::FnOnce::call_once{{vtable.shim}}
[INFO] [stderr]              at /rustc/90b35a6239c3d8bdabc530a6a0816f7ff89a0aaf/library/core/src/ops/function.rs:250:5
[INFO] [stderr]   26: <alloc::boxed::Box<F,A> as core::ops::function::FnOnce<Args>>::call_once
[INFO] [stderr]              at /rustc/90b35a6239c3d8bdabc530a6a0816f7ff89a0aaf/library/alloc/src/boxed.rs:2454:9
[INFO] [stderr]   27: <alloc::boxed::Box<F,A> as core::ops::function::FnOnce<Args>>::call_once
[INFO] [stderr]              at /rustc/90b35a6239c3d8bdabc530a6a0816f7ff89a0aaf/library/alloc/src/boxed.rs:2454:9
[INFO] [stderr]   28: std::sys::pal::unix::thread::Thread::new::thread_start
[INFO] [stderr]              at /rustc/90b35a6239c3d8bdabc530a6a0816f7ff89a0aaf/library/std/src/sys/pal/unix/thread.rs:105:17
[INFO] [stderr]   29: <unknown>
[INFO] [stderr]   30: clone
[INFO] [stderr] panicked at src/trans.rs:124:18:
[INFO] [stderr] called `Result::unwrap()` on an `Err` value: No such file or directory (os error 2)
[INFO] [stderr] 
[INFO] [stderr] Stack backtrace:
[INFO] [stderr]    0: anyhow::error::<impl core::convert::From<E> for anyhow::Error>::from
[INFO] [stderr]              at /opt/rustwide/cargo-home/registry/src/index.crates.io-6f17d22bba15001f/anyhow-1.0.93/src/backtrace.rs:27:14
[INFO] [stderr]    1: <core::result::Result<T,F> as core::ops::try_trait::FromResidual<core::result::Result<core::convert::Infallible,E>>>::from_residual
[INFO] [stderr]              at /rustc/90b35a6239c3d8bdabc530a6a0816f7ff89a0aaf/library/core/src/result.rs:2010:27
[INFO] [stderr]    2: rustfst::fst_traits::serializable_fst::SerializableFst::draw
[INFO] [stderr]              at /opt/rustwide/cargo-home/registry/src/index.crates.io-6f17d22bba15001f/rustfst-1.1.2/src/fst_traits/serializable_fst.rs:86:22
[INFO] [stderr]    3: rust_capr::trans::SoundFst::d
[INFO] [stderr]              at ./src/trans.rs:122:13
[INFO] [stderr]    4: rust_capr::negate::<impl rust_capr::trans::SoundFst>::negate
[INFO] [stderr]              at ./src/negate.rs:18:9
[INFO] [stderr]    5: rust_capr::negate::<impl rust_capr::trans::SoundFst>::negate_with_symbol_table
[INFO] [stderr]              at ./src/negate.rs:14:9
[INFO] [stderr]    6: rust_capr::trans::SoundFst::constrain_boundry_markers
[INFO] [stderr]              at ./src/trans.rs:274:9
[INFO] [stderr]    7: rust_capr::trans::SoundFst::replace_in_context
[INFO] [stderr]              at ./src/trans.rs:301:19
[INFO] [stderr]    8: rust_capr::sound_law::SoundLaw::new
[INFO] [stderr]              at ./src/sound_law.rs:67:27
[INFO] [stderr]    9: rust_capr::sound_law::tests::compose_test
[INFO] [stderr]              at ./src/sound_law.rs:308:20
[INFO] [stderr]   10: rust_capr::sound_law::tests::compose_test::{{closure}}
[INFO] [stderr]              at ./src/sound_law.rs:306:22
[INFO] [stderr]   11: core::ops::function::FnOnce::call_once
[INFO] [stderr]              at /rustc/90b35a6239c3d8bdabc530a6a0816f7ff89a0aaf/library/core/src/ops/function.rs:250:5
[INFO] [stderr]   12: core::ops::function::FnOnce::call_once
[INFO] [stderr]              at /rustc/90b35a6239c3d8bdabc530a6a0816f7ff89a0aaf/library/core/src/ops/function.rs:250:5
[INFO] [stderr]   13: test::__rust_begin_short_backtrace
[INFO] [stderr]              at /rustc/90b35a6239c3d8bdabc530a6a0816f7ff89a0aaf/library/test/src/lib.rs:621:18
[INFO] [stderr]   14: test::run_test_in_process::{{closure}}
[INFO] [stderr]              at /rustc/90b35a6239c3d8bdabc530a6a0816f7ff89a0aaf/library/test/src/lib.rs:644:60
[INFO] [stderr]   15: <core::panic::unwind_safe::AssertUnwindSafe<F> as core::ops::function::FnOnce<()>>::call_once
[INFO] [stderr]              at /rustc/90b35a6239c3d8bdabc530a6a0816f7ff89a0aaf/library/core/src/panic/unwind_safe.rs:272:9
[INFO] [stderr]   16: std::panicking::try::do_call
[INFO] [stderr]              at /rustc/90b35a6239c3d8bdabc530a6a0816f7ff89a0aaf/library/std/src/panicking.rs:557:40
[INFO] [stderr]   17: std::panicking::try
[INFO] [stderr]              at /rustc/90b35a6239c3d8bdabc530a6a0816f7ff89a0aaf/library/std/src/panicking.rs:520:19
[INFO] [stderr]   18: std::panic::catch_unwind
[INFO] [stderr]              at /rustc/90b35a6239c3d8bdabc530a6a0816f7ff89a0aaf/library/std/src/panic.rs:358:14
[INFO] [stderr]   19: test::run_test_in_process
[INFO] [stderr]              at /rustc/90b35a6239c3d8bdabc530a6a0816f7ff89a0aaf/library/test/src/lib.rs:644:27
[INFO] [stderr]   20: test::run_test::{{closure}}
[INFO] [stderr]              at /rustc/90b35a6239c3d8bdabc530a6a0816f7ff89a0aaf/library/test/src/lib.rs:565:43
[INFO] [stderr]   21: test::run_test::{{closure}}
[INFO] [stderr]              at /rustc/90b35a6239c3d8bdabc530a6a0816f7ff89a0aaf/library/test/src/lib.rs:595:41
[INFO] [stderr]   22: std::sys::backtrace::__rust_begin_short_backtrace
[INFO] [stderr]              at /rustc/90b35a6239c3d8bdabc530a6a0816f7ff89a0aaf/library/std/src/sys/backtrace.rs:154:18
[INFO] [stderr]   23: std::thread::Builder::spawn_unchecked_::{{closure}}::{{closure}}
[INFO] [stderr]              at /rustc/90b35a6239c3d8bdabc530a6a0816f7ff89a0aaf/library/std/src/thread/mod.rs:538:17
[INFO] [stderr]   24: <core::panic::unwind_safe::AssertUnwindSafe<F> as core::ops::function::FnOnce<()>>::call_once
[INFO] [stderr]              at /rustc/90b35a6239c3d8bdabc530a6a0816f7ff89a0aaf/library/core/src/panic/unwind_safe.rs:272:9
[INFO] [stderr]   25: std::panicking::try::do_call
[INFO] [stderr]              at /rustc/90b35a6239c3d8bdabc530a6a0816f7ff89a0aaf/library/std/src/panicking.rs:557:40
[INFO] [stderr]   26: std::panicking::try
[INFO] [stderr]              at /rustc/90b35a6239c3d8bdabc530a6a0816f7ff89a0aaf/library/std/src/panicking.rs:520:19
[INFO] [stderr]   27: std::panic::catch_unwind
[INFO] [stderr]              at /rustc/90b35a6239c3d8bdabc530a6a0816f7ff89a0aaf/library/std/src/panic.rs:358:14
[INFO] [stderr]   28: std::thread::Builder::spawn_unchecked_::{{closure}}
[INFO] [stderr]              at /rustc/90b35a6239c3d8bdabc530a6a0816f7ff89a0aaf/library/std/src/thread/mod.rs:537:30
[INFO] [stderr]   29: core::ops::function::FnOnce::call_once{{vtable.shim}}
[INFO] [stderr]              at /rustc/90b35a6239c3d8bdabc530a6a0816f7ff89a0aaf/library/core/src/ops/function.rs:250:5
[INFO] [stderr]   30: <alloc::boxed::Box<F,A> as core::ops::function::FnOnce<Args>>::call_once
[INFO] [stderr]              at /rustc/90b35a6239c3d8bdabc530a6a0816f7ff89a0aaf/library/alloc/src/boxed.rs:2454:9
[INFO] [stderr]   31: <alloc::boxed::Box<F,A> as core::ops::function::FnOnce<Args>>::call_once
[INFO] [stderr]              at /rustc/90b35a6239c3d8bdabc530a6a0816f7ff89a0aaf/library/alloc/src/boxed.rs:2454:9
[INFO] [stderr]   32: std::sys::pal::unix::thread::Thread::new::thread_start
[INFO] [stderr]              at /rustc/90b35a6239c3d8bdabc530a6a0816f7ff89a0aaf/library/std/src/sys/pal/unix/thread.rs:105:17
[INFO] [stderr]   33: <unknown>
[INFO] [stderr]   34: clone
[INFO] [stderr] panicked at src/trans.rs:124:18:
[INFO] [stderr] called `Result::unwrap()` on an `Err` value: No such file or directory (os error 2)
[INFO] [stderr] 
[INFO] [stderr] Stack backtrace:
[INFO] [stderr]    0: anyhow::error::<impl core::convert::From<E> for anyhow::Error>::from
[INFO] [stderr]              at /opt/rustwide/cargo-home/registry/src/index.crates.io-6f17d22bba15001f/anyhow-1.0.93/src/backtrace.rs:27:14
[INFO] [stderr]    1: <core::result::Result<T,F> as core::ops::try_trait::FromResidual<core::result::Result<core::convert::Infallible,E>>>::from_residual
[INFO] [stderr]              at /rustc/90b35a6239c3d8bdabc530a6a0816f7ff89a0aaf/library/core/src/result.rs:2010:27
[INFO] [stderr]    2: rustfst::fst_traits::serializable_fst::SerializableFst::draw
[INFO] [stderr]              at /opt/rustwide/cargo-home/registry/src/index.crates.io-6f17d22bba15001f/rustfst-1.1.2/src/fst_traits/serializable_fst.rs:86:22
[INFO] [stderr]    3: rust_capr::trans::SoundFst::d
[INFO] [stderr]              at ./src/trans.rs:122:13
[INFO] [stderr]    4: rust_capr::negate::<impl rust_capr::trans::SoundFst>::negate
[INFO] [stderr]              at ./src/negate.rs:18:9
[INFO] [stderr]    5: rust_capr::negate::tests::negate_test_ignore_0_label
[INFO] [stderr]              at ./src/negate.rs:168:27
[INFO] [stderr]    6: rust_capr::negate::tests::negate_test_ignore_0_label::{{closure}}
[INFO] [stderr]              at ./src/negate.rs:161:36
[INFO] [stderr]    7: core::ops::function::FnOnce::call_once
[INFO] [stderr]              at /rustc/90b35a6239c3d8bdabc530a6a0816f7ff89a0aaf/library/core/src/ops/function.rs:250:5
[INFO] [stderr]    8: core::ops::function::FnOnce::call_once
[INFO] [stderr]              at /rustc/90b35a6239c3d8bdabc530a6a0816f7ff89a0aaf/library/core/src/ops/function.rs:250:5
[INFO] [stderr]    9: test::__rust_begin_short_backtrace
[INFO] [stderr]              at /rustc/90b35a6239c3d8bdabc530a6a0816f7ff89a0aaf/library/test/src/lib.rs:621:18
[INFO] [stderr]   10: test::run_test_in_process::{{closure}}
[INFO] [stderr]              at /rustc/90b35a6239c3d8bdabc530a6a0816f7ff89a0aaf/library/test/src/lib.rs:644:60
[INFO] [stderr]   11: <core::panic::unwind_safe::AssertUnwindSafe<F> as core::ops::function::FnOnce<()>>::call_once
[INFO] [stderr]              at /rustc/90b35a6239c3d8bdabc530a6a0816f7ff89a0aaf/library/core/src/panic/unwind_safe.rs:272:9
[INFO] [stderr]   12: std::panicking::try::do_call
[INFO] [stderr]              at /rustc/90b35a6239c3d8bdabc530a6a0816f7ff89a0aaf/library/std/src/panicking.rs:557:40
[INFO] [stderr]   13: std::panicking::try
[INFO] [stderr]              at /rustc/90b35a6239c3d8bdabc530a6a0816f7ff89a0aaf/library/std/src/panicking.rs:520:19
[INFO] [stderr]   14: std::panic::catch_unwind
[INFO] [stderr]              at /rustc/90b35a6239c3d8bdabc530a6a0816f7ff89a0aaf/library/std/src/panic.rs:358:14
[INFO] [stderr]   15: test::run_test_in_process
[INFO] [stderr]              at /rustc/90b35a6239c3d8bdabc530a6a0816f7ff89a0aaf/library/test/src/lib.rs:644:27
[INFO] [stderr]   16: test::run_test::{{closure}}
[INFO] [stderr]              at /rustc/90b35a6239c3d8bdabc530a6a0816f7ff89a0aaf/library/test/src/lib.rs:565:43
[INFO] [stderr]   17: test::run_test::{{closure}}
[INFO] [stderr]              at /rustc/90b35a6239c3d8bdabc530a6a0816f7ff89a0aaf/library/test/src/lib.rs:595:41
[INFO] [stderr]   18: std::sys::backtrace::__rust_begin_short_backtrace
[INFO] [stderr]              at /rustc/90b35a6239c3d8bdabc530a6a0816f7ff89a0aaf/library/std/src/sys/backtrace.rs:154:18
[INFO] [stderr]   19: std::thread::Builder::spawn_unchecked_::{{closure}}::{{closure}}
[INFO] [stderr]              at /rustc/90b35a6239c3d8bdabc530a6a0816f7ff89a0aaf/library/std/src/thread/mod.rs:538:17
[INFO] [stderr]   20: <core::panic::unwind_safe::AssertUnwindSafe<F> as core::ops::function::FnOnce<()>>::call_once
[INFO] [stderr]              at /rustc/90b35a6239c3d8bdabc530a6a0816f7ff89a0aaf/library/core/src/panic/unwind_safe.rs:272:9
[INFO] [stderr]   21: std::panicking::try::do_call
[INFO] [stderr]              at /rustc/90b35a6239c3d8bdabc530a6a0816f7ff89a0aaf/library/std/src/panicking.rs:557:40
[INFO] [stderr]   22: std::panicking::try
[INFO] [stderr]              at /rustc/90b35a6239c3d8bdabc530a6a0816f7ff89a0aaf/library/std/src/panicking.rs:520:19
[INFO] [stderr]   23: std::panic::catch_unwind
[INFO] [stderr]              at /rustc/90b35a6239c3d8bdabc530a6a0816f7ff89a0aaf/library/std/src/panic.rs:358:14
[INFO] [stderr]   24: std::thread::Builder::spawn_unchecked_::{{closure}}
[INFO] [stderr]              at /rustc/90b35a6239c3d8bdabc530a6a0816f7ff89a0aaf/library/std/src/thread/mod.rs:537:30
[INFO] [stderr]   25: core::ops::function::FnOnce::call_once{{vtable.shim}}
[INFO] [stderr]              at /rustc/90b35a6239c3d8bdabc530a6a0816f7ff89a0aaf/library/core/src/ops/function.rs:250:5
[INFO] [stderr]   26: <alloc::boxed::Box<F,A> as core::ops::function::FnOnce<Args>>::call_once
[INFO] [stderr]              at /rustc/90b35a6239c3d8bdabc530a6a0816f7ff89a0aaf/library/alloc/src/boxed.rs:2454:9
[INFO] [stderr]   27: <alloc::boxed::Box<F,A> as core::ops::function::FnOnce<Args>>::call_once
[INFO] [stderr]              at /rustc/90b35a6239c3d8bdabc530a6a0816f7ff89a0aaf/library/alloc/src/boxed.rs:2454:9
[INFO] [stderr]   28: std::sys::pal::unix::thread::Thread::new::thread_start
[INFO] [stderr]              at /rustc/90b35a6239c3d8bdabc530a6a0816f7ff89a0aaf/library/std/src/sys/pal/unix/thread.rs:105:17
[INFO] [stderr]   29: <unknown>
[INFO] [stderr]   30: clone
[INFO] [stderr] panicked at src/trans.rs:124:18:
[INFO] [stderr] called `Result::unwrap()` on an `Err` value: No such file or directory (os error 2)
[INFO] [stderr] 
[INFO] [stderr] Stack backtrace:
[INFO] [stderr]    0: anyhow::error::<impl core::convert::From<E> for anyhow::Error>::from
[INFO] [stderr]              at /opt/rustwide/cargo-home/registry/src/index.crates.io-6f17d22bba15001f/anyhow-1.0.93/src/backtrace.rs:27:14
[INFO] [stderr]    1: <core::result::Result<T,F> as core::ops::try_trait::FromResidual<core::result::Result<core::convert::Infallible,E>>>::from_residual
[INFO] [stderr]              at /rustc/90b35a6239c3d8bdabc530a6a0816f7ff89a0aaf/library/core/src/result.rs:2010:27
[INFO] [stderr]    2: rustfst::fst_traits::serializable_fst::SerializableFst::draw
[INFO] [stderr]              at /opt/rustwide/cargo-home/registry/src/index.crates.io-6f17d22bba15001f/rustfst-1.1.2/src/fst_traits/serializable_fst.rs:86:22
[INFO] [stderr]    3: rust_capr::trans::SoundFst::d
[INFO] [stderr]              at ./src/trans.rs:122:13
[INFO] [stderr]    4: rust_capr::negate::<impl rust_capr::trans::SoundFst>::negate
[INFO] [stderr]              at ./src/negate.rs:18:9
[INFO] [stderr]    5: rust_capr::negate::<impl rust_capr::trans::SoundFst>::negate_with_symbol_table
[INFO] [stderr]              at ./src/negate.rs:14:9
[INFO] [stderr]    6: rust_capr::trans::SoundFst::constrain_boundry_markers
[INFO] [stderr]              at ./src/trans.rs:274:9
[INFO] [stderr]    7: rust_capr::trans::SoundFst::replace_in_context
[INFO] [stderr]              at ./src/trans.rs:301:19
[INFO] [stderr]    8: rust_capr::sound_law::SoundLaw::new
[INFO] [stderr]              at ./src/sound_law.rs:67:27
[INFO] [stderr]    9: rust_capr::sound_law::tests::compose_test_insert
[INFO] [stderr]              at ./src/sound_law.rs:351:20
[INFO] [stderr]   10: rust_capr::sound_law::tests::compose_test_insert::{{closure}}
[INFO] [stderr]              at ./src/sound_law.rs:349:29
[INFO] [stderr]   11: core::ops::function::FnOnce::call_once
[INFO] [stderr]              at /rustc/90b35a6239c3d8bdabc530a6a0816f7ff89a0aaf/library/core/src/ops/function.rs:250:5
[INFO] [stderr]   12: core::ops::function::FnOnce::call_once
[INFO] [stderr]              at /rustc/90b35a6239c3d8bdabc530a6a0816f7ff89a0aaf/library/core/src/ops/function.rs:250:5
[INFO] [stderr]   13: test::__rust_begin_short_backtrace
[INFO] [stderr]              at /rustc/90b35a6239c3d8bdabc530a6a0816f7ff89a0aaf/library/test/src/lib.rs:621:18
[INFO] [stderr]   14: test::run_test_in_process::{{closure}}
[INFO] [stderr]              at /rustc/90b35a6239c3d8bdabc530a6a0816f7ff89a0aaf/library/test/src/lib.rs:644:60
[INFO] [stderr]   15: <core::panic::unwind_safe::AssertUnwindSafe<F> as core::ops::function::FnOnce<()>>::call_once
[INFO] [stderr]              at /rustc/90b35a6239c3d8bdabc530a6a0816f7ff89a0aaf/library/core/src/panic/unwind_safe.rs:272:9
[INFO] [stderr]   16: std::panicking::try::do_call
[INFO] [stderr]              at /rustc/90b35a6239c3d8bdabc530a6a0816f7ff89a0aaf/library/std/src/panicking.rs:557:40
[INFO] [stderr]   17: std::panicking::try
[INFO] [stderr]              at /rustc/90b35a6239c3d8bdabc530a6a0816f7ff89a0aaf/library/std/src/panicking.rs:520:19
[INFO] [stderr]   18: std::panic::catch_unwind
[INFO] [stderr]              at /rustc/90b35a6239c3d8bdabc530a6a0816f7ff89a0aaf/library/std/src/panic.rs:358:14
[INFO] [stderr]   19: test::run_test_in_process
[INFO] [stderr]              at /rustc/90b35a6239c3d8bdabc530a6a0816f7ff89a0aaf/library/test/src/lib.rs:644:27
[INFO] [stderr]   20: test::run_test::{{closure}}
[INFO] [stderr]              at /rustc/90b35a6239c3d8bdabc530a6a0816f7ff89a0aaf/library/test/src/lib.rs:565:43
[INFO] [stderr]   21: test::run_test::{{closure}}
[INFO] [stderr]              at /rustc/90b35a6239c3d8bdabc530a6a0816f7ff89a0aaf/library/test/src/lib.rs:595:41
[INFO] [stderr]   22: std::sys::backtrace::__rust_begin_short_backtrace
[INFO] [stderr]              at /rustc/90b35a6239c3d8bdabc530a6a0816f7ff89a0aaf/library/std/src/sys/backtrace.rs:154:18
[INFO] [stderr]   23: std::thread::Builder::spawn_unchecked_::{{closure}}::{{closure}}
[INFO] [stderr]              at /rustc/90b35a6239c3d8bdabc530a6a0816f7ff89a0aaf/library/std/src/thread/mod.rs:538:17
[INFO] [stderr]   24: <core::panic::unwind_safe::AssertUnwindSafe<F> as core::ops::function::FnOnce<()>>::call_once
[INFO] [stderr]              at /rustc/90b35a6239c3d8bdabc530a6a0816f7ff89a0aaf/library/core/src/panic/unwind_safe.rs:272:9
[INFO] [stderr]   25: std::panicking::try::do_call
[INFO] [stderr]              at /rustc/90b35a6239c3d8bdabc530a6a0816f7ff89a0aaf/library/std/src/panicking.rs:557:40
[INFO] [stderr]   26: std::panicking::try
[INFO] [stderr]              at /rustc/90b35a6239c3d8bdabc530a6a0816f7ff89a0aaf/library/std/src/panicking.rs:520:19
[INFO] [stderr]   27: std::panic::catch_unwind
[INFO] [stderr]              at /rustc/90b35a6239c3d8bdabc530a6a0816f7ff89a0aaf/library/std/src/panic.rs:358:14
[INFO] [stderr]   28: std::thread::Builder::spawn_unchecked_::{{closure}}
[INFO] [stderr]              at /rustc/90b35a6239c3d8bdabc530a6a0816f7ff89a0aaf/library/std/src/thread/mod.rs:537:30
[INFO] [stderr]   29: core::ops::function::FnOnce::call_once{{vtable.shim}}
[INFO] [stderr]              at /rustc/90b35a6239c3d8bdabc530a6a0816f7ff89a0aaf/library/core/src/ops/function.rs:250:5
[INFO] [stderr]   30: <alloc::boxed::Box<F,A> as core::ops::function::FnOnce<Args>>::call_once
[INFO] [stderr]              at /rustc/90b35a6239c3d8bdabc530a6a0816f7ff89a0aaf/library/alloc/src/boxed.rs:2454:9
[INFO] [stderr]   31: <alloc::boxed::Box<F,A> as core::ops::function::FnOnce<Args>>::call_once
[INFO] [stderr]              at /rustc/90b35a6239c3d8bdabc530a6a0816f7ff89a0aaf/library/alloc/src/boxed.rs:2454:9
[INFO] [stderr]   32: std::sys::pal::unix::thread::Thread::new::thread_start
[INFO] [stderr]              at /rustc/90b35a6239c3d8bdabc530a6a0816f7ff89a0aaf/library/std/src/sys/pal/unix/thread.rs:105:17
[INFO] [stderr]   33: <unknown>
[INFO] [stderr]   34: clone
[INFO] [stderr] panicked at src/trans.rs:124:18:
[INFO] [stderr] called `Result::unwrap()` on an `Err` value: No such file or directory (os error 2)
[INFO] [stderr] 
[INFO] [stderr] Stack backtrace:
[INFO] [stderr]    0: anyhow::error::<impl core::convert::From<E> for anyhow::Error>::from
[INFO] [stderr]              at /opt/rustwide/cargo-home/registry/src/index.crates.io-6f17d22bba15001f/anyhow-1.0.93/src/backtrace.rs:27:14
[INFO] [stderr]    1: <core::result::Result<T,F> as core::ops::try_trait::FromResidual<core::result::Result<core::convert::Infallible,E>>>::from_residual
[INFO] [stderr]              at /rustc/90b35a6239c3d8bdabc530a6a0816f7ff89a0aaf/library/core/src/result.rs:2010:27
[INFO] [stderr]    2: rustfst::fst_traits::serializable_fst::SerializableFst::draw
[INFO] [stderr]              at /opt/rustwide/cargo-home/registry/src/index.crates.io-6f17d22bba15001f/rustfst-1.1.2/src/fst_traits/serializable_fst.rs:86:22
[INFO] [stderr]    3: rust_capr::trans::SoundFst::d
[INFO] [stderr]              at ./src/trans.rs:122:13
[INFO] [stderr]    4: rust_capr::negate::<impl rust_capr::trans::SoundFst>::negate
[INFO] [stderr]              at ./src/negate.rs:18:9
[INFO] [stderr]    5: rust_capr::negate::<impl rust_capr::trans::SoundFst>::negate_with_symbol_table
[INFO] [stderr]              at ./src/negate.rs:14:9
[INFO] [stderr]    6: rust_capr::trans::SoundFst::constrain_boundry_markers
[INFO] [stderr]              at ./src/trans.rs:274:9
[INFO] [stderr]    7: rust_capr::trans::SoundFst::replace_in_context
[INFO] [stderr]              at ./src/trans.rs:301:19
[INFO] [stderr]    8: rust_capr::sound_law::SoundLaw::new
[INFO] [stderr]              at ./src/sound_law.rs:67:27
[INFO] [stderr]    9: rust_capr::sound_law::tests::compose_test_rm
[INFO] [stderr]              at ./src/sound_law.rs:332:20
[INFO] [stderr]   10: rust_capr::sound_law::tests::compose_test_rm::{{closure}}
[INFO] [stderr]              at ./src/sound_law.rs:330:25
[INFO] [stderr]   11: core::ops::function::FnOnce::call_once
[INFO] [stderr]              at /rustc/90b35a6239c3d8bdabc530a6a0816f7ff89a0aaf/library/core/src/ops/function.rs:250:5
[INFO] [stderr]   12: core::ops::function::FnOnce::call_once
[INFO] [stderr]              at /rustc/90b35a6239c3d8bdabc530a6a0816f7ff89a0aaf/library/core/src/ops/function.rs:250:5
[INFO] [stderr]   13: test::__rust_begin_short_backtrace
[INFO] [stderr]              at /rustc/90b35a6239c3d8bdabc530a6a0816f7ff89a0aaf/library/test/src/lib.rs:621:18
[INFO] [stderr]   14: test::run_test_in_process::{{closure}}
[INFO] [stderr]              at /rustc/90b35a6239c3d8bdabc530a6a0816f7ff89a0aaf/library/test/src/lib.rs:644:60
[INFO] [stderr]   15: <core::panic::unwind_safe::AssertUnwindSafe<F> as core::ops::function::FnOnce<()>>::call_once
[INFO] [stderr]              at /rustc/90b35a6239c3d8bdabc530a6a0816f7ff89a0aaf/library/core/src/panic/unwind_safe.rs:272:9
[INFO] [stderr]   16: std::panicking::try::do_call
[INFO] [stderr]              at /rustc/90b35a6239c3d8bdabc530a6a0816f7ff89a0aaf/library/std/src/panicking.rs:557:40
[INFO] [stderr]   17: std::panicking::try
[INFO] [stderr]              at /rustc/90b35a6239c3d8bdabc530a6a0816f7ff89a0aaf/library/std/src/panicking.rs:520:19
[INFO] [stderr]   18: std::panic::catch_unwind
[INFO] [stderr]              at /rustc/90b35a6239c3d8bdabc530a6a0816f7ff89a0aaf/library/std/src/panic.rs:358:14
[INFO] [stderr]   19: test::run_test_in_process
[INFO] [stderr]              at /rustc/90b35a6239c3d8bdabc530a6a0816f7ff89a0aaf/library/test/src/lib.rs:644:27
[INFO] [stderr]   20: test::run_test::{{closure}}
[INFO] [stderr]              at /rustc/90b35a6239c3d8bdabc530a6a0816f7ff89a0aaf/library/test/src/lib.rs:565:43
[INFO] [stderr]   21: test::run_test::{{closure}}
[INFO] [stderr]              at /rustc/90b35a6239c3d8bdabc530a6a0816f7ff89a0aaf/library/test/src/lib.rs:595:41
[INFO] [stderr]   22: std::sys::backtrace::__rust_begin_short_backtrace
[INFO] [stderr]              at /rustc/90b35a6239c3d8bdabc530a6a0816f7ff89a0aaf/library/std/src/sys/backtrace.rs:154:18
[INFO] [stderr]   23: std::thread::Builder::spawn_unchecked_::{{closure}}::{{closure}}
[INFO] [stderr]              at /rustc/90b35a6239c3d8bdabc530a6a0816f7ff89a0aaf/library/std/src/thread/mod.rs:538:17
[INFO] [stderr]   24: <core::panic::unwind_safe::AssertUnwindSafe<F> as core::ops::function::FnOnce<()>>::call_once
[INFO] [stderr]              at /rustc/90b35a6239c3d8bdabc530a6a0816f7ff89a0aaf/library/core/src/panic/unwind_safe.rs:272:9
[INFO] [stderr]   25: std::panicking::try::do_call
[INFO] [stderr]              at /rustc/90b35a6239c3d8bdabc530a6a0816f7ff89a0aaf/library/std/src/panicking.rs:557:40
[INFO] [stderr]   26: std::panicking::try
[INFO] [stderr]              at /rustc/90b35a6239c3d8bdabc530a6a0816f7ff89a0aaf/library/std/src/panicking.rs:520:19
[INFO] [stderr]   27: std::panic::catch_unwind
[INFO] [stderr]              at /rustc/90b35a6239c3d8bdabc530a6a0816f7ff89a0aaf/library/std/src/panic.rs:358:14
[INFO] [stderr]   28: std::thread::Builder::spawn_unchecked_::{{closure}}
[INFO] [stderr]              at /rustc/90b35a6239c3d8bdabc530a6a0816f7ff89a0aaf/library/std/src/thread/mod.rs:537:30
[INFO] [stderr]   29: core::ops::function::FnOnce::call_once{{vtable.shim}}
[INFO] [stderr]              at /rustc/90b35a6239c3d8bdabc530a6a0816f7ff89a0aaf/library/core/src/ops/function.rs:250:5
[INFO] [stderr]   30: <alloc::boxed::Box<F,A> as core::ops::function::FnOnce<Args>>::call_once
[INFO] [stderr]              at /rustc/90b35a6239c3d8bdabc530a6a0816f7ff89a0aaf/library/alloc/src/boxed.rs:2454:9
[INFO] [stderr]   31: <alloc::boxed::Box<F,A> as core::ops::function::FnOnce<Args>>::call_once
[INFO] [stderr]              at /rustc/90b35a6239c3d8bdabc530a6a0816f7ff89a0aaf/library/alloc/src/boxed.rs:2454:9
[INFO] [stderr]   32: std::sys::pal::unix::thread::Thread::new::thread_start
[INFO] [stderr]              at /rustc/90b35a6239c3d8bdabc530a6a0816f7ff89a0aaf/library/std/src/sys/pal/unix/thread.rs:105:17
[INFO] [stderr]   33: <unknown>
[INFO] [stderr]   34: clone
[INFO] [stderr] panicked at src/trans.rs:124:18:
[INFO] [stderr] called `Result::unwrap()` on an `Err` value: No such file or directory (os error 2)
[INFO] [stderr] 
[INFO] [stderr] Stack backtrace:
[INFO] [stderr]    0: anyhow::error::<impl core::convert::From<E> for anyhow::Error>::from
[INFO] [stderr]              at /opt/rustwide/cargo-home/registry/src/index.crates.io-6f17d22bba15001f/anyhow-1.0.93/src/backtrace.rs:27:14
[INFO] [stderr]    1: <core::result::Result<T,F> as core::ops::try_trait::FromResidual<core::result::Result<core::convert::Infallible,E>>>::from_residual
[INFO] [stderr]              at /rustc/90b35a6239c3d8bdabc530a6a0816f7ff89a0aaf/library/core/src/result.rs:2010:27
[INFO] [stderr]    2: rustfst::fst_traits::serializable_fst::SerializableFst::draw
[INFO] [stderr]              at /opt/rustwide/cargo-home/registry/src/index.crates.io-6f17d22bba15001f/rustfst-1.1.2/src/fst_traits/serializable_fst.rs:86:22
[INFO] [stderr]    3: rust_capr::trans::SoundFst::d
[INFO] [stderr]              at ./src/trans.rs:122:13
[INFO] [stderr]    4: rust_capr::negate::<impl rust_capr::trans::SoundFst>::negate
[INFO] [stderr]              at ./src/negate.rs:18:9
[INFO] [stderr]    5: rust_capr::trans::SoundFst::no_upper
[INFO] [stderr]              at ./src/trans.rs:140:9
[INFO] [stderr]    6: rust_capr::trans::SoundFst::replace
[INFO] [stderr]              at ./src/trans.rs:144:28
[INFO] [stderr]    7: rust_capr::trans::SoundFst::replace_transducer
[INFO] [stderr]              at ./src/trans.rs:367:23
[INFO] [stderr]    8: rust_capr::trans::tests::replace_transducer_test
[INFO] [stderr]              at ./src/trans.rs:474:9
[INFO] [stderr]    9: rust_capr::trans::tests::replace_transducer_test::{{closure}}
[INFO] [stderr]              at ./src/trans.rs:468:33
[INFO] [stderr]   10: core::ops::function::FnOnce::call_once
[INFO] [stderr]              at /rustc/90b35a6239c3d8bdabc530a6a0816f7ff89a0aaf/library/core/src/ops/function.rs:250:5
[INFO] [stderr]   11: core::ops::function::FnOnce::call_once
[INFO] [stderr]              at /rustc/90b35a6239c3d8bdabc530a6a0816f7ff89a0aaf/library/core/src/ops/function.rs:250:5
[INFO] [stderr]   12: test::__rust_begin_short_backtrace
[INFO] [stderr]              at /rustc/90b35a6239c3d8bdabc530a6a0816f7ff89a0aaf/library/test/src/lib.rs:621:18
[INFO] [stderr]   13: test::run_test_in_process::{{closure}}
[INFO] [stderr]              at /rustc/90b35a6239c3d8bdabc530a6a0816f7ff89a0aaf/library/test/src/lib.rs:644:60
[INFO] [stderr]   14: <core::panic::unwind_safe::AssertUnwindSafe<F> as core::ops::function::FnOnce<()>>::call_once
[INFO] [stderr]              at /rustc/90b35a6239c3d8bdabc530a6a0816f7ff89a0aaf/library/core/src/panic/unwind_safe.rs:272:9
[INFO] [stderr]   15: std::panicking::try::do_call
[INFO] [stderr]              at /rustc/90b35a6239c3d8bdabc530a6a0816f7ff89a0aaf/library/std/src/panicking.rs:557:40
[INFO] [stderr]   16: std::panicking::try
[INFO] [stderr]              at /rustc/90b35a6239c3d8bdabc530a6a0816f7ff89a0aaf/library/std/src/panicking.rs:520:19
[INFO] [stderr]   17: std::panic::catch_unwind
[INFO] [stderr]              at /rustc/90b35a6239c3d8bdabc530a6a0816f7ff89a0aaf/library/std/src/panic.rs:358:14
[INFO] [stderr]   18: test::run_test_in_process
[INFO] [stderr]              at /rustc/90b35a6239c3d8bdabc530a6a0816f7ff89a0aaf/library/test/src/lib.rs:644:27
[INFO] [stderr]   19: test::run_test::{{closure}}
[INFO] [stderr]              at /rustc/90b35a6239c3d8bdabc530a6a0816f7ff89a0aaf/library/test/src/lib.rs:565:43
[INFO] [stderr]   20: test::run_test::{{closure}}
[INFO] [stderr]              at /rustc/90b35a6239c3d8bdabc530a6a0816f7ff89a0aaf/library/test/src/lib.rs:595:41
[INFO] [stderr]   21: std::sys::backtrace::__rust_begin_short_backtrace
[INFO] [stderr]              at /rustc/90b35a6239c3d8bdabc530a6a0816f7ff89a0aaf/library/std/src/sys/backtrace.rs:154:18
[INFO] [stderr]   22: std::thread::Builder::spawn_unchecked_::{{closure}}::{{closure}}
[INFO] [stderr]              at /rustc/90b35a6239c3d8bdabc530a6a0816f7ff89a0aaf/library/std/src/thread/mod.rs:538:17
[INFO] [stderr]   23: <core::panic::unwind_safe::AssertUnwindSafe<F> as core::ops::function::FnOnce<()>>::call_once
[INFO] [stderr]              at /rustc/90b35a6239c3d8bdabc530a6a0816f7ff89a0aaf/library/core/src/panic/unwind_safe.rs:272:9
[INFO] [stderr]   24: std::panicking::try::do_call
[INFO] [stderr]              at /rustc/90b35a6239c3d8bdabc530a6a0816f7ff89a0aaf/library/std/src/panicking.rs:557:40
[INFO] [stderr]   25: std::panicking::try
[INFO] [stderr]              at /rustc/90b35a6239c3d8bdabc530a6a0816f7ff89a0aaf/library/std/src/panicking.rs:520:19
[INFO] [stderr]   26: std::panic::catch_unwind
[INFO] [stderr]              at /rustc/90b35a6239c3d8bdabc530a6a0816f7ff89a0aaf/library/std/src/panic.rs:358:14
[INFO] [stderr]   27: std::thread::Builder::spawn_unchecked_::{{closure}}
[INFO] [stderr]              at /rustc/90b35a6239c3d8bdabc530a6a0816f7ff89a0aaf/library/std/src/thread/mod.rs:537:30
[INFO] [stderr]   28: core::ops::function::FnOnce::call_once{{vtable.shim}}
[INFO] [stderr]              at /rustc/90b35a6239c3d8bdabc530a6a0816f7ff89a0aaf/library/core/src/ops/function.rs:250:5
[INFO] [stderr]   29: <alloc::boxed::Box<F,A> as core::ops::function::FnOnce<Args>>::call_once
[INFO] [stderr]              at /rustc/90b35a6239c3d8bdabc530a6a0816f7ff89a0aaf/library/alloc/src/boxed.rs:2454:9
[INFO] [stderr]   30: <alloc::boxed::Box<F,A> as core::ops::function::FnOnce<Args>>::call_once
[INFO] [stderr]              at /rustc/90b35a6239c3d8bdabc530a6a0816f7ff89a0aaf/library/alloc/src/boxed.rs:2454:9
[INFO] [stderr]   31: std::sys::pal::unix::thread::Thread::new::thread_start
[INFO] [stderr]              at /rustc/90b35a6239c3d8bdabc530a6a0816f7ff89a0aaf/library/std/src/sys/pal/unix/thread.rs:105:17
[INFO] [stderr]   32: <unknown>
[INFO] [stderr]   33: clone
[INFO] [stderr] panicked at src/trans.rs:124:18:
[INFO] [stderr] called `Result::unwrap()` on an `Err` value: No such file or directory (os error 2)
[INFO] [stderr] 
[INFO] [stderr] Stack backtrace:
[INFO] [stderr]    0: anyhow::error::<impl core::convert::From<E> for anyhow::Error>::from
[INFO] [stderr]              at /opt/rustwide/cargo-home/registry/src/index.crates.io-6f17d22bba15001f/anyhow-1.0.93/src/backtrace.rs:27:14
[INFO] [stderr]    1: <core::result::Result<T,F> as core::ops::try_trait::FromResidual<core::result::Result<core::convert::Infallible,E>>>::from_residual
[INFO] [stderr]              at /rustc/90b35a6239c3d8bdabc530a6a0816f7ff89a0aaf/library/core/src/result.rs:2010:27
[INFO] [stderr]    2: rustfst::fst_traits::serializable_fst::SerializableFst::draw
[INFO] [stderr]              at /opt/rustwide/cargo-home/registry/src/index.crates.io-6f17d22bba15001f/rustfst-1.1.2/src/fst_traits/serializable_fst.rs:86:22
[INFO] [stderr]    3: rust_capr::trans::SoundFst::d
[INFO] [stderr]              at ./src/trans.rs:122:13
[INFO] [stderr]    4: rust_capr::negate::<impl rust_capr::trans::SoundFst>::negate
[INFO] [stderr]              at ./src/negate.rs:18:9
[INFO] [stderr]    5: rust_capr::negate::tests::star_then_star
[INFO] [stderr]              at ./src/negate.rs:259:26
[INFO] [stderr]    6: rust_capr::negate::tests::star_then_star::{{closure}}
[INFO] [stderr]              at ./src/negate.rs:250:24
[INFO] [stderr]    7: core::ops::function::FnOnce::call_once
[INFO] [stderr]              at /rustc/90b35a6239c3d8bdabc530a6a0816f7ff89a0aaf/library/core/src/ops/function.rs:250:5
[INFO] [stderr]    8: core::ops::function::FnOnce::call_once
[INFO] [stderr]              at /rustc/90b35a6239c3d8bdabc530a6a0816f7ff89a0aaf/library/core/src/ops/function.rs:250:5
[INFO] [stderr]    9: test::__rust_begin_short_backtrace
[INFO] [stderr]              at /rustc/90b35a6239c3d8bdabc530a6a0816f7ff89a0aaf/library/test/src/lib.rs:621:18
[INFO] [stderr]   10: test::run_test_in_process::{{closure}}
[INFO] [stderr]              at /rustc/90b35a6239c3d8bdabc530a6a0816f7ff89a0aaf/library/test/src/lib.rs:644:60
[INFO] [stderr]   11: <core::panic::unwind_safe::AssertUnwindSafe<F> as core::ops::function::FnOnce<()>>::call_once
[INFO] [stderr]              at /rustc/90b35a6239c3d8bdabc530a6a0816f7ff89a0aaf/library/core/src/panic/unwind_safe.rs:272:9
[INFO] [stderr]   12: std::panicking::try::do_call
[INFO] [stderr]              at /rustc/90b35a6239c3d8bdabc530a6a0816f7ff89a0aaf/library/std/src/panicking.rs:557:40
[INFO] [stderr]   13: std::panicking::try
[INFO] [stderr]              at /rustc/90b35a6239c3d8bdabc530a6a0816f7ff89a0aaf/library/std/src/panicking.rs:520:19
[INFO] [stderr]   14: std::panic::catch_unwind
[INFO] [stderr]              at /rustc/90b35a6239c3d8bdabc530a6a0816f7ff89a0aaf/library/std/src/panic.rs:358:14
[INFO] [stderr]   15: test::run_test_in_process
[INFO] [stderr]              at /rustc/90b35a6239c3d8bdabc530a6a0816f7ff89a0aaf/library/test/src/lib.rs:644:27
[INFO] [stderr]   16: test::run_test::{{closure}}
[INFO] [stderr]              at /rustc/90b35a6239c3d8bdabc530a6a0816f7ff89a0aaf/library/test/src/lib.rs:565:43
[INFO] [stderr]   17: test::run_test::{{closure}}
[INFO] [stderr]              at /rustc/90b35a6239c3d8bdabc530a6a0816f7ff89a0aaf/library/test/src/lib.rs:595:41
[INFO] [stderr]   18: std::sys::backtrace::__rust_begin_short_backtrace
[INFO] [stderr]              at /rustc/90b35a6239c3d8bdabc530a6a0816f7ff89a0aaf/library/std/src/sys/backtrace.rs:154:18
[INFO] [stderr]   19: std::thread::Builder::spawn_unchecked_::{{closure}}::{{closure}}
[INFO] [stderr]              at /rustc/90b35a6239c3d8bdabc530a6a0816f7ff89a0aaf/library/std/src/thread/mod.rs:538:17
[INFO] [stderr]   20: <core::panic::unwind_safe::AssertUnwindSafe<F> as core::ops::function::FnOnce<()>>::call_once
[INFO] [stderr]              at /rustc/90b35a6239c3d8bdabc530a6a0816f7ff89a0aaf/library/core/src/panic/unwind_safe.rs:272:9
[INFO] [stderr]   21: std::panicking::try::do_call
[INFO] [stderr]              at /rustc/90b35a6239c3d8bdabc530a6a0816f7ff89a0aaf/library/std/src/panicking.rs:557:40
[INFO] [stderr]   22: std::panicking::try
[INFO] [stderr]              at /rustc/90b35a6239c3d8bdabc530a6a0816f7ff89a0aaf/library/std/src/panicking.rs:520:19
[INFO] [stderr]   23: std::panic::catch_unwind
[INFO] [stderr]              at /rustc/90b35a6239c3d8bdabc530a6a0816f7ff89a0aaf/library/std/src/panic.rs:358:14
[INFO] [stderr]   24: std::thread::Builder::spawn_unchecked_::{{closure}}
[INFO] [stderr]              at /rustc/90b35a6239c3d8bdabc530a6a0816f7ff89a0aaf/library/std/src/thread/mod.rs:537:30
[INFO] [stderr]   25: core::ops::function::FnOnce::call_once{{vtable.shim}}
[INFO] [stderr]              at /rustc/90b35a6239c3d8bdabc530a6a0816f7ff89a0aaf/library/core/src/ops/function.rs:250:5
[INFO] [stderr]   26: <alloc::boxed::Box<F,A> as core::ops::function::FnOnce<Args>>::call_once
[INFO] [stderr]              at /rustc/90b35a6239c3d8bdabc530a6a0816f7ff89a0aaf/library/alloc/src/boxed.rs:2454:9
[INFO] [stderr]   27: <alloc::boxed::Box<F,A> as core::ops::function::FnOnce<Args>>::call_once
[INFO] [stderr]              at /rustc/90b35a6239c3d8bdabc530a6a0816f7ff89a0aaf/library/alloc/src/boxed.rs:2454:9
[INFO] [stderr]   28: std::sys::pal::unix::thread::Thread::new::thread_start
[INFO] [stderr]              at /rustc/90b35a6239c3d8bdabc530a6a0816f7ff89a0aaf/library/std/src/sys/pal/unix/thread.rs:105:17
[INFO] [stderr]   29: <unknown>
[INFO] [stderr]   30: clone
[INFO] [stderr] panicked at src/trans.rs:124:18:
[INFO] [stderr] called `Result::unwrap()` on an `Err` value: No such file or directory (os error 2)
[INFO] [stderr] 
[INFO] [stderr] Stack backtrace:
[INFO] [stderr]    0: anyhow::error::<impl core::convert::From<E> for anyhow::Error>::from
[INFO] [stderr]              at /opt/rustwide/cargo-home/registry/src/index.crates.io-6f17d22bba15001f/anyhow-1.0.93/src/backtrace.rs:27:14
[INFO] [stderr]    1: <core::result::Result<T,F> as core::ops::try_trait::FromResidual<core::result::Result<core::convert::Infallible,E>>>::from_residual
[INFO] [stderr]              at /rustc/90b35a6239c3d8bdabc530a6a0816f7ff89a0aaf/library/core/src/result.rs:2010:27
[INFO] [stdout] test negate::tests::star_then_star_4_alphabet ... FAILED
[INFO] [stderr]    2: rustfst::fst_traits::serializable_fst::SerializableFst::draw
[INFO] [stdout] test trans::tests::right_arrow_test1 ... FAILED
[INFO] [stderr]              at /opt/rustwide/cargo-home/registry/src/index.crates.io-6f17d22bba15001f/rustfst-1.1.2/src/fst_traits/serializable_fst.rs:86:22
[INFO] [stderr]    3: rust_capr::trans::SoundFst::d
[INFO] [stderr]              at ./src/trans.rs:122:13
[INFO] [stderr]    4: rust_capr::negate::<impl rust_capr::trans::SoundFst>::negate
[INFO] [stderr]              at ./src/negate.rs:18:9
[INFO] [stderr]    5: rust_capr::trans::SoundFst::no_upper
[INFO] [stderr]              at ./src/trans.rs:140:9
[INFO] [stderr]    6: rust_capr::trans::SoundFst::replace
[INFO] [stderr]              at ./src/trans.rs:144:28
[INFO] [stderr]    7: rust_capr::trans::tests::simple_replace_multiple
[INFO] [stderr]              at ./src/trans.rs:406:24
[INFO] [stderr]    8: rust_capr::trans::tests::simple_replace_multiple::{{closure}}
[INFO] [stderr]              at ./src/trans.rs:399:33
[INFO] [stderr]    9: core::ops::function::FnOnce::call_once
[INFO] [stderr]              at /rustc/90b35a6239c3d8bdabc530a6a0816f7ff89a0aaf/library/core/src/ops/function.rs:250:5
[INFO] [stderr]   10: core::ops::function::FnOnce::call_once
[INFO] [stderr]              at /rustc/90b35a6239c3d8bdabc530a6a0816f7ff89a0aaf/library/core/src/ops/function.rs:250:5
[INFO] [stderr]   11: test::__rust_begin_short_backtrace
[INFO] [stderr]              at /rustc/90b35a6239c3d8bdabc530a6a0816f7ff89a0aaf/library/test/src/lib.rs:621:18
[INFO] [stderr]   12: test::run_test_in_process::{{closure}}
[INFO] [stderr]              at /rustc/90b35a6239c3d8bdabc530a6a0816f7ff89a0aaf/library/test/src/lib.rs:644:60
[INFO] [stderr]   13: <core::panic::unwind_safe::AssertUnwindSafe<F> as core::ops::function::FnOnce<()>>::call_once
[INFO] [stderr]              at /rustc/90b35a6239c3d8bdabc530a6a0816f7ff89a0aaf/library/core/src/panic/unwind_safe.rs:272:9
[INFO] [stderr]   14: std::panicking::try::do_call
[INFO] [stderr]              at /rustc/90b35a6239c3d8bdabc530a6a0816f7ff89a0aaf/library/std/src/panicking.rs:557:40
[INFO] [stderr]   15: std::panicking::try
[INFO] [stderr]              at /rustc/90b35a6239c3d8bdabc530a6a0816f7ff89a0aaf/library/std/src/panicking.rs:520:19
[INFO] [stderr]   16: std::panic::catch_unwind
[INFO] [stderr]              at /rustc/90b35a6239c3d8bdabc530a6a0816f7ff89a0aaf/library/std/src/panic.rs:358:14
[INFO] [stderr]   17: test::run_test_in_process
[INFO] [stderr]              at /rustc/90b35a6239c3d8bdabc530a6a0816f7ff89a0aaf/library/test/src/lib.rs:644:27
[INFO] [stderr]   18: test::run_test::{{closure}}
[INFO] [stderr]              at /rustc/90b35a6239c3d8bdabc530a6a0816f7ff89a0aaf/library/test/src/lib.rs:565:43
[INFO] [stderr]   19: test::run_test::{{closure}}
[INFO] [stderr]              at /rustc/90b35a6239c3d8bdabc530a6a0816f7ff89a0aaf/library/test/src/lib.rs:595:41
[INFO] [stderr]   20: std::sys::backtrace::__rust_begin_short_backtrace
[INFO] [stderr]              at /rustc/90b35a6239c3d8bdabc530a6a0816f7ff89a0aaf/library/std/src/sys/backtrace.rs:154:18
[INFO] [stderr]   21: std::thread::Builder::spawn_unchecked_::{{closure}}::{{closure}}
[INFO] [stderr]              at /rustc/90b35a6239c3d8bdabc530a6a0816f7ff89a0aaf/library/std/src/thread/mod.rs:538:17
[INFO] [stderr]   22: <core::panic::unwind_safe::AssertUnwindSafe<F> as core::ops::function::FnOnce<()>>::call_once
[INFO] [stderr]              at /rustc/90b35a6239c3d8bdabc530a6a0816f7ff89a0aaf/library/core/src/panic/unwind_safe.rs:272:9
[INFO] [stderr]   23: std::panicking::try::do_call
[INFO] [stderr]              at /rustc/90b35a6239c3d8bdabc530a6a0816f7ff89a0aaf/library/std/src/panicking.rs:557:40
[INFO] [stderr]   24: std::panicking::try
[INFO] [stderr]              at /rustc/90b35a6239c3d8bdabc530a6a0816f7ff89a0aaf/library/std/src/panicking.rs:520:19
[INFO] [stderr]   25: std::panic::catch_unwind
[INFO] [stderr]              at /rustc/90b35a6239c3d8bdabc530a6a0816f7ff89a0aaf/library/std/src/panic.rs:358:14
[INFO] [stderr]   26: std::thread::Builder::spawn_unchecked_::{{closure}}
[INFO] [stderr]              at /rustc/90b35a6239c3d8bdabc530a6a0816f7ff89a0aaf/library/std/src/thread/mod.rs:537:30
[INFO] [stderr]   27: core::ops::function::FnOnce::call_once{{vtable.shim}}
[INFO] [stderr]              at /rustc/90b35a6239c3d8bdabc530a6a0816f7ff89a0aaf/library/core/src/ops/function.rs:250:5
[INFO] [stderr]   28: <alloc::boxed::Box<F,A> as core::ops::function::FnOnce<Args>>::call_once
[INFO] [stderr]              at /rustc/90b35a6239c3d8bdabc530a6a0816f7ff89a0aaf/library/alloc/src/boxed.rs:2454:9
[INFO] [stderr]   29: <alloc::boxed::Box<F,A> as core::ops::function::FnOnce<Args>>::call_once
[INFO] [stderr]              at /rustc/90b35a6239c3d8bdabc530a6a0816f7ff89a0aaf/library/alloc/src/boxed.rs:2454:9
[INFO] [stderr]   30: std::sys::pal::unix::thread::Thread::new::thread_start
[INFO] [stderr]              at /rustc/90b35a6239c3d8bdabc530a6a0816f7ff89a0aaf/library/std/src/sys/pal/unix/thread.rs:105:17
[INFO] [stderr]   31: <unknown>
[INFO] [stderr]   32: clone
[INFO] [stderr] panicked at src/trans.rs:124:18:
[INFO] [stderr] called `Result::unwrap()` on an `Err` value: No such file or directory (os error 2)
[INFO] [stderr] 
[INFO] [stderr] Stack backtrace:
[INFO] [stderr]    0: anyhow::error::<impl core::convert::From<E> for anyhow::Error>::from
[INFO] [stderr]              at /opt/rustwide/cargo-home/registry/src/index.crates.io-6f17d22bba15001f/anyhow-1.0.93/src/backtrace.rs:27:14
[INFO] [stderr]    1: <core::result::Result<T,F> as core::ops::try_trait::FromResidual<core::result::Result<core::convert::Infallible,E>>>::from_residual
[INFO] [stderr]              at /rustc/90b35a6239c3d8bdabc530a6a0816f7ff89a0aaf/library/core/src/result.rs:2010:27
[INFO] [stderr]    2: rustfst::fst_traits::serializable_fst::SerializableFst::draw
[INFO] [stderr]              at /opt/rustwide/cargo-home/registry/src/index.crates.io-6f17d22bba15001f/rustfst-1.1.2/src/fst_traits/serializable_fst.rs:86:22
[INFO] [stderr]    3: rust_capr::trans::SoundFst::d
[INFO] [stderr]              at ./src/trans.rs:122:13
[INFO] [stderr]    4: rust_capr::negate::<impl rust_capr::trans::SoundFst>::negate
[INFO] [stderr]              at ./src/negate.rs:18:9
[INFO] [stderr]    5: rust_capr::negate::tests::star_then_star_4_alphabet
[INFO] [stderr]              at ./src/negate.rs:312:26
[INFO] [stderr]    6: rust_capr::negate::tests::star_then_star_4_alphabet::{{closure}}
[INFO] [stderr]              at ./src/negate.rs:295:35
[INFO] [stderr]    7: core::ops::function::FnOnce::call_once
[INFO] [stderr]              at /rustc/90b35a6239c3d8bdabc530a6a0816f7ff89a0aaf/library/core/src/ops/function.rs:250:5
[INFO] [stderr]    8: core::ops::function::FnOnce::call_once
[INFO] [stderr]              at /rustc/90b35a6239c3d8bdabc530a6a0816f7ff89a0aaf/library/core/src/ops/function.rs:250:5
[INFO] [stderr]    9: test::__rust_begin_short_backtrace
[INFO] [stderr]              at /rustc/90b35a6239c3d8bdabc530a6a0816f7ff89a0aaf/library/test/src/lib.rs:621:18
[INFO] [stderr]   10: test::run_test_in_process::{{closure}}
[INFO] [stderr]              at /rustc/90b35a6239c3d8bdabc530a6a0816f7ff89a0aaf/library/test/src/lib.rs:644:60
[INFO] [stderr]   11: <core::panic::unwind_safe::AssertUnwindSafe<F> as core::ops::function::FnOnce<()>>::call_once
[INFO] [stderr]              at /rustc/90b35a6239c3d8bdabc530a6a0816f7ff89a0aaf/library/core/src/panic/unwind_safe.rs:272:9
[INFO] [stderr]   12: std::panicking::try::do_call
[INFO] [stderr]              at /rustc/90b35a6239c3d8bdabc530a6a0816f7ff89a0aaf/library/std/src/panicking.rs:557:40
[INFO] [stderr]   13: std::panicking::try
[INFO] [stderr]              at /rustc/90b35a6239c3d8bdabc530a6a0816f7ff89a0aaf/library/std/src/panicking.rs:520:19
[INFO] [stderr]   14: std::panic::catch_unwind
[INFO] [stderr]              at /rustc/90b35a6239c3d8bdabc530a6a0816f7ff89a0aaf/library/std/src/panic.rs:358:14
[INFO] [stderr]   15: test::run_test_in_process
[INFO] [stderr]              at /rustc/90b35a6239c3d8bdabc530a6a0816f7ff89a0aaf/library/test/src/lib.rs:644:27
[INFO] [stderr]   16: test::run_test::{{closure}}
[INFO] [stderr]              at /rustc/90b35a6239c3d8bdabc530a6a0816f7ff89a0aaf/library/test/src/lib.rs:565:43
[INFO] [stderr]   17: test::run_test::{{closure}}
[INFO] [stderr]              at /rustc/90b35a6239c3d8bdabc530a6a0816f7ff89a0aaf/library/test/src/lib.rs:595:41
[INFO] [stderr]   18: std::sys::backtrace::__rust_begin_short_backtrace
[INFO] [stderr]              at /rustc/90b35a6239c3d8bdabc530a6a0816f7ff89a0aaf/library/std/src/sys/backtrace.rs:154:18
[INFO] [stderr]   19: std::thread::Builder::spawn_unchecked_::{{closure}}::{{closure}}
[INFO] [stderr]              at /rustc/90b35a6239c3d8bdabc530a6a0816f7ff89a0aaf/library/std/src/thread/mod.rs:538:17
[INFO] [stderr]   20: <core::panic::unwind_safe::AssertUnwindSafe<F> as core::ops::function::FnOnce<()>>::call_once
[INFO] [stderr]              at /rustc/90b35a6239c3d8bdabc530a6a0816f7ff89a0aaf/library/core/src/panic/unwind_safe.rs:272:9
[INFO] [stderr]   21: std::panicking::try::do_call
[INFO] [stderr]              at /rustc/90b35a6239c3d8bdabc530a6a0816f7ff89a0aaf/library/std/src/panicking.rs:557:40
[INFO] [stderr]   22: std::panicking::try
[INFO] [stderr]              at /rustc/90b35a6239c3d8bdabc530a6a0816f7ff89a0aaf/library/std/src/panicking.rs:520:19
[INFO] [stderr]   23: std::panic::catch_unwind
[INFO] [stderr]              at /rustc/90b35a6239c3d8bdabc530a6a0816f7ff89a0aaf/library/std/src/panic.rs:358:14
[INFO] [stderr]   24: std::thread::Builder::spawn_unchecked_::{{closure}}
[INFO] [stderr]              at /rustc/90b35a6239c3d8bdabc530a6a0816f7ff89a0aaf/library/std/src/thread/mod.rs:537:30
[INFO] [stderr]   25: core::ops::function::FnOnce::call_once{{vtable.shim}}
[INFO] [stderr]              at /rustc/90b35a6239c3d8bdabc530a6a0816f7ff89a0aaf/library/core/src/ops/function.rs:250:5
[INFO] [stderr]   26: <alloc::boxed::Box<F,A> as core::ops::function::FnOnce<Args>>::call_once
[INFO] [stderr]              at /rustc/90b35a6239c3d8bdabc530a6a0816f7ff89a0aaf/library/alloc/src/boxed.rs:2454:9
[INFO] [stderr]   27: <alloc::boxed::Box<F,A> as core::ops::function::FnOnce<Args>>::call_once
[INFO] [stderr]              at /rustc/90b35a6239c3d8bdabc530a6a0816f7ff89a0aaf/library/alloc/src/boxed.rs:2454:9
[INFO] [stderr]   28: std::sys::pal::unix::thread::Thread::new::thread_start
[INFO] [stderr]              at /rustc/90b35a6239c3d8bdabc530a6a0816f7ff89a0aaf/library/std/src/sys/pal/unix/thread.rs:105:17
[INFO] [stderr]   29: <unknown>
[INFO] [stderr]   30: clone
[INFO] [stderr] panicked at src/trans.rs:124:18:
[INFO] [stderr] called `Result::unwrap()` on an `Err` value: No such file or directory (os error 2)
[INFO] [stderr] 
[INFO] [stderr] Stack backtrace:
[INFO] [stderr]    0: anyhow::error::<impl core::convert::From<E> for anyhow::Error>::from
[INFO] [stderr]              at /opt/rustwide/cargo-home/registry/src/index.crates.io-6f17d22bba15001f/anyhow-1.0.93/src/backtrace.rs:27:14
[INFO] [stderr]    1: <core::result::Result<T,F> as core::ops::try_trait::FromResidual<core::result::Result<core::convert::Infallible,E>>>::from_residual
[INFO] [stderr]              at /rustc/90b35a6239c3d8bdabc530a6a0816f7ff89a0aaf/library/core/src/result.rs:2010:27
[INFO] [stderr]    2: rustfst::fst_traits::serializable_fst::SerializableFst::draw
[INFO] [stderr]              at /opt/rustwide/cargo-home/registry/src/index.crates.io-6f17d22bba15001f/rustfst-1.1.2/src/fst_traits/serializable_fst.rs:86:22
[INFO] [stderr]    3: rust_capr::trans::SoundFst::d
[INFO] [stderr]              at ./src/trans.rs:122:13
[INFO] [stderr]    4: rust_capr::negate::<impl rust_capr::trans::SoundFst>::negate
[INFO] [stderr]              at ./src/negate.rs:18:9
[INFO] [stderr]    5: rust_capr::negate::<impl rust_capr::trans::SoundFst>::negate_with_symbol_table
[INFO] [stderr]              at ./src/negate.rs:14:9
[INFO] [stderr]    6: rust_capr::trans::SoundFst::constrain_boundry_markers
[INFO] [stderr]              at ./src/trans.rs:274:9
[INFO] [stderr]    7: rust_capr::trans::SoundFst::replace_in_context
[INFO] [stderr]              at ./src/trans.rs:301:19
[INFO] [stderr]    8: rust_capr::trans::tests::right_arrow_test1
[INFO] [stderr]              at ./src/trans.rs:488:13
[INFO] [stderr]    9: rust_capr::trans::tests::right_arrow_test1::{{closure}}
[INFO] [stderr]              at ./src/trans.rs:478:27
[INFO] [stderr]   10: core::ops::function::FnOnce::call_once
[INFO] [stderr]              at /rustc/90b35a6239c3d8bdabc530a6a0816f7ff89a0aaf/library/core/src/ops/function.rs:250:5
[INFO] [stderr]   11: core::ops::function::FnOnce::call_once
[INFO] [stderr]              at /rustc/90b35a6239c3d8bdabc530a6a0816f7ff89a0aaf/library/core/src/ops/function.rs:250:5
[INFO] [stderr]   12: test::__rust_begin_short_backtrace
[INFO] [stderr]              at /rustc/90b35a6239c3d8bdabc530a6a0816f7ff89a0aaf/library/test/src/lib.rs:621:18
[INFO] [stderr]   13: test::run_test_in_process::{{closure}}
[INFO] [stderr]              at /rustc/90b35a6239c3d8bdabc530a6a0816f7ff89a0aaf/library/test/src/lib.rs:644:60
[INFO] [stderr]   14: <core::panic::unwind_safe::AssertUnwindSafe<F> as core::ops::function::FnOnce<()>>::call_once
[INFO] [stderr]              at /rustc/90b35a6239c3d8bdabc530a6a0816f7ff89a0aaf/library/core/src/panic/unwind_safe.rs:272:9
[INFO] [stderr]   15: std::panicking::try::do_call
[INFO] [stderr]              at /rustc/90b35a6239c3d8bdabc530a6a0816f7ff89a0aaf/library/std/src/panicking.rs:557:40
[INFO] [stderr]   16: std::panicking::try
[INFO] [stderr]              at /rustc/90b35a6239c3d8bdabc530a6a0816f7ff89a0aaf/library/std/src/panicking.rs:520:19
[INFO] [stderr]   17: std::panic::catch_unwind
[INFO] [stderr]              at /rustc/90b35a6239c3d8bdabc530a6a0816f7ff89a0aaf/library/std/src/panic.rs:358:14
[INFO] [stderr]   18: test::run_test_in_process
[INFO] [stderr]              at /rustc/90b35a6239c3d8bdabc530a6a0816f7ff89a0aaf/library/test/src/lib.rs:644:27
[INFO] [stderr]   19: test::run_test::{{closure}}
[INFO] [stderr]              at /rustc/90b35a6239c3d8bdabc530a6a0816f7ff89a0aaf/library/test/src/lib.rs:565:43
[INFO] [stderr]   20: test::run_test::{{closure}}
[INFO] [stderr]              at /rustc/90b35a6239c3d8bdabc530a6a0816f7ff89a0aaf/library/test/src/lib.rs:595:41
[INFO] [stderr]   21: std::sys::backtrace::__rust_begin_short_backtrace
[INFO] [stderr]              at /rustc/90b35a6239c3d8bdabc530a6a0816f7ff89a0aaf/library/std/src/sys/backtrace.rs:154:18
[INFO] [stderr]   22: std::thread::Builder::spawn_unchecked_::{{closure}}::{{closure}}
[INFO] [stderr]              at /rustc/90b35a6239c3d8bdabc530a6a0816f7ff89a0aaf/library/std/src/thread/mod.rs:538:17
[INFO] [stderr]   23: <core::panic::unwind_safe::AssertUnwindSafe<F> as core::ops::function::FnOnce<()>>::call_once
[INFO] [stderr]              at /rustc/90b35a6239c3d8bdabc530a6a0816f7ff89a0aaf/library/core/src/panic/unwind_safe.rs:272:9
[INFO] [stderr]   24: std::panicking::try::do_call
[INFO] [stderr]              at /rustc/90b35a6239c3d8bdabc530a6a0816f7ff89a0aaf/library/std/src/panicking.rs:557:40
[INFO] [stderr]   25: std::panicking::try
[INFO] [stderr]              at /rustc/90b35a6239c3d8bdabc530a6a0816f7ff89a0aaf/library/std/src/panicking.rs:520:19
[INFO] [stderr]   26: std::panic::catch_unwind
[INFO] [stderr]              at /rustc/90b35a6239c3d8bdabc530a6a0816f7ff89a0aaf/library/std/src/panic.rs:358:14
[INFO] [stderr]   27: std::thread::Builder::spawn_unchecked_::{{closure}}
[INFO] [stderr]              at /rustc/90b35a6239c3d8bdabc530a6a0816f7ff89a0aaf/library/std/src/thread/mod.rs:537:30
[INFO] [stderr]   28: core::ops::function::FnOnce::call_once{{vtable.shim}}
[INFO] [stderr]              at /rustc/90b35a6239c3d8bdabc530a6a0816f7ff89a0aaf/library/core/src/ops/function.rs:250:5
[INFO] [stderr]   29: <alloc::boxed::Box<F,A> as core::ops::function::FnOnce<Args>>::call_once
[INFO] [stderr]              at /rustc/90b35a6239c3d8bdabc530a6a0816f7ff89a0aaf/library/alloc/src/boxed.rs:2454:9
[INFO] [stderr]   30: <alloc::boxed::Box<F,A> as core::ops::function::FnOnce<Args>>::call_once
[INFO] [stderr]              at /rustc/90b35a6239c3d8bdabc530a6a0816f7ff89a0aaf/library/alloc/src/boxed.rs:2454:9
[INFO] [stderr]   31: std::sys::pal::unix::thread::Thread::new::thread_start
[INFO] [stderr]              at /rustc/90b35a6239c3d8bdabc530a6a0816f7ff89a0aaf/library/std/src/sys/pal/unix/thread.rs:105:17
[INFO] [stderr]   32: <unknown>
[INFO] [stderr]   33: clone
[INFO] [stderr] panicked at src/trans.rs:124:18:
[INFO] [stderr] called `Result::unwrap()` on an `Err` value: No such file or directory (os error 2)
[INFO] [stderr] 
[INFO] [stderr] Stack backtrace:
[INFO] [stderr]    0: anyhow::error::<impl core::convert::From<E> for anyhow::Error>::from
[INFO] [stderr]              at /opt/rustwide/cargo-home/registry/src/index.crates.io-6f17d22bba15001f/anyhow-1.0.93/src/backtrace.rs:27:14
[INFO] [stderr]    1: <core::result::Result<T,F> as core::ops::try_trait::FromResidual<core::result::Result<core::convert::Infallible,E>>>::from_residual
[INFO] [stderr]              at /rustc/90b35a6239c3d8bdabc530a6a0816f7ff89a0aaf/library/core/src/result.rs:2010:27
[INFO] [stderr]    2: rustfst::fst_traits::serializable_fst::SerializableFst::draw
[INFO] [stderr]              at /opt/rustwide/cargo-home/registry/src/index.crates.io-6f17d22bba15001f/rustfst-1.1.2/src/fst_traits/serializable_fst.rs:86:22
[INFO] [stderr]    3: rust_capr::trans::SoundFst::d
[INFO] [stderr]              at ./src/trans.rs:122:13
[INFO] [stderr]    4: rust_capr::negate::<impl rust_capr::trans::SoundFst>::negate
[INFO] [stderr]              at ./src/negate.rs:18:9
[INFO] [stderr]    5: rust_capr::negate::<impl rust_capr::trans::SoundFst>::negate_with_symbol_table
[INFO] [stderr]              at ./src/negate.rs:14:9
[INFO] [stderr]    6: rust_capr::trans::SoundFst::end_in_string
[INFO] [stderr]              at ./src/trans.rs:179:27
[INFO] [stderr]    7: rust_capr::trans::tests::end_in_string
[INFO] [stderr]              at ./src/trans.rs:453:19
[INFO] [stderr]    8: rust_capr::trans::tests::end_in_string::{{closure}}
[INFO] [stderr]              at ./src/trans.rs:448:23
[INFO] [stderr]    9: core::ops::function::FnOnce::call_once
[INFO] [stderr]              at /rustc/90b35a6239c3d8bdabc530a6a0816f7ff89a0aaf/library/core/src/ops/function.rs:250:5
[INFO] [stderr]   10: core::ops::function::FnOnce::call_once
[INFO] [stderr]              at /rustc/90b35a6239c3d8bdabc530a6a0816f7ff89a0aaf/library/core/src/ops/function.rs:250:5
[INFO] [stderr]   11: test::__rust_begin_short_backtrace
[INFO] [stderr]              at /rustc/90b35a6239c3d8bdabc530a6a0816f7ff89a0aaf/library/test/src/lib.rs:621:18
[INFO] [stderr]   12: test::run_test_in_process::{{closure}}
[INFO] [stderr]              at /rustc/90b35a6239c3d8bdabc530a6a0816f7ff89a0aaf/library/test/src/lib.rs:644:60
[INFO] [stderr]   13: <core::panic::unwind_safe::AssertUnwindSafe<F> as core::ops::function::FnOnce<()>>::call_once
[INFO] [stderr]              at /rustc/90b35a6239c3d8bdabc530a6a0816f7ff89a0aaf/library/core/src/panic/unwind_safe.rs:272:9
[INFO] [stderr]   14: std::panicking::try::do_call
[INFO] [stderr]              at /rustc/90b35a6239c3d8bdabc530a6a0816f7ff89a0aaf/library/std/src/panicking.rs:557:40
[INFO] [stderr]   15: std::panicking::try
[INFO] [stderr]              at /rustc/90b35a6239c3d8bdabc530a6a0816f7ff89a0aaf/library/std/src/panicking.rs:520:19
[INFO] [stderr]   16: std::panic::catch_unwind
[INFO] [stderr]              at /rustc/90b35a6239c3d8bdabc530a6a0816f7ff89a0aaf/library/std/src/panic.rs:358:14
[INFO] [stderr]   17: test::run_test_in_process
[INFO] [stderr]              at /rustc/90b35a6239c3d8bdabc530a6a0816f7ff89a0aaf/library/test/src/lib.rs:644:27
[INFO] [stderr]   18: test::run_test::{{closure}}
[INFO] [stderr]              at /rustc/90b35a6239c3d8bdabc530a6a0816f7ff89a0aaf/library/test/src/lib.rs:565:43
[INFO] [stderr]   19: test::run_test::{{closure}}
[INFO] [stderr]              at /rustc/90b35a6239c3d8bdabc530a6a0816f7ff89a0aaf/library/test/src/lib.rs:595:41
[INFO] [stderr]   20: std::sys::backtrace::__rust_begin_short_backtrace
[INFO] [stderr]              at /rustc/90b35a6239c3d8bdabc530a6a0816f7ff89a0aaf/library/std/src/sys/backtrace.rs:154:18
[INFO] [stderr]   21: std::thread::Builder::spawn_unchecked_::{{closure}}::{{closure}}
[INFO] [stderr]              at /rustc/90b35a6239c3d8bdabc530a6a0816f7ff89a0aaf/library/std/src/thread/mod.rs:538:17
[INFO] [stderr]   22: <core::panic::unwind_safe::AssertUnwindSafe<F> as core::ops::function::FnOnce<()>>::call_once
[INFO] [stderr]              at /rustc/90b35a6239c3d8bdabc530a6a0816f7ff89a0aaf/library/core/src/panic/unwind_safe.rs:272:9
[INFO] [stderr]   23: std::panicking::try::do_call
[INFO] [stderr]              at /rustc/90b35a6239c3d8bdabc530a6a0816f7ff89a0aaf/library/std/src/panicking.rs:557:40
[INFO] [stderr]   24: std::panicking::try
[INFO] [stderr]              at /rustc/90b35a6239c3d8bdabc530a6a0816f7ff89a0aaf/library/std/src/panicking.rs:520:19
[INFO] [stderr]   25: std::panic::catch_unwind
[INFO] [stderr]              at /rustc/90b35a6239c3d8bdabc530a6a0816f7ff89a0aaf/library/std/src/panic.rs:358:14
[INFO] [stderr]   26: std::thread::Builder::spawn_unchecked_::{{closure}}
[INFO] [stderr]              at /rustc/90b35a6239c3d8bdabc530a6a0816f7ff89a0aaf/library/std/src/thread/mod.rs:537:30
[INFO] [stderr]   27: core::ops::function::FnOnce::call_once{{vtable.shim}}
[INFO] [stderr]              at /rustc/90b35a6239c3d8bdabc530a6a0816f7ff89a0aaf/library/core/src/ops/function.rs:250:5
[INFO] [stderr]   28: <alloc::boxed::Box<F,A> as core::ops::function::FnOnce<Args>>::call_once
[INFO] [stderr]              at /rustc/90b35a6239c3d8bdabc530a6a0816f7ff89a0aaf/library/alloc/src/boxed.rs:2454:9
[INFO] [stderr]   29: <alloc::boxed::Box<F,A> as core::ops::function::FnOnce<Args>>::call_once
[INFO] [stderr]              at /rustc/90b35a6239c3d8bdabc530a6a0816f7ff89a0aaf/library/alloc/src/boxed.rs:2454:9
[INFO] [stderr]   30: std::sys::pal::unix::thread::Thread::new::thread_start
[INFO] [stderr]              at /rustc/90b35a6239c3d8bdabc530a6a0816f7ff89a0aaf/library/std/src/sys/pal/unix/thread.rs:105:17
[INFO] [stderr]   31: <unknown>
[INFO] [stderr]   32: clone
[INFO] [stderr] panicked at src/trans.rs:124:18:
[INFO] [stderr] called `Result::unwrap()` on an `Err` value: No such file or directory (os error 2)
[INFO] [stderr] 
[INFO] [stderr] Stack backtrace:
[INFO] [stderr]    0: anyhow::error::<impl core::convert::From<E> for anyhow::Error>::from
[INFO] [stderr]              at /opt/rustwide/cargo-home/registry/src/index.crates.io-6f17d22bba15001f/anyhow-1.0.93/src/backtrace.rs:27:14
[INFO] [stderr]    1: <core::result::Result<T,F> as core::ops::try_trait::FromResidual<core::result::Result<core::convert::Infallible,E>>>::from_residual
[INFO] [stderr]              at /rustc/90b35a6239c3d8bdabc530a6a0816f7ff89a0aaf/library/core/src/result.rs:2010:27
[INFO] [stderr]    2: rustfst::fst_traits::serializable_fst::SerializableFst::draw
[INFO] [stderr]              at /opt/rustwide/cargo-home/registry/src/index.crates.io-6f17d22bba15001f/rustfst-1.1.2/src/fst_traits/serializable_fst.rs:86:22
[INFO] [stderr]    3: rust_capr::trans::SoundFst::d
[INFO] [stderr]              at ./src/trans.rs:122:13
[INFO] [stderr]    4: rust_capr::negate::<impl rust_capr::trans::SoundFst>::negate
[INFO] [stderr]              at ./src/negate.rs:18:9
[INFO] [stderr]    5: rust_capr::negate::<impl rust_capr::trans::SoundFst>::negate_with_symbol_table
[INFO] [stderr]              at ./src/negate.rs:14:9
[INFO] [stderr]    6: rust_capr::trans::SoundFst::constrain_boundry_markers
[INFO] [stderr]              at ./src/trans.rs:274:9
[INFO] [stdout] test tests::sound_law_invert ... FAILED
[INFO] [stderr]    7: rust_capr::trans::SoundFst::replace_in_context
[INFO] [stdout] test trans::tests::right_arrow_test_with_transduce_text ... FAILED
[INFO] [stderr]              at ./src/trans.rs:301:19
[INFO] [stdout] test trans::tests::end_in_string ... FAILED
[INFO] [stderr]    8: rust_capr::sound_law::SoundLaw::new
[INFO] [stdout] test trans::tests::replace_left_test ... FAILED
[INFO] [stderr]              at ./src/sound_law.rs:67:27
[INFO] [stdout] test negate::tests::negate_test1 ... FAILED
[INFO] [stderr]    9: rust_capr::create_law
[INFO] [stdout] 
[INFO] [stderr]              at ./src/lib.rs:16:5
[INFO] [stdout] failures:
[INFO] [stderr]   10: rust_capr::transduce_context_invert
[INFO] [stdout] 
[INFO] [stderr]              at ./src/lib.rs:28:15
[INFO] [stdout] ---- negate::tests::negate_test_all_strings stdout ----
[INFO] [stderr]   11: rust_capr::tests::sound_law_invert
[INFO] [stdout] thread 'negate::tests::negate_test_all_strings' panicked at src/trans.rs:124:18:
[INFO] [stderr]              at ./src/lib.rs:58:22
[INFO] [stdout] called `Result::unwrap()` on an `Err` value: No such file or directory (os error 2)
[INFO] [stderr]   12: rust_capr::tests::sound_law_invert::{{closure}}
[INFO] [stdout] 
[INFO] [stderr]              at ./src/lib.rs:51:26
[INFO] [stdout] Stack backtrace:
[INFO] [stderr]   13: core::ops::function::FnOnce::call_once
[INFO] [stdout]    0: anyhow::error::<impl core::convert::From<E> for anyhow::Error>::from
[INFO] [stderr]              at /rustc/90b35a6239c3d8bdabc530a6a0816f7ff89a0aaf/library/core/src/ops/function.rs:250:5
[INFO] [stdout]              at /opt/rustwide/cargo-home/registry/src/index.crates.io-6f17d22bba15001f/anyhow-1.0.93/src/backtrace.rs:27:14
[INFO] [stderr]   14: core::ops::function::FnOnce::call_once
[INFO] [stdout]    1: <core::result::Result<T,F> as core::ops::try_trait::FromResidual<core::result::Result<core::convert::Infallible,E>>>::from_residual
[INFO] [stderr]              at /rustc/90b35a6239c3d8bdabc530a6a0816f7ff89a0aaf/library/core/src/ops/function.rs:250:5
[INFO] [stdout]              at /rustc/90b35a6239c3d8bdabc530a6a0816f7ff89a0aaf/library/core/src/result.rs:2010:27
[INFO] [stderr]   15: test::__rust_begin_short_backtrace
[INFO] [stdout]    2: rustfst::fst_traits::serializable_fst::SerializableFst::draw
[INFO] [stderr]              at /rustc/90b35a6239c3d8bdabc530a6a0816f7ff89a0aaf/library/test/src/lib.rs:621:18
[INFO] [stdout]              at /opt/rustwide/cargo-home/registry/src/index.crates.io-6f17d22bba15001f/rustfst-1.1.2/src/fst_traits/serializable_fst.rs:86:22
[INFO] [stderr]   16: test::run_test_in_process::{{closure}}
[INFO] [stdout]    3: rust_capr::trans::SoundFst::d
[INFO] [stderr]              at /rustc/90b35a6239c3d8bdabc530a6a0816f7ff89a0aaf/library/test/src/lib.rs:644:60
[INFO] [stdout]              at ./src/trans.rs:122:13
[INFO] [stderr]   17: <core::panic::unwind_safe::AssertUnwindSafe<F> as core::ops::function::FnOnce<()>>::call_once
[INFO] [stdout]    4: rust_capr::negate::<impl rust_capr::trans::SoundFst>::negate
[INFO] [stderr]              at /rustc/90b35a6239c3d8bdabc530a6a0816f7ff89a0aaf/library/core/src/panic/unwind_safe.rs:272:9
[INFO] [stdout]              at ./src/negate.rs:18:9
[INFO] [stderr]   18: std::panicking::try::do_call
[INFO] [stdout]    5: rust_capr::negate::tests::negate_test_all_strings
[INFO] [stderr]              at /rustc/90b35a6239c3d8bdabc530a6a0816f7ff89a0aaf/library/std/src/panicking.rs:557:40
[INFO] [stdout]              at ./src/negate.rs:212:26
[INFO] [stderr]   19: std::panicking::try
[INFO] [stdout]    6: rust_capr::negate::tests::negate_test_all_strings::{{closure}}
[INFO] [stderr]              at /rustc/90b35a6239c3d8bdabc530a6a0816f7ff89a0aaf/library/std/src/panicking.rs:520:19
[INFO] [stdout]              at ./src/negate.rs:197:33
[INFO] [stderr]   20: std::panic::catch_unwind
[INFO] [stdout]    7: core::ops::function::FnOnce::call_once
[INFO] [stderr]              at /rustc/90b35a6239c3d8bdabc530a6a0816f7ff89a0aaf/library/std/src/panic.rs:358:14
[INFO] [stdout]              at /rustc/90b35a6239c3d8bdabc530a6a0816f7ff89a0aaf/library/core/src/ops/function.rs:250:5
[INFO] [stderr]   21: test::run_test_in_process
[INFO] [stdout]    8: core::ops::function::FnOnce::call_once
[INFO] [stderr]              at /rustc/90b35a6239c3d8bdabc530a6a0816f7ff89a0aaf/library/test/src/lib.rs:644:27
[INFO] [stdout]              at /rustc/90b35a6239c3d8bdabc530a6a0816f7ff89a0aaf/library/core/src/ops/function.rs:250:5
[INFO] [stderr]   22: test::run_test::{{closure}}
[INFO] [stdout]    9: test::__rust_begin_short_backtrace
[INFO] [stderr]              at /rustc/90b35a6239c3d8bdabc530a6a0816f7ff89a0aaf/library/test/src/lib.rs:565:43
[INFO] [stdout]              at /rustc/90b35a6239c3d8bdabc530a6a0816f7ff89a0aaf/library/test/src/lib.rs:621:18
[INFO] [stderr]   23: test::run_test::{{closure}}
[INFO] [stdout]   10: test::run_test_in_process::{{closure}}
[INFO] [stderr]              at /rustc/90b35a6239c3d8bdabc530a6a0816f7ff89a0aaf/library/test/src/lib.rs:595:41
[INFO] [stdout]              at /rustc/90b35a6239c3d8bdabc530a6a0816f7ff89a0aaf/library/test/src/lib.rs:644:60
[INFO] [stderr]   24: std::sys::backtrace::__rust_begin_short_backtrace
[INFO] [stdout]   11: <core::panic::unwind_safe::AssertUnwindSafe<F> as core::ops::function::FnOnce<()>>::call_once
[INFO] [stderr]              at /rustc/90b35a6239c3d8bdabc530a6a0816f7ff89a0aaf/library/std/src/sys/backtrace.rs:154:18
[INFO] [stdout]              at /rustc/90b35a6239c3d8bdabc530a6a0816f7ff89a0aaf/library/core/src/panic/unwind_safe.rs:272:9
[INFO] [stderr]   25: std::thread::Builder::spawn_unchecked_::{{closure}}::{{closure}}
[INFO] [stdout]   12: std::panicking::try::do_call
[INFO] [stderr]              at /rustc/90b35a6239c3d8bdabc530a6a0816f7ff89a0aaf/library/std/src/thread/mod.rs:538:17
[INFO] [stdout]              at /rustc/90b35a6239c3d8bdabc530a6a0816f7ff89a0aaf/library/std/src/panicking.rs:557:40
[INFO] [stderr]   26: <core::panic::unwind_safe::AssertUnwindSafe<F> as core::ops::function::FnOnce<()>>::call_once
[INFO] [stdout]   13: std::panicking::try
[INFO] [stderr]              at /rustc/90b35a6239c3d8bdabc530a6a0816f7ff89a0aaf/library/core/src/panic/unwind_safe.rs:272:9
[INFO] [stdout]              at /rustc/90b35a6239c3d8bdabc530a6a0816f7ff89a0aaf/library/std/src/panicking.rs:520:19
[INFO] [stderr]   27: std::panicking::try::do_call
[INFO] [stdout]   14: std::panic::catch_unwind
[INFO] [stderr]              at /rustc/90b35a6239c3d8bdabc530a6a0816f7ff89a0aaf/library/std/src/panicking.rs:557:40
[INFO] [stdout]              at /rustc/90b35a6239c3d8bdabc530a6a0816f7ff89a0aaf/library/std/src/panic.rs:358:14
[INFO] [stderr]   28: std::panicking::try
[INFO] [stdout]   15: test::run_test_in_process
[INFO] [stderr]              at /rustc/90b35a6239c3d8bdabc530a6a0816f7ff89a0aaf/library/std/src/panicking.rs:520:19
[INFO] [stdout]              at /rustc/90b35a6239c3d8bdabc530a6a0816f7ff89a0aaf/library/test/src/lib.rs:644:27
[INFO] [stderr]   29: std::panic::catch_unwind
[INFO] [stdout]   16: test::run_test::{{closure}}
[INFO] [stderr]              at /rustc/90b35a6239c3d8bdabc530a6a0816f7ff89a0aaf/library/std/src/panic.rs:358:14
[INFO] [stdout]              at /rustc/90b35a6239c3d8bdabc530a6a0816f7ff89a0aaf/library/test/src/lib.rs:565:43
[INFO] [stderr]   30: std::thread::Builder::spawn_unchecked_::{{closure}}
[INFO] [stdout]   17: test::run_test::{{closure}}
[INFO] [stderr]              at /rustc/90b35a6239c3d8bdabc530a6a0816f7ff89a0aaf/library/std/src/thread/mod.rs:537:30
[INFO] [stdout]              at /rustc/90b35a6239c3d8bdabc530a6a0816f7ff89a0aaf/library/test/src/lib.rs:595:41
[INFO] [stderr]   31: core::ops::function::FnOnce::call_once{{vtable.shim}}
[INFO] [stdout]   18: std::sys::backtrace::__rust_begin_short_backtrace
[INFO] [stderr]              at /rustc/90b35a6239c3d8bdabc530a6a0816f7ff89a0aaf/library/core/src/ops/function.rs:250:5
[INFO] [stdout]              at /rustc/90b35a6239c3d8bdabc530a6a0816f7ff89a0aaf/library/std/src/sys/backtrace.rs:154:18
[INFO] [stderr]   32: <alloc::boxed::Box<F,A> as core::ops::function::FnOnce<Args>>::call_once
[INFO] [stdout]   19: std::thread::Builder::spawn_unchecked_::{{closure}}::{{closure}}
[INFO] [stderr]              at /rustc/90b35a6239c3d8bdabc530a6a0816f7ff89a0aaf/library/alloc/src/boxed.rs:2454:9
[INFO] [stdout]              at /rustc/90b35a6239c3d8bdabc530a6a0816f7ff89a0aaf/library/std/src/thread/mod.rs:538:17
[INFO] [stderr]   33: <alloc::boxed::Box<F,A> as core::ops::function::FnOnce<Args>>::call_once
[INFO] [stdout]   20: <core::panic::unwind_safe::AssertUnwindSafe<F> as core::ops::function::FnOnce<()>>::call_once
[INFO] [stderr]              at /rustc/90b35a6239c3d8bdabc530a6a0816f7ff89a0aaf/library/alloc/src/boxed.rs:2454:9
[INFO] [stdout]              at /rustc/90b35a6239c3d8bdabc530a6a0816f7ff89a0aaf/library/core/src/panic/unwind_safe.rs:272:9
[INFO] [stderr]   34: std::sys::pal::unix::thread::Thread::new::thread_start
[INFO] [stdout]   21: std::panicking::try::do_call
[INFO] [stderr]              at /rustc/90b35a6239c3d8bdabc530a6a0816f7ff89a0aaf/library/std/src/sys/pal/unix/thread.rs:105:17
[INFO] [stdout]              at /rustc/90b35a6239c3d8bdabc530a6a0816f7ff89a0aaf/library/std/src/panicking.rs:557:40
[INFO] [stderr]   35: <unknown>
[INFO] [stdout]   22: std::panicking::try
[INFO] [stderr]   36: clone
[INFO] [stdout]              at /rustc/90b35a6239c3d8bdabc530a6a0816f7ff89a0aaf/library/std/src/panicking.rs:520:19
[INFO] [stderr] panicked at src/trans.rs:124:18:
[INFO] [stdout]   23: std::panic::catch_unwind
[INFO] [stderr] called `Result::unwrap()` on an `Err` value: No such file or directory (os error 2)
[INFO] [stdout]              at /rustc/90b35a6239c3d8bdabc530a6a0816f7ff89a0aaf/library/std/src/panic.rs:358:14
[INFO] [stderr] 
[INFO] [stdout]   24: std::thread::Builder::spawn_unchecked_::{{closure}}
[INFO] [stderr] Stack backtrace:
[INFO] [stdout]              at /rustc/90b35a6239c3d8bdabc530a6a0816f7ff89a0aaf/library/std/src/thread/mod.rs:537:30
[INFO] [stderr]    0: anyhow::error::<impl core::convert::From<E> for anyhow::Error>::from
[INFO] [stdout]   25: core::ops::function::FnOnce::call_once{{vtable.shim}}
[INFO] [stderr]              at /opt/rustwide/cargo-home/registry/src/index.crates.io-6f17d22bba15001f/anyhow-1.0.93/src/backtrace.rs:27:14
[INFO] [stdout]              at /rustc/90b35a6239c3d8bdabc530a6a0816f7ff89a0aaf/library/core/src/ops/function.rs:250:5
[INFO] [stderr]    1: <core::result::Result<T,F> as core::ops::try_trait::FromResidual<core::result::Result<core::convert::Infallible,E>>>::from_residual
[INFO] [stdout]   26: <alloc::boxed::Box<F,A> as core::ops::function::FnOnce<Args>>::call_once
[INFO] [stderr]              at /rustc/90b35a6239c3d8bdabc530a6a0816f7ff89a0aaf/library/core/src/result.rs:2010:27
[INFO] [stdout]              at /rustc/90b35a6239c3d8bdabc530a6a0816f7ff89a0aaf/library/alloc/src/boxed.rs:2454:9
[INFO] [stderr]    2: rustfst::fst_traits::serializable_fst::SerializableFst::draw
[INFO] [stdout]   27: <alloc::boxed::Box<F,A> as core::ops::function::FnOnce<Args>>::call_once
[INFO] [stderr]              at /opt/rustwide/cargo-home/registry/src/index.crates.io-6f17d22bba15001f/rustfst-1.1.2/src/fst_traits/serializable_fst.rs:86:22
[INFO] [stdout]              at /rustc/90b35a6239c3d8bdabc530a6a0816f7ff89a0aaf/library/alloc/src/boxed.rs:2454:9
[INFO] [stderr]    3: rust_capr::trans::SoundFst::d
[INFO] [stdout]   28: std::sys::pal::unix::thread::Thread::new::thread_start
[INFO] [stderr]              at ./src/trans.rs:122:13
[INFO] [stdout]              at /rustc/90b35a6239c3d8bdabc530a6a0816f7ff89a0aaf/library/std/src/sys/pal/unix/thread.rs:105:17
[INFO] [stderr]    4: rust_capr::negate::<impl rust_capr::trans::SoundFst>::negate
[INFO] [stdout]   29: <unknown>
[INFO] [stderr]              at ./src/negate.rs:18:9
[INFO] [stdout]   30: clone
[INFO] [stderr]    5: rust_capr::negate::<impl rust_capr::trans::SoundFst>::negate_with_symbol_table
[INFO] [stdout] stack backtrace:
[INFO] [stderr]              at ./src/negate.rs:14:9
[INFO] [stdout]    0:     0x5b1075e73f9a - std::backtrace_rs::backtrace::libunwind::trace::h5a5b8284f2d0c266
[INFO] [stderr]    6: rust_capr::trans::SoundFst::constrain_boundry_markers
[INFO] [stdout]                                at /rustc/90b35a6239c3d8bdabc530a6a0816f7ff89a0aaf/library/std/src/../../backtrace/src/backtrace/libunwind.rs:116:5
[INFO] [stderr]              at ./src/trans.rs:274:9
[INFO] [stdout]    1:     0x5b1075e73f9a - std::backtrace_rs::backtrace::trace_unsynchronized::h76d4f1c9b0b875e3
[INFO] [stderr]    7: rust_capr::trans::SoundFst::replace_in_context
[INFO] [stdout]                                at /rustc/90b35a6239c3d8bdabc530a6a0816f7ff89a0aaf/library/std/src/../../backtrace/src/backtrace/mod.rs:66:5
[INFO] [stderr]              at ./src/trans.rs:301:19
[INFO] [stdout]    2:     0x5b1075e73f9a - std::sys::backtrace::_print_fmt::hc4546b8364a537c6
[INFO] [stderr]    8: rust_capr::sound_law::SoundLaw::new
[INFO] [stdout]                                at /rustc/90b35a6239c3d8bdabc530a6a0816f7ff89a0aaf/library/std/src/sys/backtrace.rs:66:9
[INFO] [stderr]              at ./src/sound_law.rs:67:27
[INFO] [stdout]    3:     0x5b1075e73f9a - <std::sys::backtrace::BacktraceLock::print::DisplayBacktrace as core::fmt::Display>::fmt::h5b6bd5631a6d1f6b
[INFO] [stderr]    9: rust_capr::trans::tests::right_arrow_test_with_transduce_text
[INFO] [stdout]                                at /rustc/90b35a6239c3d8bdabc530a6a0816f7ff89a0aaf/library/std/src/sys/backtrace.rs:39:26
[INFO] [stderr]              at ./src/trans.rs:503:19
[INFO] [stdout]    4:     0x5b1075e9a233 - core::fmt::rt::Argument::fmt::h270f6602a2b96f62
[INFO] [stderr]   10: rust_capr::trans::tests::right_arrow_test_with_transduce_text::{{closure}}
[INFO] [stdout]                                at /rustc/90b35a6239c3d8bdabc530a6a0816f7ff89a0aaf/library/core/src/fmt/rt.rs:177:76
[INFO] [stderr]              at ./src/trans.rs:501:46
[INFO] [stdout]    5:     0x5b1075e9a233 - core::fmt::write::h7550c97b06c86515
[INFO] [stderr]   11: core::ops::function::FnOnce::call_once
[INFO] [stdout]                                at /rustc/90b35a6239c3d8bdabc530a6a0816f7ff89a0aaf/library/core/src/fmt/mod.rs:1186:21
[INFO] [stderr]              at /rustc/90b35a6239c3d8bdabc530a6a0816f7ff89a0aaf/library/core/src/ops/function.rs:250:5
[INFO] [stdout]    6:     0x5b1075e70e33 - std::io::Write::write_fmt::h509ff860e5956e5e
[INFO] [stderr]   12: core::ops::function::FnOnce::call_once
[INFO] [stdout]                                at /rustc/90b35a6239c3d8bdabc530a6a0816f7ff89a0aaf/library/std/src/io/mod.rs:1839:15
[INFO] [stderr]              at /rustc/90b35a6239c3d8bdabc530a6a0816f7ff89a0aaf/library/core/src/ops/function.rs:250:5
[INFO] [stdout]    7:     0x5b1075e73de2 - std::sys::backtrace::BacktraceLock::print::h2395ccd2c84ba3aa
[INFO] [stderr]   13: test::__rust_begin_short_backtrace
[INFO] [stdout]                                at /rustc/90b35a6239c3d8bdabc530a6a0816f7ff89a0aaf/library/std/src/sys/backtrace.rs:42:9
[INFO] [stderr]              at /rustc/90b35a6239c3d8bdabc530a6a0816f7ff89a0aaf/library/test/src/lib.rs:621:18
[INFO] [stdout]    8:     0x5b1075e753fa - std::panicking::default_hook::{{closure}}::he19d4c7230e07961
[INFO] [stderr]   14: test::run_test_in_process::{{closure}}
[INFO] [stdout]                                at /rustc/90b35a6239c3d8bdabc530a6a0816f7ff89a0aaf/library/std/src/panicking.rs:268:22
[INFO] [stderr]              at /rustc/90b35a6239c3d8bdabc530a6a0816f7ff89a0aaf/library/test/src/lib.rs:644:60
[INFO] [stdout]    9:     0x5b1075e75204 - std::panicking::default_hook::hf614597d3c67bbdb
[INFO] [stderr]   15: <core::panic::unwind_safe::AssertUnwindSafe<F> as core::ops::function::FnOnce<()>>::call_once
[INFO] [stdout]                                at /rustc/90b35a6239c3d8bdabc530a6a0816f7ff89a0aaf/library/std/src/panicking.rs:292:9
[INFO] [stderr]              at /rustc/90b35a6239c3d8bdabc530a6a0816f7ff89a0aaf/library/core/src/panic/unwind_safe.rs:272:9
[INFO] [stdout]   10:     0x5b1075e10c59 - <alloc::boxed::Box<F,A> as core::ops::function::Fn<Args>>::call::h39b51ce4599c23d1
[INFO] [stderr]   16: std::panicking::try::do_call
[INFO] [stdout]                                at /rustc/90b35a6239c3d8bdabc530a6a0816f7ff89a0aaf/library/alloc/src/boxed.rs:2468:9
[INFO] [stderr]              at /rustc/90b35a6239c3d8bdabc530a6a0816f7ff89a0aaf/library/std/src/panicking.rs:557:40
[INFO] [stdout]   11:     0x5b1075e10c59 - test::test_main::{{closure}}::he977ae839a582784
[INFO] [stderr]   17: std::panicking::try
[INFO] [stdout]                                at /rustc/90b35a6239c3d8bdabc530a6a0816f7ff89a0aaf/library/test/src/lib.rs:133:21
[INFO] [stderr]              at /rustc/90b35a6239c3d8bdabc530a6a0816f7ff89a0aaf/library/std/src/panicking.rs:520:19
[INFO] [stdout]   12:     0x5b1075e75a98 - <alloc::boxed::Box<F,A> as core::ops::function::Fn<Args>>::call::h9455091b6b06f9fb
[INFO] [stderr]   18: std::panic::catch_unwind
[INFO] [stdout]                                at /rustc/90b35a6239c3d8bdabc530a6a0816f7ff89a0aaf/library/alloc/src/boxed.rs:2468:9
[INFO] [stderr]              at /rustc/90b35a6239c3d8bdabc530a6a0816f7ff89a0aaf/library/std/src/panic.rs:358:14
[INFO] [stdout]   13:     0x5b1075e75a98 - std::panicking::rust_panic_with_hook::h8942133a8b252070
[INFO] [stderr]   19: test::run_test_in_process
[INFO] [stdout]                                at /rustc/90b35a6239c3d8bdabc530a6a0816f7ff89a0aaf/library/std/src/panicking.rs:809:13
[INFO] [stderr]              at /rustc/90b35a6239c3d8bdabc530a6a0816f7ff89a0aaf/library/test/src/lib.rs:644:27
[INFO] [stdout]   14:     0x5b1075e7585a - std::panicking::begin_panic_handler::{{closure}}::hb5f5963570096b29
[INFO] [stderr]   20: test::run_test::{{closure}}
[INFO] [stdout]                                at /rustc/90b35a6239c3d8bdabc530a6a0816f7ff89a0aaf/library/std/src/panicking.rs:674:13
[INFO] [stderr]              at /rustc/90b35a6239c3d8bdabc530a6a0816f7ff89a0aaf/library/test/src/lib.rs:565:43
[INFO] [stdout]   15:     0x5b1075e74479 - std::sys::backtrace::__rust_end_short_backtrace::h6208cedc1922feda
[INFO] [stderr]   21: test::run_test::{{closure}}
[INFO] [stdout]                                at /rustc/90b35a6239c3d8bdabc530a6a0816f7ff89a0aaf/library/std/src/sys/backtrace.rs:170:18
[INFO] [stderr]              at /rustc/90b35a6239c3d8bdabc530a6a0816f7ff89a0aaf/library/test/src/lib.rs:595:41
[INFO] [stdout]   16:     0x5b1075e754ec - rust_begin_unwind
[INFO] [stderr]   22: std::sys::backtrace::__rust_begin_short_backtrace
[INFO] [stdout]                                at /rustc/90b35a6239c3d8bdabc530a6a0816f7ff89a0aaf/library/std/src/panicking.rs:665:5
[INFO] [stderr]              at /rustc/90b35a6239c3d8bdabc530a6a0816f7ff89a0aaf/library/std/src/sys/backtrace.rs:154:18
[INFO] [stdout]   17:     0x5b1075b46b60 - core::panicking::panic_fmt::h0c3082644d1bf418
[INFO] [stderr]   23: std::thread::Builder::spawn_unchecked_::{{closure}}::{{closure}}
[INFO] [stdout]                                at /rustc/90b35a6239c3d8bdabc530a6a0816f7ff89a0aaf/library/core/src/panicking.rs:74:14
[INFO] [stderr]              at /rustc/90b35a6239c3d8bdabc530a6a0816f7ff89a0aaf/library/std/src/thread/mod.rs:538:17
[INFO] [stdout]   18:     0x5b1075b46fa6 - core::result::unwrap_failed::hd20b4aa073bda1e2
[INFO] [stderr]   24: <core::panic::unwind_safe::AssertUnwindSafe<F> as core::ops::function::FnOnce<()>>::call_once
[INFO] [stdout]                                at /rustc/90b35a6239c3d8bdabc530a6a0816f7ff89a0aaf/library/core/src/result.rs:1700:5
[INFO] [stderr]              at /rustc/90b35a6239c3d8bdabc530a6a0816f7ff89a0aaf/library/core/src/panic/unwind_safe.rs:272:9
[INFO] [stdout]   19:     0x5b1075dcb834 - core::result::Result<T,E>::unwrap::hdf07626ce9286ddf
[INFO] [stderr]   25: std::panicking::try::do_call
[INFO] [stdout]                                at /rustc/90b35a6239c3d8bdabc530a6a0816f7ff89a0aaf/library/core/src/result.rs:1104:23
[INFO] [stderr]              at /rustc/90b35a6239c3d8bdabc530a6a0816f7ff89a0aaf/library/std/src/panicking.rs:557:40
[INFO] [stdout]   20:     0x5b1075dcb834 - rust_capr::trans::SoundFst::d::h2e1dd86ad7fbfe0d
[INFO] [stderr]   26: std::panicking::try
[INFO] [stdout]                                at /opt/rustwide/workdir/src/trans.rs:122:13
[INFO] [stderr]              at /rustc/90b35a6239c3d8bdabc530a6a0816f7ff89a0aaf/library/std/src/panicking.rs:520:19
[INFO] [stdout]   21:     0x5b1075dc7f3c - rust_capr::negate::<impl rust_capr::trans::SoundFst>::negate::ha6e7c5fb5f8f3f7c
[INFO] [stderr]   27: std::panic::catch_unwind
[INFO] [stdout]                                at /opt/rustwide/workdir/src/negate.rs:18:9
[INFO] [stderr]              at /rustc/90b35a6239c3d8bdabc530a6a0816f7ff89a0aaf/library/std/src/panic.rs:358:14
[INFO] [stdout]   22:     0x5b1075dd05bd - rust_capr::negate::tests::negate_test_all_strings::h468c28d40af236d9
[INFO] [stderr]   28: std::thread::Builder::spawn_unchecked_::{{closure}}
[INFO] [stdout]                                at /opt/rustwide/workdir/src/negate.rs:212:26
[INFO] [stderr]              at /rustc/90b35a6239c3d8bdabc530a6a0816f7ff89a0aaf/library/std/src/thread/mod.rs:537:30
[INFO] [stdout]   23:     0x5b1075dd00b7 - rust_capr::negate::tests::negate_test_all_strings::{{closure}}::h04f8e24d693add77
[INFO] [stderr]   29: core::ops::function::FnOnce::call_once{{vtable.shim}}
[INFO] [stdout]                                at /opt/rustwide/workdir/src/negate.rs:197:33
[INFO] [stderr]              at /rustc/90b35a6239c3d8bdabc530a6a0816f7ff89a0aaf/library/core/src/ops/function.rs:250:5
[INFO] [stdout]   24:     0x5b1075c62996 - core::ops::function::FnOnce::call_once::hb13422c61c990004
[INFO] [stderr]   30: <alloc::boxed::Box<F,A> as core::ops::function::FnOnce<Args>>::call_once
[INFO] [stdout]                                at /rustc/90b35a6239c3d8bdabc530a6a0816f7ff89a0aaf/library/core/src/ops/function.rs:250:5
[INFO] [stderr]              at /rustc/90b35a6239c3d8bdabc530a6a0816f7ff89a0aaf/library/alloc/src/boxed.rs:2454:9
[INFO] [stdout]   25:     0x5b1075e1561b - core::ops::function::FnOnce::call_once::h109cf8051a59b34e
[INFO] [stderr]   31: <alloc::boxed::Box<F,A> as core::ops::function::FnOnce<Args>>::call_once
[INFO] [stdout]                                at /rustc/90b35a6239c3d8bdabc530a6a0816f7ff89a0aaf/library/core/src/ops/function.rs:250:5
[INFO] [stderr]              at /rustc/90b35a6239c3d8bdabc530a6a0816f7ff89a0aaf/library/alloc/src/boxed.rs:2454:9
[INFO] [stdout]   26:     0x5b1075e1561b - test::__rust_begin_short_backtrace::hf4fff89d377446ba
[INFO] [stderr]   32: std::sys::pal::unix::thread::Thread::new::thread_start
[INFO] [stdout]                                at /rustc/90b35a6239c3d8bdabc530a6a0816f7ff89a0aaf/library/test/src/lib.rs:621:18
[INFO] [stderr]              at /rustc/90b35a6239c3d8bdabc530a6a0816f7ff89a0aaf/library/std/src/sys/pal/unix/thread.rs:105:17
[INFO] [stdout]   27:     0x5b1075e14e57 - test::run_test_in_process::{{closure}}::h0e39181dd7ee5a43
[INFO] [stderr]   33: <unknown>
[INFO] [stdout]                                at /rustc/90b35a6239c3d8bdabc530a6a0816f7ff89a0aaf/library/test/src/lib.rs:644:60
[INFO] [stderr]   34: clone
[INFO] [stdout]   28:     0x5b1075e14e57 - <core::panic::unwind_safe::AssertUnwindSafe<F> as core::ops::function::FnOnce<()>>::call_once::hc5a66a30f0bdfd1f
[INFO] [stderr] panicked at src/trans.rs:124:18:
[INFO] [stdout]                                at /rustc/90b35a6239c3d8bdabc530a6a0816f7ff89a0aaf/library/core/src/panic/unwind_safe.rs:272:9
[INFO] [stderr] called `Result::unwrap()` on an `Err` value: No such file or directory (os error 2)
[INFO] [stdout]   29:     0x5b1075e14e57 - std::panicking::try::do_call::h873b7cf639554a5e
[INFO] [stderr] 
[INFO] [stdout]                                at /rustc/90b35a6239c3d8bdabc530a6a0816f7ff89a0aaf/library/std/src/panicking.rs:557:40
[INFO] [stderr] Stack backtrace:
[INFO] [stdout]   30:     0x5b1075e14e57 - std::panicking::try::hdb19862fad9c8bd1
[INFO] [stderr]    0: anyhow::error::<impl core::convert::From<E> for anyhow::Error>::from
[INFO] [stdout]                                at /rustc/90b35a6239c3d8bdabc530a6a0816f7ff89a0aaf/library/std/src/panicking.rs:520:19
[INFO] [stderr]              at /opt/rustwide/cargo-home/registry/src/index.crates.io-6f17d22bba15001f/anyhow-1.0.93/src/backtrace.rs:27:14
[INFO] [stdout]   31:     0x5b1075e14e57 - std::panic::catch_unwind::h281fe732d236d260
[INFO] [stderr]    1: <core::result::Result<T,F> as core::ops::try_trait::FromResidual<core::result::Result<core::convert::Infallible,E>>>::from_residual
[INFO] [stdout]                                at /rustc/90b35a6239c3d8bdabc530a6a0816f7ff89a0aaf/library/std/src/panic.rs:358:14
[INFO] [stderr]              at /rustc/90b35a6239c3d8bdabc530a6a0816f7ff89a0aaf/library/core/src/result.rs:2010:27
[INFO] [stdout]   32:     0x5b1075e14e57 - test::run_test_in_process::h949b6df8457ed338
[INFO] [stderr]    2: rustfst::fst_traits::serializable_fst::SerializableFst::draw
[INFO] [stdout]                                at /rustc/90b35a6239c3d8bdabc530a6a0816f7ff89a0aaf/library/test/src/lib.rs:644:27
[INFO] [stderr]              at /opt/rustwide/cargo-home/registry/src/index.crates.io-6f17d22bba15001f/rustfst-1.1.2/src/fst_traits/serializable_fst.rs:86:22
[INFO] [stdout]   33:     0x5b1075e14e57 - test::run_test::{{closure}}::h52c556a6d4740e10
[INFO] [stderr]    3: rust_capr::trans::SoundFst::d
[INFO] [stdout]                                at /rustc/90b35a6239c3d8bdabc530a6a0816f7ff89a0aaf/library/test/src/lib.rs:565:43
[INFO] [stderr]              at ./src/trans.rs:122:13
[INFO] [stdout]   34:     0x5b1075dda134 - test::run_test::{{closure}}::h4237f6381c45ccb9
[INFO] [stderr]    4: rust_capr::negate::<impl rust_capr::trans::SoundFst>::negate
[INFO] [stdout]                                at /rustc/90b35a6239c3d8bdabc530a6a0816f7ff89a0aaf/library/test/src/lib.rs:595:41
[INFO] [stderr]              at ./src/negate.rs:18:9
[INFO] [stdout]   35:     0x5b1075dda134 - std::sys::backtrace::__rust_begin_short_backtrace::h505c97a579eca628
[INFO] [stderr]    5: rust_capr::negate::<impl rust_capr::trans::SoundFst>::negate_with_symbol_table
[INFO] [stdout]                                at /rustc/90b35a6239c3d8bdabc530a6a0816f7ff89a0aaf/library/std/src/sys/backtrace.rs:154:18
[INFO] [stderr]              at ./src/negate.rs:14:9
[INFO] [stdout]   36:     0x5b1075ddd7fe - std::thread::Builder::spawn_unchecked_::{{closure}}::{{closure}}::h9e86b2e2bc107ea3
[INFO] [stderr]    6: rust_capr::trans::SoundFst::end_in_string
[INFO] [stdout]                                at /rustc/90b35a6239c3d8bdabc530a6a0816f7ff89a0aaf/library/std/src/thread/mod.rs:538:17
[INFO] [stderr]              at ./src/trans.rs:179:27
[INFO] [stdout]   37:     0x5b1075ddd7fe - <core::panic::unwind_safe::AssertUnwindSafe<F> as core::ops::function::FnOnce<()>>::call_once::h8b06ddb275ff4a25
[INFO] [stderr]    7: rust_capr::trans::SoundFst::replace_context
[INFO] [stdout]                                at /rustc/90b35a6239c3d8bdabc530a6a0816f7ff89a0aaf/library/core/src/panic/unwind_safe.rs:272:9
[INFO] [stderr]              at ./src/trans.rs:228:13
[INFO] [stdout]   38:     0x5b1075ddd7fe - std::panicking::try::do_call::hb26ecd7cd9a9355d
[INFO] [stderr]    8: rust_capr::trans::tests::replace_left_test
[INFO] [stdout]                                at /rustc/90b35a6239c3d8bdabc530a6a0816f7ff89a0aaf/library/std/src/panicking.rs:557:40
[INFO] [stderr]              at ./src/trans.rs:464:9
[INFO] [stdout]   39:     0x5b1075ddd7fe - std::panicking::try::h8ddeca9d705f9069
[INFO] [stderr]    9: rust_capr::trans::tests::replace_left_test::{{closure}}
[INFO] [stdout]                                at /rustc/90b35a6239c3d8bdabc530a6a0816f7ff89a0aaf/library/std/src/panicking.rs:520:19
[INFO] [stderr]              at ./src/trans.rs:460:27
[INFO] [stdout]   40:     0x5b1075ddd7fe - std::panic::catch_unwind::h49e1c33078844c46
[INFO] [stderr]   10: core::ops::function::FnOnce::call_once
[INFO] [stdout]                                at /rustc/90b35a6239c3d8bdabc530a6a0816f7ff89a0aaf/library/std/src/panic.rs:358:14
[INFO] [stderr]              at /rustc/90b35a6239c3d8bdabc530a6a0816f7ff89a0aaf/library/core/src/ops/function.rs:250:5
[INFO] [stdout]   41:     0x5b1075ddd7fe - std::thread::Builder::spawn_unchecked_::{{closure}}::h6073db6ff56ad35d
[INFO] [stderr]   11: core::ops::function::FnOnce::call_once
[INFO] [stdout]                                at /rustc/90b35a6239c3d8bdabc530a6a0816f7ff89a0aaf/library/std/src/thread/mod.rs:537:30
[INFO] [stderr]              at /rustc/90b35a6239c3d8bdabc530a6a0816f7ff89a0aaf/library/core/src/ops/function.rs:250:5
[INFO] [stdout]   42:     0x5b1075ddd7fe - core::ops::function::FnOnce::call_once{{vtable.shim}}::h2c5a5f3779c774f1
[INFO] [stderr]   12: test::__rust_begin_short_backtrace
[INFO] [stdout]                                at /rustc/90b35a6239c3d8bdabc530a6a0816f7ff89a0aaf/library/core/src/ops/function.rs:250:5
[INFO] [stderr]              at /rustc/90b35a6239c3d8bdabc530a6a0816f7ff89a0aaf/library/test/src/lib.rs:621:18
[INFO] [stdout]   43:     0x5b1075e797fb - <alloc::boxed::Box<F,A> as core::ops::function::FnOnce<Args>>::call_once::hf75717d9f28faebf
[INFO] [stderr]   13: test::run_test_in_process::{{closure}}
[INFO] [stdout]                                at /rustc/90b35a6239c3d8bdabc530a6a0816f7ff89a0aaf/library/alloc/src/boxed.rs:2454:9
[INFO] [stderr]              at /rustc/90b35a6239c3d8bdabc530a6a0816f7ff89a0aaf/library/test/src/lib.rs:644:60
[INFO] [stdout]   44:     0x5b1075e797fb - <alloc::boxed::Box<F,A> as core::ops::function::FnOnce<Args>>::call_once::h7bd883a5f3c5f3c1
[INFO] [stderr]   14: <core::panic::unwind_safe::AssertUnwindSafe<F> as core::ops::function::FnOnce<()>>::call_once
[INFO] [stdout]                                at /rustc/90b35a6239c3d8bdabc530a6a0816f7ff89a0aaf/library/alloc/src/boxed.rs:2454:9
[INFO] [stderr]              at /rustc/90b35a6239c3d8bdabc530a6a0816f7ff89a0aaf/library/core/src/panic/unwind_safe.rs:272:9
[INFO] [stdout]   45:     0x5b1075e797fb - std::sys::pal::unix::thread::Thread::new::thread_start::hcc78f3943333fa94
[INFO] [stderr]   15: std::panicking::try::do_call
[INFO] [stdout]                                at /rustc/90b35a6239c3d8bdabc530a6a0816f7ff89a0aaf/library/std/src/sys/pal/unix/thread.rs:105:17
[INFO] [stderr]              at /rustc/90b35a6239c3d8bdabc530a6a0816f7ff89a0aaf/library/std/src/panicking.rs:557:40
[INFO] [stdout]   46:     0x761a4c2adac3 - <unknown>
[INFO] [stderr]   16: std::panicking::try
[INFO] [stdout]   47:     0x761a4c33ea04 - clone
[INFO] [stderr]              at /rustc/90b35a6239c3d8bdabc530a6a0816f7ff89a0aaf/library/std/src/panicking.rs:520:19
[INFO] [stdout]   48:                0x0 - <unknown>
[INFO] [stderr]   17: std::panic::catch_unwind
[INFO] [stdout] 
[INFO] [stderr]              at /rustc/90b35a6239c3d8bdabc530a6a0816f7ff89a0aaf/library/std/src/panic.rs:358:14
[INFO] [stdout] ---- tests::sound_law_non_invert stdout ----
[INFO] [stderr]   18: test::run_test_in_process
[INFO] [stdout] [src/sound_law.rs:59:9] &labels = [
[INFO] [stderr]              at /rustc/90b35a6239c3d8bdabc530a6a0816f7ff89a0aaf/library/test/src/lib.rs:644:27
[INFO] [stdout]     [
[INFO] [stderr]   19: test::run_test::{{closure}}
[INFO] [stdout]         1,
[INFO] [stderr]              at /rustc/90b35a6239c3d8bdabc530a6a0816f7ff89a0aaf/library/test/src/lib.rs:565:43
[INFO] [stdout]     ],
[INFO] [stderr]   20: test::run_test::{{closure}}
[INFO] [stdout]     [
[INFO] [stderr]              at /rustc/90b35a6239c3d8bdabc530a6a0816f7ff89a0aaf/library/test/src/lib.rs:595:41
[INFO] [stdout]         3,
[INFO] [stderr]   21: std::sys::backtrace::__rust_begin_short_backtrace
[INFO] [stdout]     ],
[INFO] [stderr]              at /rustc/90b35a6239c3d8bdabc530a6a0816f7ff89a0aaf/library/std/src/sys/backtrace.rs:154:18
[INFO] [stdout]     [
[INFO] [stderr]   22: std::thread::Builder::spawn_unchecked_::{{closure}}::{{closure}}
[INFO] [stdout]         2,
[INFO] [stderr]              at /rustc/90b35a6239c3d8bdabc530a6a0816f7ff89a0aaf/library/std/src/thread/mod.rs:538:17
[INFO] [stdout]     ],
[INFO] [stderr]   23: <core::panic::unwind_safe::AssertUnwindSafe<F> as core::ops::function::FnOnce<()>>::call_once
[INFO] [stdout]     [
[INFO] [stderr]              at /rustc/90b35a6239c3d8bdabc530a6a0816f7ff89a0aaf/library/core/src/panic/unwind_safe.rs:272:9
[INFO] [stdout]         24,
[INFO] [stderr]   24: std::panicking::try::do_call
[INFO] [stdout]     ],
[INFO] [stderr]              at /rustc/90b35a6239c3d8bdabc530a6a0816f7ff89a0aaf/library/std/src/panicking.rs:557:40
[INFO] [stdout] ]
[INFO] [stderr]   25: std::panicking::try
[INFO] [stdout] inserting boundry markers
[INFO] [stderr]              at /rustc/90b35a6239c3d8bdabc530a6a0816f7ff89a0aaf/library/std/src/panicking.rs:520:19
[INFO] [stdout] removing boundry markers
[INFO] [stderr]   26: std::panic::catch_unwind
[INFO] [stdout] constriaingin boundry markers
[INFO] [stderr]              at /rustc/90b35a6239c3d8bdabc530a6a0816f7ff89a0aaf/library/std/src/panic.rs:358:14
[INFO] [stdout] 
[INFO] [stderr]   27: std::thread::Builder::spawn_unchecked_::{{closure}}
[INFO] [stdout] ---- sound_law::tests::compose_test_overflow stdout ----
[INFO] [stderr]              at /rustc/90b35a6239c3d8bdabc530a6a0816f7ff89a0aaf/library/std/src/thread/mod.rs:537:30
[INFO] [stdout] [src/sound_law.rs:59:9] &labels = [
[INFO] [stderr]   28: core::ops::function::FnOnce::call_once{{vtable.shim}}
[INFO] [stdout]     [],
[INFO] [stderr]              at /rustc/90b35a6239c3d8bdabc530a6a0816f7ff89a0aaf/library/core/src/ops/function.rs:250:5
[INFO] [stdout]     [],
[INFO] [stderr]   29: <alloc::boxed::Box<F,A> as core::ops::function::FnOnce<Args>>::call_once
[INFO] [stdout]     [
[INFO] [stderr]              at /rustc/90b35a6239c3d8bdabc530a6a0816f7ff89a0aaf/library/alloc/src/boxed.rs:2454:9
[INFO] [stdout]         1,
[INFO] [stderr]   30: <alloc::boxed::Box<F,A> as core::ops::function::FnOnce<Args>>::call_once
[INFO] [stdout]     ],
[INFO] [stderr]              at /rustc/90b35a6239c3d8bdabc530a6a0816f7ff89a0aaf/library/alloc/src/boxed.rs:2454:9
[INFO] [stdout]     [
[INFO] [stderr]   31: std::sys::pal::unix::thread::Thread::new::thread_start
[INFO] [stdout]         2,
[INFO] [stderr]              at /rustc/90b35a6239c3d8bdabc530a6a0816f7ff89a0aaf/library/std/src/sys/pal/unix/thread.rs:105:17
[INFO] [stdout]     ],
[INFO] [stderr]   32: <unknown>
[INFO] [stdout] ]
[INFO] [stderr]   33: clone
[INFO] [stdout] inserting boundry markers
[INFO] [stderr] panicked at src/trans.rs:124:18:
[INFO] [stdout] removing boundry markers
[INFO] [stderr] called `Result::unwrap()` on an `Err` value: No such file or directory (os error 2)
[INFO] [stdout] constriaingin boundry markers
[INFO] [stderr] 
[INFO] [stdout] 
[INFO] [stderr] Stack backtrace:
[INFO] [stdout] ---- sound_law::tests::right_arrow_test_with_soundlaw stdout ----
[INFO] [stderr]    0: anyhow::error::<impl core::convert::From<E> for anyhow::Error>::from
[INFO] [stdout] [src/sound_law.rs:59:9] &labels = [
[INFO] [stderr]              at /opt/rustwide/cargo-home/registry/src/index.crates.io-6f17d22bba15001f/anyhow-1.0.93/src/backtrace.rs:27:14
[INFO] [stdout]     [
[INFO] [stderr]    1: <core::result::Result<T,F> as core::ops::try_trait::FromResidual<core::result::Result<core::convert::Infallible,E>>>::from_residual
[INFO] [stdout]         3,
[INFO] [stderr]              at /rustc/90b35a6239c3d8bdabc530a6a0816f7ff89a0aaf/library/core/src/result.rs:2010:27
[INFO] [stdout]         1,
[INFO] [stderr]    2: rustfst::fst_traits::serializable_fst::SerializableFst::draw
[INFO] [stdout]     ],
[INFO] [stderr]              at /opt/rustwide/cargo-home/registry/src/index.crates.io-6f17d22bba15001f/rustfst-1.1.2/src/fst_traits/serializable_fst.rs:86:22
[INFO] [stdout]     [
[INFO] [stderr]    3: rust_capr::trans::SoundFst::d
[INFO] [stdout]         3,
[INFO] [stderr]              at ./src/trans.rs:122:13
[INFO] [stdout]     ],
[INFO] [stderr]    4: rust_capr::negate::<impl rust_capr::trans::SoundFst>::negate
[INFO] [stdout]     [
[INFO] [stderr]              at ./src/negate.rs:18:9
[INFO] [stdout]         3,
[INFO] [stderr]    5: rust_capr::negate::tests::negate_test1
[INFO] [stdout]         1,
[INFO] [stderr]              at ./src/negate.rs:106:22
[INFO] [stdout]     ],
[INFO] [stderr]    6: rust_capr::negate::tests::negate_test1::{{closure}}
[INFO] [stdout]     [
[INFO] [stderr]              at ./src/negate.rs:103:22
[INFO] [stdout]         4,
[INFO] [stderr]    7: core::ops::function::FnOnce::call_once
[INFO] [stdout]     ],
[INFO] [stderr]              at /rustc/90b35a6239c3d8bdabc530a6a0816f7ff89a0aaf/library/core/src/ops/function.rs:250:5
[INFO] [stdout] ]
[INFO] [stderr]    8: core::ops::function::FnOnce::call_once
[INFO] [stdout] inserting boundry markers
[INFO] [stderr]              at /rustc/90b35a6239c3d8bdabc530a6a0816f7ff89a0aaf/library/core/src/ops/function.rs:250:5
[INFO] [stdout] removing boundry markers
[INFO] [stderr]    9: test::__rust_begin_short_backtrace
[INFO] [stdout] constriaingin boundry markers
[INFO] [stderr]              at /rustc/90b35a6239c3d8bdabc530a6a0816f7ff89a0aaf/library/test/src/lib.rs:621:18
[INFO] [stdout] 
[INFO] [stderr]   10: test::run_test_in_process::{{closure}}
[INFO] [stdout] ---- sound_law::tests::compose_test stdout ----
[INFO] [stderr]              at /rustc/90b35a6239c3d8bdabc530a6a0816f7ff89a0aaf/library/test/src/lib.rs:644:60
[INFO] [stdout] [src/sound_law.rs:59:9] &labels = [
[INFO] [stderr]   11: <core::panic::unwind_safe::AssertUnwindSafe<F> as core::ops::function::FnOnce<()>>::call_once
[INFO] [stdout]     [],
[INFO] [stderr]              at /rustc/90b35a6239c3d8bdabc530a6a0816f7ff89a0aaf/library/core/src/panic/unwind_safe.rs:272:9
[INFO] [stdout]     [],
[INFO] [stderr]   12: std::panicking::try::do_call
[INFO] [stdout]     [
[INFO] [stderr]              at /rustc/90b35a6239c3d8bdabc530a6a0816f7ff89a0aaf/library/std/src/panicking.rs:557:40
[INFO] [stdout]         1,
[INFO] [stderr]   13: std::panicking::try
[INFO] [stdout]     ],
[INFO] [stderr]              at /rustc/90b35a6239c3d8bdabc530a6a0816f7ff89a0aaf/library/std/src/panicking.rs:520:19
[INFO] [stdout]     [
[INFO] [stderr]   14: std::panic::catch_unwind
[INFO] [stdout]         2,
[INFO] [stderr]              at /rustc/90b35a6239c3d8bdabc530a6a0816f7ff89a0aaf/library/std/src/panic.rs:358:14
[INFO] [stdout]     ],
[INFO] [stderr]   15: test::run_test_in_process
[INFO] [stdout] ]
[INFO] [stderr]              at /rustc/90b35a6239c3d8bdabc530a6a0816f7ff89a0aaf/library/test/src/lib.rs:644:27
[INFO] [stdout] inserting boundry markers
[INFO] [stderr]   16: test::run_test::{{closure}}
[INFO] [stdout] removing boundry markers
[INFO] [stderr]              at /rustc/90b35a6239c3d8bdabc530a6a0816f7ff89a0aaf/library/test/src/lib.rs:565:43
[INFO] [stdout] constriaingin boundry markers
[INFO] [stderr]   17: test::run_test::{{closure}}
[INFO] [stdout] 
[INFO] [stderr]              at /rustc/90b35a6239c3d8bdabc530a6a0816f7ff89a0aaf/library/test/src/lib.rs:595:41
[INFO] [stdout] ---- sound_law::tests::compose_test_insert stdout ----
[INFO] [stderr]   18: std::sys::backtrace::__rust_begin_short_backtrace
[INFO] [stdout] [src/sound_law.rs:59:9] &labels = [
[INFO] [stderr]              at /rustc/90b35a6239c3d8bdabc530a6a0816f7ff89a0aaf/library/std/src/sys/backtrace.rs:154:18
[INFO] [stdout]     [],
[INFO] [stderr]   19: std::thread::Builder::spawn_unchecked_::{{closure}}::{{closure}}
[INFO] [stdout]     [],
[INFO] [stderr]              at /rustc/90b35a6239c3d8bdabc530a6a0816f7ff89a0aaf/library/std/src/thread/mod.rs:538:17
[INFO] [stdout]     [
[INFO] [stderr]   20: <core::panic::unwind_safe::AssertUnwindSafe<F> as core::ops::function::FnOnce<()>>::call_once
[INFO] [stdout]         1,
[INFO] [stderr]              at /rustc/90b35a6239c3d8bdabc530a6a0816f7ff89a0aaf/library/core/src/panic/unwind_safe.rs:272:9
[INFO] [stdout]     ],
[INFO] [stderr]   21: std::panicking::try::do_call
[INFO] [stdout]     [
[INFO] [stderr]              at /rustc/90b35a6239c3d8bdabc530a6a0816f7ff89a0aaf/library/std/src/panicking.rs:557:40
[INFO] [stdout]         2,
[INFO] [stderr]   22: std::panicking::try
[INFO] [stdout]     ],
[INFO] [stderr]              at /rustc/90b35a6239c3d8bdabc530a6a0816f7ff89a0aaf/library/std/src/panicking.rs:520:19
[INFO] [stdout] ]
[INFO] [stderr]   23: std::panic::catch_unwind
[INFO] [stdout] inserting boundry markers
[INFO] [stderr]              at /rustc/90b35a6239c3d8bdabc530a6a0816f7ff89a0aaf/library/std/src/panic.rs:358:14
[INFO] [stdout] removing boundry markers
[INFO] [stderr]   24: std::thread::Builder::spawn_unchecked_::{{closure}}
[INFO] [stdout] constriaingin boundry markers
[INFO] [stderr]              at /rustc/90b35a6239c3d8bdabc530a6a0816f7ff89a0aaf/library/std/src/thread/mod.rs:537:30
[INFO] [stdout] 
[INFO] [stderr]   25: core::ops::function::FnOnce::call_once{{vtable.shim}}
[INFO] [stdout] ---- sound_law::tests::compose_test_rm stdout ----
[INFO] [stderr]              at /rustc/90b35a6239c3d8bdabc530a6a0816f7ff89a0aaf/library/core/src/ops/function.rs:250:5
[INFO] [stdout] [src/sound_law.rs:59:9] &labels = [
[INFO] [stderr]   26: <alloc::boxed::Box<F,A> as core::ops::function::FnOnce<Args>>::call_once
[INFO] [stdout]     [],
[INFO] [stderr]              at /rustc/90b35a6239c3d8bdabc530a6a0816f7ff89a0aaf/library/alloc/src/boxed.rs:2454:9
[INFO] [stdout]     [],
[INFO] [stderr]   27: <alloc::boxed::Box<F,A> as core::ops::function::FnOnce<Args>>::call_once
[INFO] [stdout]     [
[INFO] [stderr]              at /rustc/90b35a6239c3d8bdabc530a6a0816f7ff89a0aaf/library/alloc/src/boxed.rs:2454:9
[INFO] [stdout]         1,
[INFO] [stderr]   28: std::sys::pal::unix::thread::Thread::new::thread_start
[INFO] [stdout]     ],
[INFO] [stderr]              at /rustc/90b35a6239c3d8bdabc530a6a0816f7ff89a0aaf/library/std/src/sys/pal/unix/thread.rs:105:17
[INFO] [stdout]     [
[INFO] [stderr]   29: <unknown>
[INFO] [stdout]         2,
[INFO] [stderr]   30: clone
[INFO] [stdout]     ],
[INFO] [stdout] ]
[INFO] [stdout] inserting boundry markers
[INFO] [stdout] removing boundry markers
[INFO] [stdout] constriaingin boundry markers
[INFO] [stdout] 
[INFO] [stdout] ---- trans::tests::right_arrow_test1 stdout ----
[INFO] [stdout] inserting boundry markers
[INFO] [stdout] removing boundry markers
[INFO] [stdout] constriaingin boundry markers
[INFO] [stdout] 
[INFO] [stdout] ---- tests::sound_law_invert stdout ----
[INFO] [stdout] [src/sound_law.rs:59:9] &labels = [
[INFO] [stdout]     [
[INFO] [stdout]         24,
[INFO] [stdout]     ],
[INFO] [stdout]     [
[INFO] [stdout]         24,
[INFO] [stdout]     ],
[INFO] [stdout]     [
[INFO] [stdout]         24,
[INFO] [stdout]         24,
[INFO] [stdout]     ],
[INFO] [stdout]     [
[INFO] [stdout]         24,
[INFO] [stdout]     ],
[INFO] [stdout] ]
[INFO] [stdout] inserting boundry markers
[INFO] [stdout] removing boundry markers
[INFO] [stdout] constriaingin boundry markers
[INFO] [stdout] 
[INFO] [stdout] ---- trans::tests::right_arrow_test_with_transduce_text stdout ----
[INFO] [stdout] [src/sound_law.rs:59:9] &labels = [
[INFO] [stdout]     [
[INFO] [stdout]         3,
[INFO] [stdout]         1,
[INFO] [stdout]     ],
[INFO] [stdout]     [
[INFO] [stdout]         3,
[INFO] [stdout]     ],
[INFO] [stdout]     [
[INFO] [stdout]         3,
[INFO] [stdout]         1,
[INFO] [stdout]     ],
[INFO] [stdout]     [
[INFO] [stdout]         4,
[INFO] [stdout]     ],
[INFO] [stdout] ]
[INFO] [stdout] inserting boundry markers
[INFO] [stdout] removing boundry markers
[INFO] [stdout] constriaingin boundry markers
[INFO] [stdout] 
[INFO] [stdout] ---- trans::tests::end_in_string stdout ----
[INFO] [stdout] 169
[INFO] [stdout] 175
[INFO] [stdout] 
[INFO] [stdout] ---- trans::tests::replace_left_test stdout ----
[INFO] [stdout] starting replace context
[INFO] [stdout] 169
[INFO] [stdout] 175
[INFO] [stdout] 
[INFO] [stdout] 
[INFO] [stdout] failures:
[INFO] [stdout]     negate::tests::negate_test1
[INFO] [stdout]     negate::tests::negate_test_all_strings
[INFO] [stdout]     negate::tests::negate_test_empty_string
[INFO] [stdout]     negate::tests::negate_test_ignore_0_label
[INFO] [stdout]     negate::tests::negate_test_multiple_strings
[INFO] [stdout]     negate::tests::negate_test_no_strings
[INFO] [stdout]     negate::tests::negate_test_simple_string
[INFO] [stdout]     negate::tests::star_then_star
[INFO] [stdout]     negate::tests::star_then_star_2_alphabet
[INFO] [stdout]     negate::tests::star_then_star_4_alphabet
[INFO] [stdout]     sound_law::tests::compose_test
[INFO] [stdout]     sound_law::tests::compose_test_insert
[INFO] [stdout]     sound_law::tests::compose_test_overflow
[INFO] [stdout]     sound_law::tests::compose_test_rm
[INFO] [stdout]     sound_law::tests::right_arrow_test_with_soundlaw
[INFO] [stdout]     tests::sound_law_invert
[INFO] [stdout]     tests::sound_law_non_invert
[INFO] [stdout]     trans::tests::end_in_string
[INFO] [stdout]     trans::tests::replace_left_test
[INFO] [stdout]     trans::tests::replace_transducer_test
[INFO] [stdout]     trans::tests::right_arrow_test1
[INFO] [stdout]     trans::tests::right_arrow_test_with_transduce_text
[INFO] [stdout]     trans::tests::simple_replace_multiple
[INFO] [stdout] 
[INFO] [stdout] test result: FAILED. 3 passed; 23 failed; 0 ignored; 0 measured; 0 filtered out; finished in 0.03s
[INFO] [stdout] 
[INFO] [stderr] error: test failed, to rerun pass `--lib`
[INFO] running `Command { std: "docker" "inspect" "4a44ffec3e71a523f564a1f2f97ee3f9c593269d35c937047701a8f51f186ebc", kill_on_drop: false }`
[INFO] running `Command { std: "docker" "rm" "-f" "4a44ffec3e71a523f564a1f2f97ee3f9c593269d35c937047701a8f51f186ebc", kill_on_drop: false }`
[INFO] [stdout] 4a44ffec3e71a523f564a1f2f97ee3f9c593269d35c937047701a8f51f186ebc
