[INFO] cloning repository https://github.com/jvdwrf/tiny-actor
[INFO] running `Command { std: "git" "-c" "credential.helper=" "-c" "credential.helper=/workspace/cargo-home/bin/git-credential-null" "clone" "--bare" "https://github.com/jvdwrf/tiny-actor" "/workspace/cache/git-repos/https%3A%2F%2Fgithub.com%2Fjvdwrf%2Ftiny-actor", kill_on_drop: false }`
[INFO] [stderr] Cloning into bare repository '/workspace/cache/git-repos/https%3A%2F%2Fgithub.com%2Fjvdwrf%2Ftiny-actor'...
[INFO] running `Command { std: "git" "rev-parse" "HEAD", kill_on_drop: false }`
[INFO] [stdout] 0b3ce7380c3a5fa12e803be8770c19394fc94b6e
[INFO] testing jvdwrf/tiny-actor against 1.83.0 for beta-1.84.0-4-retry
[INFO] running `Command { std: "git" "clone" "/workspace/cache/git-repos/https%3A%2F%2Fgithub.com%2Fjvdwrf%2Ftiny-actor" "/workspace/builds/worker-5-tc1/source", kill_on_drop: false }`
[INFO] [stderr] Cloning into '/workspace/builds/worker-5-tc1/source'...
[INFO] [stderr] done.
[INFO] validating manifest of git repo https://github.com/jvdwrf/tiny-actor on toolchain 1.83.0
[INFO] running `Command { std: CARGO_HOME="/workspace/cargo-home" RUSTUP_HOME="/workspace/rustup-home" "/workspace/cargo-home/bin/cargo" "+1.83.0" "metadata" "--manifest-path" "Cargo.toml" "--no-deps", kill_on_drop: false }`
[INFO] started tweaking git repo https://github.com/jvdwrf/tiny-actor
[INFO] finished tweaking git repo https://github.com/jvdwrf/tiny-actor
[INFO] tweaked toml for git repo https://github.com/jvdwrf/tiny-actor written to /workspace/builds/worker-5-tc1/source/Cargo.toml
[INFO] crate git repo https://github.com/jvdwrf/tiny-actor already has a lockfile, it will not be regenerated
[INFO] running `Command { std: CARGO_HOME="/workspace/cargo-home" RUSTUP_HOME="/workspace/rustup-home" "/workspace/cargo-home/bin/cargo" "+1.83.0" "fetch" "--manifest-path" "Cargo.toml", kill_on_drop: false }`
[INFO] running `Command { std: "docker" "create" "-v" "/var/lib/crater-agent-workspace/builds/worker-5-tc1/target:/opt/rustwide/target:rw,Z" "-v" "/var/lib/crater-agent-workspace/builds/worker-5-tc1/source:/opt/rustwide/workdir:ro,Z" "-v" "/var/lib/crater-agent-workspace/cargo-home:/opt/rustwide/cargo-home:ro,Z" "-v" "/var/lib/crater-agent-workspace/rustup-home:/opt/rustwide/rustup-home:ro,Z" "-e" "SOURCE_DIR=/opt/rustwide/workdir" "-e" "CARGO_TARGET_DIR=/opt/rustwide/target" "-e" "CARGO_HOME=/opt/rustwide/cargo-home" "-e" "RUSTUP_HOME=/opt/rustwide/rustup-home" "-w" "/opt/rustwide/workdir" "-m" "1610612736" "--user" "0:0" "--network" "none" "ghcr.io/rust-lang/crates-build-env/linux@sha256:f3a9d4ad9d972b27faf3965f35b62e55ba32bbce8f20bc8fe909558a86702fde" "/opt/rustwide/cargo-home/bin/cargo" "+1.83.0" "metadata" "--no-deps" "--format-version=1", kill_on_drop: false }`
[INFO] [stdout] 6c99c2fc65223ae8c95d7a8965d47d863c139340443127519cd6ac853327e7e5
[INFO] running `Command { std: "docker" "start" "-a" "6c99c2fc65223ae8c95d7a8965d47d863c139340443127519cd6ac853327e7e5", kill_on_drop: false }`
[INFO] running `Command { std: "docker" "inspect" "6c99c2fc65223ae8c95d7a8965d47d863c139340443127519cd6ac853327e7e5", kill_on_drop: false }`
[INFO] running `Command { std: "docker" "rm" "-f" "6c99c2fc65223ae8c95d7a8965d47d863c139340443127519cd6ac853327e7e5", kill_on_drop: false }`
[INFO] [stdout] 6c99c2fc65223ae8c95d7a8965d47d863c139340443127519cd6ac853327e7e5
[INFO] running `Command { std: "docker" "create" "-v" "/var/lib/crater-agent-workspace/builds/worker-5-tc1/target:/opt/rustwide/target:rw,Z" "-v" "/var/lib/crater-agent-workspace/builds/worker-5-tc1/source:/opt/rustwide/workdir:ro,Z" "-v" "/var/lib/crater-agent-workspace/cargo-home:/opt/rustwide/cargo-home:ro,Z" "-v" "/var/lib/crater-agent-workspace/rustup-home:/opt/rustwide/rustup-home:ro,Z" "-e" "SOURCE_DIR=/opt/rustwide/workdir" "-e" "CARGO_TARGET_DIR=/opt/rustwide/target" "-e" "CARGO_INCREMENTAL=0" "-e" "RUST_BACKTRACE=full" "-e" "RUSTFLAGS=--cap-lints=warn" "-e" "RUSTDOCFLAGS=--cap-lints=warn" "-e" "CARGO_HOME=/opt/rustwide/cargo-home" "-e" "RUSTUP_HOME=/opt/rustwide/rustup-home" "-w" "/opt/rustwide/workdir" "-m" "1610612736" "--user" "0:0" "--network" "none" "ghcr.io/rust-lang/crates-build-env/linux@sha256:f3a9d4ad9d972b27faf3965f35b62e55ba32bbce8f20bc8fe909558a86702fde" "/opt/rustwide/cargo-home/bin/cargo" "+1.83.0" "build" "--frozen" "--message-format=json", kill_on_drop: false }`
[INFO] [stdout] ae4beda87e0e679030c1e3bf83ff38554cf0c7c8a3034e406c9318988e1a03cc
[INFO] running `Command { std: "docker" "start" "-a" "ae4beda87e0e679030c1e3bf83ff38554cf0c7c8a3034e406c9318988e1a03cc", kill_on_drop: false }`
[INFO] [stderr]    Compiling proc-macro2 v1.0.43
[INFO] [stderr]    Compiling quote v1.0.21
[INFO] [stderr]    Compiling unicode-ident v1.0.3
[INFO] [stderr]    Compiling syn v1.0.99
[INFO] [stderr]    Compiling autocfg v1.1.0
[INFO] [stderr]    Compiling futures-core v0.3.21
[INFO] [stderr]    Compiling futures-channel v0.3.21
[INFO] [stderr]    Compiling memchr v2.5.0
[INFO] [stderr]    Compiling futures-task v0.3.21
[INFO] [stderr]    Compiling futures-util v0.3.21
[INFO] [stderr]    Compiling pin-project-lite v0.2.9
[INFO] [stderr]    Compiling futures-sink v0.3.21
[INFO] [stderr]    Compiling futures-io v0.3.21
[INFO] [stderr]    Compiling pin-utils v0.1.0
[INFO] [stderr]    Compiling once_cell v1.13.0
[INFO] [stderr]    Compiling cache-padded v1.2.0
[INFO] [stderr]    Compiling concurrent-queue v1.2.4
[INFO] [stderr]    Compiling event-listener v2.5.3
[INFO] [stderr]    Compiling slab v0.4.7
[INFO] [stderr]    Compiling tokio v1.20.1
[INFO] [stderr]    Compiling futures-macro v0.3.21
[INFO] [stderr]    Compiling thiserror-impl v1.0.32
[INFO] [stderr]    Compiling tokio-macros v1.8.0
[INFO] [stderr]    Compiling thiserror v1.0.32
[INFO] [stderr]    Compiling futures-executor v0.3.21
[INFO] [stderr]    Compiling futures v0.3.21
[INFO] [stderr]    Compiling tiny-actor v0.2.1 (/opt/rustwide/workdir)
[INFO] [stderr]     Finished `dev` profile [unoptimized + debuginfo] target(s) in 17.84s
[INFO] running `Command { std: "docker" "inspect" "ae4beda87e0e679030c1e3bf83ff38554cf0c7c8a3034e406c9318988e1a03cc", kill_on_drop: false }`
[INFO] running `Command { std: "docker" "rm" "-f" "ae4beda87e0e679030c1e3bf83ff38554cf0c7c8a3034e406c9318988e1a03cc", kill_on_drop: false }`
[INFO] [stdout] ae4beda87e0e679030c1e3bf83ff38554cf0c7c8a3034e406c9318988e1a03cc
[INFO] running `Command { std: "docker" "create" "-v" "/var/lib/crater-agent-workspace/builds/worker-5-tc1/target:/opt/rustwide/target:rw,Z" "-v" "/var/lib/crater-agent-workspace/builds/worker-5-tc1/source:/opt/rustwide/workdir:ro,Z" "-v" "/var/lib/crater-agent-workspace/cargo-home:/opt/rustwide/cargo-home:ro,Z" "-v" "/var/lib/crater-agent-workspace/rustup-home:/opt/rustwide/rustup-home:ro,Z" "-e" "SOURCE_DIR=/opt/rustwide/workdir" "-e" "CARGO_TARGET_DIR=/opt/rustwide/target" "-e" "CARGO_INCREMENTAL=0" "-e" "RUST_BACKTRACE=full" "-e" "RUSTFLAGS=--cap-lints=warn" "-e" "RUSTDOCFLAGS=--cap-lints=warn" "-e" "CARGO_HOME=/opt/rustwide/cargo-home" "-e" "RUSTUP_HOME=/opt/rustwide/rustup-home" "-w" "/opt/rustwide/workdir" "-m" "1610612736" "--user" "0:0" "--network" "none" "ghcr.io/rust-lang/crates-build-env/linux@sha256:f3a9d4ad9d972b27faf3965f35b62e55ba32bbce8f20bc8fe909558a86702fde" "/opt/rustwide/cargo-home/bin/cargo" "+1.83.0" "test" "--frozen" "--no-run" "--message-format=json", kill_on_drop: false }`
[INFO] [stdout] 4b8fdc7a6e9a6185ca25e6f5f65322bfac2752faa10650e744339712a6d8cc2c
[INFO] running `Command { std: "docker" "start" "-a" "4b8fdc7a6e9a6185ca25e6f5f65322bfac2752faa10650e744339712a6d8cc2c", kill_on_drop: false }`
[INFO] [stderr]    Compiling libc v0.2.127
[INFO] [stderr]    Compiling cfg-if v1.0.0
[INFO] [stderr]    Compiling lock_api v0.4.7
[INFO] [stderr]    Compiling log v0.4.17
[INFO] [stderr]    Compiling parking_lot_core v0.9.3
[INFO] [stderr]    Compiling scopeguard v1.1.0
[INFO] [stderr]    Compiling smallvec v1.9.0
[INFO] [stderr]    Compiling tokio v1.20.1
[INFO] [stderr]    Compiling bytes v1.2.1
[INFO] [stderr]    Compiling spin_sleep v1.1.1
[INFO] [stderr]    Compiling mio v0.8.4
[INFO] [stderr]    Compiling signal-hook-registry v1.4.0
[INFO] [stderr]    Compiling socket2 v0.4.4
[INFO] [stderr]    Compiling num_cpus v1.13.1
[INFO] [stderr]    Compiling parking_lot v0.12.1
[INFO] [stderr]    Compiling tiny-actor v0.2.1 (/opt/rustwide/workdir)
[INFO] [stderr]     Finished `test` profile [unoptimized + debuginfo] target(s) in 25.93s
[INFO] running `Command { std: "docker" "inspect" "4b8fdc7a6e9a6185ca25e6f5f65322bfac2752faa10650e744339712a6d8cc2c", kill_on_drop: false }`
[INFO] running `Command { std: "docker" "rm" "-f" "4b8fdc7a6e9a6185ca25e6f5f65322bfac2752faa10650e744339712a6d8cc2c", kill_on_drop: false }`
[INFO] [stdout] 4b8fdc7a6e9a6185ca25e6f5f65322bfac2752faa10650e744339712a6d8cc2c
[INFO] running `Command { std: "docker" "create" "-v" "/var/lib/crater-agent-workspace/builds/worker-5-tc1/target:/opt/rustwide/target:rw,Z" "-v" "/var/lib/crater-agent-workspace/builds/worker-5-tc1/source:/opt/rustwide/workdir:ro,Z" "-v" "/var/lib/crater-agent-workspace/cargo-home:/opt/rustwide/cargo-home:ro,Z" "-v" "/var/lib/crater-agent-workspace/rustup-home:/opt/rustwide/rustup-home:ro,Z" "-e" "SOURCE_DIR=/opt/rustwide/workdir" "-e" "CARGO_TARGET_DIR=/opt/rustwide/target" "-e" "CARGO_INCREMENTAL=0" "-e" "RUST_BACKTRACE=full" "-e" "RUSTFLAGS=--cap-lints=warn" "-e" "RUSTDOCFLAGS=--cap-lints=warn" "-e" "CARGO_HOME=/opt/rustwide/cargo-home" "-e" "RUSTUP_HOME=/opt/rustwide/rustup-home" "-w" "/opt/rustwide/workdir" "-m" "1610612736" "--user" "0:0" "--network" "none" "ghcr.io/rust-lang/crates-build-env/linux@sha256:f3a9d4ad9d972b27faf3965f35b62e55ba32bbce8f20bc8fe909558a86702fde" "/opt/rustwide/cargo-home/bin/cargo" "+1.83.0" "test" "--frozen", kill_on_drop: false }`
[INFO] [stdout] ce69cc69e1073bf19b451209a000dbe6febd5ab0e1f5430faf0e10f565138516
[INFO] running `Command { std: "docker" "start" "-a" "ce69cc69e1073bf19b451209a000dbe6febd5ab0e1f5430faf0e10f565138516", kill_on_drop: false }`
[INFO] [stderr]     Finished `test` profile [unoptimized + debuginfo] target(s) in 0.07s
[INFO] [stderr]      Running unittests src/lib.rs (/opt/rustwide/target/debug/deps/tiny_actor-7df14673e80593d4)
[INFO] [stdout] 
[INFO] [stdout] running 58 tests
[INFO] [stdout] test actor::child::test::downcast ... ok
[INFO] [stdout] test actor::child::test::abort ... ok
[INFO] [stdout] test actor::child::test::into_childpool ... ok
[INFO] [stdout] test actor::child::test::dropping_aborts ... ok
[INFO] [stdout] test actor::child::test::dropping ... ok
[INFO] [stdout] test actor::child::test::dropping_detached ... ok
[INFO] [stdout] test actor::child_pool::test::downcast ... ok
[INFO] [stdout] test actor::child_pool::test::dropping ... ok
[INFO] [stdout] test actor::child::test::is_finished ... ok
[INFO] [stdout] test actor::child_pool::test::spawn_err_exit ... ok
[INFO] [stdout] test actor::child_pool::test::spawn_ok ... ok
[INFO] [stdout] test actor::child_pool::test::spawn_err_incorrect_type ... ok
[INFO] [stdout] test actor::child_pool::test::dropping_detached ... ok
[INFO] [stdout] test channel::receiving::test::try_recv_closed ... ok
[INFO] [stdout] test channel::receiving::test::try_recv_halt ... ok
[INFO] [stdout] test actor::shutdown::test::shutdown_pool_success ... ok
[INFO] [stdout] test channel::sending::test::try_send_bounded_full ... ok
[INFO] [stdout] test channel::receiving::test::recv_immedeate ... ok
[INFO] [stdout] test channel::sending::test::try_send_with_space ... ok
[INFO] [stdout] test channel::sending::test::try_send_unbounded_full ... ok
[INFO] [stdout] test actor::child_pool::test::dropping_halts_then_aborts ... ok
[INFO] [stdout] test channel::sending::test::send_with_space ... ok
[INFO] [stdout] test actor::shutdown::test::shutdown_success ... ok
[INFO] [stdout] test channel::test::actor_ids_increase ... ok
[INFO] [stdout] test actor::shutdown::test::shutdown_failure ... ok
[INFO] [stdout] test actor::shutdown::test::shutdown_pool_failure ... ok
[INFO] [stdout] test channel::receiving::test::try_recv ... ok
[INFO] [stdout] test actor::shutdown::test::shutdown_pool_mixed ... ok
[INFO] [stdout] test channel::test::add_inbox_with_0_addresses_is_ok ... ok
[INFO] [stdout] test channel::test::add_inbox_with_0_inboxes_is_err ... ok
[INFO] [stdout] test channel::receiving::test::recv_delayed ... ok
[INFO] [stdout] test channel::test::adding_removing_inboxes ... ok
[INFO] [stdout] test channel::test::capacity_types_are_correct ... ok
[INFO] [stdout] test channel::test::channels_have_actor_ids ... ok
[INFO] [stdout] test channel::test::closing_doesnt_drop_messages ... ok
[INFO] [stdout] test channel::test::halt ... ok
[INFO] [stdout] test channel::test::halt_closes_channel ... ok
[INFO] [stdout] test channel::test::inbox_should_halt ... ok
[INFO] [stdout] test channel::test::closing ... ok
[INFO] [stdout] test channel::test::pop_msg ... ok
[INFO] [stdout] test channel::test::partial_halt ... ok
[INFO] [stdout] test channel::test::exiting ... ok
[INFO] [stdout] test channel::test::exiting_drops_all_messages ... ok
[INFO] [stdout] test channel::test::immedeate_halt ... ok
[INFO] [stdout] test channel::test::push_msg ... ok
[INFO] [stdout] test config::test::backpressure_exponential ... ok
[INFO] [stdout] test channel::test::removing_all_addresses ... ok
[INFO] [stdout] test config::test::backpressure_exponential_start_at ... ok
[INFO] [stdout] test config::test::backpressure_linear ... ok
[INFO] [stdout] test config::test::backpressure_linear_start_at ... ok
[INFO] [stdout] test config::test::disabled ... ok
[INFO] [stdout] test config::test::default_abort_timer ... ok
[INFO] [stdout] test channel::sending::test::send_unbounded_full ... ok
[INFO] [stdout] test channel::receiving::test::dropping_recv_notifies_next ... ok
[INFO] [stdout] test channel::test::adding_removing_addresses ... ok
[INFO] [stdout] test channel::sending::test::send_bounded_full ... ok
[INFO] [stdout] test channel::test::remove_address_below_0 - should panic ... ok
[INFO] [stdout] test channel::test::remove_inbox_below_0 - should panic ... ok
[INFO] [stdout] 
[INFO] [stdout] test result: ok. 58 passed; 0 failed; 0 ignored; 0 measured; 0 filtered out; finished in 0.12s
[INFO] [stdout] 
[INFO] [stderr]      Running tests/lib.rs (/opt/rustwide/target/debug/deps/lib-3eaa44dc3a29cc43)
[INFO] [stdout] 
[INFO] [stdout] running 11 tests
[INFO] [stdout] test spawn_and_abort ... ok
[INFO] [stdout] test base_counts ... ok
[INFO] [stdout] test spawn_and_normal_exit ... ok
[INFO] [stdout] test address_counts ... ok
[INFO] [stdout] test spawn_await_address ... ok
[INFO] [stdout] test spawn_and_halt ... ok
[INFO] [stdout] test spawn_and_drop ... ok
[INFO] [stdout] test spawn_and_drop_detached ... ok
[INFO] [stdout] test inbox_counts ... ok
[INFO] [stdout] test pooled_messaging_split ... ok
[INFO] [stdout] test spawn_and_panic ... ok
[INFO] [stdout] 
[INFO] [stdout] test result: ok. 11 passed; 0 failed; 0 ignored; 0 measured; 0 filtered out; finished in 0.06s
[INFO] [stdout] 
[INFO] [stderr]    Doc-tests tiny_actor
[INFO] [stdout] 
[INFO] [stdout] running 9 tests
[INFO] [stdout] test src/../README.md - (line 85) ... FAILED
[INFO] [stdout] test src/actor/spawning.rs - actor::spawning::spawn_one_process (line 60) - compile ... FAILED
[INFO] [stdout] test src/config/mod.rs - config::Config::detached (line 53) - compile ... ok
[INFO] [stdout] test src/actor/spawning.rs - actor::spawning::spawn_process (line 8) - compile ... FAILED
[INFO] [stdout] test src/actor/child_pool.rs - actor::child_pool::ChildPool<E,C>::shutdown (line 159) - compile ... ok
[INFO] [stdout] test src/config/mod.rs - config::Config (line 12) - compile ... ok
[INFO] [stdout] test src/config/mod.rs - config::Config::bounded (line 37) - compile ... ok
[INFO] [stdout] test src/actor/spawning.rs - actor::spawning::spawn_many_processes (line 112) - compile ... FAILED
[INFO] [stdout] test src/../README.md - (line 134) ... FAILED
[INFO] [stdout] 
[INFO] [stdout] failures:
[INFO] [stdout] 
[INFO] [stdout] ---- src/../README.md - (line 85) stdout ----
[INFO] [stdout] error[E0425]: cannot find function `spawn` in this scope
[INFO] [stdout]   --> src/../README.md:93:32
[INFO] [stdout]    |
[INFO] [stdout] 10 |     let (mut child, address) = spawn(Config::default(), |mut inbox: Inbox<u32>| async move {
[INFO] [stdout]    |                                ^^^^^ not found in this scope
[INFO] [stdout]    |
[INFO] [stdout] help: consider importing one of these functions
[INFO] [stdout]    |
[INFO] [stdout] 4  + use std::thread::spawn;
[INFO] [stdout]    |
[INFO] [stdout] 4  + use tokio::spawn;
[INFO] [stdout]    |
[INFO] [stdout] 
[INFO] [stdout] error: aborting due to 1 previous error
[INFO] [stdout] 
[INFO] [stdout] For more information about this error, try `rustc --explain E0425`.
[INFO] [stdout] Couldn't compile the test.
[INFO] [stdout] ---- src/actor/spawning.rs - actor::spawning::spawn_one_process (line 60) stdout ----
[INFO] [stdout] error[E0425]: cannot find function `spawn_one` in this scope
[INFO] [stdout]  --> src/actor/spawning.rs:66:5
[INFO] [stdout]   |
[INFO] [stdout] 8 |     spawn_one(Config::default(), |mut inbox: Inbox<u32>| async move {
[INFO] [stdout]   |     ^^^^^^^^^ not found in this scope
[INFO] [stdout] 
[INFO] [stdout] error: aborting due to 1 previous error
[INFO] [stdout] 
[INFO] [stdout] For more information about this error, try `rustc --explain E0425`.
[INFO] [stdout] Couldn't compile the test.
[INFO] [stdout] ---- src/actor/spawning.rs - actor::spawning::spawn_process (line 8) stdout ----
[INFO] [stdout] error[E0425]: cannot find function `spawn` in this scope
[INFO] [stdout]  --> src/actor/spawning.rs:14:5
[INFO] [stdout]   |
[INFO] [stdout] 8 |     spawn(Config::default(), |mut inbox: Inbox<u32>| async move {
[INFO] [stdout]   |     ^^^^^ not found in this scope
[INFO] [stdout]   |
[INFO] [stdout] help: consider importing one of these functions
[INFO] [stdout]   |
[INFO] [stdout] 4 + use std::thread::spawn;
[INFO] [stdout]   |
[INFO] [stdout] 4 + use tokio::spawn;
[INFO] [stdout]   |
[INFO] [stdout] 
[INFO] [stdout] error: aborting due to 1 previous error
[INFO] [stdout] 
[INFO] [stdout] For more information about this error, try `rustc --explain E0425`.
[INFO] [stdout] Couldn't compile the test.
[INFO] [stdout] ---- src/actor/spawning.rs - actor::spawning::spawn_many_processes (line 112) stdout ----
[INFO] [stdout] error[E0425]: cannot find function `spawn_many` in this scope
[INFO] [stdout]   --> src/actor/spawning.rs:118:5
[INFO] [stdout]    |
[INFO] [stdout] 8  |       spawn_many(0..5, Config::default(), |i, mut inbox: Inbox<u32>| async move {
[INFO] [stdout]    |       ^^^^^^^^^^ help: a function with a similar name exists: `spawn_task`
[INFO] [stdout]    |
[INFO] [stdout]   ::: /opt/rustwide/workdir/src/actor/spawning.rs:42:1
[INFO] [stdout]    |
[INFO] [stdout] 42 | / pub fn spawn_task<E, Fun, Fut>(config: Config, fun: Fun) -> Child<E>
[INFO] [stdout] 43 | | where
[INFO] [stdout] 44 | |     Fun: FnOnce(HaltNotifier) -> Fut + Send + 'static,
[INFO] [stdout] 45 | |     Fut: Future<Output = E> + Send + 'static,
[INFO] [stdout] 46 | |     E: Send + 'static,
[INFO] [stdout]    | |______________________- similarly named function `spawn_task` defined here
[INFO] [stdout] 
[INFO] [stdout] error: aborting due to 1 previous error
[INFO] [stdout] 
[INFO] [stdout] For more information about this error, try `rustc --explain E0425`.
[INFO] [stdout] Couldn't compile the test.
[INFO] [stdout] ---- src/../README.md - (line 134) stdout ----
[INFO] [stdout] error[E0425]: cannot find function `spawn_many` in this scope
[INFO] [stdout]   --> src/../README.md:144:31
[INFO] [stdout]    |
[INFO] [stdout] 12 |       let (mut pool, address) = spawn_many(
[INFO] [stdout]    |                                 ^^^^^^^^^^ help: a function with a similar name exists: `spawn_task`
[INFO] [stdout]    |
[INFO] [stdout]   ::: /opt/rustwide/workdir/src/actor/spawning.rs:42:1
[INFO] [stdout]    |
[INFO] [stdout] 42 | / pub fn spawn_task<E, Fun, Fut>(config: Config, fun: Fun) -> Child<E>
[INFO] [stdout] 43 | | where
[INFO] [stdout] 44 | |     Fun: FnOnce(HaltNotifier) -> Fut + Send + 'static,
[INFO] [stdout] 45 | |     Fut: Future<Output = E> + Send + 'static,
[INFO] [stdout] 46 | |     E: Send + 'static,
[INFO] [stdout]    | |______________________- similarly named function `spawn_task` defined here
[INFO] [stdout] 
[INFO] [stdout] error: aborting due to 1 previous error
[INFO] [stdout] 
[INFO] [stdout] For more information about this error, try `rustc --explain E0425`.
[INFO] [stdout] Couldn't compile the test.
[INFO] [stdout] 
[INFO] [stdout] failures:
[INFO] [stdout]     src/../README.md - (line 134)
[INFO] [stdout]     src/../README.md - (line 85)
[INFO] [stdout]     src/actor/spawning.rs - actor::spawning::spawn_many_processes (line 112)
[INFO] [stdout]     src/actor/spawning.rs - actor::spawning::spawn_one_process (line 60)
[INFO] [stdout]     src/actor/spawning.rs - actor::spawning::spawn_process (line 8)
[INFO] [stdout] 
[INFO] [stdout] test result: FAILED. 4 passed; 5 failed; 0 ignored; 0 measured; 0 filtered out; finished in 0.39s
[INFO] [stdout] 
[INFO] [stderr] error: doctest failed, to rerun pass `--doc`
[INFO] running `Command { std: "docker" "inspect" "ce69cc69e1073bf19b451209a000dbe6febd5ab0e1f5430faf0e10f565138516", kill_on_drop: false }`
[INFO] running `Command { std: "docker" "rm" "-f" "ce69cc69e1073bf19b451209a000dbe6febd5ab0e1f5430faf0e10f565138516", kill_on_drop: false }`
[INFO] [stdout] ce69cc69e1073bf19b451209a000dbe6febd5ab0e1f5430faf0e10f565138516
