[INFO] cloning repository https://github.com/julianbieber/eye_detection
[INFO] running `Command { std: "git" "-c" "credential.helper=" "-c" "credential.helper=/workspace/cargo-home/bin/git-credential-null" "clone" "--bare" "https://github.com/julianbieber/eye_detection" "/workspace/cache/git-repos/https%3A%2F%2Fgithub.com%2Fjulianbieber%2Feye_detection", kill_on_drop: false }`
[INFO] [stderr] Cloning into bare repository '/workspace/cache/git-repos/https%3A%2F%2Fgithub.com%2Fjulianbieber%2Feye_detection'...
[INFO] running `Command { std: "git" "rev-parse" "HEAD", kill_on_drop: false }`
[INFO] [stdout] b852f947f4d828fbdb98e0824975b8a9eabbe01b
[INFO] testing julianbieber/eye_detection against beta-2024-12-08 for beta-1.84.0-4-retry
[INFO] running `Command { std: "git" "clone" "/workspace/cache/git-repos/https%3A%2F%2Fgithub.com%2Fjulianbieber%2Feye_detection" "/workspace/builds/worker-5-tc2/source", kill_on_drop: false }`
[INFO] [stderr] Cloning into '/workspace/builds/worker-5-tc2/source'...
[INFO] [stderr] done.
[INFO] validating manifest of git repo https://github.com/julianbieber/eye_detection on toolchain beta-2024-12-08
[INFO] running `Command { std: CARGO_HOME="/workspace/cargo-home" RUSTUP_HOME="/workspace/rustup-home" "/workspace/cargo-home/bin/cargo" "+beta-2024-12-08" "metadata" "--manifest-path" "Cargo.toml" "--no-deps", kill_on_drop: false }`
[INFO] started tweaking git repo https://github.com/julianbieber/eye_detection
[INFO] finished tweaking git repo https://github.com/julianbieber/eye_detection
[INFO] tweaked toml for git repo https://github.com/julianbieber/eye_detection written to /workspace/builds/worker-5-tc2/source/Cargo.toml
[INFO] crate git repo https://github.com/julianbieber/eye_detection already has a lockfile, it will not be regenerated
[INFO] running `Command { std: CARGO_HOME="/workspace/cargo-home" RUSTUP_HOME="/workspace/rustup-home" "/workspace/cargo-home/bin/cargo" "+beta-2024-12-08" "fetch" "--manifest-path" "Cargo.toml", kill_on_drop: false }`
[INFO] running `Command { std: "docker" "create" "-v" "/var/lib/crater-agent-workspace/builds/worker-5-tc2/target:/opt/rustwide/target:rw,Z" "-v" "/var/lib/crater-agent-workspace/builds/worker-5-tc2/source:/opt/rustwide/workdir:ro,Z" "-v" "/var/lib/crater-agent-workspace/cargo-home:/opt/rustwide/cargo-home:ro,Z" "-v" "/var/lib/crater-agent-workspace/rustup-home:/opt/rustwide/rustup-home:ro,Z" "-e" "SOURCE_DIR=/opt/rustwide/workdir" "-e" "CARGO_TARGET_DIR=/opt/rustwide/target" "-e" "CARGO_HOME=/opt/rustwide/cargo-home" "-e" "RUSTUP_HOME=/opt/rustwide/rustup-home" "-w" "/opt/rustwide/workdir" "-m" "1610612736" "--user" "0:0" "--network" "none" "ghcr.io/rust-lang/crates-build-env/linux@sha256:f3a9d4ad9d972b27faf3965f35b62e55ba32bbce8f20bc8fe909558a86702fde" "/opt/rustwide/cargo-home/bin/cargo" "+beta-2024-12-08" "metadata" "--no-deps" "--format-version=1", kill_on_drop: false }`
[INFO] [stdout] 9b14530742fdae8c31d6c24b1e7b8e597c8e9dde1b32b0b7505b417e9e17e20f
[INFO] running `Command { std: "docker" "start" "-a" "9b14530742fdae8c31d6c24b1e7b8e597c8e9dde1b32b0b7505b417e9e17e20f", kill_on_drop: false }`
[INFO] running `Command { std: "docker" "inspect" "9b14530742fdae8c31d6c24b1e7b8e597c8e9dde1b32b0b7505b417e9e17e20f", kill_on_drop: false }`
[INFO] running `Command { std: "docker" "rm" "-f" "9b14530742fdae8c31d6c24b1e7b8e597c8e9dde1b32b0b7505b417e9e17e20f", kill_on_drop: false }`
[INFO] [stdout] 9b14530742fdae8c31d6c24b1e7b8e597c8e9dde1b32b0b7505b417e9e17e20f
[INFO] running `Command { std: "docker" "create" "-v" "/var/lib/crater-agent-workspace/builds/worker-5-tc2/target:/opt/rustwide/target:rw,Z" "-v" "/var/lib/crater-agent-workspace/builds/worker-5-tc2/source:/opt/rustwide/workdir:ro,Z" "-v" "/var/lib/crater-agent-workspace/cargo-home:/opt/rustwide/cargo-home:ro,Z" "-v" "/var/lib/crater-agent-workspace/rustup-home:/opt/rustwide/rustup-home:ro,Z" "-e" "SOURCE_DIR=/opt/rustwide/workdir" "-e" "CARGO_TARGET_DIR=/opt/rustwide/target" "-e" "CARGO_INCREMENTAL=0" "-e" "RUST_BACKTRACE=full" "-e" "RUSTFLAGS=--cap-lints=warn" "-e" "RUSTDOCFLAGS=--cap-lints=warn" "-e" "CARGO_HOME=/opt/rustwide/cargo-home" "-e" "RUSTUP_HOME=/opt/rustwide/rustup-home" "-w" "/opt/rustwide/workdir" "-m" "1610612736" "--user" "0:0" "--network" "none" "ghcr.io/rust-lang/crates-build-env/linux@sha256:f3a9d4ad9d972b27faf3965f35b62e55ba32bbce8f20bc8fe909558a86702fde" "/opt/rustwide/cargo-home/bin/cargo" "+beta-2024-12-08" "build" "--frozen" "--message-format=json", kill_on_drop: false }`
[INFO] [stdout] 8eae6d999693f6a8c25caa3502c87f1b995eb479176bc40b1dec5f40b9dbbdc3
[INFO] running `Command { std: "docker" "start" "-a" "8eae6d999693f6a8c25caa3502c87f1b995eb479176bc40b1dec5f40b9dbbdc3", kill_on_drop: false }`
[INFO] [stderr]    Compiling autocfg v1.2.0
[INFO] [stderr]    Compiling libc v0.2.153
[INFO] [stderr]    Compiling proc-macro2 v1.0.79
[INFO] [stderr]    Compiling crossbeam-utils v0.8.19
[INFO] [stderr]    Compiling simd-adler32 v0.3.7
[INFO] [stderr]    Compiling bytemuck v1.15.0
[INFO] [stderr]    Compiling rayon-core v1.12.1
[INFO] [stderr]    Compiling crc32fast v1.4.0
[INFO] [stderr]    Compiling adler v1.0.2
[INFO] [stderr]    Compiling scopeguard v1.2.0
[INFO] [stderr]    Compiling either v1.11.0
[INFO] [stderr]    Compiling glob v0.3.1
[INFO] [stderr]    Compiling prettyplease v0.2.17
[INFO] [stderr]    Compiling rustix v0.38.32
[INFO] [stderr]    Compiling dunce v1.0.4
[INFO] [stderr]    Compiling memchr v2.7.2
[INFO] [stderr]    Compiling minimal-lexical v0.2.1
[INFO] [stderr]    Compiling regex-syntax v0.8.3
[INFO] [stderr]    Compiling miniz_oxide v0.7.2
[INFO] [stderr]    Compiling weezl v0.1.8
[INFO] [stderr]    Compiling linux-raw-sys v0.4.13
[INFO] [stderr]    Compiling nasm-rs v0.2.5
[INFO] [stderr]    Compiling bitflags v2.5.0
[INFO] [stderr]    Compiling zune-inflate v0.2.54
[INFO] [stderr]    Compiling nom v7.1.3
[INFO] [stderr]    Compiling clang-sys v1.7.0
[INFO] [stderr]    Compiling fdeflate v0.3.4
[INFO] [stderr]    Compiling libloading v0.8.3
[INFO] [stderr]    Compiling half v2.4.1
[INFO] [stderr]    Compiling flate2 v1.0.28
[INFO] [stderr]    Compiling num-traits v0.2.18
[INFO] [stderr]    Compiling lock_api v0.4.11
[INFO] [stderr]    Compiling bit_field v0.10.2
[INFO] [stderr]    Compiling crossbeam-epoch v0.9.18
[INFO] [stderr]    Compiling color_quant v1.1.0
[INFO] [stderr]    Compiling jobserver v0.1.30
[INFO] [stderr]    Compiling bindgen v0.65.1
[INFO] [stderr]    Compiling home v0.5.9
[INFO] [stderr]    Compiling smallvec v1.13.2
[INFO] [stderr]    Compiling quote v1.0.36
[INFO] [stderr]    Compiling lebe v0.5.2
[INFO] [stderr]    Compiling crossbeam-deque v0.8.5
[INFO] [stderr]    Compiling spin v0.9.8
[INFO] [stderr]    Compiling syn v2.0.58
[INFO] [stderr]    Compiling cc v1.0.94
[INFO] [stderr]    Compiling png v0.17.13
[INFO] [stderr]    Compiling gif v0.13.1
[INFO] [stderr]    Compiling flume v0.11.0
[INFO] [stderr]    Compiling qoi v0.4.1
[INFO] [stderr]    Compiling log v0.4.21
[INFO] [stderr]    Compiling getrandom v0.1.16
[INFO] [stderr]    Compiling lazycell v1.3.0
[INFO] [stderr]    Compiling shlex v1.3.0
[INFO] [stderr]    Compiling peeking_take_while v0.1.2
[INFO] [stderr]    Compiling lazy_static v1.4.0
[INFO] [stderr]    Compiling rustc-hash v1.1.0
[INFO] [stderr]    Compiling byteorder v1.5.0
[INFO] [stderr]    Compiling thiserror v1.0.58
[INFO] [stderr]    Compiling rayon v1.10.0
[INFO] [stderr]    Compiling exr v1.72.0
[INFO] [stderr]    Compiling num-bigint v0.4.4
[INFO] [stderr]    Compiling rgb v0.8.37
[INFO] [stderr]    Compiling regex-automata v0.4.6
[INFO] [stderr]    Compiling paste v1.0.14
[INFO] [stderr]    Compiling arrayvec v0.7.4
[INFO] [stderr]    Compiling cexpr v0.6.0
[INFO] [stderr]    Compiling which v4.4.2
[INFO] [stderr]    Compiling num-integer v0.1.46
[INFO] [stderr]    Compiling num-rational v0.4.1
[INFO] [stderr]    Compiling bytes v1.6.0
[INFO] [stderr]    Compiling num-complex v0.4.5
[INFO] [stderr]    Compiling rand_core v0.5.1
[INFO] [stderr]    Compiling matrixmultiply v0.3.8
[INFO] [stderr]    Compiling safe_arch v0.7.1
[INFO] [stderr]    Compiling rand_chacha v0.2.2
[INFO] [stderr]    Compiling approx v0.5.1
[INFO] [stderr]    Compiling mozjpeg-sys v1.1.1
[INFO] [stderr]    Compiling getrandom v0.2.14
[INFO] [stderr]    Compiling nokhwa-bindings-macos v0.2.1 (https://github.com/l1npengtul/nokhwa.git?branch=0.10#c5a56bd2)
[INFO] [stderr]    Compiling jpeg-decoder v0.3.1
[INFO] [stderr]    Compiling ttf-parser v0.15.2
[INFO] [stderr]    Compiling rand v0.7.3
[INFO] [stderr]    Compiling wide v0.7.16
[INFO] [stderr]    Compiling nanorand v0.7.0
[INFO] [stderr]    Compiling num-iter v0.1.44
[INFO] [stderr]    Compiling custom_derive v0.1.7
[INFO] [stderr]    Compiling futures-core v0.3.30
[INFO] [stderr]    Compiling ab_glyph_rasterizer v0.1.8
[INFO] [stderr]    Compiling futures-sink v0.3.30
[INFO] [stderr]    Compiling conv v0.3.3
[INFO] [stderr]    Compiling itertools v0.10.5
[INFO] [stderr]    Compiling itertools v0.12.1
[INFO] [stderr]    Compiling tiff v0.9.1
[INFO] [stderr]    Compiling regex v1.10.4
[INFO] [stderr]    Compiling rand_distr v0.2.2
[INFO] [stderr]    Compiling image v0.24.9
[INFO] [stderr]    Compiling num v0.4.2
[INFO] [stderr]    Compiling simba v0.7.3
[INFO] [stderr]    Compiling owned_ttf_parser v0.15.2
[INFO] [stderr]    Compiling rusttype v0.9.3
[INFO] [stderr]    Compiling thiserror-impl v1.0.58
[INFO] [stderr]    Compiling pin-project-internal v1.1.5
[INFO] [stderr]    Compiling mozjpeg v0.9.8
[INFO] [stderr]    Compiling pin-project v1.1.5
[INFO] [stderr]    Compiling flume v0.10.14
[INFO] [stderr]    Compiling nokhwa-core v0.1.2 (https://github.com/l1npengtul/nokhwa.git?branch=0.10#c5a56bd2)
[INFO] [stderr]    Compiling nokhwa-bindings-windows v0.4.0 (https://github.com/l1npengtul/nokhwa.git?branch=0.10#c5a56bd2)
[INFO] [stderr]    Compiling nalgebra v0.30.1
[INFO] [stderr]    Compiling v4l2-sys-mit v0.3.0
[INFO] [stderr]    Compiling v4l v0.14.0
[INFO] [stderr]    Compiling nokhwa-bindings-linux v0.1.0 (https://github.com/l1npengtul/nokhwa.git?branch=0.10#c5a56bd2)
[INFO] [stderr]    Compiling nokhwa v0.10.4 (https://github.com/l1npengtul/nokhwa.git?branch=0.10#c5a56bd2)
[INFO] [stderr]    Compiling imageproc v0.23.0
[INFO] [stderr]    Compiling eye_detection v0.1.0 (/opt/rustwide/workdir)
[INFO] [stdout] warning: unused variable: `s`
[INFO] [stdout]    --> src/main.rs:196:9
[INFO] [stdout]     |
[INFO] [stdout] 196 |     let s = 32 as usize;
[INFO] [stdout]     |         ^ help: if this is intentional, prefix it with an underscore: `_s`
[INFO] [stdout]     |
[INFO] [stdout]     = note: `#[warn(unused_variables)]` on by default
[INFO] [stdout] 
[INFO] [stdout] 
[INFO] [stdout] warning: function `grey_to_float` is never used
[INFO] [stdout]   --> src/main.rs:36:4
[INFO] [stdout]    |
[INFO] [stdout] 36 | fn grey_to_float(
[INFO] [stdout]    |    ^^^^^^^^^^^^^
[INFO] [stdout]    |
[INFO] [stdout]    = note: `#[warn(dead_code)]` on by default
[INFO] [stdout] 
[INFO] [stdout] 
[INFO] [stdout] warning: function `to_float_0_1` is never used
[INFO] [stdout]   --> src/main.rs:44:4
[INFO] [stdout]    |
[INFO] [stdout] 44 | fn to_float_0_1(u: u8) -> f32 {
[INFO] [stdout]    |    ^^^^^^^^^^^^
[INFO] [stdout] 
[INFO] [stdout] 
[INFO] [stdout] warning: function `to_u8_0_1` is never used
[INFO] [stdout]   --> src/main.rs:48:4
[INFO] [stdout]    |
[INFO] [stdout] 48 | fn to_u8_0_1(f: f32) -> u8 {
[INFO] [stdout]    |    ^^^^^^^^^
[INFO] [stdout] 
[INFO] [stdout] 
[INFO] [stdout] warning: function `to_float_n1_1` is never used
[INFO] [stdout]   --> src/main.rs:52:4
[INFO] [stdout]    |
[INFO] [stdout] 52 | fn to_float_n1_1(u: u8) -> f32 {
[INFO] [stdout]    |    ^^^^^^^^^^^^^
[INFO] [stdout] 
[INFO] [stdout] 
[INFO] [stdout] warning: function `to_u8_n1_1` is never used
[INFO] [stdout]   --> src/main.rs:56:4
[INFO] [stdout]    |
[INFO] [stdout] 56 | fn to_u8_n1_1(f: f32) -> u8 {
[INFO] [stdout]    |    ^^^^^^^^^^
[INFO] [stdout] 
[INFO] [stdout] 
[INFO] [stdout] warning: function `identity` is never used
[INFO] [stdout]   --> src/main.rs:60:4
[INFO] [stdout]    |
[INFO] [stdout] 60 | fn identity(f: f32) -> f32 {
[INFO] [stdout]    |    ^^^^^^^^
[INFO] [stdout] 
[INFO] [stdout] 
[INFO] [stdout] warning: function `detect_edges` is never used
[INFO] [stdout]   --> src/main.rs:64:4
[INFO] [stdout]    |
[INFO] [stdout] 64 | fn detect_edges(image: &ImageBuffer<Rgb<u8>, Vec<u8>>) -> ImageBuffer<Luma<u8>, Vec<u8>> {
[INFO] [stdout]    |    ^^^^^^^^^^^^
[INFO] [stdout] 
[INFO] [stdout] 
[INFO] [stdout] warning: function `binary_edge` is never used
[INFO] [stdout]   --> src/main.rs:94:4
[INFO] [stdout]    |
[INFO] [stdout] 94 | fn binary_edge(f: f32) -> f32 {
[INFO] [stdout]    |    ^^^^^^^^^^^
[INFO] [stdout] 
[INFO] [stdout] 
[INFO] [stdout] warning: function `save_f32_luma` is never used
[INFO] [stdout]    --> src/main.rs:102:4
[INFO] [stdout]     |
[INFO] [stdout] 102 | fn save_f32_luma(image: &ImageBuffer<Luma<f32>, Vec<f32>>, path: &str) {
[INFO] [stdout]     |    ^^^^^^^^^^^^^
[INFO] [stdout] 
[INFO] [stdout] 
[INFO] [stdout] warning: function `save_f32_luma_vec` is never used
[INFO] [stdout]    --> src/main.rs:108:4
[INFO] [stdout]     |
[INFO] [stdout] 108 | fn save_f32_luma_vec(width: u32, height: u32, d: &[f32], path: &str) {
[INFO] [stdout]     |    ^^^^^^^^^^^^^^^^^
[INFO] [stdout] 
[INFO] [stdout] 
[INFO] [stdout] warning: function `convolution_pass` is never used
[INFO] [stdout]    --> src/main.rs:114:4
[INFO] [stdout]     |
[INFO] [stdout] 114 | fn convolution_pass(f: f32) -> f32 {
[INFO] [stdout]     |    ^^^^^^^^^^^^^^^^
[INFO] [stdout] 
[INFO] [stdout] 
[INFO] [stdout] warning: function `threshold` is never used
[INFO] [stdout]    --> src/main.rs:122:4
[INFO] [stdout]     |
[INFO] [stdout] 122 | fn threshold(f: f32) -> f32 {
[INFO] [stdout]     |    ^^^^^^^^^
[INFO] [stdout] 
[INFO] [stdout] 
[INFO] [stdout] warning: function `eye_convolution_from_image` is never used
[INFO] [stdout]    --> src/main.rs:130:4
[INFO] [stdout]     |
[INFO] [stdout] 130 | fn eye_convolution_from_image() -> (Vec<f32>, u32, u32) {
[INFO] [stdout]     |    ^^^^^^^^^^^^^^^^^^^^^^^^^^
[INFO] [stdout] 
[INFO] [stdout] 
[INFO] [stdout] warning: function `euclidian_distance` is never used
[INFO] [stdout]    --> src/main.rs:137:4
[INFO] [stdout]     |
[INFO] [stdout] 137 | fn euclidian_distance(a: [u8; 3], b: [u8; 3]) -> f32 {
[INFO] [stdout]     |    ^^^^^^^^^^^^^^^^^^
[INFO] [stdout] 
[INFO] [stdout] 
[INFO] [stdout] warning: function `euclidian_distance_2` is never used
[INFO] [stdout]    --> src/main.rs:146:4
[INFO] [stdout]     |
[INFO] [stdout] 146 | fn euclidian_distance_2(a: [u32; 2], b: [u32; 2]) -> f32 {
[INFO] [stdout]     |    ^^^^^^^^^^^^^^^^^^^^
[INFO] [stdout] 
[INFO] [stdout] 
[INFO] [stdout] warning: function `get_eyes` is never used
[INFO] [stdout]    --> src/main.rs:154:4
[INFO] [stdout]     |
[INFO] [stdout] 154 | fn get_eyes(image: &ImageBuffer<Rgb<u8>, Vec<u8>>) -> Vec<(f32, f32)> {
[INFO] [stdout]     |    ^^^^^^^^
[INFO] [stdout] 
[INFO] [stdout] 
[INFO] [stdout] warning: function `filter_close_values` is never used
[INFO] [stdout]    --> src/main.rs:177:4
[INFO] [stdout]     |
[INFO] [stdout] 177 | fn filter_close_values(values: Vec<[u32; 2]>, threshold: f32) -> Vec<[u32; 2]> {
[INFO] [stdout]     |    ^^^^^^^^^^^^^^^^^^^
[INFO] [stdout] 
[INFO] [stdout] 
[INFO] [stdout] warning: function `detect_eyes_in_edges` is never used
[INFO] [stdout]    --> src/main.rs:193:4
[INFO] [stdout]     |
[INFO] [stdout] 193 | fn detect_eyes_in_edges(image: &ImageBuffer<Luma<u8>, Vec<u8>>) -> Vec<[u32; 2]> {
[INFO] [stdout]     |    ^^^^^^^^^^^^^^^^^^^^
[INFO] [stdout] 
[INFO] [stdout] 
[INFO] [stdout] warning: function `create_circle_convolution` is never used
[INFO] [stdout]    --> src/main.rs:228:4
[INFO] [stdout]     |
[INFO] [stdout] 228 | fn create_circle_convolution(
[INFO] [stdout]     |    ^^^^^^^^^^^^^^^^^^^^^^^^^
[INFO] [stdout] 
[INFO] [stdout] 
[INFO] [stderr]     Finished `dev` profile [unoptimized + debuginfo] target(s) in 52.35s
[INFO] running `Command { std: "docker" "inspect" "8eae6d999693f6a8c25caa3502c87f1b995eb479176bc40b1dec5f40b9dbbdc3", kill_on_drop: false }`
[INFO] running `Command { std: "docker" "rm" "-f" "8eae6d999693f6a8c25caa3502c87f1b995eb479176bc40b1dec5f40b9dbbdc3", kill_on_drop: false }`
[INFO] [stdout] 8eae6d999693f6a8c25caa3502c87f1b995eb479176bc40b1dec5f40b9dbbdc3
[INFO] running `Command { std: "docker" "create" "-v" "/var/lib/crater-agent-workspace/builds/worker-5-tc2/target:/opt/rustwide/target:rw,Z" "-v" "/var/lib/crater-agent-workspace/builds/worker-5-tc2/source:/opt/rustwide/workdir:ro,Z" "-v" "/var/lib/crater-agent-workspace/cargo-home:/opt/rustwide/cargo-home:ro,Z" "-v" "/var/lib/crater-agent-workspace/rustup-home:/opt/rustwide/rustup-home:ro,Z" "-e" "SOURCE_DIR=/opt/rustwide/workdir" "-e" "CARGO_TARGET_DIR=/opt/rustwide/target" "-e" "CARGO_INCREMENTAL=0" "-e" "RUST_BACKTRACE=full" "-e" "RUSTFLAGS=--cap-lints=warn" "-e" "RUSTDOCFLAGS=--cap-lints=warn" "-e" "CARGO_HOME=/opt/rustwide/cargo-home" "-e" "RUSTUP_HOME=/opt/rustwide/rustup-home" "-w" "/opt/rustwide/workdir" "-m" "1610612736" "--user" "0:0" "--network" "none" "ghcr.io/rust-lang/crates-build-env/linux@sha256:f3a9d4ad9d972b27faf3965f35b62e55ba32bbce8f20bc8fe909558a86702fde" "/opt/rustwide/cargo-home/bin/cargo" "+beta-2024-12-08" "test" "--frozen" "--no-run" "--message-format=json", kill_on_drop: false }`
[INFO] [stdout] 6a79434d4080c6de155f997b33923b96f87ac137f407e94fc7d71d64bd898cc4
[INFO] running `Command { std: "docker" "start" "-a" "6a79434d4080c6de155f997b33923b96f87ac137f407e94fc7d71d64bd898cc4", kill_on_drop: false }`
[INFO] [stderr]    Compiling eye_detection v0.1.0 (/opt/rustwide/workdir)
[INFO] [stdout] warning: unused variable: `s`
[INFO] [stdout]    --> src/main.rs:196:9
[INFO] [stdout]     |
[INFO] [stdout] 196 |     let s = 32 as usize;
[INFO] [stdout]     |         ^ help: if this is intentional, prefix it with an underscore: `_s`
[INFO] [stdout]     |
[INFO] [stdout]     = note: `#[warn(unused_variables)]` on by default
[INFO] [stdout] 
[INFO] [stdout] 
[INFO] [stdout] warning: function `identity` is never used
[INFO] [stdout]   --> src/main.rs:60:4
[INFO] [stdout]    |
[INFO] [stdout] 60 | fn identity(f: f32) -> f32 {
[INFO] [stdout]    |    ^^^^^^^^
[INFO] [stdout]    |
[INFO] [stdout]    = note: `#[warn(dead_code)]` on by default
[INFO] [stdout] 
[INFO] [stdout] 
[INFO] [stdout] warning: function `detect_edges` is never used
[INFO] [stdout]   --> src/main.rs:64:4
[INFO] [stdout]    |
[INFO] [stdout] 64 | fn detect_edges(image: &ImageBuffer<Rgb<u8>, Vec<u8>>) -> ImageBuffer<Luma<u8>, Vec<u8>> {
[INFO] [stdout]    |    ^^^^^^^^^^^^
[INFO] [stdout] 
[INFO] [stdout] 
[INFO] [stdout] warning: function `binary_edge` is never used
[INFO] [stdout]   --> src/main.rs:94:4
[INFO] [stdout]    |
[INFO] [stdout] 94 | fn binary_edge(f: f32) -> f32 {
[INFO] [stdout]    |    ^^^^^^^^^^^
[INFO] [stdout] 
[INFO] [stdout] 
[INFO] [stdout] warning: function `euclidian_distance` is never used
[INFO] [stdout]    --> src/main.rs:137:4
[INFO] [stdout]     |
[INFO] [stdout] 137 | fn euclidian_distance(a: [u8; 3], b: [u8; 3]) -> f32 {
[INFO] [stdout]     |    ^^^^^^^^^^^^^^^^^^
[INFO] [stdout] 
[INFO] [stdout] 
[INFO] [stdout] warning: function `get_eyes` is never used
[INFO] [stdout]    --> src/main.rs:154:4
[INFO] [stdout]     |
[INFO] [stdout] 154 | fn get_eyes(image: &ImageBuffer<Rgb<u8>, Vec<u8>>) -> Vec<(f32, f32)> {
[INFO] [stdout]     |    ^^^^^^^^
[INFO] [stdout] 
[INFO] [stdout] 
[INFO] [stderr]     Finished `test` profile [unoptimized + debuginfo] target(s) in 2.86s
[INFO] running `Command { std: "docker" "inspect" "6a79434d4080c6de155f997b33923b96f87ac137f407e94fc7d71d64bd898cc4", kill_on_drop: false }`
[INFO] running `Command { std: "docker" "rm" "-f" "6a79434d4080c6de155f997b33923b96f87ac137f407e94fc7d71d64bd898cc4", kill_on_drop: false }`
[INFO] [stdout] 6a79434d4080c6de155f997b33923b96f87ac137f407e94fc7d71d64bd898cc4
[INFO] running `Command { std: "docker" "create" "-v" "/var/lib/crater-agent-workspace/builds/worker-5-tc2/target:/opt/rustwide/target:rw,Z" "-v" "/var/lib/crater-agent-workspace/builds/worker-5-tc2/source:/opt/rustwide/workdir:ro,Z" "-v" "/var/lib/crater-agent-workspace/cargo-home:/opt/rustwide/cargo-home:ro,Z" "-v" "/var/lib/crater-agent-workspace/rustup-home:/opt/rustwide/rustup-home:ro,Z" "-e" "SOURCE_DIR=/opt/rustwide/workdir" "-e" "CARGO_TARGET_DIR=/opt/rustwide/target" "-e" "CARGO_INCREMENTAL=0" "-e" "RUST_BACKTRACE=full" "-e" "RUSTFLAGS=--cap-lints=warn" "-e" "RUSTDOCFLAGS=--cap-lints=warn" "-e" "CARGO_HOME=/opt/rustwide/cargo-home" "-e" "RUSTUP_HOME=/opt/rustwide/rustup-home" "-w" "/opt/rustwide/workdir" "-m" "1610612736" "--user" "0:0" "--network" "none" "ghcr.io/rust-lang/crates-build-env/linux@sha256:f3a9d4ad9d972b27faf3965f35b62e55ba32bbce8f20bc8fe909558a86702fde" "/opt/rustwide/cargo-home/bin/cargo" "+beta-2024-12-08" "test" "--frozen", kill_on_drop: false }`
[INFO] [stdout] 251f474dd610e6f98958c7ac2189b6c722036695a66c3b4ad574af91a857958c
[INFO] running `Command { std: "docker" "start" "-a" "251f474dd610e6f98958c7ac2189b6c722036695a66c3b4ad574af91a857958c", kill_on_drop: false }`
[INFO] [stderr] warning: unused variable: `s`
[INFO] [stderr]    --> src/main.rs:196:9
[INFO] [stderr]     |
[INFO] [stderr] 196 |     let s = 32 as usize;
[INFO] [stderr]     |         ^ help: if this is intentional, prefix it with an underscore: `_s`
[INFO] [stderr]     |
[INFO] [stderr]     = note: `#[warn(unused_variables)]` on by default
[INFO] [stderr] 
[INFO] [stderr] warning: function `identity` is never used
[INFO] [stderr]   --> src/main.rs:60:4
[INFO] [stderr]    |
[INFO] [stderr] 60 | fn identity(f: f32) -> f32 {
[INFO] [stderr]    |    ^^^^^^^^
[INFO] [stderr]    |
[INFO] [stderr]    = note: `#[warn(dead_code)]` on by default
[INFO] [stderr] 
[INFO] [stderr] warning: function `detect_edges` is never used
[INFO] [stderr]   --> src/main.rs:64:4
[INFO] [stderr]    |
[INFO] [stderr] 64 | fn detect_edges(image: &ImageBuffer<Rgb<u8>, Vec<u8>>) -> ImageBuffer<Luma<u8>, Vec<u8>> {
[INFO] [stderr]    |    ^^^^^^^^^^^^
[INFO] [stderr] 
[INFO] [stderr] warning: function `binary_edge` is never used
[INFO] [stderr]   --> src/main.rs:94:4
[INFO] [stderr]    |
[INFO] [stderr] 94 | fn binary_edge(f: f32) -> f32 {
[INFO] [stderr]    |    ^^^^^^^^^^^
[INFO] [stderr] 
[INFO] [stderr] warning: function `euclidian_distance` is never used
[INFO] [stderr]    --> src/main.rs:137:4
[INFO] [stderr]     |
[INFO] [stderr] 137 | fn euclidian_distance(a: [u8; 3], b: [u8; 3]) -> f32 {
[INFO] [stderr]     |    ^^^^^^^^^^^^^^^^^^
[INFO] [stderr] 
[INFO] [stderr] warning: function `get_eyes` is never used
[INFO] [stderr]    --> src/main.rs:154:4
[INFO] [stderr]     |
[INFO] [stderr] 154 | fn get_eyes(image: &ImageBuffer<Rgb<u8>, Vec<u8>>) -> Vec<(f32, f32)> {
[INFO] [stderr]     |    ^^^^^^^^
[INFO] [stderr] 
[INFO] [stderr] warning: `eye_detection` (bin "eye_detection" test) generated 6 warnings
[INFO] [stderr]     Finished `test` profile [unoptimized + debuginfo] target(s) in 0.16s
[INFO] [stderr]      Running unittests src/main.rs (/opt/rustwide/target/debug/deps/eye_detection-b3ba47cf0ca6df4c)
[INFO] [stdout] 
[INFO] [stdout] running 3 tests
[INFO] [stdout] test test::convert_0_1 ... ok
[INFO] [stdout] test test::convert_n1_1 ... ok
[INFO] [stdout] test test::eye_detection_exists_with_glasses ... FAILED
[INFO] [stdout] 
[INFO] [stdout] failures:
[INFO] [stdout] 
[INFO] [stdout] ---- test::eye_detection_exists_with_glasses stdout ----
[INFO] [stdout] thread 'test::eye_detection_exists_with_glasses' panicked at src/main.rs:106:20:
[INFO] [stdout] called `Result::unwrap()` on an `Err` value: IoError(Os { code: 30, kind: ReadOnlyFilesystem, message: "Read-only file system" })
[INFO] [stdout] stack backtrace:
[INFO] [stdout]    0:     0x63ccb1823cfa - std::backtrace_rs::backtrace::libunwind::trace::h8810477743020387
[INFO] [stdout]                                at /rustc/202008a1b8de96d2e5b6bc02d379db03a877d34d/library/std/src/../../backtrace/src/backtrace/libunwind.rs:116:5
[INFO] [stdout]    1:     0x63ccb1823cfa - std::backtrace_rs::backtrace::trace_unsynchronized::h3aa55355dd6c54a6
[INFO] [stdout]                                at /rustc/202008a1b8de96d2e5b6bc02d379db03a877d34d/library/std/src/../../backtrace/src/backtrace/mod.rs:66:5
[INFO] [stdout]    2:     0x63ccb1823cfa - std::sys::backtrace::_print_fmt::h8588b0f62410823f
[INFO] [stdout]                                at /rustc/202008a1b8de96d2e5b6bc02d379db03a877d34d/library/std/src/sys/backtrace.rs:66:9
[INFO] [stdout]    3:     0x63ccb1823cfa - <std::sys::backtrace::BacktraceLock::print::DisplayBacktrace as core::fmt::Display>::fmt::h98c26ac25ffe89bb
[INFO] [stdout]                                at /rustc/202008a1b8de96d2e5b6bc02d379db03a877d34d/library/std/src/sys/backtrace.rs:39:26
[INFO] [stdout]    4:     0x63ccb184b803 - core::fmt::rt::Argument::fmt::hf95377f4aebd453b
[INFO] [stdout]                                at /rustc/202008a1b8de96d2e5b6bc02d379db03a877d34d/library/core/src/fmt/rt.rs:177:76
[INFO] [stdout]    5:     0x63ccb184b803 - core::fmt::write::h0dd5f6e2238c7982
[INFO] [stdout]                                at /rustc/202008a1b8de96d2e5b6bc02d379db03a877d34d/library/core/src/fmt/mod.rs:1189:21
[INFO] [stdout]    6:     0x63ccb1820d23 - std::io::Write::write_fmt::h03bb0ca26e6faf8c
[INFO] [stdout]                                at /rustc/202008a1b8de96d2e5b6bc02d379db03a877d34d/library/std/src/io/mod.rs:1884:15
[INFO] [stdout]    7:     0x63ccb1823b42 - std::sys::backtrace::BacktraceLock::print::h5c19c1c038ee186d
[INFO] [stdout]                                at /rustc/202008a1b8de96d2e5b6bc02d379db03a877d34d/library/std/src/sys/backtrace.rs:42:9
[INFO] [stdout]    8:     0x63ccb182517d - std::panicking::default_hook::{{closure}}::h77172f079a1fcb13
[INFO] [stdout]                                at /rustc/202008a1b8de96d2e5b6bc02d379db03a877d34d/library/std/src/panicking.rs:268:22
[INFO] [stdout]    9:     0x63ccb1824f87 - std::panicking::default_hook::he5f8e3b203ccddba
[INFO] [stdout]                                at /rustc/202008a1b8de96d2e5b6bc02d379db03a877d34d/library/std/src/panicking.rs:292:9
[INFO] [stdout]   10:     0x63ccb139b2e7 - <alloc::boxed::Box<F,A> as core::ops::function::Fn<Args>>::call::h7a3c7b4a1ae77f2f
[INFO] [stdout]                                at /rustc/202008a1b8de96d2e5b6bc02d379db03a877d34d/library/alloc/src/boxed.rs:1986:9
[INFO] [stdout]   11:     0x63ccb139b2e7 - test::test_main::{{closure}}::hf0d3b69ae9b353d1
[INFO] [stdout]                                at /rustc/202008a1b8de96d2e5b6bc02d379db03a877d34d/library/test/src/lib.rs:134:21
[INFO] [stdout]   12:     0x63ccb1825828 - <alloc::boxed::Box<F,A> as core::ops::function::Fn<Args>>::call::h6332e82e7b189abd
[INFO] [stdout]                                at /rustc/202008a1b8de96d2e5b6bc02d379db03a877d34d/library/alloc/src/boxed.rs:1986:9
[INFO] [stdout]   13:     0x63ccb1825828 - std::panicking::rust_panic_with_hook::h53863d4e9018df39
[INFO] [stdout]                                at /rustc/202008a1b8de96d2e5b6bc02d379db03a877d34d/library/std/src/panicking.rs:809:13
[INFO] [stdout]   14:     0x63ccb18255ea - std::panicking::begin_panic_handler::{{closure}}::h67280e6fa0757873
[INFO] [stdout]                                at /rustc/202008a1b8de96d2e5b6bc02d379db03a877d34d/library/std/src/panicking.rs:674:13
[INFO] [stdout]   15:     0x63ccb18241d9 - std::sys::backtrace::__rust_end_short_backtrace::h1dac3f54d6fbbeb2
[INFO] [stdout]                                at /rustc/202008a1b8de96d2e5b6bc02d379db03a877d34d/library/std/src/sys/backtrace.rs:170:18
[INFO] [stdout]   16:     0x63ccb182527c - rust_begin_unwind
[INFO] [stdout]                                at /rustc/202008a1b8de96d2e5b6bc02d379db03a877d34d/library/std/src/panicking.rs:665:5
[INFO] [stdout]   17:     0x63ccb13520a0 - core::panicking::panic_fmt::h6792bd1b2bf01041
[INFO] [stdout]                                at /rustc/202008a1b8de96d2e5b6bc02d379db03a877d34d/library/core/src/panicking.rs:76:14
[INFO] [stderr] error: test failed, to rerun pass `--bin eye_detection`
[INFO] [stdout]   18:     0x63ccb1352586 - core::result::unwrap_failed::h05e0602ed34287c5
[INFO] [stdout]                                at /rustc/202008a1b8de96d2e5b6bc02d379db03a877d34d/library/core/src/result.rs:1699:5
[INFO] [stdout]   19:     0x63ccb1357d60 - core::result::Result<T,E>::unwrap::hc31947bd411d1020
[INFO] [stdout]                                at /rustc/202008a1b8de96d2e5b6bc02d379db03a877d34d/library/core/src/result.rs:1104:23
[INFO] [stdout]   20:     0x63ccb1357d60 - eye_detection::save_f32_luma::h67d4c3b6f56326bf
[INFO] [stdout]                                at /opt/rustwide/workdir/src/main.rs:106:5
[INFO] [stdout]   21:     0x63ccb1358a31 - eye_detection::detect_eyes_in_edges::h2325c1cf0a9607a1
[INFO] [stdout]                                at /opt/rustwide/workdir/src/main.rs:195:5
[INFO] [stdout]   22:     0x63ccb135e4e3 - eye_detection::test::eye_detection_exists_with_glasses::h6dcc2dbde1fd8c96
[INFO] [stdout]                                at /opt/rustwide/workdir/src/main.rs:291:22
[INFO] [stdout]   23:     0x63ccb135e2b7 - eye_detection::test::eye_detection_exists_with_glasses::{{closure}}::hffd04ea671bc4bd2
[INFO] [stdout]                                at /opt/rustwide/workdir/src/main.rs:285:43
[INFO] [stdout]   24:     0x63ccb135a896 - core::ops::function::FnOnce::call_once::h48b22609d0b8dfff
[INFO] [stdout]                                at /rustc/202008a1b8de96d2e5b6bc02d379db03a877d34d/library/core/src/ops/function.rs:250:5
[INFO] [stdout]   25:     0x63ccb139fe0b - core::ops::function::FnOnce::call_once::h871bf86719ec9aa4
[INFO] [stdout]                                at /rustc/202008a1b8de96d2e5b6bc02d379db03a877d34d/library/core/src/ops/function.rs:250:5
[INFO] [stdout]   26:     0x63ccb139fe0b - test::__rust_begin_short_backtrace::h2167df1e2b7d76fd
[INFO] [stdout]                                at /rustc/202008a1b8de96d2e5b6bc02d379db03a877d34d/library/test/src/lib.rs:632:18
[INFO] [stdout]   27:     0x63ccb139f7f8 - test::run_test_in_process::{{closure}}::h15d92f75a3adfb79
[INFO] [stdout]                                at /rustc/202008a1b8de96d2e5b6bc02d379db03a877d34d/library/test/src/lib.rs:655:60
[INFO] [stdout]   28:     0x63ccb139f7f8 - <core::panic::unwind_safe::AssertUnwindSafe<F> as core::ops::function::FnOnce<()>>::call_once::hb6c8955835a8dbbb
[INFO] [stdout]                                at /rustc/202008a1b8de96d2e5b6bc02d379db03a877d34d/library/core/src/panic/unwind_safe.rs:272:9
[INFO] [stdout]   29:     0x63ccb139f7f8 - std::panicking::try::do_call::hc79d0fc888a0bd30
[INFO] [stdout]                                at /rustc/202008a1b8de96d2e5b6bc02d379db03a877d34d/library/std/src/panicking.rs:557:40
[INFO] [stdout]   30:     0x63ccb139f7f8 - std::panicking::try::hb8a7878e3a8589d6
[INFO] [stdout]                                at /rustc/202008a1b8de96d2e5b6bc02d379db03a877d34d/library/std/src/panicking.rs:520:19
[INFO] [stdout]   31:     0x63ccb139f7f8 - std::panic::catch_unwind::hb8e4600ff0ff5cfa
[INFO] [stdout]                                at /rustc/202008a1b8de96d2e5b6bc02d379db03a877d34d/library/std/src/panic.rs:358:14
[INFO] [stdout]   32:     0x63ccb139f7f8 - test::run_test_in_process::hc2900b0b18688dd6
[INFO] [stdout]                                at /rustc/202008a1b8de96d2e5b6bc02d379db03a877d34d/library/test/src/lib.rs:655:27
[INFO] [stdout]   33:     0x63ccb139f7f8 - test::run_test::{{closure}}::hac2a9cb07be3d48d
[INFO] [stdout]                                at /rustc/202008a1b8de96d2e5b6bc02d379db03a877d34d/library/test/src/lib.rs:576:43
[INFO] [stdout]   34:     0x63ccb136329a - test::run_test::{{closure}}::h4a5b729e66a38cd8
[INFO] [stdout]                                at /rustc/202008a1b8de96d2e5b6bc02d379db03a877d34d/library/test/src/lib.rs:606:41
[INFO] [stdout]   35:     0x63ccb136329a - std::sys::backtrace::__rust_begin_short_backtrace::h0496fb742492f573
[INFO] [stdout]                                at /rustc/202008a1b8de96d2e5b6bc02d379db03a877d34d/library/std/src/sys/backtrace.rs:154:18
[INFO] [stdout]   36:     0x63ccb1366c14 - std::thread::Builder::spawn_unchecked_::{{closure}}::{{closure}}::hbb6d257c550a54bd
[INFO] [stdout]                                at /rustc/202008a1b8de96d2e5b6bc02d379db03a877d34d/library/std/src/thread/mod.rs:561:17
[INFO] [stdout]   37:     0x63ccb1366c14 - <core::panic::unwind_safe::AssertUnwindSafe<F> as core::ops::function::FnOnce<()>>::call_once::h46696fe4a6832328
[INFO] [stdout]                                at /rustc/202008a1b8de96d2e5b6bc02d379db03a877d34d/library/core/src/panic/unwind_safe.rs:272:9
[INFO] [stdout]   38:     0x63ccb1366c14 - std::panicking::try::do_call::h2625a51b667bfb64
[INFO] [stdout]                                at /rustc/202008a1b8de96d2e5b6bc02d379db03a877d34d/library/std/src/panicking.rs:557:40
[INFO] [stdout]   39:     0x63ccb1366c14 - std::panicking::try::hb956a59a1973aa4c
[INFO] [stdout]                                at /rustc/202008a1b8de96d2e5b6bc02d379db03a877d34d/library/std/src/panicking.rs:520:19
[INFO] [stdout]   40:     0x63ccb1366c14 - std::panic::catch_unwind::h64f3b9d1067ef6a0
[INFO] [stdout]                                at /rustc/202008a1b8de96d2e5b6bc02d379db03a877d34d/library/std/src/panic.rs:358:14
[INFO] [stdout]   41:     0x63ccb1366c14 - std::thread::Builder::spawn_unchecked_::{{closure}}::h42b2841295b6c0b2
[INFO] [stdout]                                at /rustc/202008a1b8de96d2e5b6bc02d379db03a877d34d/library/std/src/thread/mod.rs:559:30
[INFO] [stdout]   42:     0x63ccb1366c14 - core::ops::function::FnOnce::call_once{{vtable.shim}}::h6127de71b8124639
[INFO] [stdout]                                at /rustc/202008a1b8de96d2e5b6bc02d379db03a877d34d/library/core/src/ops/function.rs:250:5
[INFO] [stdout]   43:     0x63ccb182987b - <alloc::boxed::Box<F,A> as core::ops::function::FnOnce<Args>>::call_once::h42f0ba71002a1b2c
[INFO] [stdout]                                at /rustc/202008a1b8de96d2e5b6bc02d379db03a877d34d/library/alloc/src/boxed.rs:1972:9
[INFO] [stdout]   44:     0x63ccb182987b - <alloc::boxed::Box<F,A> as core::ops::function::FnOnce<Args>>::call_once::had9e47d7a3dcecb8
[INFO] [stdout]                                at /rustc/202008a1b8de96d2e5b6bc02d379db03a877d34d/library/alloc/src/boxed.rs:1972:9
[INFO] [stdout]   45:     0x63ccb182987b - std::sys::pal::unix::thread::Thread::new::thread_start::h48cf765408f6f5f2
[INFO] [stdout]                                at /rustc/202008a1b8de96d2e5b6bc02d379db03a877d34d/library/std/src/sys/pal/unix/thread.rs:105:17
[INFO] [stdout]   46:     0x75a7476a0ac3 - <unknown>
[INFO] [stdout]   47:     0x75a747731a04 - clone
[INFO] [stdout]   48:                0x0 - <unknown>
[INFO] [stdout] 
[INFO] [stdout] 
[INFO] [stdout] failures:
[INFO] [stdout]     test::eye_detection_exists_with_glasses
[INFO] [stdout] 
[INFO] [stdout] test result: FAILED. 2 passed; 1 failed; 0 ignored; 0 measured; 0 filtered out; finished in 0.62s
[INFO] [stdout] 
[INFO] running `Command { std: "docker" "inspect" "251f474dd610e6f98958c7ac2189b6c722036695a66c3b4ad574af91a857958c", kill_on_drop: false }`
[INFO] running `Command { std: "docker" "rm" "-f" "251f474dd610e6f98958c7ac2189b6c722036695a66c3b4ad574af91a857958c", kill_on_drop: false }`
[INFO] [stdout] 251f474dd610e6f98958c7ac2189b6c722036695a66c3b4ad574af91a857958c
