[INFO] cloning repository https://github.com/juanobligado/rust-rest-api
[INFO] running `Command { std: "git" "-c" "credential.helper=" "-c" "credential.helper=/workspace/cargo-home/bin/git-credential-null" "clone" "--bare" "https://github.com/juanobligado/rust-rest-api" "/workspace/cache/git-repos/https%3A%2F%2Fgithub.com%2Fjuanobligado%2Frust-rest-api", kill_on_drop: false }`
[INFO] [stderr] Cloning into bare repository '/workspace/cache/git-repos/https%3A%2F%2Fgithub.com%2Fjuanobligado%2Frust-rest-api'...
[INFO] running `Command { std: "git" "rev-parse" "HEAD", kill_on_drop: false }`
[INFO] [stdout] 33a58efcecf0e2657ad6513e00b60136ee4f2e17
[INFO] testing juanobligado/rust-rest-api against 1.83.0 for beta-1.84.0-4-retry
[INFO] running `Command { std: "git" "clone" "/workspace/cache/git-repos/https%3A%2F%2Fgithub.com%2Fjuanobligado%2Frust-rest-api" "/workspace/builds/worker-1-tc1/source", kill_on_drop: false }`
[INFO] [stderr] Cloning into '/workspace/builds/worker-1-tc1/source'...
[INFO] [stderr] done.
[INFO] validating manifest of git repo https://github.com/juanobligado/rust-rest-api on toolchain 1.83.0
[INFO] running `Command { std: CARGO_HOME="/workspace/cargo-home" RUSTUP_HOME="/workspace/rustup-home" "/workspace/cargo-home/bin/cargo" "+1.83.0" "metadata" "--manifest-path" "Cargo.toml" "--no-deps", kill_on_drop: false }`
[INFO] started tweaking git repo https://github.com/juanobligado/rust-rest-api
[INFO] finished tweaking git repo https://github.com/juanobligado/rust-rest-api
[INFO] tweaked toml for git repo https://github.com/juanobligado/rust-rest-api written to /workspace/builds/worker-1-tc1/source/Cargo.toml
[INFO] crate git repo https://github.com/juanobligado/rust-rest-api already has a lockfile, it will not be regenerated
[INFO] running `Command { std: CARGO_HOME="/workspace/cargo-home" RUSTUP_HOME="/workspace/rustup-home" "/workspace/cargo-home/bin/cargo" "+1.83.0" "fetch" "--manifest-path" "Cargo.toml", kill_on_drop: false }`
[INFO] [stderr]     Updating crates.io index
[INFO] [stderr]  Downloading crates ...
[INFO] [stderr]   Downloaded deadpool-redis v0.12.0
[INFO] [stderr]   Downloaded rocket_db_pools_codegen v0.1.0
[INFO] [stderr]   Downloaded scoped-futures v0.1.3
[INFO] [stderr]   Downloaded diesel-async v0.4.1
[INFO] [stderr]   Downloaded rocket_db_pools v0.1.0
[INFO] [stderr]   Downloaded diesel_derives v2.1.4
[INFO] [stderr]   Downloaded redis v0.23.3
[INFO] [stderr]   Downloaded diesel v2.1.6
[INFO] running `Command { std: "docker" "create" "-v" "/var/lib/crater-agent-workspace/builds/worker-1-tc1/target:/opt/rustwide/target:rw,Z" "-v" "/var/lib/crater-agent-workspace/builds/worker-1-tc1/source:/opt/rustwide/workdir:ro,Z" "-v" "/var/lib/crater-agent-workspace/cargo-home:/opt/rustwide/cargo-home:ro,Z" "-v" "/var/lib/crater-agent-workspace/rustup-home:/opt/rustwide/rustup-home:ro,Z" "-e" "SOURCE_DIR=/opt/rustwide/workdir" "-e" "CARGO_TARGET_DIR=/opt/rustwide/target" "-e" "CARGO_HOME=/opt/rustwide/cargo-home" "-e" "RUSTUP_HOME=/opt/rustwide/rustup-home" "-w" "/opt/rustwide/workdir" "-m" "1610612736" "--user" "0:0" "--network" "none" "ghcr.io/rust-lang/crates-build-env/linux@sha256:f3a9d4ad9d972b27faf3965f35b62e55ba32bbce8f20bc8fe909558a86702fde" "/opt/rustwide/cargo-home/bin/cargo" "+1.83.0" "metadata" "--no-deps" "--format-version=1", kill_on_drop: false }`
[INFO] [stdout] 4fcbc6e464fc9145886bd872e24beeda909653c4540cba1c5f7b156c731014da
[INFO] running `Command { std: "docker" "start" "-a" "4fcbc6e464fc9145886bd872e24beeda909653c4540cba1c5f7b156c731014da", kill_on_drop: false }`
[INFO] running `Command { std: "docker" "inspect" "4fcbc6e464fc9145886bd872e24beeda909653c4540cba1c5f7b156c731014da", kill_on_drop: false }`
[INFO] running `Command { std: "docker" "rm" "-f" "4fcbc6e464fc9145886bd872e24beeda909653c4540cba1c5f7b156c731014da", kill_on_drop: false }`
[INFO] [stdout] 4fcbc6e464fc9145886bd872e24beeda909653c4540cba1c5f7b156c731014da
[INFO] running `Command { std: "docker" "create" "-v" "/var/lib/crater-agent-workspace/builds/worker-1-tc1/target:/opt/rustwide/target:rw,Z" "-v" "/var/lib/crater-agent-workspace/builds/worker-1-tc1/source:/opt/rustwide/workdir:ro,Z" "-v" "/var/lib/crater-agent-workspace/cargo-home:/opt/rustwide/cargo-home:ro,Z" "-v" "/var/lib/crater-agent-workspace/rustup-home:/opt/rustwide/rustup-home:ro,Z" "-e" "SOURCE_DIR=/opt/rustwide/workdir" "-e" "CARGO_TARGET_DIR=/opt/rustwide/target" "-e" "CARGO_INCREMENTAL=0" "-e" "RUST_BACKTRACE=full" "-e" "RUSTFLAGS=--cap-lints=warn" "-e" "RUSTDOCFLAGS=--cap-lints=warn" "-e" "CARGO_HOME=/opt/rustwide/cargo-home" "-e" "RUSTUP_HOME=/opt/rustwide/rustup-home" "-w" "/opt/rustwide/workdir" "-m" "1610612736" "--user" "0:0" "--network" "none" "ghcr.io/rust-lang/crates-build-env/linux@sha256:f3a9d4ad9d972b27faf3965f35b62e55ba32bbce8f20bc8fe909558a86702fde" "/opt/rustwide/cargo-home/bin/cargo" "+1.83.0" "build" "--frozen" "--message-format=json", kill_on_drop: false }`
[INFO] [stdout] b50b2f9defa0ad78000c7cc8b51360ed897f3c59d20ef2d1ab2f152567e9c229
[INFO] running `Command { std: "docker" "start" "-a" "b50b2f9defa0ad78000c7cc8b51360ed897f3c59d20ef2d1ab2f152567e9c229", kill_on_drop: false }`
[INFO] [stderr]    Compiling proc-macro2 v1.0.86
[INFO] [stderr]    Compiling unicode-ident v1.0.13
[INFO] [stderr]    Compiling version_check v0.9.5
[INFO] [stderr]    Compiling libc v0.2.158
[INFO] [stderr]    Compiling pin-project-lite v0.2.14
[INFO] [stderr]    Compiling autocfg v1.3.0
[INFO] [stderr]    Compiling bytes v1.7.2
[INFO] [stderr]    Compiling serde v1.0.210
[INFO] [stderr]    Compiling memchr v2.7.4
[INFO] [stderr]    Compiling itoa v1.0.11
[INFO] [stderr]    Compiling pin-utils v0.1.0
[INFO] [stderr]    Compiling futures-core v0.3.30
[INFO] [stderr]    Compiling typenum v1.17.0
[INFO] [stderr]    Compiling proc-macro2-diagnostics v0.10.1
[INFO] [stderr]    Compiling generic-array v0.14.7
[INFO] [stderr]    Compiling futures-sink v0.3.30
[INFO] [stderr]    Compiling slab v0.4.9
[INFO] [stderr]    Compiling yansi v1.0.1
[INFO] [stderr]    Compiling futures-channel v0.3.30
[INFO] [stderr]    Compiling tinyvec_macros v0.1.1
[INFO] [stderr]    Compiling quote v1.0.37
[INFO] [stderr]    Compiling futures-io v0.3.30
[INFO] [stderr]    Compiling futures-task v0.3.30
[INFO] [stderr]    Compiling subtle v2.6.1
[INFO] [stderr]    Compiling equivalent v1.0.1
[INFO] [stderr]    Compiling fnv v1.0.7
[INFO] [stderr]    Compiling percent-encoding v2.3.1
[INFO] [stderr]    Compiling hashbrown v0.14.5
[INFO] [stderr]    Compiling tinyvec v1.8.0
[INFO] [stderr]    Compiling syn v2.0.77
[INFO] [stderr]    Compiling byteorder v1.5.0
[INFO] [stderr]    Compiling once_cell v1.19.0
[INFO] [stderr]    Compiling httparse v1.9.4
[INFO] [stderr]    Compiling mio v1.0.2
[INFO] [stderr]    Compiling socket2 v0.5.7
[INFO] [stderr]    Compiling signal-hook-registry v1.4.2
[INFO] [stderr]    Compiling getrandom v0.2.15
[INFO] [stderr]    Compiling unicode-bidi v0.3.15
[INFO] [stderr]    Compiling rand_core v0.6.4
[INFO] [stderr]    Compiling unicode-normalization v0.1.24
[INFO] [stderr]    Compiling tracing-core v0.1.32
[INFO] [stderr]    Compiling http v0.2.12
[INFO] [stderr]    Compiling smallvec v1.13.2
[INFO] [stderr]    Compiling crypto-common v0.1.6
[INFO] [stderr]    Compiling block-buffer v0.10.4
[INFO] [stderr]    Compiling try-lock v0.2.5
[INFO] [stderr]    Compiling digest v0.10.7
[INFO] [stderr]    Compiling powerfmt v0.2.0
[INFO] [stderr]    Compiling time-core v0.1.2
[INFO] [stderr]    Compiling tracing v0.1.40
[INFO] [stderr]    Compiling num-conv v0.1.0
[INFO] [stderr]    Compiling inlinable_string v0.1.15
[INFO] [stderr]    Compiling deranged v0.3.11
[INFO] [stderr]    Compiling want v0.3.1
[INFO] [stderr]    Compiling time-macros v0.2.18
[INFO] [stderr]    Compiling lock_api v0.4.12
[INFO] [stderr]    Compiling cookie v0.18.1
[INFO] [stderr]    Compiling httpdate v1.0.3
[INFO] [stderr]    Compiling cpufeatures v0.2.14
[INFO] [stderr]    Compiling tower-service v0.3.3
[INFO] [stderr]    Compiling parking_lot_core v0.9.10
[INFO] [stderr]    Compiling bitflags v2.6.0
[INFO] [stderr]    Compiling http-body v0.4.6
[INFO] [stderr]    Compiling ref-cast v1.0.23
[INFO] [stderr]    Compiling futures-util v0.3.30
[INFO] [stderr]    Compiling is-terminal v0.4.13
[INFO] [stderr]    Compiling num-traits v0.2.19
[INFO] [stderr]    Compiling uncased v0.9.10
[INFO] [stderr]    Compiling unicode-properties v0.1.2
[INFO] [stderr]    Compiling scopeguard v1.2.0
[INFO] [stderr]    Compiling sha2 v0.10.8
[INFO] [stderr]    Compiling stringprep v0.1.5
[INFO] [stderr]    Compiling hmac v0.12.1
[INFO] [stderr]    Compiling md-5 v0.10.6
[INFO] [stderr]    Compiling tokio v1.40.0
[INFO] [stderr]    Compiling num_cpus v1.16.0
[INFO] [stderr]    Compiling stable-pattern v0.1.0
[INFO] [stderr]    Compiling time v0.3.36
[INFO] [stderr]    Compiling either v1.13.0
[INFO] [stderr]    Compiling winnow v0.6.18
[INFO] [stderr]    Compiling state v0.6.0
[INFO] [stderr]    Compiling siphasher v0.3.11
[INFO] [stderr]    Compiling log v0.4.22
[INFO] [stderr]    Compiling ryu v1.0.18
[INFO] [stderr]    Compiling rustix v0.38.37
[INFO] [stderr]    Compiling base64 v0.22.1
[INFO] [stderr]    Compiling fallible-iterator v0.2.0
[INFO] [stderr]    Compiling futures v0.3.30
[INFO] [stderr]    Compiling phf_shared v0.11.2
[INFO] [stderr]    Compiling parking_lot v0.12.3
[INFO] [stderr]    Compiling idna v0.5.0
[INFO] [stderr]    Compiling indexmap v2.5.0
[INFO] [stderr]    Compiling form_urlencoded v1.2.1
[INFO] [stderr]    Compiling multer v3.1.0
[INFO] [stderr]    Compiling figment v0.10.19
[INFO] [stderr]    Compiling linux-raw-sys v0.4.14
[INFO] [stderr]    Compiling utf8parse v0.2.2
[INFO] [stderr]    Compiling retain_mut v0.1.9
[INFO] [stderr]    Compiling serde_json v1.0.128
[INFO] [stderr]    Compiling iana-time-zone v0.1.61
[INFO] [stderr]    Compiling devise_core v0.4.2
[INFO] [stderr]    Compiling diesel_table_macro_syntax v0.1.0
[INFO] [stderr]    Compiling anstyle-parse v0.2.5
[INFO] [stderr]    Compiling url v2.5.2
[INFO] [stderr]    Compiling hyper v0.14.30
[INFO] [stderr]    Compiling phf v0.11.2
[INFO] [stderr]    Compiling http v1.1.0
[INFO] [stderr]    Compiling rocket v0.5.1
[INFO] [stderr]    Compiling encoding_rs v0.8.34
[INFO] [stderr]    Compiling anstyle v1.0.8
[INFO] [stderr]    Compiling is_terminal_polyfill v1.70.1
[INFO] [stderr]    Compiling spin v0.9.8
[INFO] [stderr]    Compiling colorchoice v1.0.2
[INFO] [stderr]    Compiling whoami v1.5.2
[INFO] [stderr]    Compiling mime v0.3.17
[INFO] [stderr]    Compiling glob v0.3.1
[INFO] [stderr]    Compiling fastrand v2.1.1
[INFO] [stderr]    Compiling anstyle-query v1.1.1
[INFO] [stderr]    Compiling unicode-xid v0.2.6
[INFO] [stderr]    Compiling anstream v0.6.15
[INFO] [stderr]    Compiling scoped-futures v0.1.3
[INFO] [stderr]    Compiling strsim v0.11.1
[INFO] [stderr]    Compiling tempfile v3.12.0
[INFO] [stderr]    Compiling clap_lex v0.7.2
[INFO] [stderr]    Compiling binascii v0.1.4
[INFO] [stderr]    Compiling atomic v0.5.3
[INFO] [stderr]    Compiling base64ct v1.6.0
[INFO] [stderr]    Compiling clap_builder v4.5.18
[INFO] [stderr]    Compiling serde_derive v1.0.210
[INFO] [stderr]    Compiling tokio-macros v2.4.0
[INFO] [stderr]    Compiling futures-macro v0.3.30
[INFO] [stderr]    Compiling zerocopy-derive v0.7.35
[INFO] [stderr]    Compiling pear_codegen v0.2.9
[INFO] [stderr]    Compiling async-trait v0.1.82
[INFO] [stderr]    Compiling ref-cast-impl v1.0.23
[INFO] [stderr]    Compiling zerocopy v0.7.35
[INFO] [stderr]    Compiling devise_codegen v0.4.2
[INFO] [stderr]    Compiling pear v0.2.9
[INFO] [stderr]    Compiling ppv-lite86 v0.2.20
[INFO] [stderr]    Compiling rand_chacha v0.3.1
[INFO] [stderr]    Compiling rand v0.8.5
[INFO] [stderr]    Compiling devise v0.4.2
[INFO] [stderr]    Compiling rocket_http v0.5.1
[INFO] [stderr]    Compiling diesel_derives v2.1.4
[INFO] [stderr]    Compiling async-stream-impl v0.3.5
[INFO] [stderr]    Compiling postgres-protocol v0.6.7
[INFO] [stderr]    Compiling postgres-types v0.2.8
[INFO] [stderr]    Compiling async-stream v0.3.5
[INFO] [stderr]    Compiling rocket_db_pools_codegen v0.1.0
[INFO] [stderr]    Compiling password-hash v0.5.0
[INFO] [stderr]    Compiling blake2 v0.10.6
[INFO] [stderr]    Compiling rocket_codegen v0.5.1
[INFO] [stderr]    Compiling argon2 v0.5.3
[INFO] [stderr]    Compiling clap v4.5.18
[INFO] [stderr]    Compiling tokio-util v0.7.12
[INFO] [stderr]    Compiling deadpool-runtime v0.1.4
[INFO] [stderr]    Compiling deadpool v0.9.5
[INFO] [stderr]    Compiling tokio-stream v0.1.16
[INFO] [stderr]    Compiling combine v4.6.7
[INFO] [stderr]    Compiling tokio-postgres v0.7.12
[INFO] [stderr]    Compiling serde_spanned v0.6.7
[INFO] [stderr]    Compiling toml_datetime v0.6.8
[INFO] [stderr]    Compiling chrono v0.4.38
[INFO] [stderr]    Compiling ubyte v0.10.4
[INFO] [stderr]    Compiling h2 v0.3.26
[INFO] [stderr]    Compiling toml_edit v0.22.21
[INFO] [stderr]    Compiling diesel v2.1.6
[INFO] [stderr]    Compiling toml v0.8.19
[INFO] [stderr]    Compiling redis v0.23.3
[INFO] [stderr]    Compiling deadpool-redis v0.12.0
[INFO] [stderr]    Compiling diesel-async v0.4.1
[INFO] [stderr]    Compiling rocket_db_pools v0.1.0
[INFO] [stderr]    Compiling backend_crate v0.1.0 (/opt/rustwide/workdir)
[INFO] [stdout] warning: unused import: `serialize`
[INFO] [stdout]  --> src/models.rs:5:70
[INFO] [stdout]   |
[INFO] [stdout] 5 | use diesel::{AsExpression, sql_types::Text, FromSqlRow, deserialize, serialize};
[INFO] [stdout]   |                                                                      ^^^^^^^^^
[INFO] [stdout]   |
[INFO] [stdout]   = note: `#[warn(unused_imports)]` on by default
[INFO] [stdout] 
[INFO] [stdout] 
[INFO] [stdout] warning: unused import: `Output`
[INFO] [stdout]  --> src/models.rs:9:25
[INFO] [stdout]   |
[INFO] [stdout] 9 | use diesel::serialize::{Output, ToSql};
[INFO] [stdout]   |                         ^^^^^^
[INFO] [stdout] 
[INFO] [stdout] 
[INFO] [stdout] warning: unused import: `diesel::serialize::ToSql`
[INFO] [stdout]  --> src/repositories.rs:4:5
[INFO] [stdout]   |
[INFO] [stdout] 4 | use diesel::serialize::ToSql;
[INFO] [stdout]   |     ^^^^^^^^^^^^^^^^^^^^^^^^
[INFO] [stdout] 
[INFO] [stdout] 
[INFO] [stdout] warning: unused import: `Json`
[INFO] [stdout]  --> src/rocket_routes/mod.rs:3:33
[INFO] [stdout]   |
[INFO] [stdout] 3 | use rocket::serde::json::{json, Json, Value};
[INFO] [stdout]   |                                 ^^^^
[INFO] [stdout] 
[INFO] [stdout] 
[INFO] [stdout] warning: unused imports: `NewRustacean` and `Rustacean`
[INFO] [stdout]  --> src/rocket_routes/crates.rs:1:38
[INFO] [stdout]   |
[INFO] [stdout] 1 | use crate::models::{Crate, NewCrate, NewRustacean, Rustacean, User};
[INFO] [stdout]   |                                      ^^^^^^^^^^^^  ^^^^^^^^^
[INFO] [stdout] 
[INFO] [stdout] 
[INFO] [stdout] warning: unused import: `RustaceanRepository`
[INFO] [stdout]  --> src/rocket_routes/crates.rs:2:44
[INFO] [stdout]   |
[INFO] [stdout] 2 | use crate::repositories::{CrateRepository, RustaceanRepository};
[INFO] [stdout]   |                                            ^^^^^^^^^^^^^^^^^^^
[INFO] [stdout] 
[INFO] [stdout] 
[INFO] [stdout] warning: unused import: `rocket::log::private::error`
[INFO] [stdout]  --> src/rocket_routes/crates.rs:5:5
[INFO] [stdout]   |
[INFO] [stdout] 5 | use rocket::log::private::error;
[INFO] [stdout]   |     ^^^^^^^^^^^^^^^^^^^^^^^^^^^
[INFO] [stdout] 
[INFO] [stdout] 
[INFO] [stdout] warning: unused import: `std::any::Any`
[INFO] [stdout]  --> src/rocket_routes/crates.rs:9:5
[INFO] [stdout]   |
[INFO] [stdout] 9 | use std::any::Any;
[INFO] [stdout]   |     ^^^^^^^^^^^^^
[INFO] [stdout] 
[INFO] [stdout] 
[INFO] [stdout] warning: unused import: `rocket_db_pools::Database`
[INFO] [stdout]  --> src/rocket_routes/rustaceans.rs:9:5
[INFO] [stdout]   |
[INFO] [stdout] 9 | use rocket_db_pools::Database;
[INFO] [stdout]   |     ^^^^^^^^^^^^^^^^^^^^^^^^^
[INFO] [stdout] 
[INFO] [stdout] 
[INFO] [stdout] warning: unused imports: `PasswordHash` and `PasswordVerifier`
[INFO] [stdout]  --> src/rocket_routes/authorization.rs:1:14
[INFO] [stdout]   |
[INFO] [stdout] 1 | use argon2::{PasswordHash, PasswordVerifier};
[INFO] [stdout]   |              ^^^^^^^^^^^^  ^^^^^^^^^^^^^^^^
[INFO] [stdout] 
[INFO] [stdout] 
[INFO] [stdout] warning: unused import: `tokio::io::join`
[INFO] [stdout]  --> src/rocket_routes/authorization.rs:7:5
[INFO] [stdout]   |
[INFO] [stdout] 7 | use tokio::io::join;
[INFO] [stdout]   |     ^^^^^^^^^^^^^^^
[INFO] [stdout] 
[INFO] [stdout] 
[INFO] [stdout] warning: unused variable: `user_role`
[INFO] [stdout]    --> src/repositories.rs:133:17
[INFO] [stdout]     |
[INFO] [stdout] 133 |             let user_role = diesel::insert_into(users_roles::table)
[INFO] [stdout]     |                 ^^^^^^^^^ help: if this is intentional, prefix it with an underscore: `_user_role`
[INFO] [stdout]     |
[INFO] [stdout]     = note: `#[warn(unused_variables)]` on by default
[INFO] [stdout] 
[INFO] [stdout] 
[INFO] [stdout] warning: unused variable: `e`
[INFO] [stdout]   --> src/rocket_routes/authorization.rs:21:19
[INFO] [stdout]    |
[INFO] [stdout] 21 |         .map_err(|e|
[INFO] [stdout]    |                   ^ help: if this is intentional, prefix it with an underscore: `_e`
[INFO] [stdout] 
[INFO] [stdout] 
[INFO] [stdout] warning: field `0` is never read
[INFO] [stdout]   --> src/rocket_routes/mod.rs:57:23
[INFO] [stdout]    |
[INFO] [stdout] 57 | pub struct EditorUser(User);
[INFO] [stdout]    |            ---------- ^^^^
[INFO] [stdout]    |            |
[INFO] [stdout]    |            field in this struct
[INFO] [stdout]    |
[INFO] [stdout]    = help: consider removing this field
[INFO] [stdout]    = note: `#[warn(dead_code)]` on by default
[INFO] [stdout] 
[INFO] [stdout] 
[INFO] [stdout] warning: unused import: `rocket::http::hyper::body::HttpBody`
[INFO] [stdout]  --> src/bin/cli.rs:2:5
[INFO] [stdout]   |
[INFO] [stdout] 2 | use rocket::http::hyper::body::HttpBody;
[INFO] [stdout]   |     ^^^^^^^^^^^^^^^^^^^^^^^^^^^^^^^^^^^
[INFO] [stdout]   |
[INFO] [stdout]   = note: `#[warn(unused_imports)]` on by default
[INFO] [stdout] 
[INFO] [stdout] 
[INFO] [stderr]     Finished `dev` profile [unoptimized + debuginfo] target(s) in 3m 25s
[INFO] running `Command { std: "docker" "inspect" "b50b2f9defa0ad78000c7cc8b51360ed897f3c59d20ef2d1ab2f152567e9c229", kill_on_drop: false }`
[INFO] running `Command { std: "docker" "rm" "-f" "b50b2f9defa0ad78000c7cc8b51360ed897f3c59d20ef2d1ab2f152567e9c229", kill_on_drop: false }`
[INFO] [stdout] b50b2f9defa0ad78000c7cc8b51360ed897f3c59d20ef2d1ab2f152567e9c229
[INFO] running `Command { std: "docker" "create" "-v" "/var/lib/crater-agent-workspace/builds/worker-1-tc1/target:/opt/rustwide/target:rw,Z" "-v" "/var/lib/crater-agent-workspace/builds/worker-1-tc1/source:/opt/rustwide/workdir:ro,Z" "-v" "/var/lib/crater-agent-workspace/cargo-home:/opt/rustwide/cargo-home:ro,Z" "-v" "/var/lib/crater-agent-workspace/rustup-home:/opt/rustwide/rustup-home:ro,Z" "-e" "SOURCE_DIR=/opt/rustwide/workdir" "-e" "CARGO_TARGET_DIR=/opt/rustwide/target" "-e" "CARGO_INCREMENTAL=0" "-e" "RUST_BACKTRACE=full" "-e" "RUSTFLAGS=--cap-lints=warn" "-e" "RUSTDOCFLAGS=--cap-lints=warn" "-e" "CARGO_HOME=/opt/rustwide/cargo-home" "-e" "RUSTUP_HOME=/opt/rustwide/rustup-home" "-w" "/opt/rustwide/workdir" "-m" "1610612736" "--user" "0:0" "--network" "none" "ghcr.io/rust-lang/crates-build-env/linux@sha256:f3a9d4ad9d972b27faf3965f35b62e55ba32bbce8f20bc8fe909558a86702fde" "/opt/rustwide/cargo-home/bin/cargo" "+1.83.0" "test" "--frozen" "--no-run" "--message-format=json", kill_on_drop: false }`
[INFO] [stdout] d5b762ff3102638930cee7c023abe1f87f7c2cd0c402f90a54c27e26802b224c
[INFO] running `Command { std: "docker" "start" "-a" "d5b762ff3102638930cee7c023abe1f87f7c2cd0c402f90a54c27e26802b224c", kill_on_drop: false }`
[INFO] [stderr]    Compiling shlex v1.3.0
[INFO] [stderr]    Compiling vcpkg v0.2.15
[INFO] [stderr]    Compiling pkg-config v0.3.30
[INFO] [stderr]    Compiling hyper v0.14.30
[INFO] [stderr]    Compiling foreign-types-shared v0.1.1
[INFO] [stderr]    Compiling openssl v0.10.66
[INFO] [stderr]    Compiling openssl-macros v0.1.1
[INFO] [stderr]    Compiling native-tls v0.2.12
[INFO] [stderr]    Compiling foreign-types v0.3.2
[INFO] [stderr]    Compiling openssl-probe v0.1.5
[INFO] [stderr]    Compiling cc v1.1.21
[INFO] [stderr]    Compiling base64 v0.21.7
[INFO] [stderr]    Compiling serde_urlencoded v0.7.1
[INFO] [stderr]    Compiling sync_wrapper v0.1.2
[INFO] [stderr]    Compiling ipnet v2.10.0
[INFO] [stderr]    Compiling rustls-pemfile v1.0.4
[INFO] [stderr]    Compiling openssl-sys v0.9.103
[INFO] [stderr]    Compiling rocket_http v0.5.1
[INFO] [stderr]    Compiling rocket v0.5.1
[INFO] [stderr]    Compiling tokio-native-tls v0.3.1
[INFO] [stderr]    Compiling hyper-tls v0.5.0
[INFO] [stderr]    Compiling reqwest v0.11.27
[INFO] [stderr]    Compiling rocket_db_pools v0.1.0
[INFO] [stderr]    Compiling backend_crate v0.1.0 (/opt/rustwide/workdir)
[INFO] [stdout] warning: unused import: `serialize`
[INFO] [stdout]  --> src/models.rs:5:70
[INFO] [stdout]   |
[INFO] [stdout] 5 | use diesel::{AsExpression, sql_types::Text, FromSqlRow, deserialize, serialize};
[INFO] [stdout]   |                                                                      ^^^^^^^^^
[INFO] [stdout]   |
[INFO] [stdout]   = note: `#[warn(unused_imports)]` on by default
[INFO] [stdout] 
[INFO] [stdout] 
[INFO] [stdout] warning: unused import: `Output`
[INFO] [stdout]  --> src/models.rs:9:25
[INFO] [stdout]   |
[INFO] [stdout] 9 | use diesel::serialize::{Output, ToSql};
[INFO] [stdout]   |                         ^^^^^^
[INFO] [stdout] 
[INFO] [stdout] 
[INFO] [stdout] warning: unused import: `diesel::serialize::ToSql`
[INFO] [stdout]  --> src/repositories.rs:4:5
[INFO] [stdout]   |
[INFO] [stdout] 4 | use diesel::serialize::ToSql;
[INFO] [stdout]   |     ^^^^^^^^^^^^^^^^^^^^^^^^
[INFO] [stdout] 
[INFO] [stdout] 
[INFO] [stdout] warning: unused import: `Json`
[INFO] [stdout]  --> src/rocket_routes/mod.rs:3:33
[INFO] [stdout]   |
[INFO] [stdout] 3 | use rocket::serde::json::{json, Json, Value};
[INFO] [stdout]   |                                 ^^^^
[INFO] [stdout] 
[INFO] [stdout] 
[INFO] [stdout] warning: unused imports: `NewRustacean` and `Rustacean`
[INFO] [stdout]  --> src/rocket_routes/crates.rs:1:38
[INFO] [stdout]   |
[INFO] [stdout] 1 | use crate::models::{Crate, NewCrate, NewRustacean, Rustacean, User};
[INFO] [stdout]   |                                      ^^^^^^^^^^^^  ^^^^^^^^^
[INFO] [stdout] 
[INFO] [stdout] 
[INFO] [stdout] warning: unused import: `RustaceanRepository`
[INFO] [stdout]  --> src/rocket_routes/crates.rs:2:44
[INFO] [stdout]   |
[INFO] [stdout] 2 | use crate::repositories::{CrateRepository, RustaceanRepository};
[INFO] [stdout]   |                                            ^^^^^^^^^^^^^^^^^^^
[INFO] [stdout] 
[INFO] [stdout] 
[INFO] [stdout] warning: unused import: `rocket::log::private::error`
[INFO] [stdout]  --> src/rocket_routes/crates.rs:5:5
[INFO] [stdout]   |
[INFO] [stdout] 5 | use rocket::log::private::error;
[INFO] [stdout]   |     ^^^^^^^^^^^^^^^^^^^^^^^^^^^
[INFO] [stdout] 
[INFO] [stdout] 
[INFO] [stdout] warning: unused import: `std::any::Any`
[INFO] [stdout]  --> src/rocket_routes/crates.rs:9:5
[INFO] [stdout]   |
[INFO] [stdout] 9 | use std::any::Any;
[INFO] [stdout]   |     ^^^^^^^^^^^^^
[INFO] [stdout] 
[INFO] [stdout] 
[INFO] [stdout] warning: unused import: `rocket_db_pools::Database`
[INFO] [stdout]  --> src/rocket_routes/rustaceans.rs:9:5
[INFO] [stdout]   |
[INFO] [stdout] 9 | use rocket_db_pools::Database;
[INFO] [stdout]   |     ^^^^^^^^^^^^^^^^^^^^^^^^^
[INFO] [stdout] 
[INFO] [stdout] 
[INFO] [stdout] warning: unused imports: `PasswordHash` and `PasswordVerifier`
[INFO] [stdout]  --> src/rocket_routes/authorization.rs:1:14
[INFO] [stdout]   |
[INFO] [stdout] 1 | use argon2::{PasswordHash, PasswordVerifier};
[INFO] [stdout]   |              ^^^^^^^^^^^^  ^^^^^^^^^^^^^^^^
[INFO] [stdout] 
[INFO] [stdout] 
[INFO] [stdout] warning: unused import: `tokio::io::join`
[INFO] [stdout]  --> src/rocket_routes/authorization.rs:7:5
[INFO] [stdout]   |
[INFO] [stdout] 7 | use tokio::io::join;
[INFO] [stdout]   |     ^^^^^^^^^^^^^^^
[INFO] [stdout] 
[INFO] [stdout] 
[INFO] [stdout] warning: unused variable: `user_role`
[INFO] [stdout]    --> src/repositories.rs:133:17
[INFO] [stdout]     |
[INFO] [stdout] 133 |             let user_role = diesel::insert_into(users_roles::table)
[INFO] [stdout]     |                 ^^^^^^^^^ help: if this is intentional, prefix it with an underscore: `_user_role`
[INFO] [stdout]     |
[INFO] [stdout]     = note: `#[warn(unused_variables)]` on by default
[INFO] [stdout] 
[INFO] [stdout] 
[INFO] [stdout] warning: unused variable: `e`
[INFO] [stdout]   --> src/rocket_routes/authorization.rs:21:19
[INFO] [stdout]    |
[INFO] [stdout] 21 |         .map_err(|e|
[INFO] [stdout]    |                   ^ help: if this is intentional, prefix it with an underscore: `_e`
[INFO] [stdout] 
[INFO] [stdout] 
[INFO] [stdout] warning: field `0` is never read
[INFO] [stdout]   --> src/rocket_routes/mod.rs:57:23
[INFO] [stdout]    |
[INFO] [stdout] 57 | pub struct EditorUser(User);
[INFO] [stdout]    |            ---------- ^^^^
[INFO] [stdout]    |            |
[INFO] [stdout]    |            field in this struct
[INFO] [stdout]    |
[INFO] [stdout]    = help: consider removing this field
[INFO] [stdout]    = note: `#[warn(dead_code)]` on by default
[INFO] [stdout] 
[INFO] [stdout] 
[INFO] [stdout] warning: unused import: `serialize`
[INFO] [stdout]  --> src/models.rs:5:70
[INFO] [stdout]   |
[INFO] [stdout] 5 | use diesel::{AsExpression, sql_types::Text, FromSqlRow, deserialize, serialize};
[INFO] [stdout]   |                                                                      ^^^^^^^^^
[INFO] [stdout]   |
[INFO] [stdout]   = note: `#[warn(unused_imports)]` on by default
[INFO] [stdout] 
[INFO] [stdout] 
[INFO] [stdout] warning: unused import: `Output`
[INFO] [stdout]  --> src/models.rs:9:25
[INFO] [stdout]   |
[INFO] [stdout] 9 | use diesel::serialize::{Output, ToSql};
[INFO] [stdout]   |                         ^^^^^^
[INFO] [stdout] 
[INFO] [stdout] 
[INFO] [stdout] warning: unused import: `diesel::serialize::ToSql`
[INFO] [stdout]  --> src/repositories.rs:4:5
[INFO] [stdout]   |
[INFO] [stdout] 4 | use diesel::serialize::ToSql;
[INFO] [stdout]   |     ^^^^^^^^^^^^^^^^^^^^^^^^
[INFO] [stdout] 
[INFO] [stdout] 
[INFO] [stdout] warning: unused import: `Json`
[INFO] [stdout]  --> src/rocket_routes/mod.rs:3:33
[INFO] [stdout]   |
[INFO] [stdout] 3 | use rocket::serde::json::{json, Json, Value};
[INFO] [stdout]   |                                 ^^^^
[INFO] [stdout] 
[INFO] [stdout] 
[INFO] [stdout] warning: unused imports: `NewRustacean` and `Rustacean`
[INFO] [stdout]  --> src/rocket_routes/crates.rs:1:38
[INFO] [stdout]   |
[INFO] [stdout] 1 | use crate::models::{Crate, NewCrate, NewRustacean, Rustacean, User};
[INFO] [stdout]   |                                      ^^^^^^^^^^^^  ^^^^^^^^^
[INFO] [stdout] 
[INFO] [stdout] 
[INFO] [stdout] warning: unused import: `RustaceanRepository`
[INFO] [stdout]  --> src/rocket_routes/crates.rs:2:44
[INFO] [stdout]   |
[INFO] [stdout] 2 | use crate::repositories::{CrateRepository, RustaceanRepository};
[INFO] [stdout]   |                                            ^^^^^^^^^^^^^^^^^^^
[INFO] [stdout] 
[INFO] [stdout] 
[INFO] [stdout] warning: unused import: `rocket::log::private::error`
[INFO] [stdout]  --> src/rocket_routes/crates.rs:5:5
[INFO] [stdout]   |
[INFO] [stdout] 5 | use rocket::log::private::error;
[INFO] [stdout]   |     ^^^^^^^^^^^^^^^^^^^^^^^^^^^
[INFO] [stdout] 
[INFO] [stdout] 
[INFO] [stdout] warning: unused import: `std::any::Any`
[INFO] [stdout]  --> src/rocket_routes/crates.rs:9:5
[INFO] [stdout]   |
[INFO] [stdout] 9 | use std::any::Any;
[INFO] [stdout]   |     ^^^^^^^^^^^^^
[INFO] [stdout] 
[INFO] [stdout] 
[INFO] [stdout] warning: unused import: `rocket_db_pools::Database`
[INFO] [stdout]  --> src/rocket_routes/rustaceans.rs:9:5
[INFO] [stdout]   |
[INFO] [stdout] 9 | use rocket_db_pools::Database;
[INFO] [stdout]   |     ^^^^^^^^^^^^^^^^^^^^^^^^^
[INFO] [stdout] 
[INFO] [stdout] 
[INFO] [stdout] warning: unused imports: `PasswordHash` and `PasswordVerifier`
[INFO] [stdout]  --> src/rocket_routes/authorization.rs:1:14
[INFO] [stdout]   |
[INFO] [stdout] 1 | use argon2::{PasswordHash, PasswordVerifier};
[INFO] [stdout]   |              ^^^^^^^^^^^^  ^^^^^^^^^^^^^^^^
[INFO] [stdout] 
[INFO] [stdout] 
[INFO] [stdout] warning: unused import: `tokio::io::join`
[INFO] [stdout]  --> src/rocket_routes/authorization.rs:7:5
[INFO] [stdout]   |
[INFO] [stdout] 7 | use tokio::io::join;
[INFO] [stdout]   |     ^^^^^^^^^^^^^^^
[INFO] [stdout] 
[INFO] [stdout] 
[INFO] [stdout] warning: unused variable: `user_role`
[INFO] [stdout]    --> src/repositories.rs:133:17
[INFO] [stdout]     |
[INFO] [stdout] 133 |             let user_role = diesel::insert_into(users_roles::table)
[INFO] [stdout]     |                 ^^^^^^^^^ help: if this is intentional, prefix it with an underscore: `_user_role`
[INFO] [stdout]     |
[INFO] [stdout]     = note: `#[warn(unused_variables)]` on by default
[INFO] [stdout] 
[INFO] [stdout] 
[INFO] [stdout] warning: unused variable: `e`
[INFO] [stdout]   --> src/rocket_routes/authorization.rs:21:19
[INFO] [stdout]    |
[INFO] [stdout] 21 |         .map_err(|e|
[INFO] [stdout]    |                   ^ help: if this is intentional, prefix it with an underscore: `_e`
[INFO] [stdout] 
[INFO] [stdout] 
[INFO] [stdout] warning: unused import: `rocket::http::hyper::body::HttpBody`
[INFO] [stdout]  --> src/bin/cli.rs:2:5
[INFO] [stdout]   |
[INFO] [stdout] 2 | use rocket::http::hyper::body::HttpBody;
[INFO] [stdout]   |     ^^^^^^^^^^^^^^^^^^^^^^^^^^^^^^^^^^^
[INFO] [stdout]   |
[INFO] [stdout]   = note: `#[warn(unused_imports)]` on by default
[INFO] [stdout] 
[INFO] [stdout] 
[INFO] [stdout] warning: unused import: `rocket::http::hyper::body::HttpBody`
[INFO] [stdout]  --> src/bin/cli.rs:2:5
[INFO] [stdout]   |
[INFO] [stdout] 2 | use rocket::http::hyper::body::HttpBody;
[INFO] [stdout]   |     ^^^^^^^^^^^^^^^^^^^^^^^^^^^^^^^^^^^
[INFO] [stdout]   |
[INFO] [stdout]   = note: `#[warn(unused_imports)]` on by default
[INFO] [stdout] 
[INFO] [stdout] 
[INFO] [stdout] warning: field `0` is never read
[INFO] [stdout]   --> src/rocket_routes/mod.rs:57:23
[INFO] [stdout]    |
[INFO] [stdout] 57 | pub struct EditorUser(User);
[INFO] [stdout]    |            ---------- ^^^^
[INFO] [stdout]    |            |
[INFO] [stdout]    |            field in this struct
[INFO] [stdout]    |
[INFO] [stdout]    = help: consider removing this field
[INFO] [stdout]    = note: `#[warn(dead_code)]` on by default
[INFO] [stdout] 
[INFO] [stdout] 
[INFO] [stderr]     Finished `test` profile [unoptimized + debuginfo] target(s) in 1m 18s
[INFO] running `Command { std: "docker" "inspect" "d5b762ff3102638930cee7c023abe1f87f7c2cd0c402f90a54c27e26802b224c", kill_on_drop: false }`
[INFO] running `Command { std: "docker" "rm" "-f" "d5b762ff3102638930cee7c023abe1f87f7c2cd0c402f90a54c27e26802b224c", kill_on_drop: false }`
[INFO] [stdout] d5b762ff3102638930cee7c023abe1f87f7c2cd0c402f90a54c27e26802b224c
[INFO] running `Command { std: "docker" "create" "-v" "/var/lib/crater-agent-workspace/builds/worker-1-tc1/target:/opt/rustwide/target:rw,Z" "-v" "/var/lib/crater-agent-workspace/builds/worker-1-tc1/source:/opt/rustwide/workdir:ro,Z" "-v" "/var/lib/crater-agent-workspace/cargo-home:/opt/rustwide/cargo-home:ro,Z" "-v" "/var/lib/crater-agent-workspace/rustup-home:/opt/rustwide/rustup-home:ro,Z" "-e" "SOURCE_DIR=/opt/rustwide/workdir" "-e" "CARGO_TARGET_DIR=/opt/rustwide/target" "-e" "CARGO_INCREMENTAL=0" "-e" "RUST_BACKTRACE=full" "-e" "RUSTFLAGS=--cap-lints=warn" "-e" "RUSTDOCFLAGS=--cap-lints=warn" "-e" "CARGO_HOME=/opt/rustwide/cargo-home" "-e" "RUSTUP_HOME=/opt/rustwide/rustup-home" "-w" "/opt/rustwide/workdir" "-m" "1610612736" "--user" "0:0" "--network" "none" "ghcr.io/rust-lang/crates-build-env/linux@sha256:f3a9d4ad9d972b27faf3965f35b62e55ba32bbce8f20bc8fe909558a86702fde" "/opt/rustwide/cargo-home/bin/cargo" "+1.83.0" "test" "--frozen", kill_on_drop: false }`
[INFO] [stdout] 1a1d6a2ca1a3e6134bdaaa70714e592ea5dca6873fbfdb584548cadfa447ee19
[INFO] running `Command { std: "docker" "start" "-a" "1a1d6a2ca1a3e6134bdaaa70714e592ea5dca6873fbfdb584548cadfa447ee19", kill_on_drop: false }`
[INFO] [stderr] warning: unused import: `serialize`
[INFO] [stderr]  --> src/models.rs:5:70
[INFO] [stderr]   |
[INFO] [stderr] 5 | use diesel::{AsExpression, sql_types::Text, FromSqlRow, deserialize, serialize};
[INFO] [stderr]   |                                                                      ^^^^^^^^^
[INFO] [stderr]   |
[INFO] [stderr]   = note: `#[warn(unused_imports)]` on by default
[INFO] [stderr] 
[INFO] [stderr] warning: unused import: `Output`
[INFO] [stderr]  --> src/models.rs:9:25
[INFO] [stderr]   |
[INFO] [stderr] 9 | use diesel::serialize::{Output, ToSql};
[INFO] [stderr]   |                         ^^^^^^
[INFO] [stderr] 
[INFO] [stderr] warning: unused import: `diesel::serialize::ToSql`
[INFO] [stderr]  --> src/repositories.rs:4:5
[INFO] [stderr]   |
[INFO] [stderr] 4 | use diesel::serialize::ToSql;
[INFO] [stderr]   |     ^^^^^^^^^^^^^^^^^^^^^^^^
[INFO] [stderr] 
[INFO] [stderr] warning: unused import: `Json`
[INFO] [stderr]  --> src/rocket_routes/mod.rs:3:33
[INFO] [stderr]   |
[INFO] [stderr] 3 | use rocket::serde::json::{json, Json, Value};
[INFO] [stderr]   |                                 ^^^^
[INFO] [stderr] 
[INFO] [stderr] warning: unused imports: `NewRustacean` and `Rustacean`
[INFO] [stderr]  --> src/rocket_routes/crates.rs:1:38
[INFO] [stderr]   |
[INFO] [stderr] 1 | use crate::models::{Crate, NewCrate, NewRustacean, Rustacean, User};
[INFO] [stderr]   |                                      ^^^^^^^^^^^^  ^^^^^^^^^
[INFO] [stderr] 
[INFO] [stderr] warning: unused import: `RustaceanRepository`
[INFO] [stderr]  --> src/rocket_routes/crates.rs:2:44
[INFO] [stderr]   |
[INFO] [stderr] 2 | use crate::repositories::{CrateRepository, RustaceanRepository};
[INFO] [stderr]   |                                            ^^^^^^^^^^^^^^^^^^^
[INFO] [stderr] 
[INFO] [stderr] warning: unused import: `rocket::log::private::error`
[INFO] [stderr]  --> src/rocket_routes/crates.rs:5:5
[INFO] [stderr]   |
[INFO] [stderr] 5 | use rocket::log::private::error;
[INFO] [stderr]   |     ^^^^^^^^^^^^^^^^^^^^^^^^^^^
[INFO] [stderr] 
[INFO] [stderr] warning: unused import: `std::any::Any`
[INFO] [stderr]  --> src/rocket_routes/crates.rs:9:5
[INFO] [stderr]   |
[INFO] [stderr] 9 | use std::any::Any;
[INFO] [stderr]   |     ^^^^^^^^^^^^^
[INFO] [stderr] 
[INFO] [stderr] warning: unused import: `rocket_db_pools::Database`
[INFO] [stderr]  --> src/rocket_routes/rustaceans.rs:9:5
[INFO] [stderr]   |
[INFO] [stderr] 9 | use rocket_db_pools::Database;
[INFO] [stderr]   |     ^^^^^^^^^^^^^^^^^^^^^^^^^
[INFO] [stderr] 
[INFO] [stderr] warning: unused imports: `PasswordHash` and `PasswordVerifier`
[INFO] [stderr]  --> src/rocket_routes/authorization.rs:1:14
[INFO] [stderr]   |
[INFO] [stderr] 1 | use argon2::{PasswordHash, PasswordVerifier};
[INFO] [stderr]   |              ^^^^^^^^^^^^  ^^^^^^^^^^^^^^^^
[INFO] [stderr] 
[INFO] [stderr] warning: unused import: `tokio::io::join`
[INFO] [stderr]  --> src/rocket_routes/authorization.rs:7:5
[INFO] [stderr]   |
[INFO] [stderr] 7 | use tokio::io::join;
[INFO] [stderr]   |     ^^^^^^^^^^^^^^^
[INFO] [stderr] 
[INFO] [stderr] warning: unused variable: `user_role`
[INFO] [stderr]    --> src/repositories.rs:133:17
[INFO] [stderr]     |
[INFO] [stderr] 133 |             let user_role = diesel::insert_into(users_roles::table)
[INFO] [stderr]     |                 ^^^^^^^^^ help: if this is intentional, prefix it with an underscore: `_user_role`
[INFO] [stderr]     |
[INFO] [stderr]     = note: `#[warn(unused_variables)]` on by default
[INFO] [stderr] 
[INFO] [stderr] warning: unused variable: `e`
[INFO] [stderr]   --> src/rocket_routes/authorization.rs:21:19
[INFO] [stderr]    |
[INFO] [stderr] 21 |         .map_err(|e|
[INFO] [stderr]    |                   ^ help: if this is intentional, prefix it with an underscore: `_e`
[INFO] [stderr] 
[INFO] [stderr] warning: field `0` is never read
[INFO] [stderr]   --> src/rocket_routes/mod.rs:57:23
[INFO] [stderr]    |
[INFO] [stderr] 57 | pub struct EditorUser(User);
[INFO] [stderr]    |            ---------- ^^^^
[INFO] [stderr]    |            |
[INFO] [stderr]    |            field in this struct
[INFO] [stderr]    |
[INFO] [stderr]    = help: consider removing this field
[INFO] [stderr]    = note: `#[warn(dead_code)]` on by default
[INFO] [stderr] 
[INFO] [stderr] warning: `backend_crate` (lib) generated 14 warnings (run `cargo fix --lib -p backend_crate` to apply 11 suggestions)
[INFO] [stderr] warning: unused import: `rocket::http::hyper::body::HttpBody`
[INFO] [stderr]  --> src/bin/cli.rs:2:5
[INFO] [stderr]   |
[INFO] [stderr] 2 | use rocket::http::hyper::body::HttpBody;
[INFO] [stderr]   |     ^^^^^^^^^^^^^^^^^^^^^^^^^^^^^^^^^^^
[INFO] [stderr]   |
[INFO] [stderr]   = note: `#[warn(unused_imports)]` on by default
[INFO] [stderr] 
[INFO] [stderr] warning: `backend_crate` (bin "cli") generated 1 warning
[INFO] [stderr] warning: `backend_crate` (bin "cli" test) generated 1 warning (1 duplicate)
[INFO] [stderr] warning: `backend_crate` (lib test) generated 14 warnings (14 duplicates)
[INFO] [stderr]     Finished `test` profile [unoptimized + debuginfo] target(s) in 0.59s
[INFO] [stderr]      Running unittests src/lib.rs (/opt/rustwide/target/debug/deps/backend_crate-9f57c52eb66744ea)
[INFO] [stdout] 
[INFO] [stdout] running 0 tests
[INFO] [stdout] 
[INFO] [stdout] test result: ok. 0 passed; 0 failed; 0 ignored; 0 measured; 0 filtered out; finished in 0.00s
[INFO] [stdout] 
[INFO] [stderr]      Running unittests src/bin/cli.rs (/opt/rustwide/target/debug/deps/cli-8ad0a31c286512fe)
[INFO] [stdout] 
[INFO] [stdout] running 0 tests
[INFO] [stdout] 
[INFO] [stdout] test result: ok. 0 passed; 0 failed; 0 ignored; 0 measured; 0 filtered out; finished in 0.00s
[INFO] [stdout] 
[INFO] [stderr]      Running unittests src/bin/server.rs (/opt/rustwide/target/debug/deps/server-6b265b12f91c0944)
[INFO] [stdout] 
[INFO] [stdout] running 0 tests
[INFO] [stdout] 
[INFO] [stdout] test result: ok. 0 passed; 0 failed; 0 ignored; 0 measured; 0 filtered out; finished in 0.00s
[INFO] [stdout] 
[INFO] [stderr]      Running tests/authorization.rs (/opt/rustwide/target/debug/deps/authorization-6110cc1cfb4ea700)
[INFO] [stdout] 
[INFO] [stdout] running 1 test
[INFO] [stdout] test test_login ... FAILED
[INFO] [stdout] 
[INFO] [stdout] failures:
[INFO] [stdout] 
[INFO] [stdout] ---- test_login stdout ----
[INFO] [stdout] Output { status: ExitStatus(unix_wait_status(25856)), stdout: "", stderr: "warning: unused import: `serialize`\n --> src/models.rs:5:70\n  |\n5 | use diesel::{AsExpression, sql_types::Text, FromSqlRow, deserialize, serialize};\n  |                                                                      ^^^^^^^^^\n  |\n  = note: `#[warn(unused_imports)]` on by default\n\nwarning: unused import: `Output`\n --> src/models.rs:9:25\n  |\n9 | use diesel::serialize::{Output, ToSql};\n  |                         ^^^^^^\n\nwarning: unused import: `diesel::serialize::ToSql`\n --> src/repositories.rs:4:5\n  |\n4 | use diesel::serialize::ToSql;\n  |     ^^^^^^^^^^^^^^^^^^^^^^^^\n\nwarning: unused import: `Json`\n --> src/rocket_routes/mod.rs:3:33\n  |\n3 | use rocket::serde::json::{json, Json, Value};\n  |                                 ^^^^\n\nwarning: unused imports: `NewRustacean` and `Rustacean`\n --> src/rocket_routes/crates.rs:1:38\n  |\n1 | use crate::models::{Crate, NewCrate, NewRustacean, Rustacean, User};\n  |                                      ^^^^^^^^^^^^  ^^^^^^^^^\n\nwarning: unused import: `RustaceanRepository`\n --> src/rocket_routes/crates.rs:2:44\n  |\n2 | use crate::repositories::{CrateRepository, RustaceanRepository};\n  |                                            ^^^^^^^^^^^^^^^^^^^\n\nwarning: unused import: `rocket::log::private::error`\n --> src/rocket_routes/crates.rs:5:5\n  |\n5 | use rocket::log::private::error;\n  |     ^^^^^^^^^^^^^^^^^^^^^^^^^^^\n\nwarning: unused import: `std::any::Any`\n --> src/rocket_routes/crates.rs:9:5\n  |\n9 | use std::any::Any;\n  |     ^^^^^^^^^^^^^\n\nwarning: unused import: `rocket_db_pools::Database`\n --> src/rocket_routes/rustaceans.rs:9:5\n  |\n9 | use rocket_db_pools::Database;\n  |     ^^^^^^^^^^^^^^^^^^^^^^^^^\n\nwarning: unused imports: `PasswordHash` and `PasswordVerifier`\n --> src/rocket_routes/authorization.rs:1:14\n  |\n1 | use argon2::{PasswordHash, PasswordVerifier};\n  |              ^^^^^^^^^^^^  ^^^^^^^^^^^^^^^^\n\nwarning: unused import: `tokio::io::join`\n --> src/rocket_routes/authorization.rs:7:5\n  |\n7 | use tokio::io::join;\n  |     ^^^^^^^^^^^^^^^\n\nwarning: unused variable: `user_role`\n   --> src/repositories.rs:133:17\n    |\n133 |             let user_role = diesel::insert_into(users_roles::table)\n    |                 ^^^^^^^^^ help: if this is intentional, prefix it with an underscore: `_user_role`\n    |\n    = note: `#[warn(unused_variables)]` on by default\n\nwarning: unused variable: `e`\n  --> src/rocket_routes/authorization.rs:21:19\n   |\n21 |         .map_err(|e|\n   |                   ^ help: if this is intentional, prefix it with an underscore: `_e`\n\nwarning: field `0` is never read\n  --> src/rocket_routes/mod.rs:57:23\n   |\n57 | pub struct EditorUser(User);\n   |            ---------- ^^^^\n   |            |\n   |            field in this struct\n   |\n   = help: consider removing this field\n   = note: `#[warn(dead_code)]` on by default\n\nwarning: `backend_crate` (lib) generated 14 warnings (run `cargo fix --lib -p backend_crate` to apply 11 suggestions)\nwarning: unused import: `rocket::http::hyper::body::HttpBody`\n --> src/bin/cli.rs:2:5\n  |\n2 | use rocket::http::hyper::body::HttpBody;\n  |     ^^^^^^^^^^^^^^^^^^^^^^^^^^^^^^^^^^^\n  |\n  = note: `#[warn(unused_imports)]` on by default\n\nwarning: `backend_crate` (bin \"cli\") generated 1 warning\n    Finished `dev` profile [unoptimized + debuginfo] target(s) in 0.22s\n     Running `/opt/rustwide/target/debug/cli users create test 1234 admin`\nthread 'main' panicked at /opt/rustwide/workdir/src/commands.rs:8:54:\nDATABASE_URL must be set: NotPresent\nstack backtrace:\n   0:     0x57c547890dda - std::backtrace_rs::backtrace::libunwind::trace::h5a5b8284f2d0c266\n                               at /rustc/90b35a6239c3d8bdabc530a6a0816f7ff89a0aaf/library/std/src/../../backtrace/src/backtrace/libunwind.rs:116:5\n   1:     0x57c547890dda - std::backtrace_rs::backtrace::trace_unsynchronized::h76d4f1c9b0b875e3\n                               at /rustc/90b35a6239c3d8bdabc530a6a0816f7ff89a0aaf/library/std/src/../../backtrace/src/backtrace/mod.rs:66:5\n   2:     0x57c547890dda - std::sys::backtrace::_print_fmt::hc4546b8364a537c6\n                               at /rustc/90b35a6239c3d8bdabc530a6a0816f7ff89a0aaf/library/std/src/sys/backtrace.rs:66:9\n   3:     0x57c547890dda - <std::sys::backtrace::BacktraceLock::print::DisplayBacktrace as core::fmt::Display>::fmt::h5b6bd5631a6d1f6b\n                               at /rustc/90b35a6239c3d8bdabc530a6a0816f7ff89a0aaf/library/std/src/sys/backtrace.rs:39:26\n   4:     0x57c5478b1693 - core::fmt::rt::Argument::fmt::h270f6602a2b96f62\n                               at /rustc/90b35a6239c3d8bdabc530a6a0816f7ff89a0aaf/library/core/src/fmt/rt.rs:177:76\n   5:     0x57c5478b1693 - core::fmt::write::h7550c97b06c86515\n                               at /rustc/90b35a6239c3d8bdabc530a6a0816f7ff89a0aaf/library/core/src/fmt/mod.rs:1186:21\n   6:     0x57c54788d8f3 - std::io::Write::write_fmt::h7b09c64fe0be9c84\n                               at /rustc/90b35a6239c3d8bdabc530a6a0816f7ff89a0aaf/library/std/src/io/mod.rs:1839:15\n   7:     0x57c547890c22 - std::sys::backtrace::BacktraceLock::print::h2395ccd2c84ba3aa\n                               at /rustc/90b35a6239c3d8bdabc530a6a0816f7ff89a0aaf/library/std/src/sys/backtrace.rs:42:9\n   8:     0x57c547891d0c - std::panicking::default_hook::{{closure}}::he19d4c7230e07961\n                               at /rustc/90b35a6239c3d8bdabc530a6a0816f7ff89a0aaf/library/std/src/panicking.rs:268:22\n   9:     0x57c547891b52 - std::panicking::default_hook::hf614597d3c67bbdb\n                               at /rustc/90b35a6239c3d8bdabc530a6a0816f7ff89a0aaf/library/std/src/panicking.rs:295:9\n  10:     0x57c5478922e7 - std::panicking::rust_panic_with_hook::h8942133a8b252070\n                               at /rustc/90b35a6239c3d8bdabc530a6a0816f7ff89a0aaf/library/std/src/panicking.rs:801:13\n  11:     0x57c54789217a - std::panicking::begin_panic_handler::{{closure}}::hb5f5963570096b29\n                               at /rustc/90b35a6239c3d8bdabc530a6a0816f7ff89a0aaf/library/std/src/panicking.rs:674:13\n  12:     0x57c5478912b9 - std::sys::backtrace::__rust_end_short_backtrace::h6208cedc1922feda\n                               at /rustc/90b35a6239c3d8bdabc530a6a0816f7ff89a0aaf/library/std/src/sys/backtrace.rs:170:18\n  13:     0x57c547891e0c - rust_begin_unwind\n                               at /rustc/90b35a6239c3d8bdabc530a6a0816f7ff89a0aaf/library/std/src/panicking.rs:665:5\n  14:     0x57c547468dd0 - core::panicking::panic_fmt::h0c3082644d1bf418\n                               at /rustc/90b35a6239c3d8bdabc530a6a0816f7ff89a0aaf/library/core/src/panicking.rs:74:14\n  15:     0x57c547469276 - core::result::unwrap_failed::hd20b4aa073bda1e2\n                               at /rustc/90b35a6239c3d8bdabc530a6a0816f7ff89a0aaf/library/core/src/result.rs:1700:5\n  16:     0x57c5474c2536 - core::result::Result<T,E>::expect::h1eb602f2bedcabe9\n                               at /rustc/90b35a6239c3d8bdabc530a6a0816f7ff89a0aaf/library/core/src/result.rs:1061:23\n  17:     0x57c5474b891f - backend_crate::commands::load_db_connection::{{closure}}::hbb6d1192518f1f09\n                               at /opt/rustwide/workdir/src/commands.rs:8:24\n  18:     0x57c5474b7745 - backend_crate::commands::create_user::{{closure}}::h1971f8012ce21a69\n                               at /opt/rustwide/workdir/src/commands.rs:13:38\n  19:     0x57c54749e60f - cli::main::{{closure}}::hfd72e1f10dda4ec8\n                               at /opt/rustwide/workdir/src/bin/cli.rs:49:87\n  20:     0x57c5474a5a9f - tokio::runtime::park::CachedParkThread::block_on::{{closure}}::h8fa416fa972a5cb1\n                               at /opt/rustwide/cargo-home/registry/src/index.crates.io-6f17d22bba15001f/tokio-1.40.0/src/runtime/park.rs:281:63\n  21:     0x57c5474a58b0 - tokio::runtime::coop::with_budget::h1c0a8b734ca03b29\n                               at /opt/rustwide/cargo-home/registry/src/index.crates.io-6f17d22bba15001f/tokio-1.40.0/src/runtime/coop.rs:107:5\n  22:     0x57c5474a58b0 - tokio::runtime::coop::budget::hca328ac8516e0c51\n                               at /opt/rustwide/cargo-home/registry/src/index.crates.io-6f17d22bba15001f/tokio-1.40.0/src/runtime/coop.rs:73:5\n  23:     0x57c5474a58b0 - tokio::runtime::park::CachedParkThread::block_on::hb6788a8f2f9e3e8b\n                               at /opt/rustwide/cargo-home/registry/src/index.crates.io-6f17d22bba15001f/tokio-1.40.0/src/runtime/park.rs:281:31\n  24:     0x57c5474c3275 - tokio::runtime::context::blocking::BlockingRegionGuard::block_on::h612c60968c98cb6c\n                               at /opt/rustwide/cargo-home/registry/src/index.crates.io-6f17d22bba15001f/tokio-1.40.0/src/runtime/context/blocking.rs:66:9\n  25:     0x57c5474c38f6 - tokio::runtime::scheduler::multi_thread::MultiThread::block_on::{{closure}}::h3b89c305cc2802d3\n                               at /opt/rustwide/cargo-home/registry/src/index.crates.io-6f17d22bba15001f/tokio-1.40.0/src/runtime/scheduler/multi_thread/mod.rs:87:13\n  26:     0x57c5474ad7ab - tokio::runtime::context::runtime::enter_runtime::hc457483db94dc9aa\n                               at /opt/rustwide/cargo-home/registry/src/index.crates.io-6f17d22bba15001f/tokio-1.40.0/src/runtime/context/runtime.rs:65:16\n  27:     0x57c5474c3871 - tokio::runtime::scheduler::multi_thread::MultiThread::block_on::h2eb93305ead11786\n                               at /opt/rustwide/cargo-home/registry/src/index.crates.io-6f17d22bba15001f/tokio-1.40.0/src/runtime/scheduler/multi_thread/mod.rs:86:9\n  28:     0x57c5474c34eb - tokio::runtime::runtime::Runtime::block_on_inner::h69a4bda5f8984e51\n                               at /opt/rustwide/cargo-home/registry/src/index.crates.io-6f17d22bba15001f/tokio-1.40.0/src/runtime/runtime.rs:363:45\n  29:     0x57c5474c3726 - tokio::runtime::runtime::Runtime::block_on::h2fb5d1e5063678cc\n                               at /opt/rustwide/cargo-home/registry/src/index.crates.io-6f17d22bba15001f/tokio-1.40.0/src/runtime/runtime.rs:335:13\n  30:     0x57c54749d40e - cli::main::h27b435d39b791bc5\n                               at /opt/rustwide/workdir/src/bin/cli.rs:38:5\n  31:     0x57c5474872bb - core::ops::function::FnOnce::call_once::habe05292d8c22c56\n                               at /rustc/90b35a6239c3d8bdabc530a6a0816f7ff89a0aaf/library/core/src/ops/function.rs:250:5\n  32:     0x57c5474996de - std::sys::backtrace::__rust_begin_short_backtrace::h5ac811b656b2a303\n                               at /rustc/90b35a6239c3d8bdabc530a6a0816f7ff89a0aaf/library/std/src/sys/backtrace.rs:154:18\n  33:     0x57c5474996b1 - std::rt::lang_start::{{closure}}::hd56f960645fd2f90\n                               at /rustc/90b35a6239c3d8bdabc530a6a0816f7ff89a0aaf/library/std/src/rt.rs:195:18\n  34:     0x57c5478879ce - core::ops::function::impls::<impl core::ops::function::FnOnce<A> for &F>::call_once::hfdb85f4ee94732d3\n                               at /rustc/90b35a6239c3d8bdabc530a6a0816f7ff89a0aaf/library/core/src/ops/function.rs:284:13\n  35:     0x57c5478879ce - std::panicking::try::do_call::h6e577310f330cbef\n                               at /rustc/90b35a6239c3d8bdabc530a6a0816f7ff89a0aaf/library/std/src/panicking.rs:557:40\n  36:     0x57c5478879ce - std::panicking::try::ha588d438267d2645\n                               at /rustc/90b35a6239c3d8bdabc530a6a0816f7ff89a0aaf/library/std/src/panicking.rs:520:19\n  37:     0x57c5478879ce - std::panic::catch_unwind::h429fda1e025f26d9\n                               at /rustc/90b35a6239c3d8bdabc530a6a0816f7ff89a0aaf/library/std/src/panic.rs:358:14\n  38:     0x57c5478879ce - std::rt::lang_start_internal::{{closure}}::h7b731265e841c4bf\n                               at /rustc/90b35a6239c3d8bdabc530a6a0816f7ff89a0aaf/library/std/src/rt.rs:174:48\n  39:     0x57c5478879ce - std::panicking::try::do_call::hc0f6a675b7ae5a36\n                               at /rustc/90b35a6239c3d8bdabc530a6a0816f7ff89a0aaf/library/std/src/panicking.rs:557:40\n  40:     0x57c5478879ce - std::panicking::try::h4c93b7ff0671f1ff\n                               at /rustc/90b35a6239c3d8bdabc530a6a0816f7ff89a0aaf/library/std/src/panicking.rs:520:19\n  41:     0x57c5478879ce - std::panic::catch_unwind::hcc1e154961d16ce6\n                               at /rustc/90b35a6239c3d8bdabc530a6a0816f7ff89a0aaf/library/std/src/panic.rs:358:14\n  42:     0x57c5478879ce - std::rt::lang_start_internal::h1c66660c99c8424c\n                               at /rustc/90b35a6239c3d8bdabc530a6a0816f7ff89a0aaf/library/std/src/rt.rs:174:20\n  43:     0x57c54749968a - std::rt::lang_start::hb4853661ba3f0d48\n                               at /rustc/90b35a6239c3d8bdabc530a6a0816f7ff89a0aaf/library/std/src/rt.rs:194:17\n  44:     0x57c54749e7ae - main\n  45:     0x7d83790b2d90 - <unknown>\n  46:     0x7d83790b2e40 - __libc_start_main\n  47:     0x57c547469835 - _start\n  48:                0x0 - <unknown>\n" }
[INFO] [stdout] thread 'test_login' panicked at tests/authorization.rs:21:10:
[INFO] [stdout] called `Result::unwrap()` on an `Err` value: reqwest::Error { kind: Request, url: Url { scheme: "http", cannot_be_a_base: false, username: "", password: None, host: Some(Ipv4(127.0.0.1)), port: Some(8000), path: "/login", query: None, fragment: None }, source: hyper::Error(Connect, ConnectError("tcp connect error", Os { code: 111, kind: ConnectionRefused, message: "Connection refused" })) }
[INFO] [stdout] stack backtrace:
[INFO] [stdout]    0:     0x5653ef92dbfa - std::backtrace_rs::backtrace::libunwind::trace::h5a5b8284f2d0c266
[INFO] [stdout]                                at /rustc/90b35a6239c3d8bdabc530a6a0816f7ff89a0aaf/library/std/src/../../backtrace/src/backtrace/libunwind.rs:116:5
[INFO] [stdout]    1:     0x5653ef92dbfa - std::backtrace_rs::backtrace::trace_unsynchronized::h76d4f1c9b0b875e3
[INFO] [stdout]                                at /rustc/90b35a6239c3d8bdabc530a6a0816f7ff89a0aaf/library/std/src/../../backtrace/src/backtrace/mod.rs:66:5
[INFO] [stdout]    2:     0x5653ef92dbfa - std::sys::backtrace::_print_fmt::hc4546b8364a537c6
[INFO] [stdout]                                at /rustc/90b35a6239c3d8bdabc530a6a0816f7ff89a0aaf/library/std/src/sys/backtrace.rs:66:9
[INFO] [stdout]    3:     0x5653ef92dbfa - <std::sys::backtrace::BacktraceLock::print::DisplayBacktrace as core::fmt::Display>::fmt::h5b6bd5631a6d1f6b
[INFO] [stdout]                                at /rustc/90b35a6239c3d8bdabc530a6a0816f7ff89a0aaf/library/std/src/sys/backtrace.rs:39:26
[INFO] [stdout]    4:     0x5653ef955ef3 - core::fmt::rt::Argument::fmt::h270f6602a2b96f62
[INFO] [stdout]                                at /rustc/90b35a6239c3d8bdabc530a6a0816f7ff89a0aaf/library/core/src/fmt/rt.rs:177:76
[INFO] [stdout]    5:     0x5653ef955ef3 - core::fmt::write::h7550c97b06c86515
[INFO] [stdout]                                at /rustc/90b35a6239c3d8bdabc530a6a0816f7ff89a0aaf/library/core/src/fmt/mod.rs:1186:21
[INFO] [stdout]    6:     0x5653ef92a1d3 - std::io::Write::write_fmt::h509ff860e5956e5e
[INFO] [stdout]                                at /rustc/90b35a6239c3d8bdabc530a6a0816f7ff89a0aaf/library/std/src/io/mod.rs:1839:15
[INFO] [stdout]    7:     0x5653ef92da42 - std::sys::backtrace::BacktraceLock::print::h2395ccd2c84ba3aa
[INFO] [stdout]                                at /rustc/90b35a6239c3d8bdabc530a6a0816f7ff89a0aaf/library/std/src/sys/backtrace.rs:42:9
[INFO] [stdout]    8:     0x5653ef92f05a - std::panicking::default_hook::{{closure}}::he19d4c7230e07961
[INFO] [stdout]                                at /rustc/90b35a6239c3d8bdabc530a6a0816f7ff89a0aaf/library/std/src/panicking.rs:268:22
[INFO] [stdout]    9:     0x5653ef92ee64 - std::panicking::default_hook::hf614597d3c67bbdb
[INFO] [stdout]                                at /rustc/90b35a6239c3d8bdabc530a6a0816f7ff89a0aaf/library/std/src/panicking.rs:292:9
[INFO] [stdout]   10:     0x5653ef506a79 - <alloc::boxed::Box<F,A> as core::ops::function::Fn<Args>>::call::h39b51ce4599c23d1
[INFO] [stdout]                                at /rustc/90b35a6239c3d8bdabc530a6a0816f7ff89a0aaf/library/alloc/src/boxed.rs:2468:9
[INFO] [stdout]   11:     0x5653ef506a79 - test::test_main::{{closure}}::he977ae839a582784
[INFO] [stdout]                                at /rustc/90b35a6239c3d8bdabc530a6a0816f7ff89a0aaf/library/test/src/lib.rs:133:21
[INFO] [stdout]   12:     0x5653ef92f6f8 - <alloc::boxed::Box<F,A> as core::ops::function::Fn<Args>>::call::h9455091b6b06f9fb
[INFO] [stdout]                                at /rustc/90b35a6239c3d8bdabc530a6a0816f7ff89a0aaf/library/alloc/src/boxed.rs:2468:9
[INFO] [stdout]   13:     0x5653ef92f6f8 - std::panicking::rust_panic_with_hook::h8942133a8b252070
[INFO] [stdout]                                at /rustc/90b35a6239c3d8bdabc530a6a0816f7ff89a0aaf/library/std/src/panicking.rs:809:13
[INFO] [stdout]   14:     0x5653ef92f4ba - std::panicking::begin_panic_handler::{{closure}}::hb5f5963570096b29
[INFO] [stdout]                                at /rustc/90b35a6239c3d8bdabc530a6a0816f7ff89a0aaf/library/std/src/panicking.rs:674:13
[INFO] [stdout]   15:     0x5653ef92e0d9 - std::sys::backtrace::__rust_end_short_backtrace::h6208cedc1922feda
[INFO] [stdout]                                at /rustc/90b35a6239c3d8bdabc530a6a0816f7ff89a0aaf/library/std/src/sys/backtrace.rs:170:18
[INFO] [stdout]   16:     0x5653ef92f14c - rust_begin_unwind
[INFO] [stdout]                                at /rustc/90b35a6239c3d8bdabc530a6a0816f7ff89a0aaf/library/std/src/panicking.rs:665:5
[INFO] [stdout]   17:     0x5653ef4bf2a0 - core::panicking::panic_fmt::h0c3082644d1bf418
[INFO] [stdout]                                at /rustc/90b35a6239c3d8bdabc530a6a0816f7ff89a0aaf/library/core/src/panicking.rs:74:14
[INFO] [stdout]   18:     0x5653ef4bf786 - core::result::unwrap_failed::hd20b4aa073bda1e2
[INFO] [stdout]                                at /rustc/90b35a6239c3d8bdabc530a6a0816f7ff89a0aaf/library/core/src/result.rs:1700:5
[INFO] [stdout]   19:     0x5653ef4cdae5 - core::result::Result<T,E>::unwrap::h8bceac6631fced60
[INFO] [stdout]                                at /rustc/90b35a6239c3d8bdabc530a6a0816f7ff89a0aaf/library/core/src/result.rs:1104:23
[INFO] [stdout]   20:     0x5653ef4cdae5 - authorization::test_login::h259439b2306f85e9
[INFO] [stdout]                                at /opt/rustwide/workdir/tests/authorization.rs:14:20
[INFO] [stdout]   21:     0x5653ef4cd1d7 - authorization::test_login::{{closure}}::hf8e587216e7207d2
[INFO] [stdout]                                at /opt/rustwide/workdir/tests/authorization.rs:8:16
[INFO] [stdout]   22:     0x5653ef4c3466 - core::ops::function::FnOnce::call_once::h248d0c89fdc9da8e
[INFO] [stdout]                                at /rustc/90b35a6239c3d8bdabc530a6a0816f7ff89a0aaf/library/core/src/ops/function.rs:250:5
[INFO] [stdout]   23:     0x5653ef50b43b - core::ops::function::FnOnce::call_once::h109cf8051a59b34e
[INFO] [stdout]                                at /rustc/90b35a6239c3d8bdabc530a6a0816f7ff89a0aaf/library/core/src/ops/function.rs:250:5
[INFO] [stdout]   24:     0x5653ef50b43b - test::__rust_begin_short_backtrace::hf4fff89d377446ba
[INFO] [stdout]                                at /rustc/90b35a6239c3d8bdabc530a6a0816f7ff89a0aaf/library/test/src/lib.rs:621:18
[INFO] [stdout]   25:     0x5653ef50ac77 - test::run_test_in_process::{{closure}}::h0e39181dd7ee5a43
[INFO] [stdout]                                at /rustc/90b35a6239c3d8bdabc530a6a0816f7ff89a0aaf/library/test/src/lib.rs:644:60
[INFO] [stdout]   26:     0x5653ef50ac77 - <core::panic::unwind_safe::AssertUnwindSafe<F> as core::ops::function::FnOnce<()>>::call_once::hc5a66a30f0bdfd1f
[INFO] [stdout]                                at /rustc/90b35a6239c3d8bdabc530a6a0816f7ff89a0aaf/library/core/src/panic/unwind_safe.rs:272:9
[INFO] [stdout]   27:     0x5653ef50ac77 - std::panicking::try::do_call::h873b7cf639554a5e
[INFO] [stdout]                                at /rustc/90b35a6239c3d8bdabc530a6a0816f7ff89a0aaf/library/std/src/panicking.rs:557:40
[INFO] [stdout]   28:     0x5653ef50ac77 - std::panicking::try::hdb19862fad9c8bd1
[INFO] [stdout]                                at /rustc/90b35a6239c3d8bdabc530a6a0816f7ff89a0aaf/library/std/src/panicking.rs:520:19
[INFO] [stdout]   29:     0x5653ef50ac77 - std::panic::catch_unwind::h281fe732d236d260
[INFO] [stdout]                                at /rustc/90b35a6239c3d8bdabc530a6a0816f7ff89a0aaf/library/std/src/panic.rs:358:14
[INFO] [stdout]   30:     0x5653ef50ac77 - test::run_test_in_process::h949b6df8457ed338
[INFO] [stdout]                                at /rustc/90b35a6239c3d8bdabc530a6a0816f7ff89a0aaf/library/test/src/lib.rs:644:27
[INFO] [stdout]   31:     0x5653ef50ac77 - test::run_test::{{closure}}::h52c556a6d4740e10
[INFO] [stdout]                                at /rustc/90b35a6239c3d8bdabc530a6a0816f7ff89a0aaf/library/test/src/lib.rs:565:43
[INFO] [stdout]   32:     0x5653ef4cff54 - test::run_test::{{closure}}::h4237f6381c45ccb9
[INFO] [stdout]                                at /rustc/90b35a6239c3d8bdabc530a6a0816f7ff89a0aaf/library/test/src/lib.rs:595:41
[INFO] [stdout]   33:     0x5653ef4cff54 - std::sys::backtrace::__rust_begin_short_backtrace::h505c97a579eca628
[INFO] [stdout]                                at /rustc/90b35a6239c3d8bdabc530a6a0816f7ff89a0aaf/library/std/src/sys/backtrace.rs:154:18
[INFO] [stdout]   34:     0x5653ef4d361e - std::thread::Builder::spawn_unchecked_::{{closure}}::{{closure}}::h9e86b2e2bc107ea3
[INFO] [stdout]                                at /rustc/90b35a6239c3d8bdabc530a6a0816f7ff89a0aaf/library/std/src/thread/mod.rs:538:17
[INFO] [stdout]   35:     0x5653ef4d361e - <core::panic::unwind_safe::AssertUnwindSafe<F> as core::ops::function::FnOnce<()>>::call_once::h8b06ddb275ff4a25
[INFO] [stdout]                                at /rustc/90b35a6239c3d8bdabc530a6a0816f7ff89a0aaf/library/core/src/panic/unwind_safe.rs:272:9
[INFO] [stdout]   36:     0x5653ef4d361e - std::panicking::try::do_call::hb26ecd7cd9a9355d
[INFO] [stdout]                                at /rustc/90b35a6239c3d8bdabc530a6a0816f7ff89a0aaf/library/std/src/panicking.rs:557:40
[INFO] [stdout]   37:     0x5653ef4d361e - std::panicking::try::h8ddeca9d705f9069
[INFO] [stdout]                                at /rustc/90b35a6239c3d8bdabc530a6a0816f7ff89a0aaf/library/std/src/panicking.rs:520:19
[INFO] [stdout]   38:     0x5653ef4d361e - std::panic::catch_unwind::h49e1c33078844c46
[INFO] [stdout]                                at /rustc/90b35a6239c3d8bdabc530a6a0816f7ff89a0aaf/library/std/src/panic.rs:358:14
[INFO] [stdout]   39:     0x5653ef4d361e - std::thread::Builder::spawn_unchecked_::{{closure}}::h6073db6ff56ad35d
[INFO] [stdout]                                at /rustc/90b35a6239c3d8bdabc530a6a0816f7ff89a0aaf/library/std/src/thread/mod.rs:537:30
[INFO] [stdout]   40:     0x5653ef4d361e - core::ops::function::FnOnce::call_once{{vtable.shim}}::h2c5a5f3779c774f1
[INFO] [stdout]                                at /rustc/90b35a6239c3d8bdabc530a6a0816f7ff89a0aaf/library/core/src/ops/function.rs:250:5
[INFO] [stdout]   41:     0x5653ef9339ab - <alloc::boxed::Box<F,A> as core::ops::function::FnOnce<Args>>::call_once::hf75717d9f28faebf
[INFO] [stdout]                                at /rustc/90b35a6239c3d8bdabc530a6a0816f7ff89a0aaf/library/alloc/src/boxed.rs:2454:9
[INFO] [stdout]   42:     0x5653ef9339ab - <alloc::boxed::Box<F,A> as core::ops::function::FnOnce<Args>>::call_once::h7bd883a5f3c5f3c1
[INFO] [stdout]                                at /rustc/90b35a6239c3d8bdabc530a6a0816f7ff89a0aaf/library/alloc/src/boxed.rs:2454:9
[INFO] [stdout]   43:     0x5653ef9339ab - std::sys::pal::unix::thread::Thread::new::thread_start::hcc78f3943333fa94
[INFO] [stdout]                                at /rustc/90b35a6239c3d8bdabc530a6a0816f7ff89a0aaf/library/std/src/sys/pal/unix/thread.rs:105:17
[INFO] [stdout]   44:     0x720454187ac3 - <unknown>
[INFO] [stdout]   45:     0x720454218a04 - clone
[INFO] [stdout]   46:                0x0 - <unknown>
[INFO] [stdout] 
[INFO] [stdout] 
[INFO] [stdout] failures:
[INFO] [stdout]     test_login
[INFO] [stdout] 
[INFO] [stdout] test result: FAILED. 0 passed; 1 failed; 0 ignored; 0 measured; 0 filtered out; finished in 0.86s
[INFO] [stdout] 
[INFO] [stderr] error: test failed, to rerun pass `--test authorization`
[INFO] running `Command { std: "docker" "inspect" "1a1d6a2ca1a3e6134bdaaa70714e592ea5dca6873fbfdb584548cadfa447ee19", kill_on_drop: false }`
[INFO] running `Command { std: "docker" "rm" "-f" "1a1d6a2ca1a3e6134bdaaa70714e592ea5dca6873fbfdb584548cadfa447ee19", kill_on_drop: false }`
[INFO] [stdout] 1a1d6a2ca1a3e6134bdaaa70714e592ea5dca6873fbfdb584548cadfa447ee19
