[INFO] cloning repository https://github.com/jtruong04/advent-2024
[INFO] running `Command { std: "git" "-c" "credential.helper=" "-c" "credential.helper=/workspace/cargo-home/bin/git-credential-null" "clone" "--bare" "https://github.com/jtruong04/advent-2024" "/workspace/cache/git-repos/https%3A%2F%2Fgithub.com%2Fjtruong04%2Fadvent-2024", kill_on_drop: false }`
[INFO] [stderr] Cloning into bare repository '/workspace/cache/git-repos/https%3A%2F%2Fgithub.com%2Fjtruong04%2Fadvent-2024'...
[INFO] running `Command { std: "git" "rev-parse" "HEAD", kill_on_drop: false }`
[INFO] [stdout] fc4f224a93acfc26bb3c84d7f14499d93e8f1928
[INFO] testing jtruong04/advent-2024 against 1.83.0 for beta-1.84.0-4-retry
[INFO] running `Command { std: "git" "clone" "/workspace/cache/git-repos/https%3A%2F%2Fgithub.com%2Fjtruong04%2Fadvent-2024" "/workspace/builds/worker-4-tc1/source", kill_on_drop: false }`
[INFO] [stderr] Cloning into '/workspace/builds/worker-4-tc1/source'...
[INFO] [stderr] done.
[INFO] validating manifest of git repo https://github.com/jtruong04/advent-2024 on toolchain 1.83.0
[INFO] running `Command { std: CARGO_HOME="/workspace/cargo-home" RUSTUP_HOME="/workspace/rustup-home" "/workspace/cargo-home/bin/cargo" "+1.83.0" "metadata" "--manifest-path" "Cargo.toml" "--no-deps", kill_on_drop: false }`
[INFO] started tweaking git repo https://github.com/jtruong04/advent-2024
[INFO] finished tweaking git repo https://github.com/jtruong04/advent-2024
[INFO] tweaked toml for git repo https://github.com/jtruong04/advent-2024 written to /workspace/builds/worker-4-tc1/source/Cargo.toml
[INFO] crate git repo https://github.com/jtruong04/advent-2024 already has a lockfile, it will not be regenerated
[INFO] running `Command { std: CARGO_HOME="/workspace/cargo-home" RUSTUP_HOME="/workspace/rustup-home" "/workspace/cargo-home/bin/cargo" "+1.83.0" "fetch" "--manifest-path" "Cargo.toml", kill_on_drop: false }`
[INFO] running `Command { std: "docker" "create" "-v" "/var/lib/crater-agent-workspace/builds/worker-4-tc1/target:/opt/rustwide/target:rw,Z" "-v" "/var/lib/crater-agent-workspace/builds/worker-4-tc1/source:/opt/rustwide/workdir:ro,Z" "-v" "/var/lib/crater-agent-workspace/cargo-home:/opt/rustwide/cargo-home:ro,Z" "-v" "/var/lib/crater-agent-workspace/rustup-home:/opt/rustwide/rustup-home:ro,Z" "-e" "SOURCE_DIR=/opt/rustwide/workdir" "-e" "CARGO_TARGET_DIR=/opt/rustwide/target" "-e" "CARGO_HOME=/opt/rustwide/cargo-home" "-e" "RUSTUP_HOME=/opt/rustwide/rustup-home" "-w" "/opt/rustwide/workdir" "-m" "1610612736" "--user" "0:0" "--network" "none" "ghcr.io/rust-lang/crates-build-env/linux@sha256:f3a9d4ad9d972b27faf3965f35b62e55ba32bbce8f20bc8fe909558a86702fde" "/opt/rustwide/cargo-home/bin/cargo" "+1.83.0" "metadata" "--no-deps" "--format-version=1", kill_on_drop: false }`
[INFO] [stdout] 926ee69cd0b0b922bfd90d38e6945913f53372b57a8f850044837eef707dafee
[INFO] running `Command { std: "docker" "start" "-a" "926ee69cd0b0b922bfd90d38e6945913f53372b57a8f850044837eef707dafee", kill_on_drop: false }`
[INFO] running `Command { std: "docker" "inspect" "926ee69cd0b0b922bfd90d38e6945913f53372b57a8f850044837eef707dafee", kill_on_drop: false }`
[INFO] running `Command { std: "docker" "rm" "-f" "926ee69cd0b0b922bfd90d38e6945913f53372b57a8f850044837eef707dafee", kill_on_drop: false }`
[INFO] [stdout] 926ee69cd0b0b922bfd90d38e6945913f53372b57a8f850044837eef707dafee
[INFO] running `Command { std: "docker" "create" "-v" "/var/lib/crater-agent-workspace/builds/worker-4-tc1/target:/opt/rustwide/target:rw,Z" "-v" "/var/lib/crater-agent-workspace/builds/worker-4-tc1/source:/opt/rustwide/workdir:ro,Z" "-v" "/var/lib/crater-agent-workspace/cargo-home:/opt/rustwide/cargo-home:ro,Z" "-v" "/var/lib/crater-agent-workspace/rustup-home:/opt/rustwide/rustup-home:ro,Z" "-e" "SOURCE_DIR=/opt/rustwide/workdir" "-e" "CARGO_TARGET_DIR=/opt/rustwide/target" "-e" "CARGO_INCREMENTAL=0" "-e" "RUST_BACKTRACE=full" "-e" "RUSTFLAGS=--cap-lints=warn" "-e" "RUSTDOCFLAGS=--cap-lints=warn" "-e" "CARGO_HOME=/opt/rustwide/cargo-home" "-e" "RUSTUP_HOME=/opt/rustwide/rustup-home" "-w" "/opt/rustwide/workdir" "-m" "1610612736" "--user" "0:0" "--network" "none" "ghcr.io/rust-lang/crates-build-env/linux@sha256:f3a9d4ad9d972b27faf3965f35b62e55ba32bbce8f20bc8fe909558a86702fde" "/opt/rustwide/cargo-home/bin/cargo" "+1.83.0" "build" "--frozen" "--message-format=json", kill_on_drop: false }`
[INFO] [stdout] 1b5a56fabf368ac0775dc62d8741d88decec3cc72ad19af258584c854ba26789
[INFO] running `Command { std: "docker" "start" "-a" "1b5a56fabf368ac0775dc62d8741d88decec3cc72ad19af258584c854ba26789", kill_on_drop: false }`
[INFO] [stderr]    Compiling proc-macro2 v1.0.92
[INFO] [stderr]    Compiling unicode-ident v1.0.14
[INFO] [stderr]    Compiling semver v1.0.23
[INFO] [stderr]    Compiling memchr v2.7.4
[INFO] [stderr]    Compiling autocfg v1.4.0
[INFO] [stderr]    Compiling regex-syntax v0.8.5
[INFO] [stderr]    Compiling futures-core v0.3.31
[INFO] [stderr]    Compiling equivalent v1.0.1
[INFO] [stderr]    Compiling futures-sink v0.3.31
[INFO] [stderr]    Compiling hashbrown v0.15.2
[INFO] [stderr]    Compiling futures-channel v0.3.31
[INFO] [stderr]    Compiling utf8parse v0.2.2
[INFO] [stderr]    Compiling futures-task v0.3.31
[INFO] [stderr]    Compiling slab v0.4.9
[INFO] [stderr]    Compiling winnow v0.6.20
[INFO] [stderr]    Compiling quote v1.0.37
[INFO] [stderr]    Compiling syn v2.0.90
[INFO] [stderr]    Compiling aho-corasick v1.1.3
[INFO] [stderr]    Compiling rustc_version v0.4.1
[INFO] [stderr]    Compiling pin-utils v0.1.0
[INFO] [stderr]    Compiling toml_datetime v0.6.8
[INFO] [stderr]    Compiling indexmap v2.7.0
[INFO] [stderr]    Compiling pin-project-lite v0.2.15
[INFO] [stderr]    Compiling futures-io v0.3.31
[INFO] [stderr]    Compiling rstest_macros v0.23.0
[INFO] [stderr]    Compiling anstyle-parse v0.2.6
[INFO] [stderr]    Compiling anstyle v1.0.10
[INFO] [stderr]    Compiling is_terminal_polyfill v1.70.1
[INFO] [stderr]    Compiling anstyle-query v1.1.2
[INFO] [stderr]    Compiling colorchoice v1.0.3
[INFO] [stderr]    Compiling anstream v0.6.18
[INFO] [stderr]    Compiling clap_lex v0.7.3
[INFO] [stderr]    Compiling glob v0.3.1
[INFO] [stderr]    Compiling cfg-if v1.0.0
[INFO] [stderr]    Compiling strsim v0.11.1
[INFO] [stderr]    Compiling anyhow v1.0.94
[INFO] [stderr]    Compiling regex-automata v0.4.9
[INFO] [stderr]    Compiling heck v0.5.0
[INFO] [stderr]    Compiling relative-path v1.9.3
[INFO] [stderr]    Compiling clap_builder v4.5.21
[INFO] [stderr]    Compiling toml_edit v0.22.22
[INFO] [stderr]    Compiling futures-timer v3.0.3
[INFO] [stderr]    Compiling either v1.13.0
[INFO] [stderr]    Compiling itertools v0.13.0
[INFO] [stderr]    Compiling proc-macro-crate v3.2.0
[INFO] [stderr]    Compiling regex v1.11.1
[INFO] [stderr]    Compiling futures-macro v0.3.31
[INFO] [stderr]    Compiling clap_derive v4.5.18
[INFO] [stderr]    Compiling futures-util v0.3.31
[INFO] [stderr]    Compiling clap v4.5.21
[INFO] [stderr]    Compiling futures-executor v0.3.31
[INFO] [stderr]    Compiling futures v0.3.31
[INFO] [stderr]    Compiling rstest v0.23.0
[INFO] [stderr]    Compiling advent-of-code-2024 v0.1.0 (/opt/rustwide/workdir)
[INFO] [stderr]     Finished `dev` profile [unoptimized + debuginfo] target(s) in 1m 00s
[INFO] running `Command { std: "docker" "inspect" "1b5a56fabf368ac0775dc62d8741d88decec3cc72ad19af258584c854ba26789", kill_on_drop: false }`
[INFO] running `Command { std: "docker" "rm" "-f" "1b5a56fabf368ac0775dc62d8741d88decec3cc72ad19af258584c854ba26789", kill_on_drop: false }`
[INFO] [stdout] 1b5a56fabf368ac0775dc62d8741d88decec3cc72ad19af258584c854ba26789
[INFO] running `Command { std: "docker" "create" "-v" "/var/lib/crater-agent-workspace/builds/worker-4-tc1/target:/opt/rustwide/target:rw,Z" "-v" "/var/lib/crater-agent-workspace/builds/worker-4-tc1/source:/opt/rustwide/workdir:ro,Z" "-v" "/var/lib/crater-agent-workspace/cargo-home:/opt/rustwide/cargo-home:ro,Z" "-v" "/var/lib/crater-agent-workspace/rustup-home:/opt/rustwide/rustup-home:ro,Z" "-e" "SOURCE_DIR=/opt/rustwide/workdir" "-e" "CARGO_TARGET_DIR=/opt/rustwide/target" "-e" "CARGO_INCREMENTAL=0" "-e" "RUST_BACKTRACE=full" "-e" "RUSTFLAGS=--cap-lints=warn" "-e" "RUSTDOCFLAGS=--cap-lints=warn" "-e" "CARGO_HOME=/opt/rustwide/cargo-home" "-e" "RUSTUP_HOME=/opt/rustwide/rustup-home" "-w" "/opt/rustwide/workdir" "-m" "1610612736" "--user" "0:0" "--network" "none" "ghcr.io/rust-lang/crates-build-env/linux@sha256:f3a9d4ad9d972b27faf3965f35b62e55ba32bbce8f20bc8fe909558a86702fde" "/opt/rustwide/cargo-home/bin/cargo" "+1.83.0" "test" "--frozen" "--no-run" "--message-format=json", kill_on_drop: false }`
[INFO] [stdout] 25288de67e66d20a02bc3cdd45c55d3c238643a9bdc0241796b5a671053637ed
[INFO] running `Command { std: "docker" "start" "-a" "25288de67e66d20a02bc3cdd45c55d3c238643a9bdc0241796b5a671053637ed", kill_on_drop: false }`
[INFO] [stderr]    Compiling advent-of-code-2024 v0.1.0 (/opt/rustwide/workdir)
[INFO] [stderr]     Finished `test` profile [unoptimized + debuginfo] target(s) in 3.21s
[INFO] running `Command { std: "docker" "inspect" "25288de67e66d20a02bc3cdd45c55d3c238643a9bdc0241796b5a671053637ed", kill_on_drop: false }`
[INFO] running `Command { std: "docker" "rm" "-f" "25288de67e66d20a02bc3cdd45c55d3c238643a9bdc0241796b5a671053637ed", kill_on_drop: false }`
[INFO] [stdout] 25288de67e66d20a02bc3cdd45c55d3c238643a9bdc0241796b5a671053637ed
[INFO] running `Command { std: "docker" "create" "-v" "/var/lib/crater-agent-workspace/builds/worker-4-tc1/target:/opt/rustwide/target:rw,Z" "-v" "/var/lib/crater-agent-workspace/builds/worker-4-tc1/source:/opt/rustwide/workdir:ro,Z" "-v" "/var/lib/crater-agent-workspace/cargo-home:/opt/rustwide/cargo-home:ro,Z" "-v" "/var/lib/crater-agent-workspace/rustup-home:/opt/rustwide/rustup-home:ro,Z" "-e" "SOURCE_DIR=/opt/rustwide/workdir" "-e" "CARGO_TARGET_DIR=/opt/rustwide/target" "-e" "CARGO_INCREMENTAL=0" "-e" "RUST_BACKTRACE=full" "-e" "RUSTFLAGS=--cap-lints=warn" "-e" "RUSTDOCFLAGS=--cap-lints=warn" "-e" "CARGO_HOME=/opt/rustwide/cargo-home" "-e" "RUSTUP_HOME=/opt/rustwide/rustup-home" "-w" "/opt/rustwide/workdir" "-m" "1610612736" "--user" "0:0" "--network" "none" "ghcr.io/rust-lang/crates-build-env/linux@sha256:f3a9d4ad9d972b27faf3965f35b62e55ba32bbce8f20bc8fe909558a86702fde" "/opt/rustwide/cargo-home/bin/cargo" "+1.83.0" "test" "--frozen", kill_on_drop: false }`
[INFO] [stdout] c16c2cf23d463f57cf1835bfff77e42786bea388e4614f4155b15b95e7150f20
[INFO] running `Command { std: "docker" "start" "-a" "c16c2cf23d463f57cf1835bfff77e42786bea388e4614f4155b15b95e7150f20", kill_on_drop: false }`
[INFO] [stderr]     Finished `test` profile [unoptimized + debuginfo] target(s) in 0.12s
[INFO] [stderr]      Running unittests src/main.rs (/opt/rustwide/target/debug/deps/advent_of_code_2024-4ea96d561b64de8e)
[INFO] [stdout] 
[INFO] [stdout] running 56 tests
[INFO] [stdout] test days::day_01::tests::test_a ... ok
[INFO] [stdout] test days::day_01::tests::test_b ... ok
[INFO] [stdout] test days::day_04::tests::test_b ... ok
[INFO] [stdout] test days::day_02::tests::test_a ... ok
[INFO] [stdout] test days::day_02::tests::test_b ... ok
[INFO] [stdout] test days::day_05::tests::test_b ... ok
[INFO] [stdout] test days::day_04::tests::test_a ... ok
[INFO] [stdout] test days::day_06::tests::test_a ... ok
[INFO] [stdout] test days::day_03::tests::test_a ... ok
[INFO] [stdout] test days::day_06::tests::test_b ... ok
[INFO] [stdout] test days::day_07::tests::test_a ... ok
[INFO] [stdout] test days::day_05::tests::test_a ... ok
[INFO] [stdout] test days::day_07::tests::test_is_valid::case_4 ... ok
[INFO] [stdout] test days::day_07::tests::test_is_valid::case_6 ... ok
[INFO] [stdout] test days::day_07::tests::test_is_valid::case_8 ... ok
[INFO] [stdout] test days::day_07::tests::test_is_valid::case_9 ... ok
[INFO] [stdout] test days::day_07::tests::test_is_valid_with_concat::case_1 ... ok
[INFO] [stdout] test days::day_07::tests::test_is_valid_with_concat::case_2 ... ok
[INFO] [stdout] test days::day_07::tests::test_is_valid_with_concat::case_3 ... ok
[INFO] [stdout] test days::day_07::tests::test_is_valid_with_concat::case_4 ... ok
[INFO] [stdout] test days::day_07::tests::test_is_valid_with_concat::case_5 ... ok
[INFO] [stdout] test days::day_07::tests::test_is_valid_with_concat::case_6 ... ok
[INFO] [stdout] test days::day_07::tests::test_is_valid_with_concat::case_7 ... ok
[INFO] [stdout] test days::day_07::tests::test_is_valid_with_concat::case_8 ... ok
[INFO] [stdout] test days::day_07::tests::test_is_valid_with_concat::case_9 ... ok
[INFO] [stdout] test days::day_07::tests::test_is_valid::case_2 ... ok
[INFO] [stdout] test days::day_07::tests::test_b ... ok
[INFO] [stdout] test days::day_07::tests::test_is_valid::case_7 ... ok
[INFO] [stdout] test days::day_07::tests::test_is_valid::case_1 ... ok
[INFO] [stdout] test days::day_07::tests::test_is_valid::case_5 ... ok
[INFO] [stdout] test days::day_07::tests::test_is_valid::case_3 ... ok
[INFO] [stdout] test days::day_03::tests::test_b ... ok
[INFO] [stdout] test days::day_08::tests::test_b ... ok
[INFO] [stdout] test days::day_09::tests::test_a ... ok
[INFO] [stdout] test days::day_09::tests::test_b ... ok
[INFO] [stdout] test days::day_09::tests::test_simple ... ok
[INFO] [stdout] test days::day_10::tests::test_b ... ok
[INFO] [stdout] test days::day_11::tests::test_parser ... ok
[INFO] [stdout] test days::day_12::tests::test_a ... ok
[INFO] [stdout] test days::day_12::tests::test_b ... ok
[INFO] [stdout] test days::day_11::tests::test_a ... ok
[INFO] [stdout] test days::day_12::tests::test_measure_perimeter ... ok
[INFO] [stdout] test days::day_13::tests::test_button_solution ... ok
[INFO] [stdout] test days::day_13::tests::test_cost_function ... ok
[INFO] [stdout] test days::day_10::tests::test_a ... ok
[INFO] [stdout] test utils::grid::tests::test_parses_chars ... ok
[INFO] [stdout] test utils::math::tests::test_count_digits::case_1 ... ok
[INFO] [stdout] test utils::grid::tests::test_parses_ints ... ok
[INFO] [stdout] test utils::math::tests::test_count_digits::case_2 ... ok
[INFO] [stdout] test utils::math::tests::test_split_number::case_1 ... ok
[INFO] [stdout] test utils::math::tests::test_split_number::case_2 ... ok
[INFO] [stdout] test utils::math::tests::test_split_number::case_3 ... ok
[INFO] [stdout] test utils::math::tests::test_count_digits::case_3 ... ok
[INFO] [stdout] test days::day_13::tests::test_a ... ok
[INFO] [stdout] test days::day_08::tests::test_a ... FAILED
[INFO] [stderr] error: test failed, to rerun pass `--bin advent-of-code-2024`
[INFO] [stdout] test utils::grid::tests::test_fails_with_mixed_types - should panic ... ok
[INFO] [stdout] 
[INFO] [stdout] failures:
[INFO] [stdout] 
[INFO] [stdout] ---- days::day_08::tests::test_a stdout ----
[INFO] [stdout] thread 'days::day_08::tests::test_a' panicked at src/days/day_08.rs:128:9:
[INFO] [stdout] assertion `left == right` failed
[INFO] [stdout]   left: 7
[INFO] [stdout]  right: 14
[INFO] [stdout] stack backtrace:
[INFO] [stdout]    0:     0x5ceb59c0194a - std::backtrace_rs::backtrace::libunwind::trace::h5a5b8284f2d0c266
[INFO] [stdout]                                at /rustc/90b35a6239c3d8bdabc530a6a0816f7ff89a0aaf/library/std/src/../../backtrace/src/backtrace/libunwind.rs:116:5
[INFO] [stdout]    1:     0x5ceb59c0194a - std::backtrace_rs::backtrace::trace_unsynchronized::h76d4f1c9b0b875e3
[INFO] [stdout]                                at /rustc/90b35a6239c3d8bdabc530a6a0816f7ff89a0aaf/library/std/src/../../backtrace/src/backtrace/mod.rs:66:5
[INFO] [stdout]    2:     0x5ceb59c0194a - std::sys::backtrace::_print_fmt::hc4546b8364a537c6
[INFO] [stdout]                                at /rustc/90b35a6239c3d8bdabc530a6a0816f7ff89a0aaf/library/std/src/sys/backtrace.rs:66:9
[INFO] [stdout]    3:     0x5ceb59c0194a - <std::sys::backtrace::BacktraceLock::print::DisplayBacktrace as core::fmt::Display>::fmt::h5b6bd5631a6d1f6b
[INFO] [stdout]                                at /rustc/90b35a6239c3d8bdabc530a6a0816f7ff89a0aaf/library/std/src/sys/backtrace.rs:39:26
[INFO] [stdout]    4:     0x5ceb59c27363 - core::fmt::rt::Argument::fmt::h270f6602a2b96f62
[INFO] [stdout]                                at /rustc/90b35a6239c3d8bdabc530a6a0816f7ff89a0aaf/library/core/src/fmt/rt.rs:177:76
[INFO] [stdout]    5:     0x5ceb59c27363 - core::fmt::write::h7550c97b06c86515
[INFO] [stdout]                                at /rustc/90b35a6239c3d8bdabc530a6a0816f7ff89a0aaf/library/core/src/fmt/mod.rs:1186:21
[INFO] [stdout]    6:     0x5ceb59bfe943 - std::io::Write::write_fmt::h509ff860e5956e5e
[INFO] [stdout]                                at /rustc/90b35a6239c3d8bdabc530a6a0816f7ff89a0aaf/library/std/src/io/mod.rs:1839:15
[INFO] [stdout]    7:     0x5ceb59c01792 - std::sys::backtrace::BacktraceLock::print::h2395ccd2c84ba3aa
[INFO] [stdout]                                at /rustc/90b35a6239c3d8bdabc530a6a0816f7ff89a0aaf/library/std/src/sys/backtrace.rs:42:9
[INFO] [stdout]    8:     0x5ceb59c02daa - std::panicking::default_hook::{{closure}}::he19d4c7230e07961
[INFO] [stdout]                                at /rustc/90b35a6239c3d8bdabc530a6a0816f7ff89a0aaf/library/std/src/panicking.rs:268:22
[INFO] [stdout]    9:     0x5ceb59c02bb4 - std::panicking::default_hook::hf614597d3c67bbdb
[INFO] [stdout]                                at /rustc/90b35a6239c3d8bdabc530a6a0816f7ff89a0aaf/library/std/src/panicking.rs:292:9
[INFO] [stdout]   10:     0x5ceb59930cc9 - <alloc::boxed::Box<F,A> as core::ops::function::Fn<Args>>::call::h39b51ce4599c23d1
[INFO] [stdout]                                at /rustc/90b35a6239c3d8bdabc530a6a0816f7ff89a0aaf/library/alloc/src/boxed.rs:2468:9
[INFO] [stdout]   11:     0x5ceb59930cc9 - test::test_main::{{closure}}::he977ae839a582784
[INFO] [stdout]                                at /rustc/90b35a6239c3d8bdabc530a6a0816f7ff89a0aaf/library/test/src/lib.rs:133:21
[INFO] [stdout]   12:     0x5ceb59c03448 - <alloc::boxed::Box<F,A> as core::ops::function::Fn<Args>>::call::h9455091b6b06f9fb
[INFO] [stdout]                                at /rustc/90b35a6239c3d8bdabc530a6a0816f7ff89a0aaf/library/alloc/src/boxed.rs:2468:9
[INFO] [stdout]   13:     0x5ceb59c03448 - std::panicking::rust_panic_with_hook::h8942133a8b252070
[INFO] [stdout]                                at /rustc/90b35a6239c3d8bdabc530a6a0816f7ff89a0aaf/library/std/src/panicking.rs:809:13
[INFO] [stdout]   14:     0x5ceb59c0320a - std::panicking::begin_panic_handler::{{closure}}::hb5f5963570096b29
[INFO] [stdout]                                at /rustc/90b35a6239c3d8bdabc530a6a0816f7ff89a0aaf/library/std/src/panicking.rs:674:13
[INFO] [stdout]   15:     0x5ceb59c01e29 - std::sys::backtrace::__rust_end_short_backtrace::h6208cedc1922feda
[INFO] [stdout]                                at /rustc/90b35a6239c3d8bdabc530a6a0816f7ff89a0aaf/library/std/src/sys/backtrace.rs:170:18
[INFO] [stdout]   16:     0x5ceb59c02e9c - rust_begin_unwind
[INFO] [stdout]                                at /rustc/90b35a6239c3d8bdabc530a6a0816f7ff89a0aaf/library/std/src/panicking.rs:665:5
[INFO] [stdout]   17:     0x5ceb59899130 - core::panicking::panic_fmt::h0c3082644d1bf418
[INFO] [stdout]                                at /rustc/90b35a6239c3d8bdabc530a6a0816f7ff89a0aaf/library/core/src/panicking.rs:74:14
[INFO] [stdout]   18:     0x5ceb59899534 - core::panicking::assert_failed_inner::h2ddf1fcc067fa858
[INFO] [stdout]   19:     0x5ceb59a48d32 - core::panicking::assert_failed::hbbd3a94d76564f64
[INFO] [stdout]                                at /rustc/90b35a6239c3d8bdabc530a6a0816f7ff89a0aaf/library/core/src/panicking.rs:367:5
[INFO] [stdout]   20:     0x5ceb598e1a11 - advent_of_code_2024::days::day_08::tests::test_a::h0594f502b67acd50
[INFO] [stdout]                                at /opt/rustwide/workdir/src/days/day_08.rs:128:9
[INFO] [stdout]   21:     0x5ceb598e1867 - advent_of_code_2024::days::day_08::tests::test_a::{{closure}}::hf839275e81cb348b
[INFO] [stdout]                                at /opt/rustwide/workdir/src/days/day_08.rs:124:16
[INFO] [stdout]   22:     0x5ceb598e8656 - core::ops::function::FnOnce::call_once::h909b3b417c8f5e61
[INFO] [stdout]                                at /rustc/90b35a6239c3d8bdabc530a6a0816f7ff89a0aaf/library/core/src/ops/function.rs:250:5
[INFO] [stdout]   23:     0x5ceb5993568b - core::ops::function::FnOnce::call_once::h109cf8051a59b34e
[INFO] [stdout]                                at /rustc/90b35a6239c3d8bdabc530a6a0816f7ff89a0aaf/library/core/src/ops/function.rs:250:5
[INFO] [stdout]   24:     0x5ceb5993568b - test::__rust_begin_short_backtrace::hf4fff89d377446ba
[INFO] [stdout]                                at /rustc/90b35a6239c3d8bdabc530a6a0816f7ff89a0aaf/library/test/src/lib.rs:621:18
[INFO] [stdout]   25:     0x5ceb59934ec7 - test::run_test_in_process::{{closure}}::h0e39181dd7ee5a43
[INFO] [stdout]                                at /rustc/90b35a6239c3d8bdabc530a6a0816f7ff89a0aaf/library/test/src/lib.rs:644:60
[INFO] [stdout]   26:     0x5ceb59934ec7 - <core::panic::unwind_safe::AssertUnwindSafe<F> as core::ops::function::FnOnce<()>>::call_once::hc5a66a30f0bdfd1f
[INFO] [stdout]                                at /rustc/90b35a6239c3d8bdabc530a6a0816f7ff89a0aaf/library/core/src/panic/unwind_safe.rs:272:9
[INFO] [stdout]   27:     0x5ceb59934ec7 - std::panicking::try::do_call::h873b7cf639554a5e
[INFO] [stdout]                                at /rustc/90b35a6239c3d8bdabc530a6a0816f7ff89a0aaf/library/std/src/panicking.rs:557:40
[INFO] [stdout]   28:     0x5ceb59934ec7 - std::panicking::try::hdb19862fad9c8bd1
[INFO] [stdout]                                at /rustc/90b35a6239c3d8bdabc530a6a0816f7ff89a0aaf/library/std/src/panicking.rs:520:19
[INFO] [stdout]   29:     0x5ceb59934ec7 - std::panic::catch_unwind::h281fe732d236d260
[INFO] [stdout]                                at /rustc/90b35a6239c3d8bdabc530a6a0816f7ff89a0aaf/library/std/src/panic.rs:358:14
[INFO] [stdout]   30:     0x5ceb59934ec7 - test::run_test_in_process::h949b6df8457ed338
[INFO] [stdout]                                at /rustc/90b35a6239c3d8bdabc530a6a0816f7ff89a0aaf/library/test/src/lib.rs:644:27
[INFO] [stdout]   31:     0x5ceb59934ec7 - test::run_test::{{closure}}::h52c556a6d4740e10
[INFO] [stdout]                                at /rustc/90b35a6239c3d8bdabc530a6a0816f7ff89a0aaf/library/test/src/lib.rs:565:43
[INFO] [stdout]   32:     0x5ceb598fa1a4 - test::run_test::{{closure}}::h4237f6381c45ccb9
[INFO] [stdout]                                at /rustc/90b35a6239c3d8bdabc530a6a0816f7ff89a0aaf/library/test/src/lib.rs:595:41
[INFO] [stdout]   33:     0x5ceb598fa1a4 - std::sys::backtrace::__rust_begin_short_backtrace::h505c97a579eca628
[INFO] [stdout]                                at /rustc/90b35a6239c3d8bdabc530a6a0816f7ff89a0aaf/library/std/src/sys/backtrace.rs:154:18
[INFO] [stdout]   34:     0x5ceb598fd86e - std::thread::Builder::spawn_unchecked_::{{closure}}::{{closure}}::h9e86b2e2bc107ea3
[INFO] [stdout]                                at /rustc/90b35a6239c3d8bdabc530a6a0816f7ff89a0aaf/library/std/src/thread/mod.rs:538:17
[INFO] [stdout]   35:     0x5ceb598fd86e - <core::panic::unwind_safe::AssertUnwindSafe<F> as core::ops::function::FnOnce<()>>::call_once::h8b06ddb275ff4a25
[INFO] [stdout]                                at /rustc/90b35a6239c3d8bdabc530a6a0816f7ff89a0aaf/library/core/src/panic/unwind_safe.rs:272:9
[INFO] [stdout]   36:     0x5ceb598fd86e - std::panicking::try::do_call::hb26ecd7cd9a9355d
[INFO] [stdout]                                at /rustc/90b35a6239c3d8bdabc530a6a0816f7ff89a0aaf/library/std/src/panicking.rs:557:40
[INFO] [stdout]   37:     0x5ceb598fd86e - std::panicking::try::h8ddeca9d705f9069
[INFO] [stdout]                                at /rustc/90b35a6239c3d8bdabc530a6a0816f7ff89a0aaf/library/std/src/panicking.rs:520:19
[INFO] [stdout]   38:     0x5ceb598fd86e - std::panic::catch_unwind::h49e1c33078844c46
[INFO] [stdout]                                at /rustc/90b35a6239c3d8bdabc530a6a0816f7ff89a0aaf/library/std/src/panic.rs:358:14
[INFO] [stdout]   39:     0x5ceb598fd86e - std::thread::Builder::spawn_unchecked_::{{closure}}::h6073db6ff56ad35d
[INFO] [stdout]                                at /rustc/90b35a6239c3d8bdabc530a6a0816f7ff89a0aaf/library/std/src/thread/mod.rs:537:30
[INFO] [stdout]   40:     0x5ceb598fd86e - core::ops::function::FnOnce::call_once{{vtable.shim}}::h2c5a5f3779c774f1
[INFO] [stdout]                                at /rustc/90b35a6239c3d8bdabc530a6a0816f7ff89a0aaf/library/core/src/ops/function.rs:250:5
[INFO] [stdout]   41:     0x5ceb59c0719b - <alloc::boxed::Box<F,A> as core::ops::function::FnOnce<Args>>::call_once::hf75717d9f28faebf
[INFO] [stdout]                                at /rustc/90b35a6239c3d8bdabc530a6a0816f7ff89a0aaf/library/alloc/src/boxed.rs:2454:9
[INFO] [stdout]   42:     0x5ceb59c0719b - <alloc::boxed::Box<F,A> as core::ops::function::FnOnce<Args>>::call_once::h7bd883a5f3c5f3c1
[INFO] [stdout]                                at /rustc/90b35a6239c3d8bdabc530a6a0816f7ff89a0aaf/library/alloc/src/boxed.rs:2454:9
[INFO] [stdout]   43:     0x5ceb59c0719b - std::sys::pal::unix::thread::Thread::new::thread_start::hcc78f3943333fa94
[INFO] [stdout]                                at /rustc/90b35a6239c3d8bdabc530a6a0816f7ff89a0aaf/library/std/src/sys/pal/unix/thread.rs:105:17
[INFO] [stdout]   44:     0x79ca5fda9ac3 - <unknown>
[INFO] [stdout]   45:     0x79ca5fe3aa04 - clone
[INFO] [stdout]   46:                0x0 - <unknown>
[INFO] [stdout] 
[INFO] [stdout] 
[INFO] [stdout] failures:
[INFO] [stdout]     days::day_08::tests::test_a
[INFO] [stdout] 
[INFO] [stdout] test result: FAILED. 55 passed; 1 failed; 0 ignored; 0 measured; 0 filtered out; finished in 0.11s
[INFO] [stdout] 
[INFO] running `Command { std: "docker" "inspect" "c16c2cf23d463f57cf1835bfff77e42786bea388e4614f4155b15b95e7150f20", kill_on_drop: false }`
[INFO] running `Command { std: "docker" "rm" "-f" "c16c2cf23d463f57cf1835bfff77e42786bea388e4614f4155b15b95e7150f20", kill_on_drop: false }`
[INFO] [stdout] c16c2cf23d463f57cf1835bfff77e42786bea388e4614f4155b15b95e7150f20
