[INFO] cloning repository https://github.com/jrmoynihan/advent-of-code-2023
[INFO] running `Command { std: "git" "-c" "credential.helper=" "-c" "credential.helper=/workspace/cargo-home/bin/git-credential-null" "clone" "--bare" "https://github.com/jrmoynihan/advent-of-code-2023" "/workspace/cache/git-repos/https%3A%2F%2Fgithub.com%2Fjrmoynihan%2Fadvent-of-code-2023", kill_on_drop: false }`
[INFO] [stderr] Cloning into bare repository '/workspace/cache/git-repos/https%3A%2F%2Fgithub.com%2Fjrmoynihan%2Fadvent-of-code-2023'...
[INFO] running `Command { std: "git" "rev-parse" "HEAD", kill_on_drop: false }`
[INFO] [stdout] 9db2fa997fffd145ee3145fcdb9deb5622b17663
[INFO] testing jrmoynihan/advent-of-code-2023 against beta-2024-12-08 for beta-1.84.0-4-retry
[INFO] running `Command { std: "git" "clone" "/workspace/cache/git-repos/https%3A%2F%2Fgithub.com%2Fjrmoynihan%2Fadvent-of-code-2023" "/workspace/builds/worker-7-tc2/source", kill_on_drop: false }`
[INFO] [stderr] Cloning into '/workspace/builds/worker-7-tc2/source'...
[INFO] [stderr] done.
[INFO] validating manifest of git repo https://github.com/jrmoynihan/advent-of-code-2023 on toolchain beta-2024-12-08
[INFO] running `Command { std: CARGO_HOME="/workspace/cargo-home" RUSTUP_HOME="/workspace/rustup-home" "/workspace/cargo-home/bin/cargo" "+beta-2024-12-08" "metadata" "--manifest-path" "Cargo.toml" "--no-deps", kill_on_drop: false }`
[INFO] removed /workspace/builds/worker-7-tc2/source/.cargo/config.toml
[INFO] started tweaking git repo https://github.com/jrmoynihan/advent-of-code-2023
[INFO] finished tweaking git repo https://github.com/jrmoynihan/advent-of-code-2023
[INFO] tweaked toml for git repo https://github.com/jrmoynihan/advent-of-code-2023 written to /workspace/builds/worker-7-tc2/source/Cargo.toml
[INFO] crate git repo https://github.com/jrmoynihan/advent-of-code-2023 already has a lockfile, it will not be regenerated
[INFO] running `Command { std: CARGO_HOME="/workspace/cargo-home" RUSTUP_HOME="/workspace/rustup-home" "/workspace/cargo-home/bin/cargo" "+beta-2024-12-08" "fetch" "--manifest-path" "Cargo.toml", kill_on_drop: false }`
[INFO] running `Command { std: "docker" "create" "-v" "/var/lib/crater-agent-workspace/builds/worker-7-tc2/target:/opt/rustwide/target:rw,Z" "-v" "/var/lib/crater-agent-workspace/builds/worker-7-tc2/source:/opt/rustwide/workdir:ro,Z" "-v" "/var/lib/crater-agent-workspace/cargo-home:/opt/rustwide/cargo-home:ro,Z" "-v" "/var/lib/crater-agent-workspace/rustup-home:/opt/rustwide/rustup-home:ro,Z" "-e" "SOURCE_DIR=/opt/rustwide/workdir" "-e" "CARGO_TARGET_DIR=/opt/rustwide/target" "-e" "CARGO_HOME=/opt/rustwide/cargo-home" "-e" "RUSTUP_HOME=/opt/rustwide/rustup-home" "-w" "/opt/rustwide/workdir" "-m" "1610612736" "--user" "0:0" "--network" "none" "ghcr.io/rust-lang/crates-build-env/linux@sha256:f3a9d4ad9d972b27faf3965f35b62e55ba32bbce8f20bc8fe909558a86702fde" "/opt/rustwide/cargo-home/bin/cargo" "+beta-2024-12-08" "metadata" "--no-deps" "--format-version=1", kill_on_drop: false }`
[INFO] [stdout] 31d57b2c3022609d1360172b73ecf30585e44907c783390d4b3ce67c0469c189
[INFO] running `Command { std: "docker" "start" "-a" "31d57b2c3022609d1360172b73ecf30585e44907c783390d4b3ce67c0469c189", kill_on_drop: false }`
[INFO] running `Command { std: "docker" "inspect" "31d57b2c3022609d1360172b73ecf30585e44907c783390d4b3ce67c0469c189", kill_on_drop: false }`
[INFO] running `Command { std: "docker" "rm" "-f" "31d57b2c3022609d1360172b73ecf30585e44907c783390d4b3ce67c0469c189", kill_on_drop: false }`
[INFO] [stdout] 31d57b2c3022609d1360172b73ecf30585e44907c783390d4b3ce67c0469c189
[INFO] running `Command { std: "docker" "create" "-v" "/var/lib/crater-agent-workspace/builds/worker-7-tc2/target:/opt/rustwide/target:rw,Z" "-v" "/var/lib/crater-agent-workspace/builds/worker-7-tc2/source:/opt/rustwide/workdir:ro,Z" "-v" "/var/lib/crater-agent-workspace/cargo-home:/opt/rustwide/cargo-home:ro,Z" "-v" "/var/lib/crater-agent-workspace/rustup-home:/opt/rustwide/rustup-home:ro,Z" "-e" "SOURCE_DIR=/opt/rustwide/workdir" "-e" "CARGO_TARGET_DIR=/opt/rustwide/target" "-e" "CARGO_INCREMENTAL=0" "-e" "RUST_BACKTRACE=full" "-e" "RUSTFLAGS=--cap-lints=warn" "-e" "RUSTDOCFLAGS=--cap-lints=warn" "-e" "CARGO_HOME=/opt/rustwide/cargo-home" "-e" "RUSTUP_HOME=/opt/rustwide/rustup-home" "-w" "/opt/rustwide/workdir" "-m" "1610612736" "--user" "0:0" "--network" "none" "ghcr.io/rust-lang/crates-build-env/linux@sha256:f3a9d4ad9d972b27faf3965f35b62e55ba32bbce8f20bc8fe909558a86702fde" "/opt/rustwide/cargo-home/bin/cargo" "+beta-2024-12-08" "build" "--frozen" "--message-format=json", kill_on_drop: false }`
[INFO] [stdout] 60a769f94e667aabf0295bc171b7fa853e6a75f37a5ecc42238b6186858ccf01
[INFO] running `Command { std: "docker" "start" "-a" "60a769f94e667aabf0295bc171b7fa853e6a75f37a5ecc42238b6186858ccf01", kill_on_drop: false }`
[INFO] [stderr]    Compiling either v1.13.0
[INFO] [stderr]    Compiling memchr v2.6.4
[INFO] [stderr]    Compiling tinyjson v2.5.1
[INFO] [stderr]    Compiling pico-args v0.5.0
[INFO] [stderr]    Compiling itertools v0.13.0
[INFO] [stderr]    Compiling nom v7.1.3
[INFO] [stderr]    Compiling advent_of_code v0.11.0 (/opt/rustwide/workdir)
[INFO] [stdout] warning: unused imports: `Err`, `ErrorKind`, `Error`, `alpha0`, `anychar`, `many0`, `newline`, `number`, `one_of`, `separated_list1`, and `take_till1`
[INFO] [stdout]   --> src/bin/01.rs:6:34
[INFO] [stdout]    |
[INFO] [stdout] 6  |     bytes::complete::{tag, take, take_till1},
[INFO] [stdout]    |                                  ^^^^^^^^^^
[INFO] [stdout] 7  |     character::complete::{alpha0, anychar, digit1, newline, one_of},
[INFO] [stdout]    |                           ^^^^^^  ^^^^^^^          ^^^^^^^  ^^^^^^
[INFO] [stdout] 8  |     combinator::{map, map_res, opt, value},
[INFO] [stdout] 9  |     error::{Error, ErrorKind},
[INFO] [stdout]    |             ^^^^^  ^^^^^^^^^
[INFO] [stdout] 10 |     multi::{many0, many1, many_till, separated_list1},
[INFO] [stdout]    |             ^^^^^                    ^^^^^^^^^^^^^^^
[INFO] [stdout] 11 |     number, Err, IResult, Parser,
[INFO] [stdout]    |     ^^^^^^  ^^^
[INFO] [stdout]    |
[INFO] [stdout]    = note: `#[warn(unused_imports)]` on by default
[INFO] [stdout] 
[INFO] [stdout] 
[INFO] [stdout] warning: unused imports: `min` and `string::ParseError`
[INFO] [stdout]  --> src/bin/02.rs:3:16
[INFO] [stdout]   |
[INFO] [stdout] 3 |     cmp::{max, min},
[INFO] [stdout]   |                ^^^
[INFO] [stdout] 4 |     collections::HashMap,
[INFO] [stdout] 5 |     string::ParseError,
[INFO] [stdout]   |     ^^^^^^^^^^^^^^^^^^
[INFO] [stdout]   |
[INFO] [stdout]   = note: `#[warn(unused_imports)]` on by default
[INFO] [stdout] 
[INFO] [stdout] 
[INFO] [stdout] warning: unused import: `Parser`
[INFO] [stdout]   --> src/bin/01.rs:11:27
[INFO] [stdout]    |
[INFO] [stdout] 11 |     number, Err, IResult, Parser,
[INFO] [stdout]    |                           ^^^^^^
[INFO] [stdout] 
[INFO] [stdout] 
[INFO] [stdout] warning: function `combine_first_and_last_digit_u32` is never used
[INFO] [stdout]   --> src/bin/01.rs:23:4
[INFO] [stdout]    |
[INFO] [stdout] 23 | fn combine_first_and_last_digit_u32(input: &Vec<u32>) -> Result<u32, ParseIntError> {
[INFO] [stdout]    |    ^^^^^^^^^^^^^^^^^^^^^^^^^^^^^^^^
[INFO] [stdout]    |
[INFO] [stdout]    = note: `#[warn(dead_code)]` on by default
[INFO] [stdout] 
[INFO] [stdout] 
[INFO] [stdout] warning: enum `ParsedDigit` is never used
[INFO] [stdout]   --> src/bin/01.rs:30:6
[INFO] [stdout]    |
[INFO] [stdout] 30 | enum ParsedDigit {
[INFO] [stdout]    |      ^^^^^^^^^^^
[INFO] [stdout] 
[INFO] [stdout] 
[INFO] [stdout] warning: method `value` is never used
[INFO] [stdout]   --> src/bin/01.rs:43:8
[INFO] [stdout]    |
[INFO] [stdout] 42 | impl ParsedDigit {
[INFO] [stdout]    | ---------------- method in this implementation
[INFO] [stdout] 43 |     fn value(&self) -> u32 {
[INFO] [stdout]    |        ^^^^^
[INFO] [stdout] 
[INFO] [stdout] 
[INFO] [stdout] warning: function `parser_rules` is never used
[INFO] [stdout]   --> src/bin/01.rs:59:4
[INFO] [stdout]    |
[INFO] [stdout] 59 | fn parser_rules(input: &str) -> IResult<&str, Option<ParsedDigit>> {
[INFO] [stdout]    |    ^^^^^^^^^^^^
[INFO] [stdout] 
[INFO] [stdout] 
[INFO] [stderr]     Finished `dev` profile [unoptimized + debuginfo] target(s) in 4.89s
[INFO] running `Command { std: "docker" "inspect" "60a769f94e667aabf0295bc171b7fa853e6a75f37a5ecc42238b6186858ccf01", kill_on_drop: false }`
[INFO] running `Command { std: "docker" "rm" "-f" "60a769f94e667aabf0295bc171b7fa853e6a75f37a5ecc42238b6186858ccf01", kill_on_drop: false }`
[INFO] [stdout] 60a769f94e667aabf0295bc171b7fa853e6a75f37a5ecc42238b6186858ccf01
[INFO] running `Command { std: "docker" "create" "-v" "/var/lib/crater-agent-workspace/builds/worker-7-tc2/target:/opt/rustwide/target:rw,Z" "-v" "/var/lib/crater-agent-workspace/builds/worker-7-tc2/source:/opt/rustwide/workdir:ro,Z" "-v" "/var/lib/crater-agent-workspace/cargo-home:/opt/rustwide/cargo-home:ro,Z" "-v" "/var/lib/crater-agent-workspace/rustup-home:/opt/rustwide/rustup-home:ro,Z" "-e" "SOURCE_DIR=/opt/rustwide/workdir" "-e" "CARGO_TARGET_DIR=/opt/rustwide/target" "-e" "CARGO_INCREMENTAL=0" "-e" "RUST_BACKTRACE=full" "-e" "RUSTFLAGS=--cap-lints=warn" "-e" "RUSTDOCFLAGS=--cap-lints=warn" "-e" "CARGO_HOME=/opt/rustwide/cargo-home" "-e" "RUSTUP_HOME=/opt/rustwide/rustup-home" "-w" "/opt/rustwide/workdir" "-m" "1610612736" "--user" "0:0" "--network" "none" "ghcr.io/rust-lang/crates-build-env/linux@sha256:f3a9d4ad9d972b27faf3965f35b62e55ba32bbce8f20bc8fe909558a86702fde" "/opt/rustwide/cargo-home/bin/cargo" "+beta-2024-12-08" "test" "--frozen" "--no-run" "--message-format=json", kill_on_drop: false }`
[INFO] [stdout] 8c34b744baff9d2f19132e56cc5c021264769e6432890661f5e9e0befcb605fa
[INFO] running `Command { std: "docker" "start" "-a" "8c34b744baff9d2f19132e56cc5c021264769e6432890661f5e9e0befcb605fa", kill_on_drop: false }`
[INFO] [stderr]    Compiling advent_of_code v0.11.0 (/opt/rustwide/workdir)
[INFO] [stdout] warning: unused imports: `min` and `string::ParseError`
[INFO] [stdout]  --> src/bin/02.rs:3:16
[INFO] [stdout]   |
[INFO] [stdout] 3 |     cmp::{max, min},
[INFO] [stdout]   |                ^^^
[INFO] [stdout] 4 |     collections::HashMap,
[INFO] [stdout] 5 |     string::ParseError,
[INFO] [stdout]   |     ^^^^^^^^^^^^^^^^^^
[INFO] [stdout]   |
[INFO] [stdout]   = note: `#[warn(unused_imports)]` on by default
[INFO] [stdout] 
[INFO] [stdout] 
[INFO] [stdout] warning: unused imports: `Err`, `ErrorKind`, `Error`, `alpha0`, `anychar`, `many0`, `newline`, `number`, `one_of`, `separated_list1`, and `take_till1`
[INFO] [stdout]   --> src/bin/01.rs:6:34
[INFO] [stdout]    |
[INFO] [stdout] 6  |     bytes::complete::{tag, take, take_till1},
[INFO] [stdout]    |                                  ^^^^^^^^^^
[INFO] [stdout] 7  |     character::complete::{alpha0, anychar, digit1, newline, one_of},
[INFO] [stdout]    |                           ^^^^^^  ^^^^^^^          ^^^^^^^  ^^^^^^
[INFO] [stdout] 8  |     combinator::{map, map_res, opt, value},
[INFO] [stdout] 9  |     error::{Error, ErrorKind},
[INFO] [stdout]    |             ^^^^^  ^^^^^^^^^
[INFO] [stdout] 10 |     multi::{many0, many1, many_till, separated_list1},
[INFO] [stdout]    |             ^^^^^                    ^^^^^^^^^^^^^^^
[INFO] [stdout] 11 |     number, Err, IResult, Parser,
[INFO] [stdout]    |     ^^^^^^  ^^^
[INFO] [stdout]    |
[INFO] [stdout]    = note: `#[warn(unused_imports)]` on by default
[INFO] [stdout] 
[INFO] [stdout] 
[INFO] [stdout] warning: unused import: `Parser`
[INFO] [stdout]   --> src/bin/01.rs:11:27
[INFO] [stdout]    |
[INFO] [stdout] 11 |     number, Err, IResult, Parser,
[INFO] [stdout]    |                           ^^^^^^
[INFO] [stdout] 
[INFO] [stdout] 
[INFO] [stdout] warning: function `combine_first_and_last_digit_u32` is never used
[INFO] [stdout]   --> src/bin/01.rs:23:4
[INFO] [stdout]    |
[INFO] [stdout] 23 | fn combine_first_and_last_digit_u32(input: &Vec<u32>) -> Result<u32, ParseIntError> {
[INFO] [stdout]    |    ^^^^^^^^^^^^^^^^^^^^^^^^^^^^^^^^
[INFO] [stdout]    |
[INFO] [stdout]    = note: `#[warn(dead_code)]` on by default
[INFO] [stdout] 
[INFO] [stdout] 
[INFO] [stdout] warning: enum `ParsedDigit` is never used
[INFO] [stdout]   --> src/bin/01.rs:30:6
[INFO] [stdout]    |
[INFO] [stdout] 30 | enum ParsedDigit {
[INFO] [stdout]    |      ^^^^^^^^^^^
[INFO] [stdout] 
[INFO] [stdout] 
[INFO] [stdout] warning: method `value` is never used
[INFO] [stdout]   --> src/bin/01.rs:43:8
[INFO] [stdout]    |
[INFO] [stdout] 42 | impl ParsedDigit {
[INFO] [stdout]    | ---------------- method in this implementation
[INFO] [stdout] 43 |     fn value(&self) -> u32 {
[INFO] [stdout]    |        ^^^^^
[INFO] [stdout] 
[INFO] [stdout] 
[INFO] [stdout] warning: function `parser_rules` is never used
[INFO] [stdout]   --> src/bin/01.rs:59:4
[INFO] [stdout]    |
[INFO] [stdout] 59 | fn parser_rules(input: &str) -> IResult<&str, Option<ParsedDigit>> {
[INFO] [stdout]    |    ^^^^^^^^^^^^
[INFO] [stdout] 
[INFO] [stdout] 
[INFO] [stderr]     Finished `test` profile [unoptimized + debuginfo] target(s) in 1.19s
[INFO] running `Command { std: "docker" "inspect" "8c34b744baff9d2f19132e56cc5c021264769e6432890661f5e9e0befcb605fa", kill_on_drop: false }`
[INFO] running `Command { std: "docker" "rm" "-f" "8c34b744baff9d2f19132e56cc5c021264769e6432890661f5e9e0befcb605fa", kill_on_drop: false }`
[INFO] [stdout] 8c34b744baff9d2f19132e56cc5c021264769e6432890661f5e9e0befcb605fa
[INFO] running `Command { std: "docker" "create" "-v" "/var/lib/crater-agent-workspace/builds/worker-7-tc2/target:/opt/rustwide/target:rw,Z" "-v" "/var/lib/crater-agent-workspace/builds/worker-7-tc2/source:/opt/rustwide/workdir:ro,Z" "-v" "/var/lib/crater-agent-workspace/cargo-home:/opt/rustwide/cargo-home:ro,Z" "-v" "/var/lib/crater-agent-workspace/rustup-home:/opt/rustwide/rustup-home:ro,Z" "-e" "SOURCE_DIR=/opt/rustwide/workdir" "-e" "CARGO_TARGET_DIR=/opt/rustwide/target" "-e" "CARGO_INCREMENTAL=0" "-e" "RUST_BACKTRACE=full" "-e" "RUSTFLAGS=--cap-lints=warn" "-e" "RUSTDOCFLAGS=--cap-lints=warn" "-e" "CARGO_HOME=/opt/rustwide/cargo-home" "-e" "RUSTUP_HOME=/opt/rustwide/rustup-home" "-w" "/opt/rustwide/workdir" "-m" "1610612736" "--user" "0:0" "--network" "none" "ghcr.io/rust-lang/crates-build-env/linux@sha256:f3a9d4ad9d972b27faf3965f35b62e55ba32bbce8f20bc8fe909558a86702fde" "/opt/rustwide/cargo-home/bin/cargo" "+beta-2024-12-08" "test" "--frozen", kill_on_drop: false }`
[INFO] [stdout] a4b089cb56411f7768bbe7db38873845d4c7fad1f75554b51bc72baff45e0b8e
[INFO] running `Command { std: "docker" "start" "-a" "a4b089cb56411f7768bbe7db38873845d4c7fad1f75554b51bc72baff45e0b8e", kill_on_drop: false }`
[INFO] [stderr] warning: unused imports: `Err`, `ErrorKind`, `Error`, `alpha0`, `anychar`, `many0`, `newline`, `number`, `one_of`, `separated_list1`, and `take_till1`
[INFO] [stderr]   --> src/bin/01.rs:6:34
[INFO] [stderr]    |
[INFO] [stderr] 6  |     bytes::complete::{tag, take, take_till1},
[INFO] [stderr]    |                                  ^^^^^^^^^^
[INFO] [stderr] 7  |     character::complete::{alpha0, anychar, digit1, newline, one_of},
[INFO] [stderr]    |                           ^^^^^^  ^^^^^^^          ^^^^^^^  ^^^^^^
[INFO] [stderr] 8  |     combinator::{map, map_res, opt, value},
[INFO] [stderr] 9  |     error::{Error, ErrorKind},
[INFO] [stderr]    |             ^^^^^  ^^^^^^^^^
[INFO] [stderr] 10 |     multi::{many0, many1, many_till, separated_list1},
[INFO] [stderr]    |             ^^^^^                    ^^^^^^^^^^^^^^^
[INFO] [stderr] 11 |     number, Err, IResult, Parser,
[INFO] [stderr]    |     ^^^^^^  ^^^
[INFO] [stderr]    |
[INFO] [stderr]    = note: `#[warn(unused_imports)]` on by default
[INFO] [stderr] 
[INFO] [stderr] warning: unused import: `Parser`
[INFO] [stderr]   --> src/bin/01.rs:11:27
[INFO] [stderr]    |
[INFO] [stderr] 11 |     number, Err, IResult, Parser,
[INFO] [stderr]    |                           ^^^^^^
[INFO] [stderr] 
[INFO] [stderr] warning: function `combine_first_and_last_digit_u32` is never used
[INFO] [stderr]   --> src/bin/01.rs:23:4
[INFO] [stderr]    |
[INFO] [stderr] 23 | fn combine_first_and_last_digit_u32(input: &Vec<u32>) -> Result<u32, ParseIntError> {
[INFO] [stderr]    |    ^^^^^^^^^^^^^^^^^^^^^^^^^^^^^^^^
[INFO] [stderr]    |
[INFO] [stderr]    = note: `#[warn(dead_code)]` on by default
[INFO] [stderr] 
[INFO] [stderr] warning: enum `ParsedDigit` is never used
[INFO] [stderr]   --> src/bin/01.rs:30:6
[INFO] [stderr]    |
[INFO] [stderr] 30 | enum ParsedDigit {
[INFO] [stderr]    |      ^^^^^^^^^^^
[INFO] [stderr] 
[INFO] [stderr] warning: method `value` is never used
[INFO] [stderr]   --> src/bin/01.rs:43:8
[INFO] [stderr]    |
[INFO] [stderr] 42 | impl ParsedDigit {
[INFO] [stderr]    | ---------------- method in this implementation
[INFO] [stderr] 43 |     fn value(&self) -> u32 {
[INFO] [stderr]    |        ^^^^^
[INFO] [stderr] 
[INFO] [stderr] warning: function `parser_rules` is never used
[INFO] [stderr]   --> src/bin/01.rs:59:4
[INFO] [stderr]    |
[INFO] [stderr] 59 | fn parser_rules(input: &str) -> IResult<&str, Option<ParsedDigit>> {
[INFO] [stderr]    |    ^^^^^^^^^^^^
[INFO] [stderr] 
[INFO] [stderr] warning: unused imports: `min` and `string::ParseError`
[INFO] [stderr]  --> src/bin/02.rs:3:16
[INFO] [stderr]   |
[INFO] [stderr] 3 |     cmp::{max, min},
[INFO] [stderr]   |                ^^^
[INFO] [stderr] 4 |     collections::HashMap,
[INFO] [stderr] 5 |     string::ParseError,
[INFO] [stderr]   |     ^^^^^^^^^^^^^^^^^^
[INFO] [stderr]   |
[INFO] [stderr]   = note: `#[warn(unused_imports)]` on by default
[INFO] [stderr] 
[INFO] [stderr] warning: `advent_of_code` (bin "01" test) generated 6 warnings (run `cargo fix --bin "01" --tests` to apply 1 suggestion)
[INFO] [stderr] warning: `advent_of_code` (bin "02" test) generated 1 warning (run `cargo fix --bin "02" --tests` to apply 1 suggestion)
[INFO] [stderr]     Finished `test` profile [unoptimized + debuginfo] target(s) in 0.05s
[INFO] [stderr]      Running unittests src/lib.rs (/opt/rustwide/target/debug/deps/advent_of_code-2f452ecc851a0672)
[INFO] [stdout] 
[INFO] [stdout] running 0 tests
[INFO] [stdout] 
[INFO] [stdout] test result: ok. 0 passed; 0 failed; 0 ignored; 0 measured; 0 filtered out; finished in 0.01s
[INFO] [stdout] 
[INFO] [stderr]      Running unittests src/bin/01.rs (/opt/rustwide/target/debug/deps/01-94fae988438bb54c)
[INFO] [stdout] 
[INFO] [stdout] running 3 tests
[INFO] [stdout] test tests::test_part_one ... ok
[INFO] [stdout] test tests::test_parse ... ok
[INFO] [stdout] test tests::test_part_two ... FAILED
[INFO] [stdout] 
[INFO] [stdout] failures:
[INFO] [stdout] 
[INFO] [stdout] ---- tests::test_part_two stdout ----
[INFO] [stdout] thread 'tests::test_part_two' panicked at src/template/mod.rs:24:7:
[INFO] [stdout] could not open input file: Os { code: 2, kind: NotFound, message: "No such file or directory" }
[INFO] [stdout] stack backtrace:
[INFO] [stdout]    0:     0x653ac0de143a - std::backtrace_rs::backtrace::libunwind::trace::h8810477743020387
[INFO] [stdout]                                at /rustc/202008a1b8de96d2e5b6bc02d379db03a877d34d/library/std/src/../../backtrace/src/backtrace/libunwind.rs:116:5
[INFO] [stdout]    1:     0x653ac0de143a - std::backtrace_rs::backtrace::trace_unsynchronized::h3aa55355dd6c54a6
[INFO] [stdout]                                at /rustc/202008a1b8de96d2e5b6bc02d379db03a877d34d/library/std/src/../../backtrace/src/backtrace/mod.rs:66:5
[INFO] [stdout]    2:     0x653ac0de143a - std::sys::backtrace::_print_fmt::h8588b0f62410823f
[INFO] [stdout]                                at /rustc/202008a1b8de96d2e5b6bc02d379db03a877d34d/library/std/src/sys/backtrace.rs:66:9
[INFO] [stdout]    3:     0x653ac0de143a - <std::sys::backtrace::BacktraceLock::print::DisplayBacktrace as core::fmt::Display>::fmt::h98c26ac25ffe89bb
[INFO] [stdout]                                at /rustc/202008a1b8de96d2e5b6bc02d379db03a877d34d/library/std/src/sys/backtrace.rs:39:26
[INFO] [stdout]    4:     0x653ac0e06f73 - core::fmt::rt::Argument::fmt::hf95377f4aebd453b
[INFO] [stdout]                                at /rustc/202008a1b8de96d2e5b6bc02d379db03a877d34d/library/core/src/fmt/rt.rs:177:76
[INFO] [stdout]    5:     0x653ac0e06f73 - core::fmt::write::h0dd5f6e2238c7982
[INFO] [stdout]                                at /rustc/202008a1b8de96d2e5b6bc02d379db03a877d34d/library/core/src/fmt/mod.rs:1189:21
[INFO] [stdout]    6:     0x653ac0dde433 - std::io::Write::write_fmt::h03bb0ca26e6faf8c
[INFO] [stdout]                                at /rustc/202008a1b8de96d2e5b6bc02d379db03a877d34d/library/std/src/io/mod.rs:1884:15
[INFO] [stdout]    7:     0x653ac0de1282 - std::sys::backtrace::BacktraceLock::print::h5c19c1c038ee186d
[INFO] [stdout]                                at /rustc/202008a1b8de96d2e5b6bc02d379db03a877d34d/library/std/src/sys/backtrace.rs:42:9
[INFO] [stdout]    8:     0x653ac0de28bd - std::panicking::default_hook::{{closure}}::h77172f079a1fcb13
[INFO] [stdout]                                at /rustc/202008a1b8de96d2e5b6bc02d379db03a877d34d/library/std/src/panicking.rs:268:22
[INFO] [stdout]    9:     0x653ac0de26c7 - std::panicking::default_hook::he5f8e3b203ccddba
[INFO] [stdout]                                at /rustc/202008a1b8de96d2e5b6bc02d379db03a877d34d/library/std/src/panicking.rs:292:9
[INFO] [stdout]   10:     0x653ac0da6927 - <alloc::boxed::Box<F,A> as core::ops::function::Fn<Args>>::call::h7a3c7b4a1ae77f2f
[INFO] [stdout]                                at /rustc/202008a1b8de96d2e5b6bc02d379db03a877d34d/library/alloc/src/boxed.rs:1986:9
[INFO] [stdout]   11:     0x653ac0da6927 - test::test_main::{{closure}}::hf0d3b69ae9b353d1
[INFO] [stdout]                                at /rustc/202008a1b8de96d2e5b6bc02d379db03a877d34d/library/test/src/lib.rs:134:21
[INFO] [stdout]   12:     0x653ac0de2f68 - <alloc::boxed::Box<F,A> as core::ops::function::Fn<Args>>::call::h6332e82e7b189abd
[INFO] [stdout]                                at /rustc/202008a1b8de96d2e5b6bc02d379db03a877d34d/library/alloc/src/boxed.rs:1986:9
[INFO] [stdout]   13:     0x653ac0de2f68 - std::panicking::rust_panic_with_hook::h53863d4e9018df39
[INFO] [stdout]                                at /rustc/202008a1b8de96d2e5b6bc02d379db03a877d34d/library/std/src/panicking.rs:809:13
[INFO] [stdout]   14:     0x653ac0de2d2a - std::panicking::begin_panic_handler::{{closure}}::h67280e6fa0757873
[INFO] [stdout]                                at /rustc/202008a1b8de96d2e5b6bc02d379db03a877d34d/library/std/src/panicking.rs:674:13
[INFO] [stdout]   15:     0x653ac0de1919 - std::sys::backtrace::__rust_end_short_backtrace::h1dac3f54d6fbbeb2
[INFO] [stdout]                                at /rustc/202008a1b8de96d2e5b6bc02d379db03a877d34d/library/std/src/sys/backtrace.rs:170:18
[INFO] [stdout]   16:     0x653ac0de29bc - rust_begin_unwind
[INFO] [stdout]                                at /rustc/202008a1b8de96d2e5b6bc02d379db03a877d34d/library/std/src/panicking.rs:665:5
[INFO] [stdout]   17:     0x653ac0d5bab0 - core::panicking::panic_fmt::h6792bd1b2bf01041
[INFO] [stdout]                                at /rustc/202008a1b8de96d2e5b6bc02d379db03a877d34d/library/core/src/panicking.rs:76:14
[INFO] [stdout]   18:     0x653ac0d5bef6 - core::result::unwrap_failed::h05e0602ed34287c5
[INFO] [stdout]                                at /rustc/202008a1b8de96d2e5b6bc02d379db03a877d34d/library/core/src/result.rs:1699:5
[INFO] [stdout]   19:     0x653ac0db2e84 - core::result::Result<T,E>::expect::h586a9dbe36666ad2
[INFO] [stdout]                                at /rustc/202008a1b8de96d2e5b6bc02d379db03a877d34d/library/core/src/result.rs:1061:23
[INFO] [stdout]   20:     0x653ac0db1b5a - advent_of_code::template::read_file::hacc410876453ed30
[INFO] [stdout]                                at /opt/rustwide/workdir/src/template/mod.rs:24:5
[INFO] [stdout]   21:     0x653ac0d6278c - _01::tests::test_part_two::h85fcdc13d1d3202b
[INFO] [stdout]                                at /opt/rustwide/workdir/src/bin/01.rs:225:32
[INFO] [stdout]   22:     0x653ac0d62647 - _01::tests::test_part_two::{{closure}}::hffdd6f65b68816cd
[INFO] [stdout]                                at /opt/rustwide/workdir/src/bin/01.rs:220:23
[INFO] [stdout]   23:     0x653ac0d62f66 - core::ops::function::FnOnce::call_once::h1282d300d524a109
[INFO] [stdout]                                at /rustc/202008a1b8de96d2e5b6bc02d379db03a877d34d/library/core/src/ops/function.rs:250:5
[INFO] [stdout]   24:     0x653ac0dab44b - core::ops::function::FnOnce::call_once::h871bf86719ec9aa4
[INFO] [stdout]                                at /rustc/202008a1b8de96d2e5b6bc02d379db03a877d34d/library/core/src/ops/function.rs:250:5
[INFO] [stdout]   25:     0x653ac0dab44b - test::__rust_begin_short_backtrace::h2167df1e2b7d76fd
[INFO] [stdout]                                at /rustc/202008a1b8de96d2e5b6bc02d379db03a877d34d/library/test/src/lib.rs:632:18
[INFO] [stdout]   26:     0x653ac0daae38 - test::run_test_in_process::{{closure}}::h15d92f75a3adfb79
[INFO] [stdout]                                at /rustc/202008a1b8de96d2e5b6bc02d379db03a877d34d/library/test/src/lib.rs:655:60
[INFO] [stdout]   27:     0x653ac0daae38 - <core::panic::unwind_safe::AssertUnwindSafe<F> as core::ops::function::FnOnce<()>>::call_once::hb6c8955835a8dbbb
[INFO] [stdout]                                at /rustc/202008a1b8de96d2e5b6bc02d379db03a877d34d/library/core/src/panic/unwind_safe.rs:272:9
[INFO] [stdout]   28:     0x653ac0daae38 - std::panicking::try::do_call::hc79d0fc888a0bd30
[INFO] [stdout]                                at /rustc/202008a1b8de96d2e5b6bc02d379db03a877d34d/library/std/src/panicking.rs:557:40
[INFO] [stdout]   29:     0x653ac0daae38 - std::panicking::try::hb8a7878e3a8589d6
[INFO] [stdout]                                at /rustc/202008a1b8de96d2e5b6bc02d379db03a877d34d/library/std/src/panicking.rs:520:19
[INFO] [stdout]   30:     0x653ac0daae38 - std::panic::catch_unwind::hb8e4600ff0ff5cfa
[INFO] [stdout]                                at /rustc/202008a1b8de96d2e5b6bc02d379db03a877d34d/library/std/src/panic.rs:358:14
[INFO] [stdout]   31:     0x653ac0daae38 - test::run_test_in_process::hc2900b0b18688dd6
[INFO] [stdout]                                at /rustc/202008a1b8de96d2e5b6bc02d379db03a877d34d/library/test/src/lib.rs:655:27
[INFO] [stdout]   32:     0x653ac0daae38 - test::run_test::{{closure}}::hac2a9cb07be3d48d
[INFO] [stdout]                                at /rustc/202008a1b8de96d2e5b6bc02d379db03a877d34d/library/test/src/lib.rs:576:43
[INFO] [stdout]   33:     0x653ac0d6e8da - test::run_test::{{closure}}::h4a5b729e66a38cd8
[INFO] [stdout]                                at /rustc/202008a1b8de96d2e5b6bc02d379db03a877d34d/library/test/src/lib.rs:606:41
[INFO] [stdout]   34:     0x653ac0d6e8da - std::sys::backtrace::__rust_begin_short_backtrace::h0496fb742492f573
[INFO] [stdout]                                at /rustc/202008a1b8de96d2e5b6bc02d379db03a877d34d/library/std/src/sys/backtrace.rs:154:18
[INFO] [stdout]   35:     0x653ac0d72254 - std::thread::Builder::spawn_unchecked_::{{closure}}::{{closure}}::hbb6d257c550a54bd
[INFO] [stdout]                                at /rustc/202008a1b8de96d2e5b6bc02d379db03a877d34d/library/std/src/thread/mod.rs:561:17
[INFO] [stdout]   36:     0x653ac0d72254 - <core::panic::unwind_safe::AssertUnwindSafe<F> as core::ops::function::FnOnce<()>>::call_once::h46696fe4a6832328
[INFO] [stdout]                                at /rustc/202008a1b8de96d2e5b6bc02d379db03a877d34d/library/core/src/panic/unwind_safe.rs:272:9
[INFO] [stdout]   37:     0x653ac0d72254 - std::panicking::try::do_call::h2625a51b667bfb64
[INFO] [stdout]                                at /rustc/202008a1b8de96d2e5b6bc02d379db03a877d34d/library/std/src/panicking.rs:557:40
[INFO] [stdout]   38:     0x653ac0d72254 - std::panicking::try::hb956a59a1973aa4c
[INFO] [stdout]                                at /rustc/202008a1b8de96d2e5b6bc02d379db03a877d34d/library/std/src/panicking.rs:520:19
[INFO] [stdout]   39:     0x653ac0d72254 - std::panic::catch_unwind::h64f3b9d1067ef6a0
[INFO] [stdout]                                at /rustc/202008a1b8de96d2e5b6bc02d379db03a877d34d/library/std/src/panic.rs:358:14
[INFO] [stdout]   40:     0x653ac0d72254 - std::thread::Builder::spawn_unchecked_::{{closure}}::h42b2841295b6c0b2
[INFO] [stdout]                                at /rustc/202008a1b8de96d2e5b6bc02d379db03a877d34d/library/std/src/thread/mod.rs:559:30
[INFO] [stdout]   41:     0x653ac0d72254 - core::ops::function::FnOnce::call_once{{vtable.shim}}::h6127de71b8124639
[INFO] [stdout]                                at /rustc/202008a1b8de96d2e5b6bc02d379db03a877d34d/library/core/src/ops/function.rs:250:5
[INFO] [stdout]   42:     0x653ac0de6eab - <alloc::boxed::Box<F,A> as core::ops::function::FnOnce<Args>>::call_once::h42f0ba71002a1b2c
[INFO] [stdout]                                at /rustc/202008a1b8de96d2e5b6bc02d379db03a877d34d/library/alloc/src/boxed.rs:1972:9
[INFO] [stdout]   43:     0x653ac0de6eab - <alloc::boxed::Box<F,A> as core::ops::function::FnOnce<Args>>::call_once::had9e47d7a3dcecb8
[INFO] [stdout]                                at /rustc/202008a1b8de96d2e5b6bc02d379db03a877d34d/library/alloc/src/boxed.rs:1972:9
[INFO] [stdout]   44:     0x653ac0de6eab - std::sys::pal::unix::thread::Thread::new::thread_start::h48cf765408f6f5f2
[INFO] [stdout]                                at /rustc/202008a1b8de96d2e5b6bc02d379db03a877d34d/library/std/src/sys/pal/unix/thread.rs:105:17
[INFO] [stdout]   45:     0x7e07da978ac3 - <unknown>
[INFO] [stdout]   46:     0x7e07daa09a04 - clone
[INFO] [stdout]   47:                0x0 - <unknown>
[INFO] [stdout] 
[INFO] [stdout] 
[INFO] [stdout] failures:
[INFO] [stdout]     tests::test_part_two
[INFO] [stdout] 
[INFO] [stdout] test result: FAILED. 2 passed; 1 failed; 0 ignored; 0 measured; 0 filtered out; finished in 0.02s
[INFO] [stdout] 
[INFO] [stderr] error: test failed, to rerun pass `--bin 01`
[INFO] running `Command { std: "docker" "inspect" "a4b089cb56411f7768bbe7db38873845d4c7fad1f75554b51bc72baff45e0b8e", kill_on_drop: false }`
[INFO] running `Command { std: "docker" "rm" "-f" "a4b089cb56411f7768bbe7db38873845d4c7fad1f75554b51bc72baff45e0b8e", kill_on_drop: false }`
[INFO] [stdout] a4b089cb56411f7768bbe7db38873845d4c7fad1f75554b51bc72baff45e0b8e
