[INFO] cloning repository https://github.com/jre0/mesh
[INFO] running `Command { std: "git" "-c" "credential.helper=" "-c" "credential.helper=/workspace/cargo-home/bin/git-credential-null" "clone" "--bare" "https://github.com/jre0/mesh" "/workspace/cache/git-repos/https%3A%2F%2Fgithub.com%2Fjre0%2Fmesh", kill_on_drop: false }`
[INFO] [stderr] Cloning into bare repository '/workspace/cache/git-repos/https%3A%2F%2Fgithub.com%2Fjre0%2Fmesh'...
[INFO] running `Command { std: "git" "rev-parse" "HEAD", kill_on_drop: false }`
[INFO] [stdout] 1aa5e9aafae8de47bdf3e24a7c18342718bd92cf
[INFO] testing jre0/mesh against 1.83.0 for beta-1.84.0-4-retry
[INFO] running `Command { std: "git" "clone" "/workspace/cache/git-repos/https%3A%2F%2Fgithub.com%2Fjre0%2Fmesh" "/workspace/builds/worker-1-tc1/source", kill_on_drop: false }`
[INFO] [stderr] Cloning into '/workspace/builds/worker-1-tc1/source'...
[INFO] [stderr] done.
[INFO] validating manifest of git repo https://github.com/jre0/mesh on toolchain 1.83.0
[INFO] running `Command { std: CARGO_HOME="/workspace/cargo-home" RUSTUP_HOME="/workspace/rustup-home" "/workspace/cargo-home/bin/cargo" "+1.83.0" "metadata" "--manifest-path" "Cargo.toml" "--no-deps", kill_on_drop: false }`
[INFO] started tweaking git repo https://github.com/jre0/mesh
[INFO] finished tweaking git repo https://github.com/jre0/mesh
[INFO] tweaked toml for git repo https://github.com/jre0/mesh written to /workspace/builds/worker-1-tc1/source/Cargo.toml
[INFO] crate git repo https://github.com/jre0/mesh already has a lockfile, it will not be regenerated
[INFO] running `Command { std: CARGO_HOME="/workspace/cargo-home" RUSTUP_HOME="/workspace/rustup-home" "/workspace/cargo-home/bin/cargo" "+1.83.0" "fetch" "--manifest-path" "Cargo.toml", kill_on_drop: false }`
[INFO] running `Command { std: "docker" "create" "-v" "/var/lib/crater-agent-workspace/builds/worker-1-tc1/target:/opt/rustwide/target:rw,Z" "-v" "/var/lib/crater-agent-workspace/builds/worker-1-tc1/source:/opt/rustwide/workdir:ro,Z" "-v" "/var/lib/crater-agent-workspace/cargo-home:/opt/rustwide/cargo-home:ro,Z" "-v" "/var/lib/crater-agent-workspace/rustup-home:/opt/rustwide/rustup-home:ro,Z" "-e" "SOURCE_DIR=/opt/rustwide/workdir" "-e" "CARGO_TARGET_DIR=/opt/rustwide/target" "-e" "CARGO_HOME=/opt/rustwide/cargo-home" "-e" "RUSTUP_HOME=/opt/rustwide/rustup-home" "-w" "/opt/rustwide/workdir" "-m" "1610612736" "--user" "0:0" "--network" "none" "ghcr.io/rust-lang/crates-build-env/linux@sha256:f3a9d4ad9d972b27faf3965f35b62e55ba32bbce8f20bc8fe909558a86702fde" "/opt/rustwide/cargo-home/bin/cargo" "+1.83.0" "metadata" "--no-deps" "--format-version=1", kill_on_drop: false }`
[INFO] [stdout] 6b417cdfc781250f10a6427ca9e6bc93a678b8a05d3a92c776f9d336f2ec2d55
[INFO] running `Command { std: "docker" "start" "-a" "6b417cdfc781250f10a6427ca9e6bc93a678b8a05d3a92c776f9d336f2ec2d55", kill_on_drop: false }`
[INFO] running `Command { std: "docker" "inspect" "6b417cdfc781250f10a6427ca9e6bc93a678b8a05d3a92c776f9d336f2ec2d55", kill_on_drop: false }`
[INFO] running `Command { std: "docker" "rm" "-f" "6b417cdfc781250f10a6427ca9e6bc93a678b8a05d3a92c776f9d336f2ec2d55", kill_on_drop: false }`
[INFO] [stdout] 6b417cdfc781250f10a6427ca9e6bc93a678b8a05d3a92c776f9d336f2ec2d55
[INFO] running `Command { std: "docker" "create" "-v" "/var/lib/crater-agent-workspace/builds/worker-1-tc1/target:/opt/rustwide/target:rw,Z" "-v" "/var/lib/crater-agent-workspace/builds/worker-1-tc1/source:/opt/rustwide/workdir:ro,Z" "-v" "/var/lib/crater-agent-workspace/cargo-home:/opt/rustwide/cargo-home:ro,Z" "-v" "/var/lib/crater-agent-workspace/rustup-home:/opt/rustwide/rustup-home:ro,Z" "-e" "SOURCE_DIR=/opt/rustwide/workdir" "-e" "CARGO_TARGET_DIR=/opt/rustwide/target" "-e" "CARGO_INCREMENTAL=0" "-e" "RUST_BACKTRACE=full" "-e" "RUSTFLAGS=--cap-lints=warn" "-e" "RUSTDOCFLAGS=--cap-lints=warn" "-e" "CARGO_HOME=/opt/rustwide/cargo-home" "-e" "RUSTUP_HOME=/opt/rustwide/rustup-home" "-w" "/opt/rustwide/workdir" "-m" "1610612736" "--user" "0:0" "--network" "none" "ghcr.io/rust-lang/crates-build-env/linux@sha256:f3a9d4ad9d972b27faf3965f35b62e55ba32bbce8f20bc8fe909558a86702fde" "/opt/rustwide/cargo-home/bin/cargo" "+1.83.0" "build" "--frozen" "--message-format=json", kill_on_drop: false }`
[INFO] [stdout] 3c6db6e3f4be1672e72b973f672b6b9f541cdca3cb5cfbcb21821121f962c354
[INFO] running `Command { std: "docker" "start" "-a" "3c6db6e3f4be1672e72b973f672b6b9f541cdca3cb5cfbcb21821121f962c354", kill_on_drop: false }`
[INFO] [stderr]    Compiling memchr v2.7.4
[INFO] [stderr]    Compiling regex-syntax v0.8.4
[INFO] [stderr]    Compiling aho-corasick v1.1.3
[INFO] [stderr]    Compiling regex-automata v0.4.7
[INFO] [stderr]    Compiling regex v1.10.6
[INFO] [stderr]    Compiling divergent v0.1.0 (/opt/rustwide/workdir)
[INFO] [stdout] warning: unused variable: `c`
[INFO] [stdout]    --> src/mesh.rs:161:17
[INFO] [stdout]     |
[INFO] [stdout] 161 |             let c = self.vertex_coordinates(vi[2]);
[INFO] [stdout]     |                 ^ help: if this is intentional, prefix it with an underscore: `_c`
[INFO] [stdout]     |
[INFO] [stdout]     = note: `#[warn(unused_variables)]` on by default
[INFO] [stdout] 
[INFO] [stdout] 
[INFO] [stdout] warning: unused variable: `effected_faces`
[INFO] [stdout]    --> src/mesh.rs:163:21
[INFO] [stdout]     |
[INFO] [stdout] 163 |                 let effected_faces = self.select_adjacent_by_vertex_index(vi[0]);
[INFO] [stdout]     |                     ^^^^^^^^^^^^^^ help: if this is intentional, prefix it with an underscore: `_effected_faces`
[INFO] [stdout] 
[INFO] [stdout] 
[INFO] [stderr]     Finished `dev` profile [unoptimized + debuginfo] target(s) in 9.66s
[INFO] running `Command { std: "docker" "inspect" "3c6db6e3f4be1672e72b973f672b6b9f541cdca3cb5cfbcb21821121f962c354", kill_on_drop: false }`
[INFO] running `Command { std: "docker" "rm" "-f" "3c6db6e3f4be1672e72b973f672b6b9f541cdca3cb5cfbcb21821121f962c354", kill_on_drop: false }`
[INFO] [stdout] 3c6db6e3f4be1672e72b973f672b6b9f541cdca3cb5cfbcb21821121f962c354
[INFO] running `Command { std: "docker" "create" "-v" "/var/lib/crater-agent-workspace/builds/worker-1-tc1/target:/opt/rustwide/target:rw,Z" "-v" "/var/lib/crater-agent-workspace/builds/worker-1-tc1/source:/opt/rustwide/workdir:ro,Z" "-v" "/var/lib/crater-agent-workspace/cargo-home:/opt/rustwide/cargo-home:ro,Z" "-v" "/var/lib/crater-agent-workspace/rustup-home:/opt/rustwide/rustup-home:ro,Z" "-e" "SOURCE_DIR=/opt/rustwide/workdir" "-e" "CARGO_TARGET_DIR=/opt/rustwide/target" "-e" "CARGO_INCREMENTAL=0" "-e" "RUST_BACKTRACE=full" "-e" "RUSTFLAGS=--cap-lints=warn" "-e" "RUSTDOCFLAGS=--cap-lints=warn" "-e" "CARGO_HOME=/opt/rustwide/cargo-home" "-e" "RUSTUP_HOME=/opt/rustwide/rustup-home" "-w" "/opt/rustwide/workdir" "-m" "1610612736" "--user" "0:0" "--network" "none" "ghcr.io/rust-lang/crates-build-env/linux@sha256:f3a9d4ad9d972b27faf3965f35b62e55ba32bbce8f20bc8fe909558a86702fde" "/opt/rustwide/cargo-home/bin/cargo" "+1.83.0" "test" "--frozen" "--no-run" "--message-format=json", kill_on_drop: false }`
[INFO] [stdout] 37e05a32ad7618aa529a24ba9ac19e4ef08684995876699d5c0037b62a337b50
[INFO] running `Command { std: "docker" "start" "-a" "37e05a32ad7618aa529a24ba9ac19e4ef08684995876699d5c0037b62a337b50", kill_on_drop: false }`
[INFO] [stdout] warning: unused variable: `c`
[INFO] [stdout]    --> src/mesh.rs:161:17
[INFO] [stdout]     |
[INFO] [stdout] 161 |             let c = self.vertex_coordinates(vi[2]);
[INFO] [stdout]     |                 ^ help: if this is intentional, prefix it with an underscore: `_c`
[INFO] [stdout]     |
[INFO] [stdout]     = note: `#[warn(unused_variables)]` on by default
[INFO] [stdout] 
[INFO] [stdout] 
[INFO] [stderr]    Compiling divergent v0.1.0 (/opt/rustwide/workdir)
[INFO] [stdout] warning: unused variable: `effected_faces`
[INFO] [stdout]    --> src/mesh.rs:163:21
[INFO] [stdout]     |
[INFO] [stdout] 163 |                 let effected_faces = self.select_adjacent_by_vertex_index(vi[0]);
[INFO] [stdout]     |                     ^^^^^^^^^^^^^^ help: if this is intentional, prefix it with an underscore: `_effected_faces`
[INFO] [stdout] 
[INFO] [stdout] 
[INFO] [stdout] warning: unused variable: `selection`
[INFO] [stdout]   --> src/tests.rs:44:9
[INFO] [stdout]    |
[INFO] [stdout] 44 |     let selection = mesh.select_adjacent_by_vertex_index(142);
[INFO] [stdout]    |         ^^^^^^^^^ help: if this is intentional, prefix it with an underscore: `_selection`
[INFO] [stdout]    |
[INFO] [stdout]    = note: `#[warn(unused_variables)]` on by default
[INFO] [stdout] 
[INFO] [stdout] 
[INFO] [stdout] warning: unused variable: `c`
[INFO] [stdout]    --> src/mesh.rs:161:17
[INFO] [stdout]     |
[INFO] [stdout] 161 |             let c = self.vertex_coordinates(vi[2]);
[INFO] [stdout]     |                 ^ help: if this is intentional, prefix it with an underscore: `_c`
[INFO] [stdout] 
[INFO] [stdout] 
[INFO] [stdout] warning: unused variable: `effected_faces`
[INFO] [stdout]    --> src/mesh.rs:163:21
[INFO] [stdout]     |
[INFO] [stdout] 163 |                 let effected_faces = self.select_adjacent_by_vertex_index(vi[0]);
[INFO] [stdout]     |                     ^^^^^^^^^^^^^^ help: if this is intentional, prefix it with an underscore: `_effected_faces`
[INFO] [stdout] 
[INFO] [stdout] 
[INFO] [stderr]     Finished `test` profile [unoptimized + debuginfo] target(s) in 1.73s
[INFO] running `Command { std: "docker" "inspect" "37e05a32ad7618aa529a24ba9ac19e4ef08684995876699d5c0037b62a337b50", kill_on_drop: false }`
[INFO] running `Command { std: "docker" "rm" "-f" "37e05a32ad7618aa529a24ba9ac19e4ef08684995876699d5c0037b62a337b50", kill_on_drop: false }`
[INFO] [stdout] 37e05a32ad7618aa529a24ba9ac19e4ef08684995876699d5c0037b62a337b50
[INFO] running `Command { std: "docker" "create" "-v" "/var/lib/crater-agent-workspace/builds/worker-1-tc1/target:/opt/rustwide/target:rw,Z" "-v" "/var/lib/crater-agent-workspace/builds/worker-1-tc1/source:/opt/rustwide/workdir:ro,Z" "-v" "/var/lib/crater-agent-workspace/cargo-home:/opt/rustwide/cargo-home:ro,Z" "-v" "/var/lib/crater-agent-workspace/rustup-home:/opt/rustwide/rustup-home:ro,Z" "-e" "SOURCE_DIR=/opt/rustwide/workdir" "-e" "CARGO_TARGET_DIR=/opt/rustwide/target" "-e" "CARGO_INCREMENTAL=0" "-e" "RUST_BACKTRACE=full" "-e" "RUSTFLAGS=--cap-lints=warn" "-e" "RUSTDOCFLAGS=--cap-lints=warn" "-e" "CARGO_HOME=/opt/rustwide/cargo-home" "-e" "RUSTUP_HOME=/opt/rustwide/rustup-home" "-w" "/opt/rustwide/workdir" "-m" "1610612736" "--user" "0:0" "--network" "none" "ghcr.io/rust-lang/crates-build-env/linux@sha256:f3a9d4ad9d972b27faf3965f35b62e55ba32bbce8f20bc8fe909558a86702fde" "/opt/rustwide/cargo-home/bin/cargo" "+1.83.0" "test" "--frozen", kill_on_drop: false }`
[INFO] [stdout] 236dfb21f02670a74461f4aed7efec7aa94d50f1a054f21152dddcec9ea6868e
[INFO] running `Command { std: "docker" "start" "-a" "236dfb21f02670a74461f4aed7efec7aa94d50f1a054f21152dddcec9ea6868e", kill_on_drop: false }`
[INFO] [stderr] warning: unused variable: `c`
[INFO] [stderr]    --> src/mesh.rs:161:17
[INFO] [stderr]     |
[INFO] [stderr] 161 |             let c = self.vertex_coordinates(vi[2]);
[INFO] [stderr]     |                 ^ help: if this is intentional, prefix it with an underscore: `_c`
[INFO] [stderr]     |
[INFO] [stderr]     = note: `#[warn(unused_variables)]` on by default
[INFO] [stderr] 
[INFO] [stderr] warning: unused variable: `effected_faces`
[INFO] [stderr]    --> src/mesh.rs:163:21
[INFO] [stderr]     |
[INFO] [stderr] 163 |                 let effected_faces = self.select_adjacent_by_vertex_index(vi[0]);
[INFO] [stderr]     |                     ^^^^^^^^^^^^^^ help: if this is intentional, prefix it with an underscore: `_effected_faces`
[INFO] [stderr] 
[INFO] [stderr] warning: `divergent` (lib) generated 2 warnings
[INFO] [stderr] warning: unused variable: `selection`
[INFO] [stderr]   --> src/tests.rs:44:9
[INFO] [stderr]    |
[INFO] [stderr] 44 |     let selection = mesh.select_adjacent_by_vertex_index(142);
[INFO] [stderr]    |         ^^^^^^^^^ help: if this is intentional, prefix it with an underscore: `_selection`
[INFO] [stderr]    |
[INFO] [stderr]    = note: `#[warn(unused_variables)]` on by default
[INFO] [stderr] 
[INFO] [stderr] warning: unused variable: `c`
[INFO] [stderr]    --> src/mesh.rs:161:17
[INFO] [stderr]     |
[INFO] [stderr] 161 |             let c = self.vertex_coordinates(vi[2]);
[INFO] [stderr]     |                 ^ help: if this is intentional, prefix it with an underscore: `_c`
[INFO] [stderr] 
[INFO] [stderr] warning: `divergent` (lib test) generated 3 warnings (1 duplicate)
[INFO] [stderr]     Finished `test` profile [unoptimized + debuginfo] target(s) in 0.02s
[INFO] [stderr]      Running unittests src/lib.rs (/opt/rustwide/target/debug/deps/divergent-446ac7f061ccc5e4)
[INFO] [stdout] 
[INFO] [stdout] running 14 tests
[INFO] [stdout] test tests::delete_vertex ... FAILED
[INFO] [stdout] test tests::consistent_orientation ... FAILED
[INFO] [stdout] test tests::load_shuttle_mesh ... FAILED
[INFO] [stdout] test tests::flip_face ... FAILED
[INFO] [stdout] test tests::select_all ... FAILED
[INFO] [stdout] test tests::faces_with_minimum_angle ... FAILED
[INFO] [stdout] test tests::delete_vertex_with_faces ... FAILED
[INFO] [stdout] test tests::add_vertex ... FAILED
[INFO] [stdout] test tests::add_face ... FAILED
[INFO] [stdout] test tests::vertex_coordinates ... FAILED
[INFO] [stdout] test tests::select_adjacent ... FAILED
[INFO] [stdout] test tests::load_test_mesh ... FAILED
[INFO] [stdout] test tests::write_test_mesh ... FAILED
[INFO] [stdout] test tests::write_shuttle_mesh ... FAILED
[INFO] [stdout] 
[INFO] [stdout] failures:
[INFO] [stdout] 
[INFO] [stdout] ---- tests::delete_vertex stdout ----
[INFO] [stdout] Error: Os { code: 2, kind: NotFound, message: "No such file or directory" }
[INFO] [stdout] 
[INFO] [stdout] ---- tests::consistent_orientation stdout ----
[INFO] [stdout] Error: Os { code: 2, kind: NotFound, message: "No such file or directory" }
[INFO] [stdout] 
[INFO] [stdout] ---- tests::load_shuttle_mesh stdout ----
[INFO] [stdout] Error: Os { code: 2, kind: NotFound, message: "No such file or directory" }
[INFO] [stdout] 
[INFO] [stdout] ---- tests::flip_face stdout ----
[INFO] [stdout] Error: Os { code: 2, kind: NotFound, message: "No such file or directory" }
[INFO] [stdout] 
[INFO] [stdout] ---- tests::select_all stdout ----
[INFO] [stdout] Error: Os { code: 2, kind: NotFound, message: "No such file or directory" }
[INFO] [stdout] 
[INFO] [stdout] ---- tests::faces_with_minimum_angle stdout ----
[INFO] [stdout] Error: Os { code: 2, kind: NotFound, message: "No such file or directory" }
[INFO] [stdout] 
[INFO] [stdout] ---- tests::delete_vertex_with_faces stdout ----
[INFO] [stdout] Error: Os { code: 2, kind: NotFound, message: "No such file or directory" }
[INFO] [stdout] 
[INFO] [stdout] ---- tests::add_vertex stdout ----
[INFO] [stdout] Error: Os { code: 2, kind: NotFound, message: "No such file or directory" }
[INFO] [stdout] 
[INFO] [stdout] ---- tests::add_face stdout ----
[INFO] [stdout] Error: Os { code: 2, kind: NotFound, message: "No such file or directory" }
[INFO] [stdout] 
[INFO] [stdout] ---- tests::vertex_coordinates stdout ----
[INFO] [stdout] Error: Os { code: 2, kind: NotFound, message: "No such file or directory" }
[INFO] [stdout] 
[INFO] [stdout] ---- tests::select_adjacent stdout ----
[INFO] [stdout] Error: Os { code: 2, kind: NotFound, message: "No such file or directory" }
[INFO] [stdout] 
[INFO] [stdout] ---- tests::load_test_mesh stdout ----
[INFO] [stdout] Error: Os { code: 2, kind: NotFound, message: "No such file or directory" }
[INFO] [stdout] 
[INFO] [stdout] ---- tests::write_test_mesh stdout ----
[INFO] [stdout] Error: Os { code: 2, kind: NotFound, message: "No such file or directory" }
[INFO] [stdout] 
[INFO] [stdout] ---- tests::write_shuttle_mesh stdout ----
[INFO] [stdout] Error: Os { code: 2, kind: NotFound, message: "No such file or directory" }
[INFO] [stdout] 
[INFO] [stdout] 
[INFO] [stdout] failures:
[INFO] [stdout]     tests::add_face
[INFO] [stdout]     tests::add_vertex
[INFO] [stdout]     tests::consistent_orientation
[INFO] [stdout]     tests::delete_vertex
[INFO] [stdout]     tests::delete_vertex_with_faces
[INFO] [stdout]     tests::faces_with_minimum_angle
[INFO] [stdout]     tests::flip_face
[INFO] [stdout]     tests::load_shuttle_mesh
[INFO] [stdout]     tests::load_test_mesh
[INFO] [stdout]     tests::select_adjacent
[INFO] [stdout]     tests::select_all
[INFO] [stdout]     tests::vertex_coordinates
[INFO] [stdout]     tests::write_shuttle_mesh
[INFO] [stdout]     tests::write_test_mesh
[INFO] [stdout] 
[INFO] [stdout] test result: FAILED. 0 passed; 14 failed; 0 ignored; 0 measured; 0 filtered out; finished in 0.00s
[INFO] [stdout] 
[INFO] [stderr] error: test failed, to rerun pass `--lib`
[INFO] running `Command { std: "docker" "inspect" "236dfb21f02670a74461f4aed7efec7aa94d50f1a054f21152dddcec9ea6868e", kill_on_drop: false }`
[INFO] running `Command { std: "docker" "rm" "-f" "236dfb21f02670a74461f4aed7efec7aa94d50f1a054f21152dddcec9ea6868e", kill_on_drop: false }`
[INFO] [stdout] 236dfb21f02670a74461f4aed7efec7aa94d50f1a054f21152dddcec9ea6868e
