[INFO] cloning repository https://github.com/jpedrodelacerda/krabby
[INFO] running `Command { std: "git" "-c" "credential.helper=" "-c" "credential.helper=/workspace/cargo-home/bin/git-credential-null" "clone" "--bare" "https://github.com/jpedrodelacerda/krabby" "/workspace/cache/git-repos/https%3A%2F%2Fgithub.com%2Fjpedrodelacerda%2Fkrabby", kill_on_drop: false }`
[INFO] [stderr] Cloning into bare repository '/workspace/cache/git-repos/https%3A%2F%2Fgithub.com%2Fjpedrodelacerda%2Fkrabby'...
[INFO] running `Command { std: "git" "rev-parse" "HEAD", kill_on_drop: false }`
[INFO] [stdout] 68faebc2f0512370663f161664782f29b5d6636b
[INFO] testing jpedrodelacerda/krabby against beta-2024-12-08 for beta-1.84.0-4-retry
[INFO] running `Command { std: "git" "clone" "/workspace/cache/git-repos/https%3A%2F%2Fgithub.com%2Fjpedrodelacerda%2Fkrabby" "/workspace/builds/worker-2-tc2/source", kill_on_drop: false }`
[INFO] [stderr] Cloning into '/workspace/builds/worker-2-tc2/source'...
[INFO] [stderr] done.
[INFO] validating manifest of git repo https://github.com/jpedrodelacerda/krabby on toolchain beta-2024-12-08
[INFO] running `Command { std: CARGO_HOME="/workspace/cargo-home" RUSTUP_HOME="/workspace/rustup-home" "/workspace/cargo-home/bin/cargo" "+beta-2024-12-08" "metadata" "--manifest-path" "Cargo.toml" "--no-deps", kill_on_drop: false }`
[INFO] started tweaking git repo https://github.com/jpedrodelacerda/krabby
[INFO] finished tweaking git repo https://github.com/jpedrodelacerda/krabby
[INFO] tweaked toml for git repo https://github.com/jpedrodelacerda/krabby written to /workspace/builds/worker-2-tc2/source/Cargo.toml
[INFO] crate git repo https://github.com/jpedrodelacerda/krabby already has a lockfile, it will not be regenerated
[INFO] running `Command { std: CARGO_HOME="/workspace/cargo-home" RUSTUP_HOME="/workspace/rustup-home" "/workspace/cargo-home/bin/cargo" "+beta-2024-12-08" "fetch" "--manifest-path" "Cargo.toml", kill_on_drop: false }`
[INFO] running `Command { std: "docker" "create" "-v" "/var/lib/crater-agent-workspace/builds/worker-2-tc2/target:/opt/rustwide/target:rw,Z" "-v" "/var/lib/crater-agent-workspace/builds/worker-2-tc2/source:/opt/rustwide/workdir:ro,Z" "-v" "/var/lib/crater-agent-workspace/cargo-home:/opt/rustwide/cargo-home:ro,Z" "-v" "/var/lib/crater-agent-workspace/rustup-home:/opt/rustwide/rustup-home:ro,Z" "-e" "SOURCE_DIR=/opt/rustwide/workdir" "-e" "CARGO_TARGET_DIR=/opt/rustwide/target" "-e" "CARGO_HOME=/opt/rustwide/cargo-home" "-e" "RUSTUP_HOME=/opt/rustwide/rustup-home" "-w" "/opt/rustwide/workdir" "-m" "1610612736" "--user" "0:0" "--network" "none" "ghcr.io/rust-lang/crates-build-env/linux@sha256:f3a9d4ad9d972b27faf3965f35b62e55ba32bbce8f20bc8fe909558a86702fde" "/opt/rustwide/cargo-home/bin/cargo" "+beta-2024-12-08" "metadata" "--no-deps" "--format-version=1", kill_on_drop: false }`
[INFO] [stdout] a3eb3d430874fe963e63b94726521eb546bf3db178da9f5e03f67e413947790b
[INFO] running `Command { std: "docker" "start" "-a" "a3eb3d430874fe963e63b94726521eb546bf3db178da9f5e03f67e413947790b", kill_on_drop: false }`
[INFO] running `Command { std: "docker" "inspect" "a3eb3d430874fe963e63b94726521eb546bf3db178da9f5e03f67e413947790b", kill_on_drop: false }`
[INFO] running `Command { std: "docker" "rm" "-f" "a3eb3d430874fe963e63b94726521eb546bf3db178da9f5e03f67e413947790b", kill_on_drop: false }`
[INFO] [stdout] a3eb3d430874fe963e63b94726521eb546bf3db178da9f5e03f67e413947790b
[INFO] running `Command { std: "docker" "create" "-v" "/var/lib/crater-agent-workspace/builds/worker-2-tc2/target:/opt/rustwide/target:rw,Z" "-v" "/var/lib/crater-agent-workspace/builds/worker-2-tc2/source:/opt/rustwide/workdir:ro,Z" "-v" "/var/lib/crater-agent-workspace/cargo-home:/opt/rustwide/cargo-home:ro,Z" "-v" "/var/lib/crater-agent-workspace/rustup-home:/opt/rustwide/rustup-home:ro,Z" "-e" "SOURCE_DIR=/opt/rustwide/workdir" "-e" "CARGO_TARGET_DIR=/opt/rustwide/target" "-e" "CARGO_INCREMENTAL=0" "-e" "RUST_BACKTRACE=full" "-e" "RUSTFLAGS=--cap-lints=warn" "-e" "RUSTDOCFLAGS=--cap-lints=warn" "-e" "CARGO_HOME=/opt/rustwide/cargo-home" "-e" "RUSTUP_HOME=/opt/rustwide/rustup-home" "-w" "/opt/rustwide/workdir" "-m" "1610612736" "--user" "0:0" "--network" "none" "ghcr.io/rust-lang/crates-build-env/linux@sha256:f3a9d4ad9d972b27faf3965f35b62e55ba32bbce8f20bc8fe909558a86702fde" "/opt/rustwide/cargo-home/bin/cargo" "+beta-2024-12-08" "build" "--frozen" "--message-format=json", kill_on_drop: false }`
[INFO] [stdout] 56f03c0ee70df80701452eb6b38e2e096150d7df69d824a827bcf4fab9c4a0ae
[INFO] running `Command { std: "docker" "start" "-a" "56f03c0ee70df80701452eb6b38e2e096150d7df69d824a827bcf4fab9c4a0ae", kill_on_drop: false }`
[INFO] [stderr]    Compiling proc-macro2 v1.0.60
[INFO] [stderr]    Compiling libc v0.2.146
[INFO] [stderr]    Compiling quote v1.0.28
[INFO] [stderr]    Compiling unicode-ident v1.0.5
[INFO] [stderr]    Compiling io-lifetimes v1.0.11
[INFO] [stderr]    Compiling syn v1.0.103
[INFO] [stderr]    Compiling rustix v0.37.19
[INFO] [stderr]    Compiling serde_derive v1.0.147
[INFO] [stderr]    Compiling linux-raw-sys v0.3.8
[INFO] [stderr]    Compiling serde v1.0.147
[INFO] [stderr]    Compiling utf8parse v0.2.1
[INFO] [stderr]    Compiling anstyle v1.0.0
[INFO] [stderr]    Compiling anstyle-query v1.0.0
[INFO] [stderr]    Compiling colorchoice v1.0.0
[INFO] [stderr]    Compiling indexmap v1.9.3
[INFO] [stderr]    Compiling clap_lex v0.5.0
[INFO] [stderr]    Compiling anstyle-parse v0.2.0
[INFO] [stderr]    Compiling once_cell v1.16.0
[INFO] [stderr]    Compiling anyhow v1.0.66
[INFO] [stderr]    Compiling heck v0.4.0
[INFO] [stderr]    Compiling owo-colors v3.5.0
[INFO] [stderr]    Compiling syn v2.0.18
[INFO] [stderr]    Compiling dirs-sys v0.3.7
[INFO] [stderr]    Compiling dirs v4.0.0
[INFO] [stderr]    Compiling is-terminal v0.4.7
[INFO] [stderr]    Compiling anstream v0.3.2
[INFO] [stderr]    Compiling clap_builder v4.3.3
[INFO] [stderr]    Compiling clap_derive v4.3.2
[INFO] [stderr]    Compiling clap v4.3.3
[INFO] [stderr]    Compiling toml v0.5.9
[INFO] [stderr]    Compiling krabby-cli v0.1.0 (/opt/rustwide/workdir)
[INFO] [stderr]     Finished `dev` profile [unoptimized + debuginfo] target(s) in 23.06s
[INFO] running `Command { std: "docker" "inspect" "56f03c0ee70df80701452eb6b38e2e096150d7df69d824a827bcf4fab9c4a0ae", kill_on_drop: false }`
[INFO] running `Command { std: "docker" "rm" "-f" "56f03c0ee70df80701452eb6b38e2e096150d7df69d824a827bcf4fab9c4a0ae", kill_on_drop: false }`
[INFO] [stdout] 56f03c0ee70df80701452eb6b38e2e096150d7df69d824a827bcf4fab9c4a0ae
[INFO] running `Command { std: "docker" "create" "-v" "/var/lib/crater-agent-workspace/builds/worker-2-tc2/target:/opt/rustwide/target:rw,Z" "-v" "/var/lib/crater-agent-workspace/builds/worker-2-tc2/source:/opt/rustwide/workdir:ro,Z" "-v" "/var/lib/crater-agent-workspace/cargo-home:/opt/rustwide/cargo-home:ro,Z" "-v" "/var/lib/crater-agent-workspace/rustup-home:/opt/rustwide/rustup-home:ro,Z" "-e" "SOURCE_DIR=/opt/rustwide/workdir" "-e" "CARGO_TARGET_DIR=/opt/rustwide/target" "-e" "CARGO_INCREMENTAL=0" "-e" "RUST_BACKTRACE=full" "-e" "RUSTFLAGS=--cap-lints=warn" "-e" "RUSTDOCFLAGS=--cap-lints=warn" "-e" "CARGO_HOME=/opt/rustwide/cargo-home" "-e" "RUSTUP_HOME=/opt/rustwide/rustup-home" "-w" "/opt/rustwide/workdir" "-m" "1610612736" "--user" "0:0" "--network" "none" "ghcr.io/rust-lang/crates-build-env/linux@sha256:f3a9d4ad9d972b27faf3965f35b62e55ba32bbce8f20bc8fe909558a86702fde" "/opt/rustwide/cargo-home/bin/cargo" "+beta-2024-12-08" "test" "--frozen" "--no-run" "--message-format=json", kill_on_drop: false }`
[INFO] [stdout] ae3ea3f1a3535549439ee4cc1eff0b7b0ed98d5152a90dd150b416a27dd2c878
[INFO] running `Command { std: "docker" "start" "-a" "ae3ea3f1a3535549439ee4cc1eff0b7b0ed98d5152a90dd150b416a27dd2c878", kill_on_drop: false }`
[INFO] [stderr]    Compiling getrandom v0.2.8
[INFO] [stderr]    Compiling rand_core v0.6.4
[INFO] [stderr]    Compiling rand_chacha v0.3.1
[INFO] [stderr]    Compiling rand v0.8.5
[INFO] [stderr]    Compiling krabby-cli v0.1.0 (/opt/rustwide/workdir)
[INFO] [stdout] warning: function `create_random_database_file` is never used
[INFO] [stdout]    --> src/database.rs:279:8
[INFO] [stdout]     |
[INFO] [stdout] 279 |     fn create_random_database_file(path: &str) -> PathBuf {
[INFO] [stdout]     |        ^^^^^^^^^^^^^^^^^^^^^^^^^^^
[INFO] [stdout]     |
[INFO] [stdout]     = note: `#[warn(dead_code)]` on by default
[INFO] [stdout] 
[INFO] [stdout] 
[INFO] [stdout] warning: function `create_random_project` is never used
[INFO] [stdout]    --> src/database.rs:294:8
[INFO] [stdout]     |
[INFO] [stdout] 294 |     fn create_random_project(path: &str) -> (ProjectName, PathBuf) {
[INFO] [stdout]     |        ^^^^^^^^^^^^^^^^^^^^^
[INFO] [stdout] 
[INFO] [stdout] 
[INFO] [stdout] warning: function `remove_file` is never used
[INFO] [stdout]    --> src/database.rs:311:8
[INFO] [stdout]     |
[INFO] [stdout] 311 |     fn remove_file(path: &str) {
[INFO] [stdout]     |        ^^^^^^^^^^^
[INFO] [stdout] 
[INFO] [stdout] 
[INFO] [stdout] warning: function `remove_dir` is never used
[INFO] [stdout]    --> src/database.rs:314:8
[INFO] [stdout]     |
[INFO] [stdout] 314 |     fn remove_dir(path: &str) {
[INFO] [stdout]     |        ^^^^^^^^^^
[INFO] [stdout] 
[INFO] [stdout] 
[INFO] [stdout] warning: function `create_random_project_file` is never used
[INFO] [stdout]    --> src/project.rs:450:8
[INFO] [stdout]     |
[INFO] [stdout] 450 |     fn create_random_project_file() -> (ProjectName, PathBuf) {
[INFO] [stdout]     |        ^^^^^^^^^^^^^^^^^^^^^^^^^^
[INFO] [stdout] 
[INFO] [stdout] 
[INFO] [stderr]     Finished `test` profile [unoptimized + debuginfo] target(s) in 5.06s
[INFO] running `Command { std: "docker" "inspect" "ae3ea3f1a3535549439ee4cc1eff0b7b0ed98d5152a90dd150b416a27dd2c878", kill_on_drop: false }`
[INFO] running `Command { std: "docker" "rm" "-f" "ae3ea3f1a3535549439ee4cc1eff0b7b0ed98d5152a90dd150b416a27dd2c878", kill_on_drop: false }`
[INFO] [stdout] ae3ea3f1a3535549439ee4cc1eff0b7b0ed98d5152a90dd150b416a27dd2c878
[INFO] running `Command { std: "docker" "create" "-v" "/var/lib/crater-agent-workspace/builds/worker-2-tc2/target:/opt/rustwide/target:rw,Z" "-v" "/var/lib/crater-agent-workspace/builds/worker-2-tc2/source:/opt/rustwide/workdir:ro,Z" "-v" "/var/lib/crater-agent-workspace/cargo-home:/opt/rustwide/cargo-home:ro,Z" "-v" "/var/lib/crater-agent-workspace/rustup-home:/opt/rustwide/rustup-home:ro,Z" "-e" "SOURCE_DIR=/opt/rustwide/workdir" "-e" "CARGO_TARGET_DIR=/opt/rustwide/target" "-e" "CARGO_INCREMENTAL=0" "-e" "RUST_BACKTRACE=full" "-e" "RUSTFLAGS=--cap-lints=warn" "-e" "RUSTDOCFLAGS=--cap-lints=warn" "-e" "CARGO_HOME=/opt/rustwide/cargo-home" "-e" "RUSTUP_HOME=/opt/rustwide/rustup-home" "-w" "/opt/rustwide/workdir" "-m" "1610612736" "--user" "0:0" "--network" "none" "ghcr.io/rust-lang/crates-build-env/linux@sha256:f3a9d4ad9d972b27faf3965f35b62e55ba32bbce8f20bc8fe909558a86702fde" "/opt/rustwide/cargo-home/bin/cargo" "+beta-2024-12-08" "test" "--frozen", kill_on_drop: false }`
[INFO] [stdout] b62cbdb06adaaa662a4257e996cd0a0f8f954af920fa15fc64f64f866c45f2a9
[INFO] running `Command { std: "docker" "start" "-a" "b62cbdb06adaaa662a4257e996cd0a0f8f954af920fa15fc64f64f866c45f2a9", kill_on_drop: false }`
[INFO] [stderr] warning: function `create_random_database_file` is never used
[INFO] [stderr]    --> src/database.rs:279:8
[INFO] [stderr]     |
[INFO] [stderr] 279 |     fn create_random_database_file(path: &str) -> PathBuf {
[INFO] [stderr]     |        ^^^^^^^^^^^^^^^^^^^^^^^^^^^
[INFO] [stderr]     |
[INFO] [stderr]     = note: `#[warn(dead_code)]` on by default
[INFO] [stderr] 
[INFO] [stderr] warning: function `create_random_project` is never used
[INFO] [stderr]    --> src/database.rs:294:8
[INFO] [stderr]     |
[INFO] [stderr] 294 |     fn create_random_project(path: &str) -> (ProjectName, PathBuf) {
[INFO] [stderr]     |        ^^^^^^^^^^^^^^^^^^^^^
[INFO] [stderr] 
[INFO] [stderr] warning: function `remove_file` is never used
[INFO] [stderr]    --> src/database.rs:311:8
[INFO] [stderr]     |
[INFO] [stderr] 311 |     fn remove_file(path: &str) {
[INFO] [stderr]     |        ^^^^^^^^^^^
[INFO] [stderr] 
[INFO] [stderr] warning: function `remove_dir` is never used
[INFO] [stderr]    --> src/database.rs:314:8
[INFO] [stderr]     |
[INFO] [stderr] 314 |     fn remove_dir(path: &str) {
[INFO] [stderr]     |        ^^^^^^^^^^
[INFO] [stderr] 
[INFO] [stderr] warning: function `create_random_project_file` is never used
[INFO] [stderr]    --> src/project.rs:450:8
[INFO] [stderr]     |
[INFO] [stderr] 450 |     fn create_random_project_file() -> (ProjectName, PathBuf) {
[INFO] [stderr]     |        ^^^^^^^^^^^^^^^^^^^^^^^^^^
[INFO] [stderr] 
[INFO] [stderr] warning: `krabby-cli` (lib test) generated 5 warnings
[INFO] [stderr]     Finished `test` profile [unoptimized + debuginfo] target(s) in 0.22s
[INFO] [stderr]      Running unittests src/lib.rs (/opt/rustwide/target/debug/deps/krabby_cli-c72448c2e313f129)
[INFO] [stdout] 
[INFO] [stdout] running 24 tests
[INFO] [stdout] test project::test::project_list_hook_file_parsed_successfully ... ok
[INFO] [stdout] test project::test::empty_project_file_parsed_successfully ... ok
[INFO] [stdout] test database::tests::parse_database_successfully ... ok
[INFO] [stdout] test database::tests::database_is_initialized_empty ... ok
[INFO] [stdout] test project::test::project_initializes_with_no_script ... ok
[INFO] [stdout] test project::test::project_file_with_scripts_is_parsed_successfully ... ok
[INFO] [stdout] test database::tests::add_project_to_database_successfully ... ok
[INFO] [stdout] test script::test::script_command_defaults_to_hi ... ok
[INFO] [stdout] test project::test::project_simple_hook_file_parsed_successfully ... ok
[INFO] [stdout] test script::test::valid_inputs_creates_valid_script ... ok
[INFO] [stdout] test shell::tests::script_is_not_empty ... ok
[INFO] [stdout] test project::test::remove_existing_script_from_project ... ok
[INFO] [stdout] test database::tests::remove_project_from_empty_database - should panic ... ok
[INFO] [stdout] test project::test::project_fails_to_add_invalid_hook_successfully - should panic ... ok
[INFO] [stdout] test project::test::project_name_cannot_be_empty - should panic ... ok
[INFO] [stdout] test project::test::project_name_cannot_be_blank - should panic ... ok
[INFO] [stdout] test project::test::project_name_cannot_be_over_20_characters - should panic ... ok
[INFO] [stdout] test project::test::project_fails_to_parse_invalid_hook - should panic ... ok
[INFO] [stdout] test project::test::project_name_cannot_contain_forbidden_characters ... ok
[INFO] [stdout] test database::tests::remove_existing_project_from_database ... FAILED
[INFO] [stdout] test script::test::script_name_cannot_be_blank - should panic ... ok
[INFO] [stdout] test script::test::script_name_cannot_be_empty - should panic ... ok
[INFO] [stdout] test script::test::script_name_cannot_be_over_20_characters - should panic ... ok
[INFO] [stdout] test script::test::script_name_cannot_contain_forbidden_characters ... ok
[INFO] [stdout] 
[INFO] [stdout] failures:
[INFO] [stdout] 
[INFO] [stdout] ---- database::tests::remove_existing_project_from_database stdout ----
[INFO] [stdout] thread 'database::tests::remove_existing_project_from_database' panicked at src/database.rs:133:13:
[INFO] [stdout] Failed to save database at ./krabby.db
[INFO] [stdout] stack backtrace:
[INFO] [stdout]    0:     0x583f1e2b774a - std::backtrace_rs::backtrace::libunwind::trace::h8810477743020387
[INFO] [stdout]                                at /rustc/202008a1b8de96d2e5b6bc02d379db03a877d34d/library/std/src/../../backtrace/src/backtrace/libunwind.rs:116:5
[INFO] [stdout]    1:     0x583f1e2b774a - std::backtrace_rs::backtrace::trace_unsynchronized::h3aa55355dd6c54a6
[INFO] [stdout]                                at /rustc/202008a1b8de96d2e5b6bc02d379db03a877d34d/library/std/src/../../backtrace/src/backtrace/mod.rs:66:5
[INFO] [stdout]    2:     0x583f1e2b774a - std::sys::backtrace::_print_fmt::h8588b0f62410823f
[INFO] [stdout]                                at /rustc/202008a1b8de96d2e5b6bc02d379db03a877d34d/library/std/src/sys/backtrace.rs:66:9
[INFO] [stdout]    3:     0x583f1e2b774a - <std::sys::backtrace::BacktraceLock::print::DisplayBacktrace as core::fmt::Display>::fmt::h98c26ac25ffe89bb
[INFO] [stdout]                                at /rustc/202008a1b8de96d2e5b6bc02d379db03a877d34d/library/std/src/sys/backtrace.rs:39:26
[INFO] [stdout]    4:     0x583f1e2de683 - core::fmt::rt::Argument::fmt::hf95377f4aebd453b
[INFO] [stdout]                                at /rustc/202008a1b8de96d2e5b6bc02d379db03a877d34d/library/core/src/fmt/rt.rs:177:76
[INFO] [stdout]    5:     0x583f1e2de683 - core::fmt::write::h0dd5f6e2238c7982
[INFO] [stdout]                                at /rustc/202008a1b8de96d2e5b6bc02d379db03a877d34d/library/core/src/fmt/mod.rs:1189:21
[INFO] [stdout]    6:     0x583f1e2b4853 - std::io::Write::write_fmt::h03bb0ca26e6faf8c
[INFO] [stdout]                                at /rustc/202008a1b8de96d2e5b6bc02d379db03a877d34d/library/std/src/io/mod.rs:1884:15
[INFO] [stdout]    7:     0x583f1e2b7592 - std::sys::backtrace::BacktraceLock::print::h5c19c1c038ee186d
[INFO] [stdout]                                at /rustc/202008a1b8de96d2e5b6bc02d379db03a877d34d/library/std/src/sys/backtrace.rs:42:9
[INFO] [stdout]    8:     0x583f1e2b8bcd - std::panicking::default_hook::{{closure}}::h77172f079a1fcb13
[INFO] [stdout]                                at /rustc/202008a1b8de96d2e5b6bc02d379db03a877d34d/library/std/src/panicking.rs:268:22
[INFO] [stdout]    9:     0x583f1e2b89d7 - std::panicking::default_hook::he5f8e3b203ccddba
[INFO] [stdout]                                at /rustc/202008a1b8de96d2e5b6bc02d379db03a877d34d/library/std/src/panicking.rs:292:9
[INFO] [stdout]   10:     0x583f1e236067 - <alloc::boxed::Box<F,A> as core::ops::function::Fn<Args>>::call::h7a3c7b4a1ae77f2f
[INFO] [stdout]                                at /rustc/202008a1b8de96d2e5b6bc02d379db03a877d34d/library/alloc/src/boxed.rs:1986:9
[INFO] [stdout]   11:     0x583f1e236067 - test::test_main::{{closure}}::hf0d3b69ae9b353d1
[INFO] [stdout]                                at /rustc/202008a1b8de96d2e5b6bc02d379db03a877d34d/library/test/src/lib.rs:134:21
[INFO] [stdout]   12:     0x583f1e2b9278 - <alloc::boxed::Box<F,A> as core::ops::function::Fn<Args>>::call::h6332e82e7b189abd
[INFO] [stdout]                                at /rustc/202008a1b8de96d2e5b6bc02d379db03a877d34d/library/alloc/src/boxed.rs:1986:9
[INFO] [stdout]   13:     0x583f1e2b9278 - std::panicking::rust_panic_with_hook::h53863d4e9018df39
[INFO] [stdout]                                at /rustc/202008a1b8de96d2e5b6bc02d379db03a877d34d/library/std/src/panicking.rs:809:13
[INFO] [stdout]   14:     0x583f1e2b903a - std::panicking::begin_panic_handler::{{closure}}::h67280e6fa0757873
[INFO] [stdout]                                at /rustc/202008a1b8de96d2e5b6bc02d379db03a877d34d/library/std/src/panicking.rs:674:13
[INFO] [stdout]   15:     0x583f1e2b7c29 - std::sys::backtrace::__rust_end_short_backtrace::h1dac3f54d6fbbeb2
[INFO] [stdout]                                at /rustc/202008a1b8de96d2e5b6bc02d379db03a877d34d/library/std/src/sys/backtrace.rs:170:18
[INFO] [stdout]   16:     0x583f1e2b8ccc - rust_begin_unwind
[INFO] [stdout]                                at /rustc/202008a1b8de96d2e5b6bc02d379db03a877d34d/library/std/src/panicking.rs:665:5
[INFO] [stdout]   17:     0x583f1e172140 - core::panicking::panic_fmt::h6792bd1b2bf01041
[INFO] [stdout]                                at /rustc/202008a1b8de96d2e5b6bc02d379db03a877d34d/library/core/src/panicking.rs:76:14
[INFO] [stdout]   18:     0x583f1e199519 - krabby_cli::database::Database::save::{{closure}}::ha551efd51b4a9c56
[INFO] [stdout]                                at /opt/rustwide/workdir/src/database.rs:133:13
[INFO] [stdout]   19:     0x583f1e1b10e1 - core::result::Result<T,E>::unwrap_or_else::h4b37c50816f8b409
[INFO] [stdout]                                at /rustc/202008a1b8de96d2e5b6bc02d379db03a877d34d/library/core/src/result.rs:1458:23
[INFO] [stdout]   20:     0x583f1e199287 - krabby_cli::database::Database::save::hb0bbb558c81096e2
[INFO] [stdout]                                at /opt/rustwide/workdir/src/database.rs:132:9
[INFO] [stdout]   21:     0x583f1e1c386e - krabby_cli::database::tests::remove_existing_project_from_database::h1c1e0175c996fa7d
[INFO] [stdout]                                at /opt/rustwide/workdir/src/database.rs:243:9
[INFO] [stdout]   22:     0x583f1e1c3797 - krabby_cli::database::tests::remove_existing_project_from_database::{{closure}}::h35bc42b453a46196
[INFO] [stdout]                                at /opt/rustwide/workdir/src/database.rs:235:47
[INFO] [stdout]   23:     0x583f1e18f3d6 - core::ops::function::FnOnce::call_once::h157eacaab3273fcd
[INFO] [stdout]                                at /rustc/202008a1b8de96d2e5b6bc02d379db03a877d34d/library/core/src/ops/function.rs:250:5
[INFO] [stdout]   24:     0x583f1e23ab8b - core::ops::function::FnOnce::call_once::h871bf86719ec9aa4
[INFO] [stdout]                                at /rustc/202008a1b8de96d2e5b6bc02d379db03a877d34d/library/core/src/ops/function.rs:250:5
[INFO] [stdout]   25:     0x583f1e23ab8b - test::__rust_begin_short_backtrace::h2167df1e2b7d76fd
[INFO] [stdout]                                at /rustc/202008a1b8de96d2e5b6bc02d379db03a877d34d/library/test/src/lib.rs:632:18
[INFO] [stdout]   26:     0x583f1e23a578 - test::run_test_in_process::{{closure}}::h15d92f75a3adfb79
[INFO] [stdout]                                at /rustc/202008a1b8de96d2e5b6bc02d379db03a877d34d/library/test/src/lib.rs:655:60
[INFO] [stdout]   27:     0x583f1e23a578 - <core::panic::unwind_safe::AssertUnwindSafe<F> as core::ops::function::FnOnce<()>>::call_once::hb6c8955835a8dbbb
[INFO] [stdout]                                at /rustc/202008a1b8de96d2e5b6bc02d379db03a877d34d/library/core/src/panic/unwind_safe.rs:272:9
[INFO] [stdout]   28:     0x583f1e23a578 - std::panicking::try::do_call::hc79d0fc888a0bd30
[INFO] [stdout]                                at /rustc/202008a1b8de96d2e5b6bc02d379db03a877d34d/library/std/src/panicking.rs:557:40
[INFO] [stdout]   29:     0x583f1e23a578 - std::panicking::try::hb8a7878e3a8589d6
[INFO] [stdout]                                at /rustc/202008a1b8de96d2e5b6bc02d379db03a877d34d/library/std/src/panicking.rs:520:19
[INFO] [stdout]   30:     0x583f1e23a578 - std::panic::catch_unwind::hb8e4600ff0ff5cfa
[INFO] [stdout]                                at /rustc/202008a1b8de96d2e5b6bc02d379db03a877d34d/library/std/src/panic.rs:358:14
[INFO] [stdout]   31:     0x583f1e23a578 - test::run_test_in_process::hc2900b0b18688dd6
[INFO] [stdout]                                at /rustc/202008a1b8de96d2e5b6bc02d379db03a877d34d/library/test/src/lib.rs:655:27
[INFO] [stdout]   32:     0x583f1e23a578 - test::run_test::{{closure}}::hac2a9cb07be3d48d
[INFO] [stdout]                                at /rustc/202008a1b8de96d2e5b6bc02d379db03a877d34d/library/test/src/lib.rs:576:43
[INFO] [stdout]   33:     0x583f1e1fe01a - test::run_test::{{closure}}::h4a5b729e66a38cd8
[INFO] [stdout]                                at /rustc/202008a1b8de96d2e5b6bc02d379db03a877d34d/library/test/src/lib.rs:606:41
[INFO] [stdout]   34:     0x583f1e1fe01a - std::sys::backtrace::__rust_begin_short_backtrace::h0496fb742492f573
[INFO] [stdout]                                at /rustc/202008a1b8de96d2e5b6bc02d379db03a877d34d/library/std/src/sys/backtrace.rs:154:18
[INFO] [stdout]   35:     0x583f1e201994 - std::thread::Builder::spawn_unchecked_::{{closure}}::{{closure}}::hbb6d257c550a54bd
[INFO] [stdout]                                at /rustc/202008a1b8de96d2e5b6bc02d379db03a877d34d/library/std/src/thread/mod.rs:561:17
[INFO] [stdout]   36:     0x583f1e201994 - <core::panic::unwind_safe::AssertUnwindSafe<F> as core::ops::function::FnOnce<()>>::call_once::h46696fe4a6832328
[INFO] [stdout]                                at /rustc/202008a1b8de96d2e5b6bc02d379db03a877d34d/library/core/src/panic/unwind_safe.rs:272:9
[INFO] [stdout]   37:     0x583f1e201994 - std::panicking::try::do_call::h2625a51b667bfb64
[INFO] [stdout]                                at /rustc/202008a1b8de96d2e5b6bc02d379db03a877d34d/library/std/src/panicking.rs:557:40
[INFO] [stdout]   38:     0x583f1e201994 - std::panicking::try::hb956a59a1973aa4c
[INFO] [stdout]                                at /rustc/202008a1b8de96d2e5b6bc02d379db03a877d34d/library/std/src/panicking.rs:520:19
[INFO] [stdout]   39:     0x583f1e201994 - std::panic::catch_unwind::h64f3b9d1067ef6a0
[INFO] [stdout]                                at /rustc/202008a1b8de96d2e5b6bc02d379db03a877d34d/library/std/src/panic.rs:358:14
[INFO] [stdout]   40:     0x583f1e201994 - std::thread::Builder::spawn_unchecked_::{{closure}}::h42b2841295b6c0b2
[INFO] [stdout]                                at /rustc/202008a1b8de96d2e5b6bc02d379db03a877d34d/library/std/src/thread/mod.rs:559:30
[INFO] [stdout]   41:     0x583f1e201994 - core::ops::function::FnOnce::call_once{{vtable.shim}}::h6127de71b8124639
[INFO] [stdout]                                at /rustc/202008a1b8de96d2e5b6bc02d379db03a877d34d/library/core/src/ops/function.rs:250:5
[INFO] [stdout]   42:     0x583f1e2bd2ab - <alloc::boxed::Box<F,A> as core::ops::function::FnOnce<Args>>::call_once::h42f0ba71002a1b2c
[INFO] [stdout]                                at /rustc/202008a1b8de96d2e5b6bc02d379db03a877d34d/library/alloc/src/boxed.rs:1972:9
[INFO] [stdout]   43:     0x583f1e2bd2ab - <alloc::boxed::Box<F,A> as core::ops::function::FnOnce<Args>>::call_once::had9e47d7a3dcecb8
[INFO] [stdout]                                at /rustc/202008a1b8de96d2e5b6bc02d379db03a877d34d/library/alloc/src/boxed.rs:1972:9
[INFO] [stdout]   44:     0x583f1e2bd2ab - std::sys::pal::unix::thread::Thread::new::thread_start::h48cf765408f6f5f2
[INFO] [stdout]                                at /rustc/202008a1b8de96d2e5b6bc02d379db03a877d34d/library/std/src/sys/pal/unix/thread.rs:105:17
[INFO] [stdout]   45:     0x7da777774ac3 - <unknown>
[INFO] [stdout]   46:     0x7da777805a04 - clone
[INFO] [stdout]   47:                0x0 - <unknown>
[INFO] [stdout] 
[INFO] [stdout] 
[INFO] [stdout] failures:
[INFO] [stdout]     database::tests::remove_existing_project_from_database
[INFO] [stdout] 
[INFO] [stdout] test result: FAILED. 23 passed; 1 failed; 0 ignored; 0 measured; 0 filtered out; finished in 0.07s
[INFO] [stdout] 
[INFO] [stderr] error: test failed, to rerun pass `--lib`
[INFO] running `Command { std: "docker" "inspect" "b62cbdb06adaaa662a4257e996cd0a0f8f954af920fa15fc64f64f866c45f2a9", kill_on_drop: false }`
[INFO] running `Command { std: "docker" "rm" "-f" "b62cbdb06adaaa662a4257e996cd0a0f8f954af920fa15fc64f64f866c45f2a9", kill_on_drop: false }`
[INFO] [stdout] b62cbdb06adaaa662a4257e996cd0a0f8f954af920fa15fc64f64f866c45f2a9
