[INFO] cloning repository https://github.com/joshradin/relational-search
[INFO] running `Command { std: "git" "-c" "credential.helper=" "-c" "credential.helper=/workspace/cargo-home/bin/git-credential-null" "clone" "--bare" "https://github.com/joshradin/relational-search" "/workspace/cache/git-repos/https%3A%2F%2Fgithub.com%2Fjoshradin%2Frelational-search", kill_on_drop: false }`
[INFO] [stderr] Cloning into bare repository '/workspace/cache/git-repos/https%3A%2F%2Fgithub.com%2Fjoshradin%2Frelational-search'...
[INFO] running `Command { std: "git" "rev-parse" "HEAD", kill_on_drop: false }`
[INFO] [stdout] c485bf218d8a59c53c78bbfd29e44b6a91f0d585
[INFO] testing joshradin/relational-search against beta-2024-12-08 for beta-1.84.0-4-retry
[INFO] running `Command { std: "git" "clone" "/workspace/cache/git-repos/https%3A%2F%2Fgithub.com%2Fjoshradin%2Frelational-search" "/workspace/builds/worker-2-tc2/source", kill_on_drop: false }`
[INFO] [stderr] Cloning into '/workspace/builds/worker-2-tc2/source'...
[INFO] [stderr] done.
[INFO] validating manifest of git repo https://github.com/joshradin/relational-search on toolchain beta-2024-12-08
[INFO] running `Command { std: CARGO_HOME="/workspace/cargo-home" RUSTUP_HOME="/workspace/rustup-home" "/workspace/cargo-home/bin/cargo" "+beta-2024-12-08" "metadata" "--manifest-path" "Cargo.toml" "--no-deps", kill_on_drop: false }`
[INFO] started tweaking git repo https://github.com/joshradin/relational-search
[INFO] finished tweaking git repo https://github.com/joshradin/relational-search
[INFO] tweaked toml for git repo https://github.com/joshradin/relational-search written to /workspace/builds/worker-2-tc2/source/Cargo.toml
[INFO] crate git repo https://github.com/joshradin/relational-search already has a lockfile, it will not be regenerated
[INFO] running `Command { std: CARGO_HOME="/workspace/cargo-home" RUSTUP_HOME="/workspace/rustup-home" "/workspace/cargo-home/bin/cargo" "+beta-2024-12-08" "fetch" "--manifest-path" "Cargo.toml", kill_on_drop: false }`
[INFO] running `Command { std: "docker" "create" "-v" "/var/lib/crater-agent-workspace/builds/worker-2-tc2/target:/opt/rustwide/target:rw,Z" "-v" "/var/lib/crater-agent-workspace/builds/worker-2-tc2/source:/opt/rustwide/workdir:ro,Z" "-v" "/var/lib/crater-agent-workspace/cargo-home:/opt/rustwide/cargo-home:ro,Z" "-v" "/var/lib/crater-agent-workspace/rustup-home:/opt/rustwide/rustup-home:ro,Z" "-e" "SOURCE_DIR=/opt/rustwide/workdir" "-e" "CARGO_TARGET_DIR=/opt/rustwide/target" "-e" "CARGO_HOME=/opt/rustwide/cargo-home" "-e" "RUSTUP_HOME=/opt/rustwide/rustup-home" "-w" "/opt/rustwide/workdir" "-m" "1610612736" "--user" "0:0" "--network" "none" "ghcr.io/rust-lang/crates-build-env/linux@sha256:f3a9d4ad9d972b27faf3965f35b62e55ba32bbce8f20bc8fe909558a86702fde" "/opt/rustwide/cargo-home/bin/cargo" "+beta-2024-12-08" "metadata" "--no-deps" "--format-version=1", kill_on_drop: false }`
[INFO] [stdout] d08c99d9101ca03b92398948bd1a39aa49d6ddff474bb8b8b07df2030a3264bb
[INFO] running `Command { std: "docker" "start" "-a" "d08c99d9101ca03b92398948bd1a39aa49d6ddff474bb8b8b07df2030a3264bb", kill_on_drop: false }`
[INFO] running `Command { std: "docker" "inspect" "d08c99d9101ca03b92398948bd1a39aa49d6ddff474bb8b8b07df2030a3264bb", kill_on_drop: false }`
[INFO] running `Command { std: "docker" "rm" "-f" "d08c99d9101ca03b92398948bd1a39aa49d6ddff474bb8b8b07df2030a3264bb", kill_on_drop: false }`
[INFO] [stdout] d08c99d9101ca03b92398948bd1a39aa49d6ddff474bb8b8b07df2030a3264bb
[INFO] running `Command { std: "docker" "create" "-v" "/var/lib/crater-agent-workspace/builds/worker-2-tc2/target:/opt/rustwide/target:rw,Z" "-v" "/var/lib/crater-agent-workspace/builds/worker-2-tc2/source:/opt/rustwide/workdir:ro,Z" "-v" "/var/lib/crater-agent-workspace/cargo-home:/opt/rustwide/cargo-home:ro,Z" "-v" "/var/lib/crater-agent-workspace/rustup-home:/opt/rustwide/rustup-home:ro,Z" "-e" "SOURCE_DIR=/opt/rustwide/workdir" "-e" "CARGO_TARGET_DIR=/opt/rustwide/target" "-e" "CARGO_INCREMENTAL=0" "-e" "RUST_BACKTRACE=full" "-e" "RUSTFLAGS=--cap-lints=warn" "-e" "RUSTDOCFLAGS=--cap-lints=warn" "-e" "CARGO_HOME=/opt/rustwide/cargo-home" "-e" "RUSTUP_HOME=/opt/rustwide/rustup-home" "-w" "/opt/rustwide/workdir" "-m" "1610612736" "--user" "0:0" "--network" "none" "ghcr.io/rust-lang/crates-build-env/linux@sha256:f3a9d4ad9d972b27faf3965f35b62e55ba32bbce8f20bc8fe909558a86702fde" "/opt/rustwide/cargo-home/bin/cargo" "+beta-2024-12-08" "build" "--frozen" "--message-format=json", kill_on_drop: false }`
[INFO] [stdout] d3fd48a8abac361210804226c1ee40e17d769dfc246c8cb83d3e5fe54b1e8c03
[INFO] running `Command { std: "docker" "start" "-a" "d3fd48a8abac361210804226c1ee40e17d769dfc246c8cb83d3e5fe54b1e8c03", kill_on_drop: false }`
[INFO] [stderr]    Compiling proc-macro2 v1.0.66
[INFO] [stderr]    Compiling unicode-ident v1.0.12
[INFO] [stderr]    Compiling autocfg v1.1.0
[INFO] [stderr]    Compiling cfg-if v1.0.0
[INFO] [stderr]    Compiling libc v0.2.147
[INFO] [stderr]    Compiling serde v1.0.188
[INFO] [stderr]    Compiling version_check v0.9.4
[INFO] [stderr]    Compiling scopeguard v1.2.0
[INFO] [stderr]    Compiling futures-core v0.3.28
[INFO] [stderr]    Compiling crossbeam-utils v0.8.16
[INFO] [stderr]    Compiling pin-project-lite v0.2.13
[INFO] [stderr]    Compiling semver v1.0.18
[INFO] [stderr]    Compiling typenum v1.16.0
[INFO] [stderr]    Compiling parking_lot_core v0.9.8
[INFO] [stderr]    Compiling memchr v2.6.3
[INFO] [stderr]    Compiling futures-io v0.3.28
[INFO] [stderr]    Compiling futures-channel v0.3.28
[INFO] [stderr]    Compiling futures-sink v0.3.28
[INFO] [stderr]    Compiling futures-task v0.3.28
[INFO] [stderr]    Compiling smallvec v1.11.0
[INFO] [stderr]    Compiling event-listener v2.5.3
[INFO] [stderr]    Compiling lock_api v0.4.10
[INFO] [stderr]    Compiling num-traits v0.2.16
[INFO] [stderr]    Compiling slab v0.4.9
[INFO] [stderr]    Compiling memoffset v0.9.0
[INFO] [stderr]    Compiling crossbeam-epoch v0.9.15
[INFO] [stderr]    Compiling generic-array v0.14.7
[INFO] [stderr]    Compiling proc-macro-error-attr v1.0.4
[INFO] [stderr]    Compiling subtle v2.5.0
[INFO] [stderr]    Compiling futures-util v0.3.28
[INFO] [stderr]    Compiling byteorder v1.4.3
[INFO] [stderr]    Compiling syn v1.0.109
[INFO] [stderr]    Compiling proc-macro-error v1.0.4
[INFO] [stderr]    Compiling num-integer v0.1.45
[INFO] [stderr]    Compiling rustc_version v0.4.0
[INFO] [stderr]    Compiling parking v2.1.0
[INFO] [stderr]    Compiling pin-utils v0.1.0
[INFO] [stderr]    Compiling once_cell v1.18.0
[INFO] [stderr]    Compiling fastrand v1.9.0
[INFO] [stderr]    Compiling crossbeam-queue v0.3.8
[INFO] [stderr]    Compiling bytes v1.5.0
[INFO] [stderr]    Compiling utf8parse v0.2.1
[INFO] [stderr]    Compiling rustix v0.38.13
[INFO] [stderr]    Compiling ppv-lite86 v0.2.17
[INFO] [stderr]    Compiling thiserror v1.0.48
[INFO] [stderr]    Compiling waker-fn v1.1.0
[INFO] [stderr]    Compiling concurrent-queue v2.2.0
[INFO] [stderr]    Compiling anstyle-parse v0.2.1
[INFO] [stderr]    Compiling hash32 v0.2.1
[INFO] [stderr]    Compiling futures-lite v1.13.0
[INFO] [stderr]    Compiling quote v1.0.33
[INFO] [stderr]    Compiling heapless v0.7.16
[INFO] [stderr]    Compiling async-channel v1.9.0
[INFO] [stderr]    Compiling interprocess v1.2.1
[INFO] [stderr]    Compiling getrandom v0.2.10
[INFO] [stderr]    Compiling syn v2.0.32
[INFO] [stderr]    Compiling rand_core v0.6.4
[INFO] [stderr]    Compiling socket2 v0.5.4
[INFO] [stderr]    Compiling signal-hook-registry v1.4.1
[INFO] [stderr]    Compiling mio v0.8.8
[INFO] [stderr]    Compiling num_cpus v1.16.0
[INFO] [stderr]    Compiling parking_lot v0.12.1
[INFO] [stderr]    Compiling rand_chacha v0.3.1
[INFO] [stderr]    Compiling spin v0.9.8
[INFO] [stderr]    Compiling async-lock v2.8.0
[INFO] [stderr]    Compiling num-bigint v0.4.4
[INFO] [stderr]    Compiling anstyle-query v1.0.0
[INFO] [stderr]    Compiling atomic-waker v1.1.1
[INFO] [stderr]    Compiling async-trait v0.1.73
[INFO] [stderr]    Compiling linux-raw-sys v0.4.7
[INFO] [stderr]    Compiling base64ct v1.6.0
[INFO] [stderr]    Compiling colorchoice v1.0.0
[INFO] [stderr]    Compiling async-task v4.4.0
[INFO] [stderr]    Compiling anstyle v1.0.3
[INFO] [stderr]    Compiling stable_deref_trait v1.2.0
[INFO] [stderr]    Compiling rand v0.8.5
[INFO] [stderr]    Compiling anstream v0.5.0
[INFO] [stderr]    Compiling crossbeam-deque v0.8.3
[INFO] [stderr]    Compiling crossbeam-channel v0.5.8
[INFO] [stderr]    Compiling spinning v0.1.0
[INFO] [stderr]    Compiling heck v0.4.1
[INFO] [stderr]    Compiling block-buffer v0.10.4
[INFO] [stderr]    Compiling crypto-common v0.1.6
[INFO] [stderr]    Compiling base64 v0.21.4
[INFO] [stderr]    Compiling password-hash v0.5.0
[INFO] [stderr]    Compiling strsim v0.10.0
[INFO] [stderr]    Compiling digest v0.10.7
[INFO] [stderr]    Compiling intmap v0.7.1
[INFO] [stderr]    Compiling anyhow v1.0.75
[INFO] [stderr]    Compiling itertools v0.4.19
[INFO] [stderr]    Compiling cobs v0.2.3
[INFO] [stderr]    Compiling fastrand v2.0.0
[INFO] [stderr]    Compiling blake2 v0.10.6
[INFO] [stderr]    Compiling clap_lex v0.5.1
[INFO] [stderr]    Compiling arrayvec v0.5.2
[INFO] [stderr]    Compiling equivalent v1.0.1
[INFO] [stderr]    Compiling zeroize v1.6.0
[INFO] [stderr]    Compiling to_method v1.1.0
[INFO] [stderr]    Compiling cpufeatures v0.2.9
[INFO] [stderr]    Compiling hashbrown v0.14.0
[INFO] [stderr]    Compiling clap_builder v4.4.2
[INFO] [stderr]    Compiling crossbeam v0.8.2
[INFO] [stderr]    Compiling secrecy v0.8.0
[INFO] [stderr]    Compiling uuid v1.4.1
[INFO] [stderr]    Compiling argon2 v0.5.2
[INFO] [stderr]    Compiling memmap v0.7.0
[INFO] [stderr]    Compiling tracing-core v0.1.31
[INFO] [stderr]    Compiling unsafe-libyaml v0.2.9
[INFO] [stderr]    Compiling iter-read v0.3.1
[INFO] [stderr]    Compiling hexdump v0.1.1
[INFO] [stderr]    Compiling itoa v1.0.9
[INFO] [stderr]    Compiling bitfield v0.14.0
[INFO] [stderr]    Compiling static_assertions v1.1.0
[INFO] [stderr]    Compiling ryu v1.0.15
[INFO] [stderr]    Compiling humantime v2.1.0
[INFO] [stderr]    Compiling indexmap v2.0.0
[INFO] [stderr]    Compiling merge_derive v0.1.0
[INFO] [stderr]    Compiling merge v0.1.0
[INFO] [stderr]    Compiling serde_derive v1.0.188
[INFO] [stderr]    Compiling tokio-macros v2.1.0
[INFO] [stderr]    Compiling futures-macro v0.3.28
[INFO] [stderr]    Compiling thiserror-impl v1.0.48
[INFO] [stderr]    Compiling async-stream-impl v0.3.5
[INFO] [stderr]    Compiling tracing-attributes v0.1.26
[INFO] [stderr]    Compiling clap_derive v4.4.2
[INFO] [stderr]    Compiling tokio v1.32.0
[INFO] [stderr]    Compiling async-stream v0.3.5
[INFO] [stderr]    Compiling clap v4.4.3
[INFO] [stderr]    Compiling futures-executor v0.3.28
[INFO] [stderr]    Compiling futures v0.3.28
[INFO] [stderr]    Compiling tokio-util v0.7.8
[INFO] [stderr]    Compiling log v0.4.20
[INFO] [stderr]    Compiling bitflags v2.4.0
[INFO] [stderr]    Compiling num-bigfloat v1.7.0
[INFO] [stderr]    Compiling serde-pickle v1.1.1
[INFO] [stderr]    Compiling serde_yaml v0.9.25
[INFO] [stderr]    Compiling ron v0.8.1
[INFO] [stderr]    Compiling blocking v1.3.1
[INFO] [stderr]    Compiling fern v0.6.2
[INFO] [stderr]    Compiling tracing v0.1.37
[INFO] [stderr]    Compiling postcard v1.0.7
[INFO] [stderr]    Compiling tempfile v3.8.0
[INFO] [stderr]    Compiling docatlas-core v0.1.0 (/opt/rustwide/workdir/crates/docatlas-core)
[INFO] [stdout] warning: unused import: `Salt`
[INFO] [stdout]  --> crates/docatlas-core/src/auth/authentication.rs:3:49
[INFO] [stdout]   |
[INFO] [stdout] 3 | use argon2::password_hash::{PasswordHashString, Salt, SaltString};
[INFO] [stdout]   |                                                 ^^^^
[INFO] [stdout]   |
[INFO] [stdout]   = note: `#[warn(unused_imports)]` on by default
[INFO] [stdout] 
[INFO] [stdout] 
[INFO] [stdout] warning: unused imports: `PasswordHash` and `PasswordVerifier`
[INFO] [stdout]  --> crates/docatlas-core/src/auth/authentication.rs:4:14
[INFO] [stdout]   |
[INFO] [stdout] 4 | use argon2::{PasswordHash, PasswordHasher, PasswordVerifier};
[INFO] [stdout]   |              ^^^^^^^^^^^^                  ^^^^^^^^^^^^^^^^
[INFO] [stdout] 
[INFO] [stdout] 
[INFO] [stdout] warning: unused imports: `ExposeSecret` and `SecretVec`
[INFO] [stdout]  --> crates/docatlas-core/src/auth/authentication.rs:7:15
[INFO] [stdout]   |
[INFO] [stdout] 7 | use secrecy::{ExposeSecret, SecretVec};
[INFO] [stdout]   |               ^^^^^^^^^^^^  ^^^^^^^^^
[INFO] [stdout] 
[INFO] [stdout] 
[INFO] [stdout] warning: unused import: `serde::Serialize`
[INFO] [stdout]  --> crates/docatlas-core/src/document.rs:3:5
[INFO] [stdout]   |
[INFO] [stdout] 3 | use serde::Serialize;
[INFO] [stdout]   |     ^^^^^^^^^^^^^^^^
[INFO] [stdout] 
[INFO] [stdout] 
[INFO] [stdout] warning: unused import: `std::fmt::Display`
[INFO] [stdout]  --> crates/docatlas-core/src/fields.rs:4:5
[INFO] [stdout]   |
[INFO] [stdout] 4 | use std::fmt::Display;
[INFO] [stdout]   |     ^^^^^^^^^^^^^^^^^
[INFO] [stdout] 
[INFO] [stdout] 
[INFO] [stdout] warning: unused imports: `Display` and `Pointer`
[INFO] [stdout]  --> crates/docatlas-core/src/persist/block.rs:6:23
[INFO] [stdout]   |
[INFO] [stdout] 6 | use std::fmt::{Debug, Display, Formatter, Pointer};
[INFO] [stdout]   |                       ^^^^^^^             ^^^^^^^
[INFO] [stdout] 
[INFO] [stdout] 
[INFO] [stdout] warning: unused import: `std::hash::Hash`
[INFO] [stdout]  --> crates/docatlas-core/src/persist/block.rs:8:5
[INFO] [stdout]   |
[INFO] [stdout] 8 | use std::hash::Hash;
[INFO] [stdout]   |     ^^^^^^^^^^^^^^^
[INFO] [stdout] 
[INFO] [stdout] 
[INFO] [stdout] warning: unused import: `std::marker::PhantomData`
[INFO] [stdout]  --> crates/docatlas-core/src/persist/block.rs:9:5
[INFO] [stdout]   |
[INFO] [stdout] 9 | use std::marker::PhantomData;
[INFO] [stdout]   |     ^^^^^^^^^^^^^^^^^^^^^^^^
[INFO] [stdout] 
[INFO] [stdout] 
[INFO] [stdout] warning: unused import: `std::mem::transmute`
[INFO] [stdout]   --> crates/docatlas-core/src/persist/block.rs:10:5
[INFO] [stdout]    |
[INFO] [stdout] 10 | use std::mem::transmute;
[INFO] [stdout]    |     ^^^^^^^^^^^^^^^^^^^
[INFO] [stdout] 
[INFO] [stdout] 
[INFO] [stdout] warning: unused imports: `DerefMut` and `Deref`
[INFO] [stdout]   --> crates/docatlas-core/src/persist/block.rs:11:16
[INFO] [stdout]    |
[INFO] [stdout] 11 | use std::ops::{Deref, DerefMut};
[INFO] [stdout]    |                ^^^^^  ^^^^^^^^
[INFO] [stdout] 
[INFO] [stdout] 
[INFO] [stdout] warning: unused imports: `ptr` and `slice`
[INFO] [stdout]   --> crates/docatlas-core/src/persist/block.rs:14:15
[INFO] [stdout]    |
[INFO] [stdout] 14 | use std::{io, ptr, slice};
[INFO] [stdout]    |               ^^^  ^^^^^
[INFO] [stdout] 
[INFO] [stdout] 
[INFO] [stdout] warning: unused import: `serde::de::DeserializeOwned`
[INFO] [stdout]   --> crates/docatlas-core/src/persist/block.rs:18:5
[INFO] [stdout]    |
[INFO] [stdout] 18 | use serde::de::DeserializeOwned;
[INFO] [stdout]    |     ^^^^^^^^^^^^^^^^^^^^^^^^^^^
[INFO] [stdout] 
[INFO] [stdout] 
[INFO] [stdout] warning: unused import: `serde::ser::Error as SerError`
[INFO] [stdout]   --> crates/docatlas-core/src/persist/block.rs:19:5
[INFO] [stdout]    |
[INFO] [stdout] 19 | use serde::ser::Error as SerError;
[INFO] [stdout]    |     ^^^^^^^^^^^^^^^^^^^^^^^^^^^^^
[INFO] [stdout] 
[INFO] [stdout] 
[INFO] [stdout] warning: unused imports: `Deserialize`, `Deserializer`, `Serialize`, and `Serializer`
[INFO] [stdout]   --> crates/docatlas-core/src/persist/block.rs:20:13
[INFO] [stdout]    |
[INFO] [stdout] 20 | use serde::{Deserialize, Deserializer, Serialize, Serializer};
[INFO] [stdout]    |             ^^^^^^^^^^^  ^^^^^^^^^^^^  ^^^^^^^^^  ^^^^^^^^^^
[INFO] [stdout] 
[INFO] [stdout] 
[INFO] [stdout] warning: unused import: `crate::persist::block::Block`
[INFO] [stdout]  --> crates/docatlas-core/src/persist/persisted_box.rs:1:5
[INFO] [stdout]   |
[INFO] [stdout] 1 | use crate::persist::block::Block;
[INFO] [stdout]   |     ^^^^^^^^^^^^^^^^^^^^^^^^^^^^
[INFO] [stdout] 
[INFO] [stdout] 
[INFO] [stdout] warning: unused import: `crate::shared::Shared`
[INFO] [stdout]  --> crates/docatlas-core/src/persist/persisted_box.rs:2:5
[INFO] [stdout]   |
[INFO] [stdout] 2 | use crate::shared::Shared;
[INFO] [stdout]   |     ^^^^^^^^^^^^^^^^^^^^^
[INFO] [stdout] 
[INFO] [stdout] 
[INFO] [stdout] warning: unused import: `std::ops::Add`
[INFO] [stdout]  --> crates/docatlas-core/src/persist/persisted_raw_array.rs:2:5
[INFO] [stdout]   |
[INFO] [stdout] 2 | use std::ops::Add;
[INFO] [stdout]   |     ^^^^^^^^^^^^^
[INFO] [stdout] 
[INFO] [stdout] 
[INFO] [stdout] warning: unused import: `Blocks`
[INFO] [stdout]   --> crates/docatlas-core/src/persist/persisted_vec.rs:12:36
[INFO] [stdout]    |
[INFO] [stdout] 12 | use crate::persist::block::{Block, Blocks};
[INFO] [stdout]    |                                    ^^^^^^
[INFO] [stdout] 
[INFO] [stdout] 
[INFO] [stdout] warning: unused import: `std::fmt::Debug`
[INFO] [stdout]  --> crates/docatlas-core/src/transport.rs:3:5
[INFO] [stdout]   |
[INFO] [stdout] 3 | use std::fmt::Debug;
[INFO] [stdout]   |     ^^^^^^^^^^^^^^^
[INFO] [stdout] 
[INFO] [stdout] 
[INFO] [stdout] warning: unused import: `std::future::Future`
[INFO] [stdout]  --> crates/docatlas-core/src/transport.rs:4:5
[INFO] [stdout]   |
[INFO] [stdout] 4 | use std::future::Future;
[INFO] [stdout]   |     ^^^^^^^^^^^^^^^^^^^
[INFO] [stdout] 
[INFO] [stdout] 
[INFO] [stdout] warning: unused imports: `ErrorKind` and `Error`
[INFO] [stdout]  --> crates/docatlas-core/src/transport.rs:5:15
[INFO] [stdout]   |
[INFO] [stdout] 5 | use std::io::{Error, ErrorKind};
[INFO] [stdout]   |               ^^^^^  ^^^^^^^^^
[INFO] [stdout] 
[INFO] [stdout] 
[INFO] [stdout] warning: unused import: `std::marker::PhantomData`
[INFO] [stdout]  --> crates/docatlas-core/src/transport.rs:6:5
[INFO] [stdout]   |
[INFO] [stdout] 6 | use std::marker::PhantomData;
[INFO] [stdout]   |     ^^^^^^^^^^^^^^^^^^^^^^^^
[INFO] [stdout] 
[INFO] [stdout] 
[INFO] [stdout] warning: unused import: `std::net::SocketAddr`
[INFO] [stdout]  --> crates/docatlas-core/src/transport.rs:7:5
[INFO] [stdout]   |
[INFO] [stdout] 7 | use std::net::SocketAddr;
[INFO] [stdout]   |     ^^^^^^^^^^^^^^^^^^^^
[INFO] [stdout] 
[INFO] [stdout] 
[INFO] [stdout] warning: unused import: `std::pin::Pin`
[INFO] [stdout]  --> crates/docatlas-core/src/transport.rs:8:5
[INFO] [stdout]   |
[INFO] [stdout] 8 | use std::pin::Pin;
[INFO] [stdout]   |     ^^^^^^^^^^^^^
[INFO] [stdout] 
[INFO] [stdout] 
[INFO] [stdout] warning: unused imports: `Context` and `Poll`
[INFO] [stdout]  --> crates/docatlas-core/src/transport.rs:9:17
[INFO] [stdout]   |
[INFO] [stdout] 9 | use std::task::{Context, Poll};
[INFO] [stdout]   |                 ^^^^^^^  ^^^^
[INFO] [stdout] 
[INFO] [stdout] 
[INFO] [stdout] warning: unused imports: `io` and `iter`
[INFO] [stdout]   --> crates/docatlas-core/src/transport.rs:10:11
[INFO] [stdout]    |
[INFO] [stdout] 10 | use std::{io, iter};
[INFO] [stdout]    |           ^^  ^^^^
[INFO] [stdout] 
[INFO] [stdout] 
[INFO] [stdout] warning: unused import: `async_stream::stream`
[INFO] [stdout]   --> crates/docatlas-core/src/transport.rs:12:5
[INFO] [stdout]    |
[INFO] [stdout] 12 | use async_stream::stream;
[INFO] [stdout]    |     ^^^^^^^^^^^^^^^^^^^^
[INFO] [stdout] 
[INFO] [stdout] 
[INFO] [stdout] warning: unused import: `async_trait::async_trait`
[INFO] [stdout]   --> crates/docatlas-core/src/transport.rs:13:5
[INFO] [stdout]    |
[INFO] [stdout] 13 | use async_trait::async_trait;
[INFO] [stdout]    |     ^^^^^^^^^^^^^^^^^^^^^^^^
[INFO] [stdout] 
[INFO] [stdout] 
[INFO] [stdout] warning: unused import: `futures::stream::BoxStream`
[INFO] [stdout]   --> crates/docatlas-core/src/transport.rs:14:5
[INFO] [stdout]    |
[INFO] [stdout] 14 | use futures::stream::BoxStream;
[INFO] [stdout]    |     ^^^^^^^^^^^^^^^^^^^^^^^^^^
[INFO] [stdout] 
[INFO] [stdout] 
[INFO] [stdout] warning: unused imports: `Sink`, `StreamExt`, `Stream`, and `TryStreamExt`
[INFO] [stdout]   --> crates/docatlas-core/src/transport.rs:15:15
[INFO] [stdout]    |
[INFO] [stdout] 15 | use futures::{Sink, Stream, StreamExt, TryStreamExt};
[INFO] [stdout]    |               ^^^^  ^^^^^^  ^^^^^^^^^  ^^^^^^^^^^^^
[INFO] [stdout] 
[INFO] [stdout] 
[INFO] [stdout] warning: unused imports: `LocalSocketStream`, `OwnedReadHalf as LocalOwnedReadHalf`, and `OwnedWriteHalf as LocalOwnedWriteHalf`
[INFO] [stdout]   --> crates/docatlas-core/src/transport.rs:17:5
[INFO] [stdout]    |
[INFO] [stdout] 17 |     LocalSocketStream, OwnedReadHalf as LocalOwnedReadHalf, OwnedWriteHalf as LocalOwnedWriteHalf,
[INFO] [stdout]    |     ^^^^^^^^^^^^^^^^^  ^^^^^^^^^^^^^^^^^^^^^^^^^^^^^^^^^^^  ^^^^^^^^^^^^^^^^^^^^^^^^^^^^^^^^^^^^^
[INFO] [stdout] 
[INFO] [stdout] 
[INFO] [stdout] warning: unused import: `serde::de::DeserializeOwned`
[INFO] [stdout]   --> crates/docatlas-core/src/transport.rs:19:5
[INFO] [stdout]    |
[INFO] [stdout] 19 | use serde::de::DeserializeOwned;
[INFO] [stdout]    |     ^^^^^^^^^^^^^^^^^^^^^^^^^^^
[INFO] [stdout] 
[INFO] [stdout] 
[INFO] [stdout] warning: unused import: `serde::Serialize`
[INFO] [stdout]   --> crates/docatlas-core/src/transport.rs:20:5
[INFO] [stdout]    |
[INFO] [stdout] 20 | use serde::Serialize;
[INFO] [stdout]    |     ^^^^^^^^^^^^^^^^
[INFO] [stdout] 
[INFO] [stdout] 
[INFO] [stdout] warning: unused import: `thiserror::Error`
[INFO] [stdout]   --> crates/docatlas-core/src/transport.rs:21:5
[INFO] [stdout]    |
[INFO] [stdout] 21 | use thiserror::Error;
[INFO] [stdout]    |     ^^^^^^^^^^^^^^^^
[INFO] [stdout] 
[INFO] [stdout] 
[INFO] [stdout] warning: unused imports: `AsyncReadExt`, `AsyncRead`, `AsyncWriteExt`, `AsyncWrite`, `BufReader`, `BufWriter`, and `ReadBuf`
[INFO] [stdout]   --> crates/docatlas-core/src/transport.rs:23:5
[INFO] [stdout]    |
[INFO] [stdout] 23 |     AsyncRead, AsyncReadExt, AsyncWrite, AsyncWriteExt, BufReader, BufWriter, ReadBuf,
[INFO] [stdout]    |     ^^^^^^^^^  ^^^^^^^^^^^^  ^^^^^^^^^^  ^^^^^^^^^^^^^  ^^^^^^^^^  ^^^^^^^^^  ^^^^^^^
[INFO] [stdout] 
[INFO] [stdout] 
[INFO] [stdout] warning: unused imports: `OwnedReadHalf` and `OwnedWriteHalf`
[INFO] [stdout]   --> crates/docatlas-core/src/transport.rs:25:23
[INFO] [stdout]    |
[INFO] [stdout] 25 | use tokio::net::tcp::{OwnedReadHalf, OwnedWriteHalf};
[INFO] [stdout]    |                       ^^^^^^^^^^^^^  ^^^^^^^^^^^^^^
[INFO] [stdout] 
[INFO] [stdout] 
[INFO] [stdout] warning: unused import: `tokio::net::TcpStream`
[INFO] [stdout]   --> crates/docatlas-core/src/transport.rs:26:5
[INFO] [stdout]    |
[INFO] [stdout] 26 | use tokio::net::TcpStream;
[INFO] [stdout]    |     ^^^^^^^^^^^^^^^^^^^^^
[INFO] [stdout] 
[INFO] [stdout] 
[INFO] [stdout] warning: unused imports: `Pin` and `pin`
[INFO] [stdout]  --> crates/docatlas-core/src/transport/packet_reader.rs:5:16
[INFO] [stdout]   |
[INFO] [stdout] 5 | use std::pin::{Pin, pin};
[INFO] [stdout]   |                ^^^  ^^^
[INFO] [stdout] 
[INFO] [stdout] 
[INFO] [stdout] warning: unused imports: `Context` and `Poll`
[INFO] [stdout]  --> crates/docatlas-core/src/transport/packet_reader.rs:6:17
[INFO] [stdout]   |
[INFO] [stdout] 6 | use std::task::{Context, Poll};
[INFO] [stdout]   |                 ^^^^^^^  ^^^^
[INFO] [stdout] 
[INFO] [stdout] 
[INFO] [stdout] warning: unused import: `AsyncWrite`
[INFO] [stdout]  --> crates/docatlas-core/src/transport/packet_reader.rs:7:15
[INFO] [stdout]   |
[INFO] [stdout] 7 | use futures::{AsyncWrite, Stream};
[INFO] [stdout]   |               ^^^^^^^^^^
[INFO] [stdout] 
[INFO] [stdout] 
[INFO] [stdout] warning: unused import: `std::future::Future`
[INFO] [stdout]  --> crates/docatlas-core/src/transport/packet_reader.rs:8:5
[INFO] [stdout]   |
[INFO] [stdout] 8 | use std::future::Future;
[INFO] [stdout]   |     ^^^^^^^^^^^^^^^^^^^
[INFO] [stdout] 
[INFO] [stdout] 
[INFO] [stdout] warning: unused import: `Not`
[INFO] [stdout]  --> crates/docatlas-core/src/persist/persisted_vec.rs:8:40
[INFO] [stdout]   |
[INFO] [stdout] 8 | use std::ops::{Bound, Deref, DerefMut, Not, RangeBounds};
[INFO] [stdout]   |                                        ^^^
[INFO] [stdout] 
[INFO] [stdout] 
[INFO] [stdout] warning: variable does not need to be mutable
[INFO] [stdout]   --> crates/docatlas-core/src/persist/block.rs:62:21
[INFO] [stdout]    |
[INFO] [stdout] 62 |                 let mut file = File::options()
[INFO] [stdout]    |                     ----^^^^
[INFO] [stdout]    |                     |
[INFO] [stdout]    |                     help: remove this `mut`
[INFO] [stdout]    |
[INFO] [stdout]    = note: `#[warn(unused_mut)]` on by default
[INFO] [stdout] 
[INFO] [stdout] 
[INFO] [stdout] warning: unnecessary `unsafe` block
[INFO] [stdout]   --> crates/docatlas-core/src/persist/persisted_vec.rs:45:9
[INFO] [stdout]    |
[INFO] [stdout] 45 |         unsafe {
[INFO] [stdout]    |         ^^^^^^ unnecessary `unsafe` block
[INFO] [stdout]    |
[INFO] [stdout]    = note: `#[warn(unused_unsafe)]` on by default
[INFO] [stdout] 
[INFO] [stdout] 
[INFO] [stdout] warning: constant `DEFAULT_PASSWORD` is never used
[INFO] [stdout]   --> crates/docatlas-core/src/auth/authentication/admin_service.rs:17:11
[INFO] [stdout]    |
[INFO] [stdout] 17 | pub const DEFAULT_PASSWORD: &[u8] = b"admin";
[INFO] [stdout]    |           ^^^^^^^^^^^^^^^^
[INFO] [stdout]    |
[INFO] [stdout]    = note: `#[warn(dead_code)]` on by default
[INFO] [stdout] 
[INFO] [stdout] 
[INFO] [stdout] warning: field `file_path` is never read
[INFO] [stdout]   --> crates/docatlas-core/src/auth/authentication/admin_service.rs:22:5
[INFO] [stdout]    |
[INFO] [stdout] 20 | pub struct AdminAuthenticationService {
[INFO] [stdout]    |            -------------------------- field in this struct
[INFO] [stdout] 21 |     hashed_password: PasswordHashString,
[INFO] [stdout] 22 |     file_path: PathBuf,
[INFO] [stdout]    |     ^^^^^^^^^
[INFO] [stdout]    |
[INFO] [stdout]    = note: `AdminAuthenticationService` has a derived impl for the trait `Debug`, but this is intentionally ignored during dead code analysis
[INFO] [stdout] 
[INFO] [stdout] 
[INFO] [stdout] warning: associated function `create` is never used
[INFO] [stdout]   --> crates/docatlas-core/src/auth/authentication/admin_service.rs:41:12
[INFO] [stdout]    |
[INFO] [stdout] 25 | impl AdminAuthenticationService {
[INFO] [stdout]    | ------------------------------- associated function in this implementation
[INFO] [stdout] ...
[INFO] [stdout] 41 |     pub fn create<P: AsRef<Path>, A: Into<Option<Vec<u8>>>>(
[INFO] [stdout]    |            ^^^^^^
[INFO] [stdout] 
[INFO] [stdout] 
[INFO] [stdout] warning: field `fields` is never read
[INFO] [stdout]   --> crates/docatlas-core/src/document.rs:12:5
[INFO] [stdout]    |
[INFO] [stdout] 11 | pub struct Document {
[INFO] [stdout]    |            -------- field in this struct
[INFO] [stdout] 12 |     fields: Fields,
[INFO] [stdout]    |     ^^^^^^
[INFO] [stdout]    |
[INFO] [stdout]    = note: `Document` has a derived impl for the trait `Debug`, but this is intentionally ignored during dead code analysis
[INFO] [stdout] 
[INFO] [stdout] 
[INFO] [stdout] warning: fields `kind` and `data` are never read
[INFO] [stdout]   --> crates/docatlas-core/src/fields.rs:30:5
[INFO] [stdout]    |
[INFO] [stdout] 29 | pub struct Field {
[INFO] [stdout]    |            ----- fields in this struct
[INFO] [stdout] 30 |     kind: FieldKind,
[INFO] [stdout]    |     ^^^^
[INFO] [stdout] 31 |     data: Vec<FieldData>,
[INFO] [stdout]    |     ^^^^
[INFO] [stdout]    |
[INFO] [stdout]    = note: `Field` has a derived impl for the trait `Debug`, but this is intentionally ignored during dead code analysis
[INFO] [stdout] 
[INFO] [stdout] 
[INFO] [stdout] warning: fields `path` and `documents` are never read
[INFO] [stdout]  --> crates/docatlas-core/src/index.rs:7:5
[INFO] [stdout]   |
[INFO] [stdout] 6 | pub struct Index {
[INFO] [stdout]   |            ----- fields in this struct
[INFO] [stdout] 7 |     path: PathBuf,
[INFO] [stdout]   |     ^^^^
[INFO] [stdout] 8 |     documents: Vec<(Vec<Fields>,)>,
[INFO] [stdout]   |     ^^^^^^^^^
[INFO] [stdout]   |
[INFO] [stdout]   = note: `Index` has a derived impl for the trait `Debug`, but this is intentionally ignored during dead code analysis
[INFO] [stdout] 
[INFO] [stdout] 
[INFO] [stdout] warning: type alias `BlockKey` is never used
[INFO] [stdout]   --> crates/docatlas-core/src/persist/block.rs:28:6
[INFO] [stdout]    |
[INFO] [stdout] 28 | type BlockKey = u64;
[INFO] [stdout]    |      ^^^^^^^^
[INFO] [stdout] 
[INFO] [stdout] 
[INFO] [stdout] warning: constant `DEFAULT_SEGMENT_SIZE` is never used
[INFO] [stdout]   --> crates/docatlas-core/src/persist/block.rs:31:11
[INFO] [stdout]    |
[INFO] [stdout] 31 | pub const DEFAULT_SEGMENT_SIZE: usize = 1028 * 8 * 4;
[INFO] [stdout]    |           ^^^^^^^^^^^^^^^^^^^^
[INFO] [stdout] 
[INFO] [stdout] 
[INFO] [stdout] warning: struct `BlockBuilder` is never constructed
[INFO] [stdout]   --> crates/docatlas-core/src/persist/block.rs:35:12
[INFO] [stdout]    |
[INFO] [stdout] 35 | pub struct BlockBuilder {
[INFO] [stdout]    |            ^^^^^^^^^^^^
[INFO] [stdout]    |
[INFO] [stdout]    = note: `BlockBuilder` has a derived impl for the trait `Debug`, but this is intentionally ignored during dead code analysis
[INFO] [stdout] 
[INFO] [stdout] 
[INFO] [stdout] warning: methods `with_size`, `open`, and `create` are never used
[INFO] [stdout]   --> crates/docatlas-core/src/persist/block.rs:41:12
[INFO] [stdout]    |
[INFO] [stdout] 39 | impl BlockBuilder {
[INFO] [stdout]    | ----------------- methods in this implementation
[INFO] [stdout] 40 |     /// Sets the size of the block
[INFO] [stdout] 41 |     pub fn with_size(mut self, size: usize) -> Self {
[INFO] [stdout]    |            ^^^^^^^^^
[INFO] [stdout] ...
[INFO] [stdout] 49 |     pub fn open<P: AsRef<Path>>(self, path: P) -> Result<Block, BlockError> {
[INFO] [stdout]    |            ^^^^
[INFO] [stdout] ...
[INFO] [stdout] 85 |     pub fn create(self) -> Result<Block, BlockError> {
[INFO] [stdout]    |            ^^^^^^
[INFO] [stdout] 
[INFO] [stdout] 
[INFO] [stdout] warning: function `size_of` is never used
[INFO] [stdout]   --> crates/docatlas-core/src/persist/block.rs:97:8
[INFO] [stdout]    |
[INFO] [stdout] 97 | pub fn size_of<T: Sized>(count: usize) -> usize {
[INFO] [stdout]    |        ^^^^^^^
[INFO] [stdout] 
[INFO] [stdout] 
[INFO] [stdout] warning: struct `Blocks` is never constructed
[INFO] [stdout]    --> crates/docatlas-core/src/persist/block.rs:117:12
[INFO] [stdout]     |
[INFO] [stdout] 117 | pub struct Blocks;
[INFO] [stdout]     |            ^^^^^^
[INFO] [stdout] 
[INFO] [stdout] 
[INFO] [stdout] warning: methods `new` and `builder` are never used
[INFO] [stdout]    --> crates/docatlas-core/src/persist/block.rs:124:12
[INFO] [stdout]     |
[INFO] [stdout] 119 | impl Blocks {
[INFO] [stdout]     | ----------- methods in this implementation
[INFO] [stdout] ...
[INFO] [stdout] 124 |     pub fn new(&self) -> Block {
[INFO] [stdout]     |            ^^^
[INFO] [stdout] ...
[INFO] [stdout] 132 |     pub fn builder(&self) -> BlockBuilder {
[INFO] [stdout]     |            ^^^^^^^
[INFO] [stdout] 
[INFO] [stdout] 
[INFO] [stdout] warning: variants `MissingSize` and `PathAlreadyOpened` are never constructed
[INFO] [stdout]    --> crates/docatlas-core/src/persist/block.rs:141:5
[INFO] [stdout]     |
[INFO] [stdout] 139 | pub enum BlockError {
[INFO] [stdout]     |          ---------- variants in this enum
[INFO] [stdout] 140 |     #[error("Must specify capacity ({})", if *is_anon { "anonymous map"} else {"file is not present"})]
[INFO] [stdout] 141 |     MissingSize { is_anon: bool },
[INFO] [stdout]     |     ^^^^^^^^^^^
[INFO] [stdout] 142 |     #[error("Path {0} already open, only one block can open a file at a time")]
[INFO] [stdout] 143 |     PathAlreadyOpened(PathBuf),
[INFO] [stdout]     |     ^^^^^^^^^^^^^^^^^
[INFO] [stdout]     |
[INFO] [stdout]     = note: `BlockError` has a derived impl for the trait `Debug`, but this is intentionally ignored during dead code analysis
[INFO] [stdout] 
[INFO] [stdout] 
[INFO] [stdout] warning: struct `PersistedRawArray` is never constructed
[INFO] [stdout]  --> crates/docatlas-core/src/persist/persisted_raw_array.rs:9:12
[INFO] [stdout]   |
[INFO] [stdout] 9 | pub struct PersistedRawArray<T: Persist> {
[INFO] [stdout]   |            ^^^^^^^^^^^^^^^^^
[INFO] [stdout]   |
[INFO] [stdout]   = note: `PersistedRawArray` has a derived impl for the trait `Debug`, but this is intentionally ignored during dead code analysis
[INFO] [stdout] 
[INFO] [stdout] 
[INFO] [stdout] warning: associated items `new`, `capacity`, and `reserve` are never used
[INFO] [stdout]   --> crates/docatlas-core/src/persist/persisted_raw_array.rs:18:19
[INFO] [stdout]    |
[INFO] [stdout] 15 | impl<T: Persist> PersistedRawArray<T> {
[INFO] [stdout]    | ------------------------------------- associated items in this implementation
[INFO] [stdout] ...
[INFO] [stdout] 18 |     pub unsafe fn new(block: Block) -> PersistedRawArray<T> {
[INFO] [stdout]    |                   ^^^
[INFO] [stdout] ...
[INFO] [stdout] 31 |     pub fn capacity(&self) -> usize {
[INFO] [stdout]    |            ^^^^^^^^
[INFO] [stdout] ...
[INFO] [stdout] 37 |     pub unsafe fn reserve(&mut self, additional: usize) {
[INFO] [stdout]    |                   ^^^^^^^
[INFO] [stdout] 
[INFO] [stdout] 
[INFO] [stdout] warning: field `wrapped` is never read
[INFO] [stdout]   --> crates/docatlas-core/src/transport/packet_reader.rs:16:5
[INFO] [stdout]    |
[INFO] [stdout] 15 | pub struct Packet<T> {
[INFO] [stdout]    |            ------ field in this struct
[INFO] [stdout] 16 |     wrapped: T,
[INFO] [stdout]    |     ^^^^^^^
[INFO] [stdout]    |
[INFO] [stdout]    = note: `Packet` has a derived impl for the trait `Debug`, but this is intentionally ignored during dead code analysis
[INFO] [stdout] 
[INFO] [stdout] 
[INFO] [stdout] warning: calls to `std::mem::drop` with a value that implements `Copy` does nothing
[INFO] [stdout]   --> crates/docatlas-core/src/persist/persisted_unsafe_cell.rs:44:13
[INFO] [stdout]    |
[INFO] [stdout] 44 |             drop(read)
[INFO] [stdout]    |             ^^^^^----^
[INFO] [stdout]    |                  |
[INFO] [stdout]    |                  argument has type `u8`
[INFO] [stdout]    |
[INFO] [stdout]    = note: use `let _ = ...` to ignore the expression or result
[INFO] [stdout]    = note: `#[warn(dropping_copy_types)]` on by default
[INFO] [stdout] 
[INFO] [stdout] 
[INFO] [stderr]    Compiling docatlas-daemon v0.1.0 (/opt/rustwide/workdir/crates/docatlas-daemon)
[INFO] [stdout] warning: unused import: `crate::client::Client`
[INFO] [stdout]  --> crates/docatlas-daemon/src/main_loop.rs:4:5
[INFO] [stdout]   |
[INFO] [stdout] 4 | use crate::client::Client;
[INFO] [stdout]   |     ^^^^^^^^^^^^^^^^^^^^^
[INFO] [stdout]   |
[INFO] [stdout]   = note: `#[warn(unused_imports)]` on by default
[INFO] [stdout] 
[INFO] [stdout] 
[INFO] [stdout] warning: unused variable: `sink`
[INFO] [stdout]   --> crates/docatlas-daemon/src/main_loop.rs:18:26
[INFO] [stdout]    |
[INFO] [stdout] 18 |             let (stream, sink) = stream.into_split();
[INFO] [stdout]    |                          ^^^^ help: if this is intentional, prefix it with an underscore: `_sink`
[INFO] [stdout]    |
[INFO] [stdout]    = note: `#[warn(unused_variables)]` on by default
[INFO] [stdout] 
[INFO] [stdout] 
[INFO] [stdout] warning: unused variable: `x`
[INFO] [stdout]   --> crates/docatlas-daemon/src/main_loop.rs:20:17
[INFO] [stdout]    |
[INFO] [stdout] 20 |             let x = stream.next().await;
[INFO] [stdout]    |                 ^ help: if this is intentional, prefix it with an underscore: `_x`
[INFO] [stdout] 
[INFO] [stdout] 
[INFO] [stdout] warning: variable does not need to be mutable
[INFO] [stdout]   --> crates/docatlas-daemon/src/main_loop.rs:15:19
[INFO] [stdout]    |
[INFO] [stdout] 15 |     while let Ok((mut stream, socket)) = listener.accept().await {
[INFO] [stdout]    |                   ----^^^^^^
[INFO] [stdout]    |                   |
[INFO] [stdout]    |                   help: remove this `mut`
[INFO] [stdout]    |
[INFO] [stdout]    = note: `#[warn(unused_mut)]` on by default
[INFO] [stdout] 
[INFO] [stdout] 
[INFO] [stdout] warning: unused import: `FutureExt`
[INFO] [stdout]  --> crates/docatlas-daemon/src/client.rs:3:15
[INFO] [stdout]   |
[INFO] [stdout] 3 | use futures::{FutureExt, Sink, SinkExt, Stream, StreamExt};
[INFO] [stdout]   |               ^^^^^^^^^
[INFO] [stdout] 
[INFO] [stdout] 
[INFO] [stdout] warning: function `override_if_value` is never used
[INFO] [stdout]  --> crates/docatlas-daemon/src/config/merge_strategies.rs:1:8
[INFO] [stdout]   |
[INFO] [stdout] 1 | pub fn override_if_value<T: PartialEq>(value: T) -> impl Fn(&mut T, T) {
[INFO] [stdout]   |        ^^^^^^^^^^^^^^^^^
[INFO] [stdout]   |
[INFO] [stdout]   = note: `#[warn(dead_code)]` on by default
[INFO] [stdout] 
[INFO] [stdout] 
[INFO] [stdout] warning: function `override_default` is never used
[INFO] [stdout]  --> crates/docatlas-daemon/src/config/merge_strategies.rs:9:8
[INFO] [stdout]   |
[INFO] [stdout] 9 | pub fn override_default<T: Default + PartialEq>() -> impl Fn(&mut T, T) {
[INFO] [stdout]   |        ^^^^^^^^^^^^^^^^
[INFO] [stdout] 
[INFO] [stdout] 
[INFO] [stdout] warning: unused import: `FutureExt`
[INFO] [stdout]  --> crates/docatlas-daemon/src/bin/docatlas-daemon/main.rs:4:15
[INFO] [stdout]   |
[INFO] [stdout] 4 | use futures::{FutureExt, StreamExt};
[INFO] [stdout]   |               ^^^^^^^^^
[INFO] [stdout]   |
[INFO] [stdout]   = note: `#[warn(unused_imports)]` on by default
[INFO] [stdout] 
[INFO] [stdout] 
[INFO] [stdout] warning: unused import: `StreamExt`
[INFO] [stdout]  --> crates/docatlas-daemon/src/bin/docatlas-daemon/main.rs:4:26
[INFO] [stdout]   |
[INFO] [stdout] 4 | use futures::{FutureExt, StreamExt};
[INFO] [stdout]   |                          ^^^^^^^^^
[INFO] [stdout] 
[INFO] [stdout] 
[INFO] [stderr]     Finished `dev` profile [unoptimized + debuginfo] target(s) in 55.50s
[INFO] running `Command { std: "docker" "inspect" "d3fd48a8abac361210804226c1ee40e17d769dfc246c8cb83d3e5fe54b1e8c03", kill_on_drop: false }`
[INFO] running `Command { std: "docker" "rm" "-f" "d3fd48a8abac361210804226c1ee40e17d769dfc246c8cb83d3e5fe54b1e8c03", kill_on_drop: false }`
[INFO] [stdout] d3fd48a8abac361210804226c1ee40e17d769dfc246c8cb83d3e5fe54b1e8c03
[INFO] running `Command { std: "docker" "create" "-v" "/var/lib/crater-agent-workspace/builds/worker-2-tc2/target:/opt/rustwide/target:rw,Z" "-v" "/var/lib/crater-agent-workspace/builds/worker-2-tc2/source:/opt/rustwide/workdir:ro,Z" "-v" "/var/lib/crater-agent-workspace/cargo-home:/opt/rustwide/cargo-home:ro,Z" "-v" "/var/lib/crater-agent-workspace/rustup-home:/opt/rustwide/rustup-home:ro,Z" "-e" "SOURCE_DIR=/opt/rustwide/workdir" "-e" "CARGO_TARGET_DIR=/opt/rustwide/target" "-e" "CARGO_INCREMENTAL=0" "-e" "RUST_BACKTRACE=full" "-e" "RUSTFLAGS=--cap-lints=warn" "-e" "RUSTDOCFLAGS=--cap-lints=warn" "-e" "CARGO_HOME=/opt/rustwide/cargo-home" "-e" "RUSTUP_HOME=/opt/rustwide/rustup-home" "-w" "/opt/rustwide/workdir" "-m" "1610612736" "--user" "0:0" "--network" "none" "ghcr.io/rust-lang/crates-build-env/linux@sha256:f3a9d4ad9d972b27faf3965f35b62e55ba32bbce8f20bc8fe909558a86702fde" "/opt/rustwide/cargo-home/bin/cargo" "+beta-2024-12-08" "test" "--frozen" "--no-run" "--message-format=json", kill_on_drop: false }`
[INFO] [stdout] 014652c3a76f78e8d1baf5dcfa24087dba6f14979d94fda03e715cdcee24e693
[INFO] running `Command { std: "docker" "start" "-a" "014652c3a76f78e8d1baf5dcfa24087dba6f14979d94fda03e715cdcee24e693", kill_on_drop: false }`
[INFO] [stdout] warning: unused import: `Salt`
[INFO] [stdout]  --> crates/docatlas-core/src/auth/authentication.rs:3:49
[INFO] [stdout]   |
[INFO] [stdout] 3 | use argon2::password_hash::{PasswordHashString, Salt, SaltString};
[INFO] [stdout]   |                                                 ^^^^
[INFO] [stdout]   |
[INFO] [stdout]   = note: `#[warn(unused_imports)]` on by default
[INFO] [stdout] 
[INFO] [stdout] 
[INFO] [stdout] warning: unused imports: `PasswordHash` and `PasswordVerifier`
[INFO] [stdout]  --> crates/docatlas-core/src/auth/authentication.rs:4:14
[INFO] [stdout]   |
[INFO] [stdout] 4 | use argon2::{PasswordHash, PasswordHasher, PasswordVerifier};
[INFO] [stdout]   |              ^^^^^^^^^^^^                  ^^^^^^^^^^^^^^^^
[INFO] [stdout] 
[INFO] [stdout] 
[INFO] [stdout] warning: unused imports: `ExposeSecret` and `SecretVec`
[INFO] [stdout]  --> crates/docatlas-core/src/auth/authentication.rs:7:15
[INFO] [stdout]   |
[INFO] [stdout] 7 | use secrecy::{ExposeSecret, SecretVec};
[INFO] [stdout]   |               ^^^^^^^^^^^^  ^^^^^^^^^
[INFO] [stdout] 
[INFO] [stdout] 
[INFO] [stdout] warning: unused import: `serde::Serialize`
[INFO] [stdout]  --> crates/docatlas-core/src/document.rs:3:5
[INFO] [stdout]   |
[INFO] [stdout] 3 | use serde::Serialize;
[INFO] [stdout]   |     ^^^^^^^^^^^^^^^^
[INFO] [stdout] 
[INFO] [stdout] 
[INFO] [stdout] warning: unused import: `std::fmt::Display`
[INFO] [stdout]  --> crates/docatlas-core/src/fields.rs:4:5
[INFO] [stdout]   |
[INFO] [stdout] 4 | use std::fmt::Display;
[INFO] [stdout]   |     ^^^^^^^^^^^^^^^^^
[INFO] [stdout] 
[INFO] [stdout] 
[INFO] [stdout] warning: unused imports: `Display` and `Pointer`
[INFO] [stdout]  --> crates/docatlas-core/src/persist/block.rs:6:23
[INFO] [stdout]   |
[INFO] [stdout] 6 | use std::fmt::{Debug, Display, Formatter, Pointer};
[INFO] [stdout]   |                       ^^^^^^^             ^^^^^^^
[INFO] [stdout] 
[INFO] [stdout] 
[INFO] [stdout] warning: unused import: `std::hash::Hash`
[INFO] [stdout]  --> crates/docatlas-core/src/persist/block.rs:8:5
[INFO] [stdout]   |
[INFO] [stdout] 8 | use std::hash::Hash;
[INFO] [stdout]   |     ^^^^^^^^^^^^^^^
[INFO] [stdout] 
[INFO] [stdout] 
[INFO] [stdout] warning: unused import: `std::marker::PhantomData`
[INFO] [stdout]  --> crates/docatlas-core/src/persist/block.rs:9:5
[INFO] [stdout]   |
[INFO] [stdout] 9 | use std::marker::PhantomData;
[INFO] [stdout]   |     ^^^^^^^^^^^^^^^^^^^^^^^^
[INFO] [stdout] 
[INFO] [stdout] 
[INFO] [stdout] warning: unused import: `std::mem::transmute`
[INFO] [stdout]   --> crates/docatlas-core/src/persist/block.rs:10:5
[INFO] [stdout]    |
[INFO] [stdout] 10 | use std::mem::transmute;
[INFO] [stdout]    |     ^^^^^^^^^^^^^^^^^^^
[INFO] [stdout] 
[INFO] [stdout] 
[INFO] [stdout] warning: unused imports: `DerefMut` and `Deref`
[INFO] [stdout]   --> crates/docatlas-core/src/persist/block.rs:11:16
[INFO] [stdout]    |
[INFO] [stdout] 11 | use std::ops::{Deref, DerefMut};
[INFO] [stdout]    |                ^^^^^  ^^^^^^^^
[INFO] [stdout] 
[INFO] [stdout] 
[INFO] [stdout] warning: unused imports: `ptr` and `slice`
[INFO] [stdout]   --> crates/docatlas-core/src/persist/block.rs:14:15
[INFO] [stdout]    |
[INFO] [stdout] 14 | use std::{io, ptr, slice};
[INFO] [stdout]    |               ^^^  ^^^^^
[INFO] [stdout] 
[INFO] [stdout] 
[INFO] [stdout] warning: unused import: `serde::de::DeserializeOwned`
[INFO] [stdout]   --> crates/docatlas-core/src/persist/block.rs:18:5
[INFO] [stdout]    |
[INFO] [stdout] 18 | use serde::de::DeserializeOwned;
[INFO] [stdout]    |     ^^^^^^^^^^^^^^^^^^^^^^^^^^^
[INFO] [stdout] 
[INFO] [stdout] 
[INFO] [stdout] warning: unused import: `serde::ser::Error as SerError`
[INFO] [stdout]   --> crates/docatlas-core/src/persist/block.rs:19:5
[INFO] [stdout]    |
[INFO] [stdout] 19 | use serde::ser::Error as SerError;
[INFO] [stdout]    |     ^^^^^^^^^^^^^^^^^^^^^^^^^^^^^
[INFO] [stdout] 
[INFO] [stdout] 
[INFO] [stdout] warning: unused imports: `Deserialize`, `Deserializer`, `Serialize`, and `Serializer`
[INFO] [stdout]   --> crates/docatlas-core/src/persist/block.rs:20:13
[INFO] [stdout]    |
[INFO] [stdout] 20 | use serde::{Deserialize, Deserializer, Serialize, Serializer};
[INFO] [stdout]    |             ^^^^^^^^^^^  ^^^^^^^^^^^^  ^^^^^^^^^  ^^^^^^^^^^
[INFO] [stdout] 
[INFO] [stdout] 
[INFO] [stdout] warning: unused import: `crate::persist::block::Block`
[INFO] [stdout]  --> crates/docatlas-core/src/persist/persisted_box.rs:1:5
[INFO] [stdout]   |
[INFO] [stdout] 1 | use crate::persist::block::Block;
[INFO] [stdout]   |     ^^^^^^^^^^^^^^^^^^^^^^^^^^^^
[INFO] [stdout] 
[INFO] [stdout] 
[INFO] [stdout] warning: unused import: `crate::shared::Shared`
[INFO] [stdout]  --> crates/docatlas-core/src/persist/persisted_box.rs:2:5
[INFO] [stdout]   |
[INFO] [stdout] 2 | use crate::shared::Shared;
[INFO] [stdout]   |     ^^^^^^^^^^^^^^^^^^^^^
[INFO] [stdout] 
[INFO] [stdout] 
[INFO] [stdout] warning: unused import: `std::ops::Add`
[INFO] [stdout]  --> crates/docatlas-core/src/persist/persisted_raw_array.rs:2:5
[INFO] [stdout]   |
[INFO] [stdout] 2 | use std::ops::Add;
[INFO] [stdout]   |     ^^^^^^^^^^^^^
[INFO] [stdout] 
[INFO] [stdout] 
[INFO] [stdout] warning: unused import: `Blocks`
[INFO] [stdout]   --> crates/docatlas-core/src/persist/persisted_vec.rs:12:36
[INFO] [stdout]    |
[INFO] [stdout] 12 | use crate::persist::block::{Block, Blocks};
[INFO] [stdout]    |                                    ^^^^^^
[INFO] [stdout] 
[INFO] [stdout] 
[INFO] [stdout] warning: unused import: `std::fmt::Debug`
[INFO] [stdout]  --> crates/docatlas-core/src/transport.rs:3:5
[INFO] [stdout]   |
[INFO] [stdout] 3 | use std::fmt::Debug;
[INFO] [stdout]   |     ^^^^^^^^^^^^^^^
[INFO] [stdout] 
[INFO] [stdout] 
[INFO] [stdout] warning: unused import: `std::future::Future`
[INFO] [stdout]  --> crates/docatlas-core/src/transport.rs:4:5
[INFO] [stdout]   |
[INFO] [stdout] 4 | use std::future::Future;
[INFO] [stdout]   |     ^^^^^^^^^^^^^^^^^^^
[INFO] [stdout] 
[INFO] [stdout] 
[INFO] [stdout] warning: unused imports: `ErrorKind` and `Error`
[INFO] [stdout]  --> crates/docatlas-core/src/transport.rs:5:15
[INFO] [stdout]   |
[INFO] [stdout] 5 | use std::io::{Error, ErrorKind};
[INFO] [stdout]   |               ^^^^^  ^^^^^^^^^
[INFO] [stdout] 
[INFO] [stdout] 
[INFO] [stdout] warning: unused import: `std::marker::PhantomData`
[INFO] [stdout]  --> crates/docatlas-core/src/transport.rs:6:5
[INFO] [stdout]   |
[INFO] [stdout] 6 | use std::marker::PhantomData;
[INFO] [stdout]   |     ^^^^^^^^^^^^^^^^^^^^^^^^
[INFO] [stdout] 
[INFO] [stdout] 
[INFO] [stdout] warning: unused import: `std::net::SocketAddr`
[INFO] [stdout]  --> crates/docatlas-core/src/transport.rs:7:5
[INFO] [stdout]   |
[INFO] [stdout] 7 | use std::net::SocketAddr;
[INFO] [stdout]   |     ^^^^^^^^^^^^^^^^^^^^
[INFO] [stdout] 
[INFO] [stdout] 
[INFO] [stdout] warning: unused import: `std::pin::Pin`
[INFO] [stdout]  --> crates/docatlas-core/src/transport.rs:8:5
[INFO] [stdout]   |
[INFO] [stdout] 8 | use std::pin::Pin;
[INFO] [stdout]   |     ^^^^^^^^^^^^^
[INFO] [stdout] 
[INFO] [stdout] 
[INFO] [stdout] warning: unused imports: `Context` and `Poll`
[INFO] [stdout]  --> crates/docatlas-core/src/transport.rs:9:17
[INFO] [stdout]   |
[INFO] [stdout] 9 | use std::task::{Context, Poll};
[INFO] [stdout]   |                 ^^^^^^^  ^^^^
[INFO] [stdout] 
[INFO] [stdout] 
[INFO] [stdout] warning: unused imports: `io` and `iter`
[INFO] [stdout]   --> crates/docatlas-core/src/transport.rs:10:11
[INFO] [stdout]    |
[INFO] [stdout] 10 | use std::{io, iter};
[INFO] [stdout]    |           ^^  ^^^^
[INFO] [stdout] 
[INFO] [stdout] 
[INFO] [stdout] warning: unused import: `async_stream::stream`
[INFO] [stdout]   --> crates/docatlas-core/src/transport.rs:12:5
[INFO] [stdout]    |
[INFO] [stdout] 12 | use async_stream::stream;
[INFO] [stdout]    |     ^^^^^^^^^^^^^^^^^^^^
[INFO] [stdout] 
[INFO] [stdout] 
[INFO] [stdout] warning: unused import: `async_trait::async_trait`
[INFO] [stdout]   --> crates/docatlas-core/src/transport.rs:13:5
[INFO] [stdout]    |
[INFO] [stdout] 13 | use async_trait::async_trait;
[INFO] [stdout]    |     ^^^^^^^^^^^^^^^^^^^^^^^^
[INFO] [stdout] 
[INFO] [stdout] 
[INFO] [stdout] warning: unused import: `futures::stream::BoxStream`
[INFO] [stdout]   --> crates/docatlas-core/src/transport.rs:14:5
[INFO] [stdout]    |
[INFO] [stdout] 14 | use futures::stream::BoxStream;
[INFO] [stdout]    |     ^^^^^^^^^^^^^^^^^^^^^^^^^^
[INFO] [stdout] 
[INFO] [stdout] 
[INFO] [stdout] warning: unused imports: `Sink`, `StreamExt`, `Stream`, and `TryStreamExt`
[INFO] [stdout]   --> crates/docatlas-core/src/transport.rs:15:15
[INFO] [stdout]    |
[INFO] [stdout] 15 | use futures::{Sink, Stream, StreamExt, TryStreamExt};
[INFO] [stdout]    |               ^^^^  ^^^^^^  ^^^^^^^^^  ^^^^^^^^^^^^
[INFO] [stdout] 
[INFO] [stdout] 
[INFO] [stdout] warning: unused imports: `LocalSocketStream`, `OwnedReadHalf as LocalOwnedReadHalf`, and `OwnedWriteHalf as LocalOwnedWriteHalf`
[INFO] [stdout]   --> crates/docatlas-core/src/transport.rs:17:5
[INFO] [stdout]    |
[INFO] [stdout] 17 |     LocalSocketStream, OwnedReadHalf as LocalOwnedReadHalf, OwnedWriteHalf as LocalOwnedWriteHalf,
[INFO] [stdout]    |     ^^^^^^^^^^^^^^^^^  ^^^^^^^^^^^^^^^^^^^^^^^^^^^^^^^^^^^  ^^^^^^^^^^^^^^^^^^^^^^^^^^^^^^^^^^^^^
[INFO] [stdout] 
[INFO] [stdout] 
[INFO] [stdout] warning: unused import: `serde::de::DeserializeOwned`
[INFO] [stdout]   --> crates/docatlas-core/src/transport.rs:19:5
[INFO] [stdout]    |
[INFO] [stdout] 19 | use serde::de::DeserializeOwned;
[INFO] [stdout]    |     ^^^^^^^^^^^^^^^^^^^^^^^^^^^
[INFO] [stdout] 
[INFO] [stdout] 
[INFO] [stdout] warning: unused import: `serde::Serialize`
[INFO] [stdout]   --> crates/docatlas-core/src/transport.rs:20:5
[INFO] [stdout]    |
[INFO] [stdout] 20 | use serde::Serialize;
[INFO] [stdout]    |     ^^^^^^^^^^^^^^^^
[INFO] [stdout] 
[INFO] [stdout] 
[INFO] [stdout] warning: unused import: `thiserror::Error`
[INFO] [stdout]   --> crates/docatlas-core/src/transport.rs:21:5
[INFO] [stdout]    |
[INFO] [stdout] 21 | use thiserror::Error;
[INFO] [stdout]    |     ^^^^^^^^^^^^^^^^
[INFO] [stdout] 
[INFO] [stdout] 
[INFO] [stdout] warning: unused imports: `AsyncReadExt`, `AsyncRead`, `AsyncWriteExt`, `AsyncWrite`, `BufReader`, `BufWriter`, and `ReadBuf`
[INFO] [stdout]   --> crates/docatlas-core/src/transport.rs:23:5
[INFO] [stdout]    |
[INFO] [stdout] 23 |     AsyncRead, AsyncReadExt, AsyncWrite, AsyncWriteExt, BufReader, BufWriter, ReadBuf,
[INFO] [stdout]    |     ^^^^^^^^^  ^^^^^^^^^^^^  ^^^^^^^^^^  ^^^^^^^^^^^^^  ^^^^^^^^^  ^^^^^^^^^  ^^^^^^^
[INFO] [stdout] 
[INFO] [stdout] 
[INFO] [stdout] warning: unused imports: `OwnedReadHalf` and `OwnedWriteHalf`
[INFO] [stdout]   --> crates/docatlas-core/src/transport.rs:25:23
[INFO] [stdout]    |
[INFO] [stdout] 25 | use tokio::net::tcp::{OwnedReadHalf, OwnedWriteHalf};
[INFO] [stdout]    |                       ^^^^^^^^^^^^^  ^^^^^^^^^^^^^^
[INFO] [stdout] 
[INFO] [stdout] 
[INFO] [stdout] warning: unused import: `tokio::net::TcpStream`
[INFO] [stdout]   --> crates/docatlas-core/src/transport.rs:26:5
[INFO] [stdout]    |
[INFO] [stdout] 26 | use tokio::net::TcpStream;
[INFO] [stdout]    |     ^^^^^^^^^^^^^^^^^^^^^
[INFO] [stdout] 
[INFO] [stdout] 
[INFO] [stdout] warning: unused imports: `Pin` and `pin`
[INFO] [stdout]  --> crates/docatlas-core/src/transport/packet_reader.rs:5:16
[INFO] [stdout]   |
[INFO] [stdout] 5 | use std::pin::{Pin, pin};
[INFO] [stdout]   |                ^^^  ^^^
[INFO] [stdout] 
[INFO] [stdout] 
[INFO] [stdout] warning: unused imports: `Context` and `Poll`
[INFO] [stdout]  --> crates/docatlas-core/src/transport/packet_reader.rs:6:17
[INFO] [stdout]   |
[INFO] [stdout] 6 | use std::task::{Context, Poll};
[INFO] [stdout]   |                 ^^^^^^^  ^^^^
[INFO] [stdout] 
[INFO] [stdout] 
[INFO] [stdout] warning: unused import: `AsyncWrite`
[INFO] [stdout]  --> crates/docatlas-core/src/transport/packet_reader.rs:7:15
[INFO] [stdout]   |
[INFO] [stdout] 7 | use futures::{AsyncWrite, Stream};
[INFO] [stdout]   |               ^^^^^^^^^^
[INFO] [stdout] 
[INFO] [stdout] 
[INFO] [stdout] warning: unused import: `std::future::Future`
[INFO] [stdout]  --> crates/docatlas-core/src/transport/packet_reader.rs:8:5
[INFO] [stdout]   |
[INFO] [stdout] 8 | use std::future::Future;
[INFO] [stdout]   |     ^^^^^^^^^^^^^^^^^^^
[INFO] [stdout] 
[INFO] [stdout] 
[INFO] [stdout] warning: unused import: `Not`
[INFO] [stdout]  --> crates/docatlas-core/src/persist/persisted_vec.rs:8:40
[INFO] [stdout]   |
[INFO] [stdout] 8 | use std::ops::{Bound, Deref, DerefMut, Not, RangeBounds};
[INFO] [stdout]   |                                        ^^^
[INFO] [stdout] 
[INFO] [stdout] 
[INFO] [stdout] warning: variable does not need to be mutable
[INFO] [stdout]   --> crates/docatlas-core/src/persist/block.rs:62:21
[INFO] [stdout]    |
[INFO] [stdout] 62 |                 let mut file = File::options()
[INFO] [stdout]    |                     ----^^^^
[INFO] [stdout]    |                     |
[INFO] [stdout]    |                     help: remove this `mut`
[INFO] [stdout]    |
[INFO] [stdout]    = note: `#[warn(unused_mut)]` on by default
[INFO] [stdout] 
[INFO] [stdout] 
[INFO] [stdout] warning: unnecessary `unsafe` block
[INFO] [stdout]   --> crates/docatlas-core/src/persist/persisted_vec.rs:45:9
[INFO] [stdout]    |
[INFO] [stdout] 45 |         unsafe {
[INFO] [stdout]    |         ^^^^^^ unnecessary `unsafe` block
[INFO] [stdout]    |
[INFO] [stdout]    = note: `#[warn(unused_unsafe)]` on by default
[INFO] [stdout] 
[INFO] [stdout] 
[INFO] [stdout] warning: constant `DEFAULT_PASSWORD` is never used
[INFO] [stdout]   --> crates/docatlas-core/src/auth/authentication/admin_service.rs:17:11
[INFO] [stdout]    |
[INFO] [stdout] 17 | pub const DEFAULT_PASSWORD: &[u8] = b"admin";
[INFO] [stdout]    |           ^^^^^^^^^^^^^^^^
[INFO] [stdout]    |
[INFO] [stdout]    = note: `#[warn(dead_code)]` on by default
[INFO] [stdout] 
[INFO] [stdout] 
[INFO] [stdout] warning: field `file_path` is never read
[INFO] [stdout]   --> crates/docatlas-core/src/auth/authentication/admin_service.rs:22:5
[INFO] [stdout]    |
[INFO] [stdout] 20 | pub struct AdminAuthenticationService {
[INFO] [stdout]    |            -------------------------- field in this struct
[INFO] [stdout] 21 |     hashed_password: PasswordHashString,
[INFO] [stdout] 22 |     file_path: PathBuf,
[INFO] [stdout]    |     ^^^^^^^^^
[INFO] [stdout]    |
[INFO] [stdout]    = note: `AdminAuthenticationService` has a derived impl for the trait `Debug`, but this is intentionally ignored during dead code analysis
[INFO] [stdout] 
[INFO] [stdout] 
[INFO] [stdout] warning: associated function `create` is never used
[INFO] [stdout]   --> crates/docatlas-core/src/auth/authentication/admin_service.rs:41:12
[INFO] [stdout]    |
[INFO] [stdout] 25 | impl AdminAuthenticationService {
[INFO] [stdout]    | ------------------------------- associated function in this implementation
[INFO] [stdout] ...
[INFO] [stdout] 41 |     pub fn create<P: AsRef<Path>, A: Into<Option<Vec<u8>>>>(
[INFO] [stdout]    |            ^^^^^^
[INFO] [stdout] 
[INFO] [stdout] 
[INFO] [stdout] warning: field `fields` is never read
[INFO] [stdout]   --> crates/docatlas-core/src/document.rs:12:5
[INFO] [stdout]    |
[INFO] [stdout] 11 | pub struct Document {
[INFO] [stdout]    |            -------- field in this struct
[INFO] [stdout] 12 |     fields: Fields,
[INFO] [stdout]    |     ^^^^^^
[INFO] [stdout]    |
[INFO] [stdout]    = note: `Document` has a derived impl for the trait `Debug`, but this is intentionally ignored during dead code analysis
[INFO] [stdout] 
[INFO] [stdout] 
[INFO] [stdout] warning: fields `kind` and `data` are never read
[INFO] [stdout]   --> crates/docatlas-core/src/fields.rs:30:5
[INFO] [stdout]    |
[INFO] [stdout] 29 | pub struct Field {
[INFO] [stdout]    |            ----- fields in this struct
[INFO] [stdout] 30 |     kind: FieldKind,
[INFO] [stdout]    |     ^^^^
[INFO] [stdout] 31 |     data: Vec<FieldData>,
[INFO] [stdout]    |     ^^^^
[INFO] [stdout]    |
[INFO] [stdout]    = note: `Field` has a derived impl for the trait `Debug`, but this is intentionally ignored during dead code analysis
[INFO] [stdout] 
[INFO] [stdout] 
[INFO] [stdout] warning: fields `path` and `documents` are never read
[INFO] [stdout]  --> crates/docatlas-core/src/index.rs:7:5
[INFO] [stdout]   |
[INFO] [stdout] 6 | pub struct Index {
[INFO] [stdout]   |            ----- fields in this struct
[INFO] [stdout] 7 |     path: PathBuf,
[INFO] [stdout]   |     ^^^^
[INFO] [stdout] 8 |     documents: Vec<(Vec<Fields>,)>,
[INFO] [stdout]   |     ^^^^^^^^^
[INFO] [stdout]   |
[INFO] [stdout]   = note: `Index` has a derived impl for the trait `Debug`, but this is intentionally ignored during dead code analysis
[INFO] [stdout] 
[INFO] [stdout] 
[INFO] [stdout] warning: type alias `BlockKey` is never used
[INFO] [stdout]   --> crates/docatlas-core/src/persist/block.rs:28:6
[INFO] [stdout]    |
[INFO] [stdout] 28 | type BlockKey = u64;
[INFO] [stdout]    |      ^^^^^^^^
[INFO] [stdout] 
[INFO] [stdout] 
[INFO] [stdout] warning: constant `DEFAULT_SEGMENT_SIZE` is never used
[INFO] [stdout]   --> crates/docatlas-core/src/persist/block.rs:31:11
[INFO] [stdout]    |
[INFO] [stdout] 31 | pub const DEFAULT_SEGMENT_SIZE: usize = 1028 * 8 * 4;
[INFO] [stdout]    |           ^^^^^^^^^^^^^^^^^^^^
[INFO] [stdout] 
[INFO] [stdout] 
[INFO] [stdout] warning: struct `BlockBuilder` is never constructed
[INFO] [stdout]   --> crates/docatlas-core/src/persist/block.rs:35:12
[INFO] [stdout]    |
[INFO] [stdout] 35 | pub struct BlockBuilder {
[INFO] [stdout]    |            ^^^^^^^^^^^^
[INFO] [stdout]    |
[INFO] [stdout]    = note: `BlockBuilder` has a derived impl for the trait `Debug`, but this is intentionally ignored during dead code analysis
[INFO] [stdout] 
[INFO] [stdout] 
[INFO] [stdout] warning: methods `with_size`, `open`, and `create` are never used
[INFO] [stdout]   --> crates/docatlas-core/src/persist/block.rs:41:12
[INFO] [stdout]    |
[INFO] [stdout] 39 | impl BlockBuilder {
[INFO] [stdout]    | ----------------- methods in this implementation
[INFO] [stdout] 40 |     /// Sets the size of the block
[INFO] [stdout] 41 |     pub fn with_size(mut self, size: usize) -> Self {
[INFO] [stdout]    |            ^^^^^^^^^
[INFO] [stdout] ...
[INFO] [stdout] 49 |     pub fn open<P: AsRef<Path>>(self, path: P) -> Result<Block, BlockError> {
[INFO] [stdout]    |            ^^^^
[INFO] [stdout] ...
[INFO] [stdout] 85 |     pub fn create(self) -> Result<Block, BlockError> {
[INFO] [stdout]    |            ^^^^^^
[INFO] [stdout] 
[INFO] [stdout] 
[INFO] [stderr]    Compiling docatlas-core v0.1.0 (/opt/rustwide/workdir/crates/docatlas-core)
[INFO] [stdout] warning: function `size_of` is never used
[INFO] [stdout]   --> crates/docatlas-core/src/persist/block.rs:97:8
[INFO] [stdout]    |
[INFO] [stdout] 97 | pub fn size_of<T: Sized>(count: usize) -> usize {
[INFO] [stdout]    |        ^^^^^^^
[INFO] [stdout] 
[INFO] [stdout] 
[INFO] [stderr]    Compiling docatlas-daemon v0.1.0 (/opt/rustwide/workdir/crates/docatlas-daemon)
[INFO] [stdout] warning: struct `Blocks` is never constructed
[INFO] [stdout]    --> crates/docatlas-core/src/persist/block.rs:117:12
[INFO] [stdout]     |
[INFO] [stdout] 117 | pub struct Blocks;
[INFO] [stdout]     |            ^^^^^^
[INFO] [stdout] 
[INFO] [stdout] 
[INFO] [stdout] warning: methods `new` and `builder` are never used
[INFO] [stdout]    --> crates/docatlas-core/src/persist/block.rs:124:12
[INFO] [stdout]     |
[INFO] [stdout] 119 | impl Blocks {
[INFO] [stdout]     | ----------- methods in this implementation
[INFO] [stdout] ...
[INFO] [stdout] 124 |     pub fn new(&self) -> Block {
[INFO] [stdout]     |            ^^^
[INFO] [stdout] ...
[INFO] [stdout] 132 |     pub fn builder(&self) -> BlockBuilder {
[INFO] [stdout]     |            ^^^^^^^
[INFO] [stdout] 
[INFO] [stdout] 
[INFO] [stdout] warning: variants `MissingSize` and `PathAlreadyOpened` are never constructed
[INFO] [stdout]    --> crates/docatlas-core/src/persist/block.rs:141:5
[INFO] [stdout]     |
[INFO] [stdout] 139 | pub enum BlockError {
[INFO] [stdout]     |          ---------- variants in this enum
[INFO] [stdout] 140 |     #[error("Must specify capacity ({})", if *is_anon { "anonymous map"} else {"file is not present"})]
[INFO] [stdout] 141 |     MissingSize { is_anon: bool },
[INFO] [stdout]     |     ^^^^^^^^^^^
[INFO] [stdout] 142 |     #[error("Path {0} already open, only one block can open a file at a time")]
[INFO] [stdout] 143 |     PathAlreadyOpened(PathBuf),
[INFO] [stdout]     |     ^^^^^^^^^^^^^^^^^
[INFO] [stdout]     |
[INFO] [stdout]     = note: `BlockError` has a derived impl for the trait `Debug`, but this is intentionally ignored during dead code analysis
[INFO] [stdout] 
[INFO] [stdout] 
[INFO] [stdout] warning: struct `PersistedRawArray` is never constructed
[INFO] [stdout]  --> crates/docatlas-core/src/persist/persisted_raw_array.rs:9:12
[INFO] [stdout]   |
[INFO] [stdout] 9 | pub struct PersistedRawArray<T: Persist> {
[INFO] [stdout]   |            ^^^^^^^^^^^^^^^^^
[INFO] [stdout]   |
[INFO] [stdout]   = note: `PersistedRawArray` has a derived impl for the trait `Debug`, but this is intentionally ignored during dead code analysis
[INFO] [stdout] 
[INFO] [stdout] 
[INFO] [stdout] warning: associated items `new`, `capacity`, and `reserve` are never used
[INFO] [stdout]   --> crates/docatlas-core/src/persist/persisted_raw_array.rs:18:19
[INFO] [stdout]    |
[INFO] [stdout] 15 | impl<T: Persist> PersistedRawArray<T> {
[INFO] [stdout]    | ------------------------------------- associated items in this implementation
[INFO] [stdout] ...
[INFO] [stdout] 18 |     pub unsafe fn new(block: Block) -> PersistedRawArray<T> {
[INFO] [stdout]    |                   ^^^
[INFO] [stdout] ...
[INFO] [stdout] 31 |     pub fn capacity(&self) -> usize {
[INFO] [stdout]    |            ^^^^^^^^
[INFO] [stdout] ...
[INFO] [stdout] 37 |     pub unsafe fn reserve(&mut self, additional: usize) {
[INFO] [stdout]    |                   ^^^^^^^
[INFO] [stdout] 
[INFO] [stdout] 
[INFO] [stdout] warning: field `wrapped` is never read
[INFO] [stdout]   --> crates/docatlas-core/src/transport/packet_reader.rs:16:5
[INFO] [stdout]    |
[INFO] [stdout] 15 | pub struct Packet<T> {
[INFO] [stdout]    |            ------ field in this struct
[INFO] [stdout] 16 |     wrapped: T,
[INFO] [stdout]    |     ^^^^^^^
[INFO] [stdout]    |
[INFO] [stdout]    = note: `Packet` has a derived impl for the trait `Debug`, but this is intentionally ignored during dead code analysis
[INFO] [stdout] 
[INFO] [stdout] 
[INFO] [stdout] warning: calls to `std::mem::drop` with a value that implements `Copy` does nothing
[INFO] [stdout]   --> crates/docatlas-core/src/persist/persisted_unsafe_cell.rs:44:13
[INFO] [stdout]    |
[INFO] [stdout] 44 |             drop(read)
[INFO] [stdout]    |             ^^^^^----^
[INFO] [stdout]    |                  |
[INFO] [stdout]    |                  argument has type `u8`
[INFO] [stdout]    |
[INFO] [stdout]    = note: use `let _ = ...` to ignore the expression or result
[INFO] [stdout]    = note: `#[warn(dropping_copy_types)]` on by default
[INFO] [stdout] 
[INFO] [stdout] 
[INFO] [stdout] warning: unused import: `crate::client::Client`
[INFO] [stdout]  --> crates/docatlas-daemon/src/main_loop.rs:4:5
[INFO] [stdout]   |
[INFO] [stdout] 4 | use crate::client::Client;
[INFO] [stdout]   |     ^^^^^^^^^^^^^^^^^^^^^
[INFO] [stdout]   |
[INFO] [stdout]   = note: `#[warn(unused_imports)]` on by default
[INFO] [stdout] 
[INFO] [stdout] 
[INFO] [stdout] warning: unused variable: `sink`
[INFO] [stdout]   --> crates/docatlas-daemon/src/main_loop.rs:18:26
[INFO] [stdout]    |
[INFO] [stdout] 18 |             let (stream, sink) = stream.into_split();
[INFO] [stdout]    |                          ^^^^ help: if this is intentional, prefix it with an underscore: `_sink`
[INFO] [stdout]    |
[INFO] [stdout]    = note: `#[warn(unused_variables)]` on by default
[INFO] [stdout] 
[INFO] [stdout] 
[INFO] [stdout] warning: unused variable: `x`
[INFO] [stdout]   --> crates/docatlas-daemon/src/main_loop.rs:20:17
[INFO] [stdout]    |
[INFO] [stdout] 20 |             let x = stream.next().await;
[INFO] [stdout]    |                 ^ help: if this is intentional, prefix it with an underscore: `_x`
[INFO] [stdout] 
[INFO] [stdout] 
[INFO] [stdout] warning: variable does not need to be mutable
[INFO] [stdout]   --> crates/docatlas-daemon/src/main_loop.rs:15:19
[INFO] [stdout]    |
[INFO] [stdout] 15 |     while let Ok((mut stream, socket)) = listener.accept().await {
[INFO] [stdout]    |                   ----^^^^^^
[INFO] [stdout]    |                   |
[INFO] [stdout]    |                   help: remove this `mut`
[INFO] [stdout]    |
[INFO] [stdout]    = note: `#[warn(unused_mut)]` on by default
[INFO] [stdout] 
[INFO] [stdout] 
[INFO] [stdout] warning: unused import: `FutureExt`
[INFO] [stdout]  --> crates/docatlas-daemon/src/client.rs:3:15
[INFO] [stdout]   |
[INFO] [stdout] 3 | use futures::{FutureExt, Sink, SinkExt, Stream, StreamExt};
[INFO] [stdout]   |               ^^^^^^^^^
[INFO] [stdout] 
[INFO] [stdout] 
[INFO] [stdout] warning: function `override_if_value` is never used
[INFO] [stdout]  --> crates/docatlas-daemon/src/config/merge_strategies.rs:1:8
[INFO] [stdout]   |
[INFO] [stdout] 1 | pub fn override_if_value<T: PartialEq>(value: T) -> impl Fn(&mut T, T) {
[INFO] [stdout]   |        ^^^^^^^^^^^^^^^^^
[INFO] [stdout]   |
[INFO] [stdout]   = note: `#[warn(dead_code)]` on by default
[INFO] [stdout] 
[INFO] [stdout] 
[INFO] [stdout] warning: function `override_default` is never used
[INFO] [stdout]  --> crates/docatlas-daemon/src/config/merge_strategies.rs:9:8
[INFO] [stdout]   |
[INFO] [stdout] 9 | pub fn override_default<T: Default + PartialEq>() -> impl Fn(&mut T, T) {
[INFO] [stdout]   |        ^^^^^^^^^^^^^^^^
[INFO] [stdout] 
[INFO] [stdout] 
[INFO] [stdout] warning: unused import: `crate::client::Client`
[INFO] [stdout]  --> crates/docatlas-daemon/src/main_loop.rs:4:5
[INFO] [stdout]   |
[INFO] [stdout] 4 | use crate::client::Client;
[INFO] [stdout]   |     ^^^^^^^^^^^^^^^^^^^^^
[INFO] [stdout]   |
[INFO] [stdout]   = note: `#[warn(unused_imports)]` on by default
[INFO] [stdout] 
[INFO] [stdout] 
[INFO] [stdout] warning: unused import: `FutureExt`
[INFO] [stdout]  --> crates/docatlas-daemon/src/bin/docatlas-daemon/main.rs:4:15
[INFO] [stdout]   |
[INFO] [stdout] 4 | use futures::{FutureExt, StreamExt};
[INFO] [stdout]   |               ^^^^^^^^^
[INFO] [stdout]   |
[INFO] [stdout]   = note: `#[warn(unused_imports)]` on by default
[INFO] [stdout] 
[INFO] [stdout] 
[INFO] [stdout] warning: unused variable: `sink`
[INFO] [stdout]   --> crates/docatlas-daemon/src/main_loop.rs:18:26
[INFO] [stdout]    |
[INFO] [stdout] 18 |             let (stream, sink) = stream.into_split();
[INFO] [stdout]    |                          ^^^^ help: if this is intentional, prefix it with an underscore: `_sink`
[INFO] [stdout]    |
[INFO] [stdout]    = note: `#[warn(unused_variables)]` on by default
[INFO] [stdout] 
[INFO] [stdout] 
[INFO] [stdout] warning: unused variable: `x`
[INFO] [stdout]   --> crates/docatlas-daemon/src/main_loop.rs:20:17
[INFO] [stdout]    |
[INFO] [stdout] 20 |             let x = stream.next().await;
[INFO] [stdout]    |                 ^ help: if this is intentional, prefix it with an underscore: `_x`
[INFO] [stdout] 
[INFO] [stdout] 
[INFO] [stdout] warning: unused import: `StreamExt`
[INFO] [stdout]  --> crates/docatlas-daemon/src/bin/docatlas-daemon/main.rs:4:26
[INFO] [stdout]   |
[INFO] [stdout] 4 | use futures::{FutureExt, StreamExt};
[INFO] [stdout]   |                          ^^^^^^^^^
[INFO] [stdout] 
[INFO] [stdout] 
[INFO] [stdout] warning: variable does not need to be mutable
[INFO] [stdout]   --> crates/docatlas-daemon/src/main_loop.rs:15:19
[INFO] [stdout]    |
[INFO] [stdout] 15 |     while let Ok((mut stream, socket)) = listener.accept().await {
[INFO] [stdout]    |                   ----^^^^^^
[INFO] [stdout]    |                   |
[INFO] [stdout]    |                   help: remove this `mut`
[INFO] [stdout]    |
[INFO] [stdout]    = note: `#[warn(unused_mut)]` on by default
[INFO] [stdout] 
[INFO] [stdout] 
[INFO] [stdout] warning: unused import: `FutureExt`
[INFO] [stdout]  --> crates/docatlas-daemon/src/client.rs:3:15
[INFO] [stdout]   |
[INFO] [stdout] 3 | use futures::{FutureExt, Sink, SinkExt, Stream, StreamExt};
[INFO] [stdout]   |               ^^^^^^^^^
[INFO] [stdout] 
[INFO] [stdout] 
[INFO] [stdout] warning: unused import: `Salt`
[INFO] [stdout]  --> crates/docatlas-core/src/auth/authentication.rs:3:49
[INFO] [stdout]   |
[INFO] [stdout] 3 | use argon2::password_hash::{PasswordHashString, Salt, SaltString};
[INFO] [stdout]   |                                                 ^^^^
[INFO] [stdout]   |
[INFO] [stdout]   = note: `#[warn(unused_imports)]` on by default
[INFO] [stdout] 
[INFO] [stdout] 
[INFO] [stdout] warning: unused imports: `PasswordHash` and `PasswordVerifier`
[INFO] [stdout]  --> crates/docatlas-core/src/auth/authentication.rs:4:14
[INFO] [stdout]   |
[INFO] [stdout] 4 | use argon2::{PasswordHash, PasswordHasher, PasswordVerifier};
[INFO] [stdout]   |              ^^^^^^^^^^^^                  ^^^^^^^^^^^^^^^^
[INFO] [stdout] 
[INFO] [stdout] 
[INFO] [stdout] warning: unused imports: `ExposeSecret` and `SecretVec`
[INFO] [stdout]  --> crates/docatlas-core/src/auth/authentication.rs:7:15
[INFO] [stdout]   |
[INFO] [stdout] 7 | use secrecy::{ExposeSecret, SecretVec};
[INFO] [stdout]   |               ^^^^^^^^^^^^  ^^^^^^^^^
[INFO] [stdout] 
[INFO] [stdout] 
[INFO] [stdout] warning: unused import: `serde::Serialize`
[INFO] [stdout]  --> crates/docatlas-core/src/document.rs:3:5
[INFO] [stdout]   |
[INFO] [stdout] 3 | use serde::Serialize;
[INFO] [stdout]   |     ^^^^^^^^^^^^^^^^
[INFO] [stdout] 
[INFO] [stdout] 
[INFO] [stdout] warning: unused import: `std::fmt::Display`
[INFO] [stdout]  --> crates/docatlas-core/src/fields.rs:4:5
[INFO] [stdout]   |
[INFO] [stdout] 4 | use std::fmt::Display;
[INFO] [stdout]   |     ^^^^^^^^^^^^^^^^^
[INFO] [stdout] 
[INFO] [stdout] 
[INFO] [stdout] warning: unused imports: `Display` and `Pointer`
[INFO] [stdout]  --> crates/docatlas-core/src/persist/block.rs:6:23
[INFO] [stdout]   |
[INFO] [stdout] 6 | use std::fmt::{Debug, Display, Formatter, Pointer};
[INFO] [stdout]   |                       ^^^^^^^             ^^^^^^^
[INFO] [stdout] 
[INFO] [stdout] 
[INFO] [stdout] warning: unused import: `std::hash::Hash`
[INFO] [stdout]  --> crates/docatlas-core/src/persist/block.rs:8:5
[INFO] [stdout]   |
[INFO] [stdout] 8 | use std::hash::Hash;
[INFO] [stdout]   |     ^^^^^^^^^^^^^^^
[INFO] [stdout] 
[INFO] [stdout] 
[INFO] [stdout] warning: unused import: `std::marker::PhantomData`
[INFO] [stdout]  --> crates/docatlas-core/src/persist/block.rs:9:5
[INFO] [stdout]   |
[INFO] [stdout] 9 | use std::marker::PhantomData;
[INFO] [stdout]   |     ^^^^^^^^^^^^^^^^^^^^^^^^
[INFO] [stdout] 
[INFO] [stdout] 
[INFO] [stdout] warning: unused import: `std::mem::transmute`
[INFO] [stdout]   --> crates/docatlas-core/src/persist/block.rs:10:5
[INFO] [stdout]    |
[INFO] [stdout] 10 | use std::mem::transmute;
[INFO] [stdout]    |     ^^^^^^^^^^^^^^^^^^^
[INFO] [stdout] 
[INFO] [stdout] 
[INFO] [stdout] warning: unused imports: `DerefMut` and `Deref`
[INFO] [stdout]   --> crates/docatlas-core/src/persist/block.rs:11:16
[INFO] [stdout]    |
[INFO] [stdout] 11 | use std::ops::{Deref, DerefMut};
[INFO] [stdout]    |                ^^^^^  ^^^^^^^^
[INFO] [stdout] 
[INFO] [stdout] 
[INFO] [stdout] warning: unused imports: `ptr` and `slice`
[INFO] [stdout]   --> crates/docatlas-core/src/persist/block.rs:14:15
[INFO] [stdout]    |
[INFO] [stdout] 14 | use std::{io, ptr, slice};
[INFO] [stdout]    |               ^^^  ^^^^^
[INFO] [stdout] 
[INFO] [stdout] 
[INFO] [stdout] warning: unused import: `serde::de::DeserializeOwned`
[INFO] [stdout]   --> crates/docatlas-core/src/persist/block.rs:18:5
[INFO] [stdout]    |
[INFO] [stdout] 18 | use serde::de::DeserializeOwned;
[INFO] [stdout]    |     ^^^^^^^^^^^^^^^^^^^^^^^^^^^
[INFO] [stdout] 
[INFO] [stdout] 
[INFO] [stdout] warning: unused import: `serde::ser::Error as SerError`
[INFO] [stdout]   --> crates/docatlas-core/src/persist/block.rs:19:5
[INFO] [stdout]    |
[INFO] [stdout] 19 | use serde::ser::Error as SerError;
[INFO] [stdout]    |     ^^^^^^^^^^^^^^^^^^^^^^^^^^^^^
[INFO] [stdout] 
[INFO] [stdout] 
[INFO] [stdout] warning: unused imports: `Deserialize`, `Deserializer`, `Serialize`, and `Serializer`
[INFO] [stdout]   --> crates/docatlas-core/src/persist/block.rs:20:13
[INFO] [stdout]    |
[INFO] [stdout] 20 | use serde::{Deserialize, Deserializer, Serialize, Serializer};
[INFO] [stdout]    |             ^^^^^^^^^^^  ^^^^^^^^^^^^  ^^^^^^^^^  ^^^^^^^^^^
[INFO] [stdout] 
[INFO] [stdout] 
[INFO] [stdout] warning: unused import: `crate::persist::block::Block`
[INFO] [stdout]  --> crates/docatlas-core/src/persist/persisted_box.rs:1:5
[INFO] [stdout]   |
[INFO] [stdout] 1 | use crate::persist::block::Block;
[INFO] [stdout]   |     ^^^^^^^^^^^^^^^^^^^^^^^^^^^^
[INFO] [stdout] 
[INFO] [stdout] 
[INFO] [stdout] warning: unused import: `crate::shared::Shared`
[INFO] [stdout]  --> crates/docatlas-core/src/persist/persisted_box.rs:2:5
[INFO] [stdout]   |
[INFO] [stdout] 2 | use crate::shared::Shared;
[INFO] [stdout]   |     ^^^^^^^^^^^^^^^^^^^^^
[INFO] [stdout] 
[INFO] [stdout] 
[INFO] [stdout] warning: unused import: `std::ops::Add`
[INFO] [stdout]  --> crates/docatlas-core/src/persist/persisted_raw_array.rs:2:5
[INFO] [stdout]   |
[INFO] [stdout] 2 | use std::ops::Add;
[INFO] [stdout]   |     ^^^^^^^^^^^^^
[INFO] [stdout] 
[INFO] [stdout] 
[INFO] [stdout] warning: unused import: `Not`
[INFO] [stdout]  --> crates/docatlas-core/src/persist/persisted_vec.rs:8:40
[INFO] [stdout]   |
[INFO] [stdout] 8 | use std::ops::{Bound, Deref, DerefMut, Not, RangeBounds};
[INFO] [stdout]   |                                        ^^^
[INFO] [stdout] 
[INFO] [stdout] 
[INFO] [stdout] warning: unused import: `std::fmt::Debug`
[INFO] [stdout]  --> crates/docatlas-core/src/transport.rs:3:5
[INFO] [stdout]   |
[INFO] [stdout] 3 | use std::fmt::Debug;
[INFO] [stdout]   |     ^^^^^^^^^^^^^^^
[INFO] [stdout] 
[INFO] [stdout] 
[INFO] [stdout] warning: unused import: `std::future::Future`
[INFO] [stdout]  --> crates/docatlas-core/src/transport.rs:4:5
[INFO] [stdout]   |
[INFO] [stdout] 4 | use std::future::Future;
[INFO] [stdout]   |     ^^^^^^^^^^^^^^^^^^^
[INFO] [stdout] 
[INFO] [stdout] 
[INFO] [stdout] warning: unused imports: `ErrorKind` and `Error`
[INFO] [stdout]  --> crates/docatlas-core/src/transport.rs:5:15
[INFO] [stdout]   |
[INFO] [stdout] 5 | use std::io::{Error, ErrorKind};
[INFO] [stdout]   |               ^^^^^  ^^^^^^^^^
[INFO] [stdout] 
[INFO] [stdout] 
[INFO] [stdout] warning: unused import: `std::marker::PhantomData`
[INFO] [stdout]  --> crates/docatlas-core/src/transport.rs:6:5
[INFO] [stdout]   |
[INFO] [stdout] 6 | use std::marker::PhantomData;
[INFO] [stdout]   |     ^^^^^^^^^^^^^^^^^^^^^^^^
[INFO] [stdout] 
[INFO] [stdout] 
[INFO] [stdout] warning: unused import: `std::net::SocketAddr`
[INFO] [stdout]  --> crates/docatlas-core/src/transport.rs:7:5
[INFO] [stdout]   |
[INFO] [stdout] 7 | use std::net::SocketAddr;
[INFO] [stdout]   |     ^^^^^^^^^^^^^^^^^^^^
[INFO] [stdout] 
[INFO] [stdout] 
[INFO] [stdout] warning: unused import: `std::pin::Pin`
[INFO] [stdout]  --> crates/docatlas-core/src/transport.rs:8:5
[INFO] [stdout]   |
[INFO] [stdout] 8 | use std::pin::Pin;
[INFO] [stdout]   |     ^^^^^^^^^^^^^
[INFO] [stdout] 
[INFO] [stdout] 
[INFO] [stdout] warning: unused imports: `Context` and `Poll`
[INFO] [stdout]  --> crates/docatlas-core/src/transport.rs:9:17
[INFO] [stdout]   |
[INFO] [stdout] 9 | use std::task::{Context, Poll};
[INFO] [stdout]   |                 ^^^^^^^  ^^^^
[INFO] [stdout] 
[INFO] [stdout] 
[INFO] [stdout] warning: unused imports: `io` and `iter`
[INFO] [stdout]   --> crates/docatlas-core/src/transport.rs:10:11
[INFO] [stdout]    |
[INFO] [stdout] 10 | use std::{io, iter};
[INFO] [stdout]    |           ^^  ^^^^
[INFO] [stdout] 
[INFO] [stdout] 
[INFO] [stdout] warning: unused import: `async_stream::stream`
[INFO] [stdout]   --> crates/docatlas-core/src/transport.rs:12:5
[INFO] [stdout]    |
[INFO] [stdout] 12 | use async_stream::stream;
[INFO] [stdout]    |     ^^^^^^^^^^^^^^^^^^^^
[INFO] [stdout] 
[INFO] [stdout] 
[INFO] [stdout] warning: unused import: `async_trait::async_trait`
[INFO] [stdout]   --> crates/docatlas-core/src/transport.rs:13:5
[INFO] [stdout]    |
[INFO] [stdout] 13 | use async_trait::async_trait;
[INFO] [stdout]    |     ^^^^^^^^^^^^^^^^^^^^^^^^
[INFO] [stdout] 
[INFO] [stdout] 
[INFO] [stdout] warning: unused import: `futures::stream::BoxStream`
[INFO] [stdout]   --> crates/docatlas-core/src/transport.rs:14:5
[INFO] [stdout]    |
[INFO] [stdout] 14 | use futures::stream::BoxStream;
[INFO] [stdout]    |     ^^^^^^^^^^^^^^^^^^^^^^^^^^
[INFO] [stdout] 
[INFO] [stdout] 
[INFO] [stdout] warning: unused imports: `Sink`, `StreamExt`, `Stream`, and `TryStreamExt`
[INFO] [stdout]   --> crates/docatlas-core/src/transport.rs:15:15
[INFO] [stdout]    |
[INFO] [stdout] 15 | use futures::{Sink, Stream, StreamExt, TryStreamExt};
[INFO] [stdout]    |               ^^^^  ^^^^^^  ^^^^^^^^^  ^^^^^^^^^^^^
[INFO] [stdout] 
[INFO] [stdout] 
[INFO] [stdout] warning: unused imports: `LocalSocketStream`, `OwnedReadHalf as LocalOwnedReadHalf`, and `OwnedWriteHalf as LocalOwnedWriteHalf`
[INFO] [stdout]   --> crates/docatlas-core/src/transport.rs:17:5
[INFO] [stdout]    |
[INFO] [stdout] 17 |     LocalSocketStream, OwnedReadHalf as LocalOwnedReadHalf, OwnedWriteHalf as LocalOwnedWriteHalf,
[INFO] [stdout]    |     ^^^^^^^^^^^^^^^^^  ^^^^^^^^^^^^^^^^^^^^^^^^^^^^^^^^^^^  ^^^^^^^^^^^^^^^^^^^^^^^^^^^^^^^^^^^^^
[INFO] [stdout] 
[INFO] [stdout] 
[INFO] [stdout] warning: unused import: `serde::de::DeserializeOwned`
[INFO] [stdout]   --> crates/docatlas-core/src/transport.rs:19:5
[INFO] [stdout]    |
[INFO] [stdout] 19 | use serde::de::DeserializeOwned;
[INFO] [stdout]    |     ^^^^^^^^^^^^^^^^^^^^^^^^^^^
[INFO] [stdout] 
[INFO] [stdout] 
[INFO] [stdout] warning: unused import: `serde::Serialize`
[INFO] [stdout]   --> crates/docatlas-core/src/transport.rs:20:5
[INFO] [stdout]    |
[INFO] [stdout] 20 | use serde::Serialize;
[INFO] [stdout]    |     ^^^^^^^^^^^^^^^^
[INFO] [stdout] 
[INFO] [stdout] 
[INFO] [stdout] warning: unused import: `thiserror::Error`
[INFO] [stdout]   --> crates/docatlas-core/src/transport.rs:21:5
[INFO] [stdout]    |
[INFO] [stdout] 21 | use thiserror::Error;
[INFO] [stdout]    |     ^^^^^^^^^^^^^^^^
[INFO] [stdout] 
[INFO] [stdout] 
[INFO] [stdout] warning: unused imports: `AsyncReadExt`, `AsyncRead`, `AsyncWriteExt`, `AsyncWrite`, `BufReader`, `BufWriter`, and `ReadBuf`
[INFO] [stdout]   --> crates/docatlas-core/src/transport.rs:23:5
[INFO] [stdout]    |
[INFO] [stdout] 23 |     AsyncRead, AsyncReadExt, AsyncWrite, AsyncWriteExt, BufReader, BufWriter, ReadBuf,
[INFO] [stdout]    |     ^^^^^^^^^  ^^^^^^^^^^^^  ^^^^^^^^^^  ^^^^^^^^^^^^^  ^^^^^^^^^  ^^^^^^^^^  ^^^^^^^
[INFO] [stdout] 
[INFO] [stdout] 
[INFO] [stdout] warning: unused imports: `OwnedReadHalf` and `OwnedWriteHalf`
[INFO] [stdout]   --> crates/docatlas-core/src/transport.rs:25:23
[INFO] [stdout]    |
[INFO] [stdout] 25 | use tokio::net::tcp::{OwnedReadHalf, OwnedWriteHalf};
[INFO] [stdout]    |                       ^^^^^^^^^^^^^  ^^^^^^^^^^^^^^
[INFO] [stdout] 
[INFO] [stdout] 
[INFO] [stdout] warning: unused import: `tokio::net::TcpStream`
[INFO] [stdout]   --> crates/docatlas-core/src/transport.rs:26:5
[INFO] [stdout]    |
[INFO] [stdout] 26 | use tokio::net::TcpStream;
[INFO] [stdout]    |     ^^^^^^^^^^^^^^^^^^^^^
[INFO] [stdout] 
[INFO] [stdout] 
[INFO] [stdout] warning: unused imports: `Pin` and `pin`
[INFO] [stdout]  --> crates/docatlas-core/src/transport/packet_reader.rs:5:16
[INFO] [stdout]   |
[INFO] [stdout] 5 | use std::pin::{Pin, pin};
[INFO] [stdout]   |                ^^^  ^^^
[INFO] [stdout] 
[INFO] [stdout] 
[INFO] [stdout] warning: unused imports: `Context` and `Poll`
[INFO] [stdout]  --> crates/docatlas-core/src/transport/packet_reader.rs:6:17
[INFO] [stdout]   |
[INFO] [stdout] 6 | use std::task::{Context, Poll};
[INFO] [stdout]   |                 ^^^^^^^  ^^^^
[INFO] [stdout] 
[INFO] [stdout] 
[INFO] [stdout] warning: unused import: `AsyncWrite`
[INFO] [stdout]  --> crates/docatlas-core/src/transport/packet_reader.rs:7:15
[INFO] [stdout]   |
[INFO] [stdout] 7 | use futures::{AsyncWrite, Stream};
[INFO] [stdout]   |               ^^^^^^^^^^
[INFO] [stdout] 
[INFO] [stdout] 
[INFO] [stdout] warning: unused import: `std::future::Future`
[INFO] [stdout]  --> crates/docatlas-core/src/transport/packet_reader.rs:8:5
[INFO] [stdout]   |
[INFO] [stdout] 8 | use std::future::Future;
[INFO] [stdout]   |     ^^^^^^^^^^^^^^^^^^^
[INFO] [stdout] 
[INFO] [stdout] 
[INFO] [stdout] warning: function `override_if_value` is never used
[INFO] [stdout]  --> crates/docatlas-daemon/src/config/merge_strategies.rs:1:8
[INFO] [stdout]   |
[INFO] [stdout] 1 | pub fn override_if_value<T: PartialEq>(value: T) -> impl Fn(&mut T, T) {
[INFO] [stdout]   |        ^^^^^^^^^^^^^^^^^
[INFO] [stdout]   |
[INFO] [stdout]   = note: `#[warn(dead_code)]` on by default
[INFO] [stdout] 
[INFO] [stdout] 
[INFO] [stdout] warning: function `override_default` is never used
[INFO] [stdout]  --> crates/docatlas-daemon/src/config/merge_strategies.rs:9:8
[INFO] [stdout]   |
[INFO] [stdout] 9 | pub fn override_default<T: Default + PartialEq>() -> impl Fn(&mut T, T) {
[INFO] [stdout]   |        ^^^^^^^^^^^^^^^^
[INFO] [stdout] 
[INFO] [stdout] 
[INFO] [stdout] warning: irrefutable `let...else` pattern
[INFO] [stdout]    --> crates/docatlas-core/src/auth/authentication.rs:159:9
[INFO] [stdout]     |
[INFO] [stdout] 159 |         let &AuthenticationRequestPayload::Basic { username, password } = &e.payloads[0] else {
[INFO] [stdout]     |         ^^^^^^^^^^^^^^^^^^^^^^^^^^^^^^^^^^^^^^^^^^^^^^^^^^^^^^^^^^^^^^^^^^^^^^^^^^^^^^^^
[INFO] [stdout]     |
[INFO] [stdout]     = note: this pattern will always match, so the `else` clause is useless
[INFO] [stdout]     = help: consider removing the `else` clause
[INFO] [stdout]     = note: `#[warn(irrefutable_let_patterns)]` on by default
[INFO] [stdout] 
[INFO] [stdout] 
[INFO] [stdout] warning: variable does not need to be mutable
[INFO] [stdout]   --> crates/docatlas-core/src/persist/block.rs:62:21
[INFO] [stdout]    |
[INFO] [stdout] 62 |                 let mut file = File::options()
[INFO] [stdout]    |                     ----^^^^
[INFO] [stdout]    |                     |
[INFO] [stdout]    |                     help: remove this `mut`
[INFO] [stdout]    |
[INFO] [stdout]    = note: `#[warn(unused_mut)]` on by default
[INFO] [stdout] 
[INFO] [stdout] 
[INFO] [stdout] warning: variable does not need to be mutable
[INFO] [stdout]    --> crates/docatlas-core/src/persist/block.rs:260:17
[INFO] [stdout]     |
[INFO] [stdout] 260 |             let mut v_mut = block.as_ptr_mut();
[INFO] [stdout]     |                 ----^^^^^
[INFO] [stdout]     |                 |
[INFO] [stdout]     |                 help: remove this `mut`
[INFO] [stdout] 
[INFO] [stdout] 
[INFO] [stdout] warning: variable does not need to be mutable
[INFO] [stdout]    --> crates/docatlas-core/src/persist/block.rs:271:17
[INFO] [stdout]     |
[INFO] [stdout] 271 |             let mut v_mut = block.as_typed_mut_ptr::<(usize, u32)>();
[INFO] [stdout]     |                 ----^^^^^
[INFO] [stdout]     |                 |
[INFO] [stdout]     |                 help: remove this `mut`
[INFO] [stdout] 
[INFO] [stdout] 
[INFO] [stdout] warning: unused variable: `segment`
[INFO] [stdout]    --> crates/docatlas-core/src/persist/block.rs:287:17
[INFO] [stdout]     |
[INFO] [stdout] 287 |             let segment = Blocks.builder().open(&file).unwrap();
[INFO] [stdout]     |                 ^^^^^^^ help: if this is intentional, prefix it with an underscore: `_segment`
[INFO] [stdout]     |
[INFO] [stdout]     = note: `#[warn(unused_variables)]` on by default
[INFO] [stdout] 
[INFO] [stdout] 
[INFO] [stdout] warning: unnecessary `unsafe` block
[INFO] [stdout]    --> crates/docatlas-core/src/persist/block.rs:286:9
[INFO] [stdout]     |
[INFO] [stdout] 286 |         unsafe {
[INFO] [stdout]     |         ^^^^^^ unnecessary `unsafe` block
[INFO] [stdout]     |
[INFO] [stdout]     = note: `#[warn(unused_unsafe)]` on by default
[INFO] [stdout] 
[INFO] [stdout] 
[INFO] [stdout] warning: unused variable: `cell`
[INFO] [stdout]   --> crates/docatlas-core/src/persist/persisted_cell.rs:73:13
[INFO] [stdout]    |
[INFO] [stdout] 73 |         let cell = PersistedCell::new(block, 32);
[INFO] [stdout]    |             ^^^^ help: if this is intentional, prefix it with an underscore: `_cell`
[INFO] [stdout] 
[INFO] [stdout] 
[INFO] [stdout] warning: unnecessary `unsafe` block
[INFO] [stdout]   --> crates/docatlas-core/src/persist/persisted_vec.rs:45:9
[INFO] [stdout]    |
[INFO] [stdout] 45 |         unsafe {
[INFO] [stdout]    |         ^^^^^^ unnecessary `unsafe` block
[INFO] [stdout] 
[INFO] [stdout] 
[INFO] [stdout] warning: variable does not need to be mutable
[INFO] [stdout]    --> crates/docatlas-core/src/persist/persisted_vec.rs:661:13
[INFO] [stdout]     |
[INFO] [stdout] 661 |         let mut lower = split.write(0).unwrap();
[INFO] [stdout]     |             ----^^^^^
[INFO] [stdout]     |             |
[INFO] [stdout]     |             help: remove this `mut`
[INFO] [stdout] 
[INFO] [stdout] 
[INFO] [stdout] warning: variable does not need to be mutable
[INFO] [stdout]    --> crates/docatlas-core/src/persist/persisted_vec.rs:663:13
[INFO] [stdout]     |
[INFO] [stdout] 663 |         let mut upper = split.write(1).unwrap();
[INFO] [stdout]     |             ----^^^^^
[INFO] [stdout]     |             |
[INFO] [stdout]     |             help: remove this `mut`
[INFO] [stdout] 
[INFO] [stdout] 
[INFO] [stdout] warning: unused variable: `lower_mut`
[INFO] [stdout]    --> crates/docatlas-core/src/persist/persisted_vec.rs:675:17
[INFO] [stdout]     |
[INFO] [stdout] 675 |             let lower_mut = split.write(0).unwrap();
[INFO] [stdout]     |                 ^^^^^^^^^ help: if this is intentional, prefix it with an underscore: `_lower_mut`
[INFO] [stdout] 
[INFO] [stdout] 
[INFO] [stdout] warning: unused variable: `lower`
[INFO] [stdout]    --> crates/docatlas-core/src/persist/persisted_vec.rs:680:17
[INFO] [stdout]     |
[INFO] [stdout] 680 |             let lower = split.read(0).unwrap();
[INFO] [stdout]     |                 ^^^^^ help: if this is intentional, prefix it with an underscore: `_lower`
[INFO] [stdout] 
[INFO] [stdout] 
[INFO] [stdout] warning: unused variable: `lower`
[INFO] [stdout]    --> crates/docatlas-core/src/persist.rs:148:13
[INFO] [stdout]     |
[INFO] [stdout] 148 |         let lower = PData::<i32>::write_singleton(split.write(0).unwrap(), 32);
[INFO] [stdout]     |             ^^^^^ help: if this is intentional, prefix it with an underscore: `_lower`
[INFO] [stdout] 
[INFO] [stdout] 
[INFO] [stdout] warning: unused variable: `upper`
[INFO] [stdout]    --> crates/docatlas-core/src/persist.rs:149:13
[INFO] [stdout]     |
[INFO] [stdout] 149 |         let upper = PData::<i32>::write_singleton(split.write(1).unwrap(), 128);
[INFO] [stdout]     |             ^^^^^ help: if this is intentional, prefix it with an underscore: `_upper`
[INFO] [stdout] 
[INFO] [stdout] 
[INFO] [stdout] warning: field `file_path` is never read
[INFO] [stdout]   --> crates/docatlas-core/src/auth/authentication/admin_service.rs:22:5
[INFO] [stdout]    |
[INFO] [stdout] 20 | pub struct AdminAuthenticationService {
[INFO] [stdout]    |            -------------------------- field in this struct
[INFO] [stdout] 21 |     hashed_password: PasswordHashString,
[INFO] [stdout] 22 |     file_path: PathBuf,
[INFO] [stdout]    |     ^^^^^^^^^
[INFO] [stdout]    |
[INFO] [stdout]    = note: `AdminAuthenticationService` has a derived impl for the trait `Debug`, but this is intentionally ignored during dead code analysis
[INFO] [stdout]    = note: `#[warn(dead_code)]` on by default
[INFO] [stdout] 
[INFO] [stdout] 
[INFO] [stdout] warning: field `fields` is never read
[INFO] [stdout]   --> crates/docatlas-core/src/document.rs:12:5
[INFO] [stdout]    |
[INFO] [stdout] 11 | pub struct Document {
[INFO] [stdout]    |            -------- field in this struct
[INFO] [stdout] 12 |     fields: Fields,
[INFO] [stdout]    |     ^^^^^^
[INFO] [stdout]    |
[INFO] [stdout]    = note: `Document` has a derived impl for the trait `Debug`, but this is intentionally ignored during dead code analysis
[INFO] [stdout] 
[INFO] [stdout] 
[INFO] [stdout] warning: fields `kind` and `data` are never read
[INFO] [stdout]   --> crates/docatlas-core/src/fields.rs:30:5
[INFO] [stdout]    |
[INFO] [stdout] 29 | pub struct Field {
[INFO] [stdout]    |            ----- fields in this struct
[INFO] [stdout] 30 |     kind: FieldKind,
[INFO] [stdout]    |     ^^^^
[INFO] [stdout] 31 |     data: Vec<FieldData>,
[INFO] [stdout]    |     ^^^^
[INFO] [stdout]    |
[INFO] [stdout]    = note: `Field` has a derived impl for the trait `Debug`, but this is intentionally ignored during dead code analysis
[INFO] [stdout] 
[INFO] [stdout] 
[INFO] [stdout] warning: fields `path` and `documents` are never read
[INFO] [stdout]  --> crates/docatlas-core/src/index.rs:7:5
[INFO] [stdout]   |
[INFO] [stdout] 6 | pub struct Index {
[INFO] [stdout]   |            ----- fields in this struct
[INFO] [stdout] 7 |     path: PathBuf,
[INFO] [stdout]   |     ^^^^
[INFO] [stdout] 8 |     documents: Vec<(Vec<Fields>,)>,
[INFO] [stdout]   |     ^^^^^^^^^
[INFO] [stdout]   |
[INFO] [stdout]   = note: `Index` has a derived impl for the trait `Debug`, but this is intentionally ignored during dead code analysis
[INFO] [stdout] 
[INFO] [stdout] 
[INFO] [stdout] warning: type alias `BlockKey` is never used
[INFO] [stdout]   --> crates/docatlas-core/src/persist/block.rs:28:6
[INFO] [stdout]    |
[INFO] [stdout] 28 | type BlockKey = u64;
[INFO] [stdout]    |      ^^^^^^^^
[INFO] [stdout] 
[INFO] [stdout] 
[INFO] [stdout] warning: function `size_of` is never used
[INFO] [stdout]   --> crates/docatlas-core/src/persist/block.rs:97:8
[INFO] [stdout]    |
[INFO] [stdout] 97 | pub fn size_of<T: Sized>(count: usize) -> usize {
[INFO] [stdout]    |        ^^^^^^^
[INFO] [stdout] 
[INFO] [stdout] 
[INFO] [stdout] warning: struct `PersistedRawArray` is never constructed
[INFO] [stdout]  --> crates/docatlas-core/src/persist/persisted_raw_array.rs:9:12
[INFO] [stdout]   |
[INFO] [stdout] 9 | pub struct PersistedRawArray<T: Persist> {
[INFO] [stdout]   |            ^^^^^^^^^^^^^^^^^
[INFO] [stdout]   |
[INFO] [stdout]   = note: `PersistedRawArray` has a derived impl for the trait `Debug`, but this is intentionally ignored during dead code analysis
[INFO] [stdout] 
[INFO] [stdout] 
[INFO] [stdout] warning: associated items `new`, `capacity`, and `reserve` are never used
[INFO] [stdout]   --> crates/docatlas-core/src/persist/persisted_raw_array.rs:18:19
[INFO] [stdout]    |
[INFO] [stdout] 15 | impl<T: Persist> PersistedRawArray<T> {
[INFO] [stdout]    | ------------------------------------- associated items in this implementation
[INFO] [stdout] ...
[INFO] [stdout] 18 |     pub unsafe fn new(block: Block) -> PersistedRawArray<T> {
[INFO] [stdout]    |                   ^^^
[INFO] [stdout] ...
[INFO] [stdout] 31 |     pub fn capacity(&self) -> usize {
[INFO] [stdout]    |            ^^^^^^^^
[INFO] [stdout] ...
[INFO] [stdout] 37 |     pub unsafe fn reserve(&mut self, additional: usize) {
[INFO] [stdout]    |                   ^^^^^^^
[INFO] [stdout] 
[INFO] [stdout] 
[INFO] [stdout] warning: field `wrapped` is never read
[INFO] [stdout]   --> crates/docatlas-core/src/transport/packet_reader.rs:16:5
[INFO] [stdout]    |
[INFO] [stdout] 15 | pub struct Packet<T> {
[INFO] [stdout]    |            ------ field in this struct
[INFO] [stdout] 16 |     wrapped: T,
[INFO] [stdout]    |     ^^^^^^^
[INFO] [stdout]    |
[INFO] [stdout]    = note: `Packet` has a derived impl for the trait `Debug`, but this is intentionally ignored during dead code analysis
[INFO] [stdout] 
[INFO] [stdout] 
[INFO] [stdout] warning: calls to `std::mem::drop` with a value that implements `Copy` does nothing
[INFO] [stdout]   --> crates/docatlas-core/src/persist/persisted_unsafe_cell.rs:44:13
[INFO] [stdout]    |
[INFO] [stdout] 44 |             drop(read)
[INFO] [stdout]    |             ^^^^^----^
[INFO] [stdout]    |                  |
[INFO] [stdout]    |                  argument has type `u8`
[INFO] [stdout]    |
[INFO] [stdout]    = note: use `let _ = ...` to ignore the expression or result
[INFO] [stdout]    = note: `#[warn(dropping_copy_types)]` on by default
[INFO] [stdout] 
[INFO] [stdout] 
[INFO] [stderr]     Finished `test` profile [unoptimized + debuginfo] target(s) in 2.73s
[INFO] running `Command { std: "docker" "inspect" "014652c3a76f78e8d1baf5dcfa24087dba6f14979d94fda03e715cdcee24e693", kill_on_drop: false }`
[INFO] running `Command { std: "docker" "rm" "-f" "014652c3a76f78e8d1baf5dcfa24087dba6f14979d94fda03e715cdcee24e693", kill_on_drop: false }`
[INFO] [stdout] 014652c3a76f78e8d1baf5dcfa24087dba6f14979d94fda03e715cdcee24e693
[INFO] running `Command { std: "docker" "create" "-v" "/var/lib/crater-agent-workspace/builds/worker-2-tc2/target:/opt/rustwide/target:rw,Z" "-v" "/var/lib/crater-agent-workspace/builds/worker-2-tc2/source:/opt/rustwide/workdir:ro,Z" "-v" "/var/lib/crater-agent-workspace/cargo-home:/opt/rustwide/cargo-home:ro,Z" "-v" "/var/lib/crater-agent-workspace/rustup-home:/opt/rustwide/rustup-home:ro,Z" "-e" "SOURCE_DIR=/opt/rustwide/workdir" "-e" "CARGO_TARGET_DIR=/opt/rustwide/target" "-e" "CARGO_INCREMENTAL=0" "-e" "RUST_BACKTRACE=full" "-e" "RUSTFLAGS=--cap-lints=warn" "-e" "RUSTDOCFLAGS=--cap-lints=warn" "-e" "CARGO_HOME=/opt/rustwide/cargo-home" "-e" "RUSTUP_HOME=/opt/rustwide/rustup-home" "-w" "/opt/rustwide/workdir" "-m" "1610612736" "--user" "0:0" "--network" "none" "ghcr.io/rust-lang/crates-build-env/linux@sha256:f3a9d4ad9d972b27faf3965f35b62e55ba32bbce8f20bc8fe909558a86702fde" "/opt/rustwide/cargo-home/bin/cargo" "+beta-2024-12-08" "test" "--frozen", kill_on_drop: false }`
[INFO] [stdout] 6e75e418875fe331326da363b007aa819ef9f01610067d65d4e90e57e86b4a60
[INFO] running `Command { std: "docker" "start" "-a" "6e75e418875fe331326da363b007aa819ef9f01610067d65d4e90e57e86b4a60", kill_on_drop: false }`
[INFO] [stderr] warning: unused import: `Salt`
[INFO] [stderr]  --> crates/docatlas-core/src/auth/authentication.rs:3:49
[INFO] [stderr]   |
[INFO] [stderr] 3 | use argon2::password_hash::{PasswordHashString, Salt, SaltString};
[INFO] [stderr]   |                                                 ^^^^
[INFO] [stderr]   |
[INFO] [stderr]   = note: `#[warn(unused_imports)]` on by default
[INFO] [stderr] 
[INFO] [stderr] warning: unused imports: `PasswordHash` and `PasswordVerifier`
[INFO] [stderr]  --> crates/docatlas-core/src/auth/authentication.rs:4:14
[INFO] [stderr]   |
[INFO] [stderr] 4 | use argon2::{PasswordHash, PasswordHasher, PasswordVerifier};
[INFO] [stderr]   |              ^^^^^^^^^^^^                  ^^^^^^^^^^^^^^^^
[INFO] [stderr] 
[INFO] [stderr] warning: unused imports: `ExposeSecret` and `SecretVec`
[INFO] [stderr]  --> crates/docatlas-core/src/auth/authentication.rs:7:15
[INFO] [stderr]   |
[INFO] [stderr] 7 | use secrecy::{ExposeSecret, SecretVec};
[INFO] [stderr]   |               ^^^^^^^^^^^^  ^^^^^^^^^
[INFO] [stderr] 
[INFO] [stderr] warning: unused import: `serde::Serialize`
[INFO] [stderr]  --> crates/docatlas-core/src/document.rs:3:5
[INFO] [stderr]   |
[INFO] [stderr] 3 | use serde::Serialize;
[INFO] [stderr]   |     ^^^^^^^^^^^^^^^^
[INFO] [stderr] 
[INFO] [stderr] warning: unused import: `std::fmt::Display`
[INFO] [stderr]  --> crates/docatlas-core/src/fields.rs:4:5
[INFO] [stderr]   |
[INFO] [stderr] 4 | use std::fmt::Display;
[INFO] [stderr]   |     ^^^^^^^^^^^^^^^^^
[INFO] [stderr] 
[INFO] [stderr] warning: unused imports: `Display` and `Pointer`
[INFO] [stderr]  --> crates/docatlas-core/src/persist/block.rs:6:23
[INFO] [stderr]   |
[INFO] [stderr] 6 | use std::fmt::{Debug, Display, Formatter, Pointer};
[INFO] [stderr]   |                       ^^^^^^^             ^^^^^^^
[INFO] [stderr] 
[INFO] [stderr] warning: unused import: `std::hash::Hash`
[INFO] [stderr]  --> crates/docatlas-core/src/persist/block.rs:8:5
[INFO] [stderr]   |
[INFO] [stderr] 8 | use std::hash::Hash;
[INFO] [stderr]   |     ^^^^^^^^^^^^^^^
[INFO] [stderr] 
[INFO] [stderr] warning: unused import: `std::marker::PhantomData`
[INFO] [stderr]  --> crates/docatlas-core/src/persist/block.rs:9:5
[INFO] [stderr]   |
[INFO] [stderr] 9 | use std::marker::PhantomData;
[INFO] [stderr]   |     ^^^^^^^^^^^^^^^^^^^^^^^^
[INFO] [stderr] 
[INFO] [stderr] warning: unused import: `std::mem::transmute`
[INFO] [stderr]   --> crates/docatlas-core/src/persist/block.rs:10:5
[INFO] [stderr]    |
[INFO] [stderr] 10 | use std::mem::transmute;
[INFO] [stderr]    |     ^^^^^^^^^^^^^^^^^^^
[INFO] [stderr] 
[INFO] [stderr] warning: unused imports: `DerefMut` and `Deref`
[INFO] [stderr]   --> crates/docatlas-core/src/persist/block.rs:11:16
[INFO] [stderr]    |
[INFO] [stderr] 11 | use std::ops::{Deref, DerefMut};
[INFO] [stderr]    |                ^^^^^  ^^^^^^^^
[INFO] [stderr] 
[INFO] [stderr] warning: unused imports: `ptr` and `slice`
[INFO] [stderr]   --> crates/docatlas-core/src/persist/block.rs:14:15
[INFO] [stderr]    |
[INFO] [stderr] 14 | use std::{io, ptr, slice};
[INFO] [stderr]    |               ^^^  ^^^^^
[INFO] [stderr] 
[INFO] [stderr] warning: unused import: `serde::de::DeserializeOwned`
[INFO] [stderr]   --> crates/docatlas-core/src/persist/block.rs:18:5
[INFO] [stderr]    |
[INFO] [stderr] 18 | use serde::de::DeserializeOwned;
[INFO] [stderr]    |     ^^^^^^^^^^^^^^^^^^^^^^^^^^^
[INFO] [stderr] 
[INFO] [stderr] warning: unused import: `serde::ser::Error as SerError`
[INFO] [stderr]   --> crates/docatlas-core/src/persist/block.rs:19:5
[INFO] [stderr]    |
[INFO] [stderr] 19 | use serde::ser::Error as SerError;
[INFO] [stderr]    |     ^^^^^^^^^^^^^^^^^^^^^^^^^^^^^
[INFO] [stderr] 
[INFO] [stderr] warning: unused imports: `Deserialize`, `Deserializer`, `Serialize`, and `Serializer`
[INFO] [stderr]   --> crates/docatlas-core/src/persist/block.rs:20:13
[INFO] [stderr]    |
[INFO] [stderr] 20 | use serde::{Deserialize, Deserializer, Serialize, Serializer};
[INFO] [stderr]    |             ^^^^^^^^^^^  ^^^^^^^^^^^^  ^^^^^^^^^  ^^^^^^^^^^
[INFO] [stderr] 
[INFO] [stderr] warning: unused import: `crate::persist::block::Block`
[INFO] [stderr]  --> crates/docatlas-core/src/persist/persisted_box.rs:1:5
[INFO] [stderr]   |
[INFO] [stderr] 1 | use crate::persist::block::Block;
[INFO] [stderr]   |     ^^^^^^^^^^^^^^^^^^^^^^^^^^^^
[INFO] [stderr] 
[INFO] [stderr] warning: unused import: `crate::shared::Shared`
[INFO] [stderr]  --> crates/docatlas-core/src/persist/persisted_box.rs:2:5
[INFO] [stderr]   |
[INFO] [stderr] 2 | use crate::shared::Shared;
[INFO] [stderr]   |     ^^^^^^^^^^^^^^^^^^^^^
[INFO] [stderr] 
[INFO] [stderr] warning: unused import: `std::ops::Add`
[INFO] [stderr]  --> crates/docatlas-core/src/persist/persisted_raw_array.rs:2:5
[INFO] [stderr]   |
[INFO] [stderr] 2 | use std::ops::Add;
[INFO] [stderr]   |     ^^^^^^^^^^^^^
[INFO] [stderr] 
[INFO] [stderr] warning: unused import: `Blocks`
[INFO] [stderr]   --> crates/docatlas-core/src/persist/persisted_vec.rs:12:36
[INFO] [stderr]    |
[INFO] [stderr] 12 | use crate::persist::block::{Block, Blocks};
[INFO] [stderr]    |                                    ^^^^^^
[INFO] [stderr] 
[INFO] [stderr] warning: unused import: `std::fmt::Debug`
[INFO] [stderr]  --> crates/docatlas-core/src/transport.rs:3:5
[INFO] [stderr]   |
[INFO] [stderr] 3 | use std::fmt::Debug;
[INFO] [stderr]   |     ^^^^^^^^^^^^^^^
[INFO] [stderr] 
[INFO] [stderr] warning: unused import: `std::future::Future`
[INFO] [stderr]  --> crates/docatlas-core/src/transport.rs:4:5
[INFO] [stderr]   |
[INFO] [stderr] 4 | use std::future::Future;
[INFO] [stderr]   |     ^^^^^^^^^^^^^^^^^^^
[INFO] [stderr] 
[INFO] [stderr] warning: unused imports: `ErrorKind` and `Error`
[INFO] [stderr]  --> crates/docatlas-core/src/transport.rs:5:15
[INFO] [stderr]   |
[INFO] [stderr] 5 | use std::io::{Error, ErrorKind};
[INFO] [stderr]   |               ^^^^^  ^^^^^^^^^
[INFO] [stderr] 
[INFO] [stderr] warning: unused import: `std::marker::PhantomData`
[INFO] [stderr]  --> crates/docatlas-core/src/transport.rs:6:5
[INFO] [stderr]   |
[INFO] [stderr] 6 | use std::marker::PhantomData;
[INFO] [stderr]   |     ^^^^^^^^^^^^^^^^^^^^^^^^
[INFO] [stderr] 
[INFO] [stderr] warning: unused import: `std::net::SocketAddr`
[INFO] [stderr]  --> crates/docatlas-core/src/transport.rs:7:5
[INFO] [stderr]   |
[INFO] [stderr] 7 | use std::net::SocketAddr;
[INFO] [stderr]   |     ^^^^^^^^^^^^^^^^^^^^
[INFO] [stderr] 
[INFO] [stderr] warning: unused import: `std::pin::Pin`
[INFO] [stderr]  --> crates/docatlas-core/src/transport.rs:8:5
[INFO] [stderr]   |
[INFO] [stderr] 8 | use std::pin::Pin;
[INFO] [stderr]   |     ^^^^^^^^^^^^^
[INFO] [stderr] 
[INFO] [stderr] warning: unused imports: `Context` and `Poll`
[INFO] [stderr]  --> crates/docatlas-core/src/transport.rs:9:17
[INFO] [stderr]   |
[INFO] [stderr] 9 | use std::task::{Context, Poll};
[INFO] [stderr]   |                 ^^^^^^^  ^^^^
[INFO] [stderr] 
[INFO] [stderr] warning: unused imports: `io` and `iter`
[INFO] [stderr]   --> crates/docatlas-core/src/transport.rs:10:11
[INFO] [stderr]    |
[INFO] [stderr] 10 | use std::{io, iter};
[INFO] [stderr]    |           ^^  ^^^^
[INFO] [stderr] 
[INFO] [stderr] warning: unused import: `async_stream::stream`
[INFO] [stderr]   --> crates/docatlas-core/src/transport.rs:12:5
[INFO] [stderr]    |
[INFO] [stderr] 12 | use async_stream::stream;
[INFO] [stderr]    |     ^^^^^^^^^^^^^^^^^^^^
[INFO] [stderr] 
[INFO] [stderr] warning: unused import: `async_trait::async_trait`
[INFO] [stderr]   --> crates/docatlas-core/src/transport.rs:13:5
[INFO] [stderr]    |
[INFO] [stderr] 13 | use async_trait::async_trait;
[INFO] [stderr]    |     ^^^^^^^^^^^^^^^^^^^^^^^^
[INFO] [stderr] 
[INFO] [stderr] warning: unused import: `futures::stream::BoxStream`
[INFO] [stderr]   --> crates/docatlas-core/src/transport.rs:14:5
[INFO] [stderr]    |
[INFO] [stderr] 14 | use futures::stream::BoxStream;
[INFO] [stderr]    |     ^^^^^^^^^^^^^^^^^^^^^^^^^^
[INFO] [stderr] 
[INFO] [stderr] warning: unused imports: `Sink`, `StreamExt`, `Stream`, and `TryStreamExt`
[INFO] [stderr]   --> crates/docatlas-core/src/transport.rs:15:15
[INFO] [stderr]    |
[INFO] [stderr] 15 | use futures::{Sink, Stream, StreamExt, TryStreamExt};
[INFO] [stderr]    |               ^^^^  ^^^^^^  ^^^^^^^^^  ^^^^^^^^^^^^
[INFO] [stderr] 
[INFO] [stderr] warning: unused imports: `LocalSocketStream`, `OwnedReadHalf as LocalOwnedReadHalf`, and `OwnedWriteHalf as LocalOwnedWriteHalf`
[INFO] [stderr]   --> crates/docatlas-core/src/transport.rs:17:5
[INFO] [stderr]    |
[INFO] [stderr] 17 |     LocalSocketStream, OwnedReadHalf as LocalOwnedReadHalf, OwnedWriteHalf as LocalOwnedWriteHalf,
[INFO] [stderr]    |     ^^^^^^^^^^^^^^^^^  ^^^^^^^^^^^^^^^^^^^^^^^^^^^^^^^^^^^  ^^^^^^^^^^^^^^^^^^^^^^^^^^^^^^^^^^^^^
[INFO] [stderr] 
[INFO] [stderr] warning: unused import: `serde::de::DeserializeOwned`
[INFO] [stderr]   --> crates/docatlas-core/src/transport.rs:19:5
[INFO] [stderr]    |
[INFO] [stderr] 19 | use serde::de::DeserializeOwned;
[INFO] [stderr]    |     ^^^^^^^^^^^^^^^^^^^^^^^^^^^
[INFO] [stderr] 
[INFO] [stderr] warning: unused import: `serde::Serialize`
[INFO] [stderr]   --> crates/docatlas-core/src/transport.rs:20:5
[INFO] [stderr]    |
[INFO] [stderr] 20 | use serde::Serialize;
[INFO] [stderr]    |     ^^^^^^^^^^^^^^^^
[INFO] [stderr] 
[INFO] [stderr] warning: unused import: `thiserror::Error`
[INFO] [stderr]   --> crates/docatlas-core/src/transport.rs:21:5
[INFO] [stderr]    |
[INFO] [stderr] 21 | use thiserror::Error;
[INFO] [stderr]    |     ^^^^^^^^^^^^^^^^
[INFO] [stderr] 
[INFO] [stderr] warning: unused imports: `AsyncReadExt`, `AsyncRead`, `AsyncWriteExt`, `AsyncWrite`, `BufReader`, `BufWriter`, and `ReadBuf`
[INFO] [stderr]   --> crates/docatlas-core/src/transport.rs:23:5
[INFO] [stderr]    |
[INFO] [stderr] 23 |     AsyncRead, AsyncReadExt, AsyncWrite, AsyncWriteExt, BufReader, BufWriter, ReadBuf,
[INFO] [stderr]    |     ^^^^^^^^^  ^^^^^^^^^^^^  ^^^^^^^^^^  ^^^^^^^^^^^^^  ^^^^^^^^^  ^^^^^^^^^  ^^^^^^^
[INFO] [stderr] 
[INFO] [stderr] warning: unused imports: `OwnedReadHalf` and `OwnedWriteHalf`
[INFO] [stderr]   --> crates/docatlas-core/src/transport.rs:25:23
[INFO] [stderr]    |
[INFO] [stderr] 25 | use tokio::net::tcp::{OwnedReadHalf, OwnedWriteHalf};
[INFO] [stderr]    |                       ^^^^^^^^^^^^^  ^^^^^^^^^^^^^^
[INFO] [stderr] 
[INFO] [stderr] warning: unused import: `tokio::net::TcpStream`
[INFO] [stderr]   --> crates/docatlas-core/src/transport.rs:26:5
[INFO] [stderr]    |
[INFO] [stderr] 26 | use tokio::net::TcpStream;
[INFO] [stderr]    |     ^^^^^^^^^^^^^^^^^^^^^
[INFO] [stderr] 
[INFO] [stderr] warning: unused imports: `Pin` and `pin`
[INFO] [stderr]  --> crates/docatlas-core/src/transport/packet_reader.rs:5:16
[INFO] [stderr]   |
[INFO] [stderr] 5 | use std::pin::{Pin, pin};
[INFO] [stderr]   |                ^^^  ^^^
[INFO] [stderr] 
[INFO] [stderr] warning: unused imports: `Context` and `Poll`
[INFO] [stderr]  --> crates/docatlas-core/src/transport/packet_reader.rs:6:17
[INFO] [stderr]   |
[INFO] [stderr] 6 | use std::task::{Context, Poll};
[INFO] [stderr]   |                 ^^^^^^^  ^^^^
[INFO] [stderr] 
[INFO] [stderr] warning: unused import: `AsyncWrite`
[INFO] [stderr]  --> crates/docatlas-core/src/transport/packet_reader.rs:7:15
[INFO] [stderr]   |
[INFO] [stderr] 7 | use futures::{AsyncWrite, Stream};
[INFO] [stderr]   |               ^^^^^^^^^^
[INFO] [stderr] 
[INFO] [stderr] warning: unused import: `std::future::Future`
[INFO] [stderr]  --> crates/docatlas-core/src/transport/packet_reader.rs:8:5
[INFO] [stderr]   |
[INFO] [stderr] 8 | use std::future::Future;
[INFO] [stderr]   |     ^^^^^^^^^^^^^^^^^^^
[INFO] [stderr] 
[INFO] [stderr] warning: unused import: `Not`
[INFO] [stderr]  --> crates/docatlas-core/src/persist/persisted_vec.rs:8:40
[INFO] [stderr]   |
[INFO] [stderr] 8 | use std::ops::{Bound, Deref, DerefMut, Not, RangeBounds};
[INFO] [stderr]   |                                        ^^^
[INFO] [stderr] 
[INFO] [stderr] warning: variable does not need to be mutable
[INFO] [stderr]   --> crates/docatlas-core/src/persist/block.rs:62:21
[INFO] [stderr]    |
[INFO] [stderr] 62 |                 let mut file = File::options()
[INFO] [stderr]    |                     ----^^^^
[INFO] [stderr]    |                     |
[INFO] [stderr]    |                     help: remove this `mut`
[INFO] [stderr]    |
[INFO] [stderr]    = note: `#[warn(unused_mut)]` on by default
[INFO] [stderr] 
[INFO] [stderr] warning: unnecessary `unsafe` block
[INFO] [stderr]   --> crates/docatlas-core/src/persist/persisted_vec.rs:45:9
[INFO] [stderr]    |
[INFO] [stderr] 45 |         unsafe {
[INFO] [stderr]    |         ^^^^^^ unnecessary `unsafe` block
[INFO] [stderr]    |
[INFO] [stderr]    = note: `#[warn(unused_unsafe)]` on by default
[INFO] [stderr] 
[INFO] [stderr] warning: constant `DEFAULT_PASSWORD` is never used
[INFO] [stderr]   --> crates/docatlas-core/src/auth/authentication/admin_service.rs:17:11
[INFO] [stderr]    |
[INFO] [stderr] 17 | pub const DEFAULT_PASSWORD: &[u8] = b"admin";
[INFO] [stderr]    |           ^^^^^^^^^^^^^^^^
[INFO] [stderr]    |
[INFO] [stderr]    = note: `#[warn(dead_code)]` on by default
[INFO] [stderr] 
[INFO] [stderr] warning: field `file_path` is never read
[INFO] [stderr]   --> crates/docatlas-core/src/auth/authentication/admin_service.rs:22:5
[INFO] [stderr]    |
[INFO] [stderr] 20 | pub struct AdminAuthenticationService {
[INFO] [stderr]    |            -------------------------- field in this struct
[INFO] [stderr] 21 |     hashed_password: PasswordHashString,
[INFO] [stderr] 22 |     file_path: PathBuf,
[INFO] [stderr]    |     ^^^^^^^^^
[INFO] [stderr]    |
[INFO] [stderr]    = note: `AdminAuthenticationService` has a derived impl for the trait `Debug`, but this is intentionally ignored during dead code analysis
[INFO] [stderr] 
[INFO] [stderr] warning: associated function `create` is never used
[INFO] [stderr]   --> crates/docatlas-core/src/auth/authentication/admin_service.rs:41:12
[INFO] [stderr]    |
[INFO] [stderr] 25 | impl AdminAuthenticationService {
[INFO] [stderr]    | ------------------------------- associated function in this implementation
[INFO] [stderr] ...
[INFO] [stderr] 41 |     pub fn create<P: AsRef<Path>, A: Into<Option<Vec<u8>>>>(
[INFO] [stderr]    |            ^^^^^^
[INFO] [stderr] 
[INFO] [stderr] warning: field `fields` is never read
[INFO] [stderr]   --> crates/docatlas-core/src/document.rs:12:5
[INFO] [stderr]    |
[INFO] [stderr] 11 | pub struct Document {
[INFO] [stderr]    |            -------- field in this struct
[INFO] [stderr] 12 |     fields: Fields,
[INFO] [stderr]    |     ^^^^^^
[INFO] [stderr]    |
[INFO] [stderr]    = note: `Document` has a derived impl for the trait `Debug`, but this is intentionally ignored during dead code analysis
[INFO] [stderr] 
[INFO] [stderr] warning: fields `kind` and `data` are never read
[INFO] [stderr]   --> crates/docatlas-core/src/fields.rs:30:5
[INFO] [stderr]    |
[INFO] [stderr] 29 | pub struct Field {
[INFO] [stderr]    |            ----- fields in this struct
[INFO] [stderr] 30 |     kind: FieldKind,
[INFO] [stderr]    |     ^^^^
[INFO] [stderr] 31 |     data: Vec<FieldData>,
[INFO] [stderr]    |     ^^^^
[INFO] [stderr]    |
[INFO] [stderr]    = note: `Field` has a derived impl for the trait `Debug`, but this is intentionally ignored during dead code analysis
[INFO] [stderr] 
[INFO] [stderr] warning: fields `path` and `documents` are never read
[INFO] [stderr]  --> crates/docatlas-core/src/index.rs:7:5
[INFO] [stderr]   |
[INFO] [stderr] 6 | pub struct Index {
[INFO] [stderr]   |            ----- fields in this struct
[INFO] [stderr] 7 |     path: PathBuf,
[INFO] [stderr]   |     ^^^^
[INFO] [stderr] 8 |     documents: Vec<(Vec<Fields>,)>,
[INFO] [stderr]   |     ^^^^^^^^^
[INFO] [stderr]   |
[INFO] [stderr]   = note: `Index` has a derived impl for the trait `Debug`, but this is intentionally ignored during dead code analysis
[INFO] [stderr] 
[INFO] [stderr] warning: type alias `BlockKey` is never used
[INFO] [stderr]   --> crates/docatlas-core/src/persist/block.rs:28:6
[INFO] [stderr]    |
[INFO] [stderr] 28 | type BlockKey = u64;
[INFO] [stderr]    |      ^^^^^^^^
[INFO] [stderr] 
[INFO] [stderr] warning: constant `DEFAULT_SEGMENT_SIZE` is never used
[INFO] [stderr]   --> crates/docatlas-core/src/persist/block.rs:31:11
[INFO] [stderr]    |
[INFO] [stderr] 31 | pub const DEFAULT_SEGMENT_SIZE: usize = 1028 * 8 * 4;
[INFO] [stderr]    |           ^^^^^^^^^^^^^^^^^^^^
[INFO] [stderr] 
[INFO] [stderr] warning: struct `BlockBuilder` is never constructed
[INFO] [stderr]   --> crates/docatlas-core/src/persist/block.rs:35:12
[INFO] [stderr]    |
[INFO] [stderr] 35 | pub struct BlockBuilder {
[INFO] [stderr]    |            ^^^^^^^^^^^^
[INFO] [stderr]    |
[INFO] [stderr]    = note: `BlockBuilder` has a derived impl for the trait `Debug`, but this is intentionally ignored during dead code analysis
[INFO] [stderr] 
[INFO] [stderr] warning: methods `with_size`, `open`, and `create` are never used
[INFO] [stderr]   --> crates/docatlas-core/src/persist/block.rs:41:12
[INFO] [stderr]    |
[INFO] [stderr] 39 | impl BlockBuilder {
[INFO] [stderr]    | ----------------- methods in this implementation
[INFO] [stderr] 40 |     /// Sets the size of the block
[INFO] [stderr] 41 |     pub fn with_size(mut self, size: usize) -> Self {
[INFO] [stderr]    |            ^^^^^^^^^
[INFO] [stderr] ...
[INFO] [stderr] 49 |     pub fn open<P: AsRef<Path>>(self, path: P) -> Result<Block, BlockError> {
[INFO] [stderr]    |            ^^^^
[INFO] [stderr] ...
[INFO] [stderr] 85 |     pub fn create(self) -> Result<Block, BlockError> {
[INFO] [stderr]    |            ^^^^^^
[INFO] [stderr] 
[INFO] [stderr] warning: function `size_of` is never used
[INFO] [stderr]   --> crates/docatlas-core/src/persist/block.rs:97:8
[INFO] [stderr]    |
[INFO] [stderr] 97 | pub fn size_of<T: Sized>(count: usize) -> usize {
[INFO] [stderr]    |        ^^^^^^^
[INFO] [stderr] 
[INFO] [stderr] warning: struct `Blocks` is never constructed
[INFO] [stderr]    --> crates/docatlas-core/src/persist/block.rs:117:12
[INFO] [stderr]     |
[INFO] [stderr] 117 | pub struct Blocks;
[INFO] [stderr]     |            ^^^^^^
[INFO] [stderr] 
[INFO] [stderr] warning: methods `new` and `builder` are never used
[INFO] [stderr]    --> crates/docatlas-core/src/persist/block.rs:124:12
[INFO] [stderr]     |
[INFO] [stderr] 119 | impl Blocks {
[INFO] [stderr]     | ----------- methods in this implementation
[INFO] [stderr] ...
[INFO] [stderr] 124 |     pub fn new(&self) -> Block {
[INFO] [stderr]     |            ^^^
[INFO] [stderr] ...
[INFO] [stderr] 132 |     pub fn builder(&self) -> BlockBuilder {
[INFO] [stderr]     |            ^^^^^^^
[INFO] [stderr] 
[INFO] [stderr] warning: variants `MissingSize` and `PathAlreadyOpened` are never constructed
[INFO] [stderr]    --> crates/docatlas-core/src/persist/block.rs:141:5
[INFO] [stderr]     |
[INFO] [stderr] 139 | pub enum BlockError {
[INFO] [stderr]     |          ---------- variants in this enum
[INFO] [stderr] 140 |     #[error("Must specify capacity ({})", if *is_anon { "anonymous map"} else {"file is not present"})]
[INFO] [stderr] 141 |     MissingSize { is_anon: bool },
[INFO] [stderr]     |     ^^^^^^^^^^^
[INFO] [stderr] 142 |     #[error("Path {0} already open, only one block can open a file at a time")]
[INFO] [stderr] 143 |     PathAlreadyOpened(PathBuf),
[INFO] [stderr]     |     ^^^^^^^^^^^^^^^^^
[INFO] [stderr]     |
[INFO] [stderr]     = note: `BlockError` has a derived impl for the trait `Debug`, but this is intentionally ignored during dead code analysis
[INFO] [stderr] 
[INFO] [stderr] warning: struct `PersistedRawArray` is never constructed
[INFO] [stderr]  --> crates/docatlas-core/src/persist/persisted_raw_array.rs:9:12
[INFO] [stderr]   |
[INFO] [stderr] 9 | pub struct PersistedRawArray<T: Persist> {
[INFO] [stderr]   |            ^^^^^^^^^^^^^^^^^
[INFO] [stderr]   |
[INFO] [stderr]   = note: `PersistedRawArray` has a derived impl for the trait `Debug`, but this is intentionally ignored during dead code analysis
[INFO] [stderr] 
[INFO] [stderr] warning: associated items `new`, `capacity`, and `reserve` are never used
[INFO] [stderr]   --> crates/docatlas-core/src/persist/persisted_raw_array.rs:18:19
[INFO] [stderr]    |
[INFO] [stderr] 15 | impl<T: Persist> PersistedRawArray<T> {
[INFO] [stderr]    | ------------------------------------- associated items in this implementation
[INFO] [stderr] ...
[INFO] [stderr] 18 |     pub unsafe fn new(block: Block) -> PersistedRawArray<T> {
[INFO] [stderr]    |                   ^^^
[INFO] [stderr] ...
[INFO] [stderr] 31 |     pub fn capacity(&self) -> usize {
[INFO] [stderr]    |            ^^^^^^^^
[INFO] [stderr] ...
[INFO] [stderr] 37 |     pub unsafe fn reserve(&mut self, additional: usize) {
[INFO] [stderr]    |                   ^^^^^^^
[INFO] [stderr] 
[INFO] [stderr] warning: field `wrapped` is never read
[INFO] [stderr]   --> crates/docatlas-core/src/transport/packet_reader.rs:16:5
[INFO] [stderr]    |
[INFO] [stderr] 15 | pub struct Packet<T> {
[INFO] [stderr]    |            ------ field in this struct
[INFO] [stderr] 16 |     wrapped: T,
[INFO] [stderr]    |     ^^^^^^^
[INFO] [stderr]    |
[INFO] [stderr]    = note: `Packet` has a derived impl for the trait `Debug`, but this is intentionally ignored during dead code analysis
[INFO] [stderr] 
[INFO] [stderr] warning: calls to `std::mem::drop` with a value that implements `Copy` does nothing
[INFO] [stderr]   --> crates/docatlas-core/src/persist/persisted_unsafe_cell.rs:44:13
[INFO] [stderr]    |
[INFO] [stderr] 44 |             drop(read)
[INFO] [stderr]    |             ^^^^^----^
[INFO] [stderr]    |                  |
[INFO] [stderr]    |                  argument has type `u8`
[INFO] [stderr]    |
[INFO] [stderr]    = note: use `let _ = ...` to ignore the expression or result
[INFO] [stderr]    = note: `#[warn(dropping_copy_types)]` on by default
[INFO] [stderr] 
[INFO] [stderr] warning: `docatlas-core` (lib) generated 62 warnings (run `cargo fix --lib -p docatlas-core` to apply 42 suggestions)
[INFO] [stderr] warning: irrefutable `let...else` pattern
[INFO] [stderr]    --> crates/docatlas-core/src/auth/authentication.rs:159:9
[INFO] [stderr]     |
[INFO] [stderr] 159 |         let &AuthenticationRequestPayload::Basic { username, password } = &e.payloads[0] else {
[INFO] [stderr]     |         ^^^^^^^^^^^^^^^^^^^^^^^^^^^^^^^^^^^^^^^^^^^^^^^^^^^^^^^^^^^^^^^^^^^^^^^^^^^^^^^^
[INFO] [stderr]     |
[INFO] [stderr]     = note: this pattern will always match, so the `else` clause is useless
[INFO] [stderr]     = help: consider removing the `else` clause
[INFO] [stderr]     = note: `#[warn(irrefutable_let_patterns)]` on by default
[INFO] [stderr] 
[INFO] [stderr] warning: variable does not need to be mutable
[INFO] [stderr]    --> crates/docatlas-core/src/persist/block.rs:260:17
[INFO] [stderr]     |
[INFO] [stderr] 260 |             let mut v_mut = block.as_ptr_mut();
[INFO] [stderr]     |                 ----^^^^^
[INFO] [stderr]     |                 |
[INFO] [stderr]     |                 help: remove this `mut`
[INFO] [stderr] 
[INFO] [stderr] warning: variable does not need to be mutable
[INFO] [stderr]    --> crates/docatlas-core/src/persist/block.rs:271:17
[INFO] [stderr]     |
[INFO] [stderr] 271 |             let mut v_mut = block.as_typed_mut_ptr::<(usize, u32)>();
[INFO] [stderr]     |                 ----^^^^^
[INFO] [stderr]     |                 |
[INFO] [stderr]     |                 help: remove this `mut`
[INFO] [stderr] 
[INFO] [stderr] warning: unused variable: `segment`
[INFO] [stderr]    --> crates/docatlas-core/src/persist/block.rs:287:17
[INFO] [stderr]     |
[INFO] [stderr] 287 |             let segment = Blocks.builder().open(&file).unwrap();
[INFO] [stderr]     |                 ^^^^^^^ help: if this is intentional, prefix it with an underscore: `_segment`
[INFO] [stderr]     |
[INFO] [stderr]     = note: `#[warn(unused_variables)]` on by default
[INFO] [stderr] 
[INFO] [stderr] warning: unnecessary `unsafe` block
[INFO] [stderr]    --> crates/docatlas-core/src/persist/block.rs:286:9
[INFO] [stderr]     |
[INFO] [stderr] 286 |         unsafe {
[INFO] [stderr]     |         ^^^^^^ unnecessary `unsafe` block
[INFO] [stderr]     |
[INFO] [stderr]     = note: `#[warn(unused_unsafe)]` on by default
[INFO] [stderr] 
[INFO] [stderr] warning: unused variable: `cell`
[INFO] [stderr]   --> crates/docatlas-core/src/persist/persisted_cell.rs:73:13
[INFO] [stderr]    |
[INFO] [stderr] 73 |         let cell = PersistedCell::new(block, 32);
[INFO] [stderr]    |             ^^^^ help: if this is intentional, prefix it with an underscore: `_cell`
[INFO] [stderr] 
[INFO] [stderr] warning: unnecessary `unsafe` block
[INFO] [stderr]   --> crates/docatlas-core/src/persist/persisted_vec.rs:45:9
[INFO] [stderr]    |
[INFO] [stderr] 45 |         unsafe {
[INFO] [stderr]    |         ^^^^^^ unnecessary `unsafe` block
[INFO] [stderr] 
[INFO] [stderr] warning: variable does not need to be mutable
[INFO] [stderr]    --> crates/docatlas-core/src/persist/persisted_vec.rs:661:13
[INFO] [stderr]     |
[INFO] [stderr] 661 |         let mut lower = split.write(0).unwrap();
[INFO] [stderr]     |             ----^^^^^
[INFO] [stderr]     |             |
[INFO] [stderr]     |             help: remove this `mut`
[INFO] [stderr] 
[INFO] [stderr] warning: variable does not need to be mutable
[INFO] [stderr]    --> crates/docatlas-core/src/persist/persisted_vec.rs:663:13
[INFO] [stderr]     |
[INFO] [stderr] 663 |         let mut upper = split.write(1).unwrap();
[INFO] [stderr]     |             ----^^^^^
[INFO] [stderr]     |             |
[INFO] [stderr]     |             help: remove this `mut`
[INFO] [stderr] 
[INFO] [stderr] warning: unused variable: `lower_mut`
[INFO] [stderr]    --> crates/docatlas-core/src/persist/persisted_vec.rs:675:17
[INFO] [stderr]     |
[INFO] [stderr] 675 |             let lower_mut = split.write(0).unwrap();
[INFO] [stderr]     |                 ^^^^^^^^^ help: if this is intentional, prefix it with an underscore: `_lower_mut`
[INFO] [stderr] 
[INFO] [stderr] warning: unused variable: `lower`
[INFO] [stderr]    --> crates/docatlas-core/src/persist/persisted_vec.rs:680:17
[INFO] [stderr]     |
[INFO] [stderr] 680 |             let lower = split.read(0).unwrap();
[INFO] [stderr]     |                 ^^^^^ help: if this is intentional, prefix it with an underscore: `_lower`
[INFO] [stderr] 
[INFO] [stderr] warning: unused variable: `lower`
[INFO] [stderr]    --> crates/docatlas-core/src/persist.rs:148:13
[INFO] [stderr]     |
[INFO] [stderr] 148 |         let lower = PData::<i32>::write_singleton(split.write(0).unwrap(), 32);
[INFO] [stderr]     |             ^^^^^ help: if this is intentional, prefix it with an underscore: `_lower`
[INFO] [stderr] 
[INFO] [stderr] warning: unused variable: `upper`
[INFO] [stderr]    --> crates/docatlas-core/src/persist.rs:149:13
[INFO] [stderr]     |
[INFO] [stderr] 149 |         let upper = PData::<i32>::write_singleton(split.write(1).unwrap(), 128);
[INFO] [stderr]     |             ^^^^^ help: if this is intentional, prefix it with an underscore: `_upper`
[INFO] [stderr] 
[INFO] [stderr] warning: field `file_path` is never read
[INFO] [stderr]   --> crates/docatlas-core/src/auth/authentication/admin_service.rs:22:5
[INFO] [stderr]    |
[INFO] [stderr] 20 | pub struct AdminAuthenticationService {
[INFO] [stderr]    |            -------------------------- field in this struct
[INFO] [stderr] 21 |     hashed_password: PasswordHashString,
[INFO] [stderr] 22 |     file_path: PathBuf,
[INFO] [stderr]    |     ^^^^^^^^^
[INFO] [stderr]    |
[INFO] [stderr]    = note: `AdminAuthenticationService` has a derived impl for the trait `Debug`, but this is intentionally ignored during dead code analysis
[INFO] [stderr]    = note: `#[warn(dead_code)]` on by default
[INFO] [stderr] 
[INFO] [stderr] warning: `docatlas-core` (lib test) generated 65 warnings (51 duplicates) (run `cargo fix --lib -p docatlas-core --tests` to apply 4 suggestions)
[INFO] [stderr] warning: unused import: `crate::client::Client`
[INFO] [stderr]  --> crates/docatlas-daemon/src/main_loop.rs:4:5
[INFO] [stderr]   |
[INFO] [stderr] 4 | use crate::client::Client;
[INFO] [stderr]   |     ^^^^^^^^^^^^^^^^^^^^^
[INFO] [stderr]   |
[INFO] [stderr]   = note: `#[warn(unused_imports)]` on by default
[INFO] [stderr] 
[INFO] [stderr] warning: unused variable: `sink`
[INFO] [stderr]   --> crates/docatlas-daemon/src/main_loop.rs:18:26
[INFO] [stderr]    |
[INFO] [stderr] 18 |             let (stream, sink) = stream.into_split();
[INFO] [stderr]    |                          ^^^^ help: if this is intentional, prefix it with an underscore: `_sink`
[INFO] [stderr]    |
[INFO] [stderr]    = note: `#[warn(unused_variables)]` on by default
[INFO] [stderr] 
[INFO] [stderr] warning: unused variable: `x`
[INFO] [stderr]   --> crates/docatlas-daemon/src/main_loop.rs:20:17
[INFO] [stderr]    |
[INFO] [stderr] 20 |             let x = stream.next().await;
[INFO] [stderr]    |                 ^ help: if this is intentional, prefix it with an underscore: `_x`
[INFO] [stderr] 
[INFO] [stderr] warning: variable does not need to be mutable
[INFO] [stderr]   --> crates/docatlas-daemon/src/main_loop.rs:15:19
[INFO] [stderr]    |
[INFO] [stderr] 15 |     while let Ok((mut stream, socket)) = listener.accept().await {
[INFO] [stderr]    |                   ----^^^^^^
[INFO] [stderr]    |                   |
[INFO] [stderr]    |                   help: remove this `mut`
[INFO] [stderr]    |
[INFO] [stderr]    = note: `#[warn(unused_mut)]` on by default
[INFO] [stderr] 
[INFO] [stderr] warning: unused import: `FutureExt`
[INFO] [stderr]  --> crates/docatlas-daemon/src/client.rs:3:15
[INFO] [stderr]   |
[INFO] [stderr] 3 | use futures::{FutureExt, Sink, SinkExt, Stream, StreamExt};
[INFO] [stderr]   |               ^^^^^^^^^
[INFO] [stderr] 
[INFO] [stderr] warning: function `override_if_value` is never used
[INFO] [stderr]  --> crates/docatlas-daemon/src/config/merge_strategies.rs:1:8
[INFO] [stderr]   |
[INFO] [stderr] 1 | pub fn override_if_value<T: PartialEq>(value: T) -> impl Fn(&mut T, T) {
[INFO] [stderr]   |        ^^^^^^^^^^^^^^^^^
[INFO] [stderr]   |
[INFO] [stderr]   = note: `#[warn(dead_code)]` on by default
[INFO] [stderr] 
[INFO] [stderr] warning: function `override_default` is never used
[INFO] [stderr]  --> crates/docatlas-daemon/src/config/merge_strategies.rs:9:8
[INFO] [stderr]   |
[INFO] [stderr] 9 | pub fn override_default<T: Default + PartialEq>() -> impl Fn(&mut T, T) {
[INFO] [stderr]   |        ^^^^^^^^^^^^^^^^
[INFO] [stderr] 
[INFO] [stderr] warning: `docatlas-daemon` (lib) generated 7 warnings (run `cargo fix --lib -p docatlas-daemon` to apply 2 suggestions)
[INFO] [stderr] warning: `docatlas-daemon` (lib test) generated 7 warnings (7 duplicates)
[INFO] [stderr] warning: unused import: `FutureExt`
[INFO] [stderr]  --> crates/docatlas-daemon/src/bin/docatlas-daemon/main.rs:4:15
[INFO] [stderr]   |
[INFO] [stderr] 4 | use futures::{FutureExt, StreamExt};
[INFO] [stderr]   |               ^^^^^^^^^
[INFO] [stderr]   |
[INFO] [stderr]   = note: `#[warn(unused_imports)]` on by default
[INFO] [stderr] 
[INFO] [stderr] warning: unused import: `StreamExt`
[INFO] [stderr]  --> crates/docatlas-daemon/src/bin/docatlas-daemon/main.rs:4:26
[INFO] [stderr]   |
[INFO] [stderr] 4 | use futures::{FutureExt, StreamExt};
[INFO] [stderr]   |                          ^^^^^^^^^
[INFO] [stderr] 
[INFO] [stderr] warning: `docatlas-daemon` (bin "docatlas-daemon" test) generated 2 warnings (run `cargo fix --bin "docatlas-daemon" --tests` to apply 1 suggestion)
[INFO] [stderr]     Finished `test` profile [unoptimized + debuginfo] target(s) in 0.19s
[INFO] [stderr]      Running unittests src/lib.rs (/opt/rustwide/target/debug/deps/docatlas_core-224eb1c03403800d)
[INFO] [stdout] 
[INFO] [stdout] running 32 tests
[INFO] [stdout] test auth::authentication::tests::create_basic ... ok
[INFO] [stdout] test persist::persisted_cell::tests::test_new ... ok
[INFO] [stdout] test persist::persisted_cell::tests::test_take ... ok
[INFO] [stdout] test persist::persisted_raw_array::tests::create_raw_array ... ok
[INFO] [stdout] test persist::persisted_vec::test::can_pop ... ok
[INFO] [stdout] test persist::persisted_cell::tests::test_replace ... ok
[INFO] [stdout] test persist::persisted_vec::test::can_retain ... ok
[INFO] [stdout] test persist::persisted_vec::test::drain_exclusive ... ok
[INFO] [stdout] test persist::persisted_cell::tests::test_swap ... ok
[INFO] [stdout] test persist::persisted_vec::test::drain_inclusive ... ok
[INFO] [stdout] test persist::persisted_vec::test::drain_full ... ok
[INFO] [stdout] test persist::block::tests::reload_segment ... ok
[INFO] [stdout] test persist::persisted_vec::test::iterate ... ok
[INFO] [stdout] test persist::persisted_vec::test::as_slice ... ok
[INFO] [stdout] test persist::persisted_vec::test::split ... ok
[INFO] [stdout] test persist::persisted_vec::test::split_mut ... ok
[INFO] [stdout] test persist::persisted_vec::test::ref_iterate ... ok
[INFO] [stdout] test persist::tests::create_pdata_in_buffer ... ok
[INFO] [stdout] test persist::persisted_vec::test::remove_arbitrary ... ok
[INFO] [stdout] test persist::persisted_vec::test::can_push_file ... ok
[INFO] [stdout] test persist::tests::persistent_vec_pdata ... ok
[INFO] [stdout] test persist::block::tests::can_create_block ... ok
[INFO] [stdout] test schema::tests::index_schema ... ok
[INFO] [stdout] test persist::persisted_vec::test::can_push ... ok
[INFO] [stdout] test persist::persisted_vec::test::vector_is_persisted ... ok
[INFO] [stdout] test persist::block::tests::can_use_block_for_arbitrary_type ... ok
[INFO] [stdout] test persist::block::tests::reserve_anon ... FAILED
[INFO] [stdout] test persist::block::tests::single_path_ownership ... FAILED
[INFO] [stdout] test persist::persisted_vec::test::split_protects_data ... FAILED
[INFO] [stdout] test persist::block::tests::reserve_file ... FAILED
[INFO] [stdout] test auth::authentication::admin_service::tests::only_accept_admin_check ... ok
[INFO] [stdout] test auth::authentication::admin_service::tests::default_admin ... ok
[INFO] [stdout] 
[INFO] [stdout] failures:
[INFO] [stdout] 
[INFO] [stdout] ---- persist::block::tests::reserve_anon stdout ----
[INFO] [stdout] thread 'persist::block::tests::reserve_anon' panicked at crates/docatlas-core/src/persist/block.rs:320:9:
[INFO] [stdout] assertion `left == right` failed
[INFO] [stdout]   left: 16
[INFO] [stdout]  right: 8
[INFO] [stdout] stack backtrace:
[INFO] [stdout]    0:     0x602bc2591f7a - std::backtrace_rs::backtrace::libunwind::trace::h8810477743020387
[INFO] [stdout]                                at /rustc/202008a1b8de96d2e5b6bc02d379db03a877d34d/library/std/src/../../backtrace/src/backtrace/libunwind.rs:116:5
[INFO] [stdout]    1:     0x602bc2591f7a - std::backtrace_rs::backtrace::trace_unsynchronized::h3aa55355dd6c54a6
[INFO] [stdout]                                at /rustc/202008a1b8de96d2e5b6bc02d379db03a877d34d/library/std/src/../../backtrace/src/backtrace/mod.rs:66:5
[INFO] [stdout]    2:     0x602bc2591f7a - std::sys::backtrace::_print_fmt::h8588b0f62410823f
[INFO] [stdout]                                at /rustc/202008a1b8de96d2e5b6bc02d379db03a877d34d/library/std/src/sys/backtrace.rs:66:9
[INFO] [stdout]    3:     0x602bc2591f7a - <std::sys::backtrace::BacktraceLock::print::DisplayBacktrace as core::fmt::Display>::fmt::h98c26ac25ffe89bb
[INFO] [stdout]                                at /rustc/202008a1b8de96d2e5b6bc02d379db03a877d34d/library/std/src/sys/backtrace.rs:39:26
[INFO] [stdout]    4:     0x602bc25b85d3 - core::fmt::rt::Argument::fmt::hf95377f4aebd453b
[INFO] [stdout]                                at /rustc/202008a1b8de96d2e5b6bc02d379db03a877d34d/library/core/src/fmt/rt.rs:177:76
[INFO] [stdout]    5:     0x602bc25b85d3 - core::fmt::write::h0dd5f6e2238c7982
[INFO] [stdout]                                at /rustc/202008a1b8de96d2e5b6bc02d379db03a877d34d/library/core/src/fmt/mod.rs:1189:21
[INFO] [stdout]    6:     0x602bc258ef23 - std::io::Write::write_fmt::h03bb0ca26e6faf8c
[INFO] [stdout]                                at /rustc/202008a1b8de96d2e5b6bc02d379db03a877d34d/library/std/src/io/mod.rs:1884:15
[INFO] [stdout]    7:     0x602bc2591dc2 - std::sys::backtrace::BacktraceLock::print::h5c19c1c038ee186d
[INFO] [stdout]                                at /rustc/202008a1b8de96d2e5b6bc02d379db03a877d34d/library/std/src/sys/backtrace.rs:42:9
[INFO] [stdout]    8:     0x602bc25933fd - std::panicking::default_hook::{{closure}}::h77172f079a1fcb13
[INFO] [stdout]                                at /rustc/202008a1b8de96d2e5b6bc02d379db03a877d34d/library/std/src/panicking.rs:268:22
[INFO] [stdout]    9:     0x602bc2593207 - std::panicking::default_hook::he5f8e3b203ccddba
[INFO] [stdout]                                at /rustc/202008a1b8de96d2e5b6bc02d379db03a877d34d/library/std/src/panicking.rs:292:9
[INFO] [stdout]   10:     0x602bc24bd137 - <alloc::boxed::Box<F,A> as core::ops::function::Fn<Args>>::call::h7a3c7b4a1ae77f2f
[INFO] [stdout]                                at /rustc/202008a1b8de96d2e5b6bc02d379db03a877d34d/library/alloc/src/boxed.rs:1986:9
[INFO] [stdout]   11:     0x602bc24bd137 - test::test_main::{{closure}}::hf0d3b69ae9b353d1
[INFO] [stdout]                                at /rustc/202008a1b8de96d2e5b6bc02d379db03a877d34d/library/test/src/lib.rs:134:21
[INFO] [stdout]   12:     0x602bc2593aa8 - <alloc::boxed::Box<F,A> as core::ops::function::Fn<Args>>::call::h6332e82e7b189abd
[INFO] [stdout]                                at /rustc/202008a1b8de96d2e5b6bc02d379db03a877d34d/library/alloc/src/boxed.rs:1986:9
[INFO] [stdout]   13:     0x602bc2593aa8 - std::panicking::rust_panic_with_hook::h53863d4e9018df39
[INFO] [stdout]                                at /rustc/202008a1b8de96d2e5b6bc02d379db03a877d34d/library/std/src/panicking.rs:809:13
[INFO] [stdout]   14:     0x602bc259386a - std::panicking::begin_panic_handler::{{closure}}::h67280e6fa0757873
[INFO] [stdout]                                at /rustc/202008a1b8de96d2e5b6bc02d379db03a877d34d/library/std/src/panicking.rs:674:13
[INFO] [stdout]   15:     0x602bc2592459 - std::sys::backtrace::__rust_end_short_backtrace::h1dac3f54d6fbbeb2
[INFO] [stdout]                                at /rustc/202008a1b8de96d2e5b6bc02d379db03a877d34d/library/std/src/sys/backtrace.rs:170:18
[INFO] [stdout]   16:     0x602bc25934fc - rust_begin_unwind
[INFO] [stdout]                                at /rustc/202008a1b8de96d2e5b6bc02d379db03a877d34d/library/std/src/panicking.rs:665:5
[INFO] [stdout]   17:     0x602bc2459b60 - core::panicking::panic_fmt::h6792bd1b2bf01041
[INFO] [stdout]                                at /rustc/202008a1b8de96d2e5b6bc02d379db03a877d34d/library/core/src/panicking.rs:76:14
[INFO] [stdout]   18:     0x602bc2459f2b - core::panicking::assert_failed_inner::hf2c17e6d30928787
[INFO] [stdout]   19:     0x602bc24d14e9 - core::panicking::assert_failed::hfdc3156a38c41d0e
[INFO] [stdout]                                at /rustc/202008a1b8de96d2e5b6bc02d379db03a877d34d/library/core/src/panicking.rs:373:5
[INFO] [stdout]   20:     0x602bc2472351 - docatlas_core::persist::block::tests::reserve_anon::h82692d68693813bb
[INFO] [stdout]                                at /opt/rustwide/workdir/crates/docatlas-core/src/persist/block.rs:320:9
[INFO] [stdout]   21:     0x602bc24720f7 - docatlas_core::persist::block::tests::reserve_anon::{{closure}}::h111ebd12c0d16ab3
[INFO] [stdout]                                at /opt/rustwide/workdir/crates/docatlas-core/src/persist/block.rs:312:22
[INFO] [stdout]   22:     0x602bc2477fc6 - core::ops::function::FnOnce::call_once::h1eb84e60c722ff2c
[INFO] [stdout]                                at /rustc/202008a1b8de96d2e5b6bc02d379db03a877d34d/library/core/src/ops/function.rs:250:5
[INFO] [stdout]   23:     0x602bc24c1c5b - core::ops::function::FnOnce::call_once::h871bf86719ec9aa4
[INFO] [stdout]                                at /rustc/202008a1b8de96d2e5b6bc02d379db03a877d34d/library/core/src/ops/function.rs:250:5
[INFO] [stdout]   24:     0x602bc24c1c5b - test::__rust_begin_short_backtrace::h2167df1e2b7d76fd
[INFO] [stdout]                                at /rustc/202008a1b8de96d2e5b6bc02d379db03a877d34d/library/test/src/lib.rs:632:18
[INFO] [stdout]   25:     0x602bc24c1648 - test::run_test_in_process::{{closure}}::h15d92f75a3adfb79
[INFO] [stdout]                                at /rustc/202008a1b8de96d2e5b6bc02d379db03a877d34d/library/test/src/lib.rs:655:60
[INFO] [stdout]   26:     0x602bc24c1648 - <core::panic::unwind_safe::AssertUnwindSafe<F> as core::ops::function::FnOnce<()>>::call_once::hb6c8955835a8dbbb
[INFO] [stdout]                                at /rustc/202008a1b8de96d2e5b6bc02d379db03a877d34d/library/core/src/panic/unwind_safe.rs:272:9
[INFO] [stdout]   27:     0x602bc24c1648 - std::panicking::try::do_call::hc79d0fc888a0bd30
[INFO] [stdout]                                at /rustc/202008a1b8de96d2e5b6bc02d379db03a877d34d/library/std/src/panicking.rs:557:40
[INFO] [stdout]   28:     0x602bc24c1648 - std::panicking::try::hb8a7878e3a8589d6
[INFO] [stdout]                                at /rustc/202008a1b8de96d2e5b6bc02d379db03a877d34d/library/std/src/panicking.rs:520:19
[INFO] [stdout]   29:     0x602bc24c1648 - std::panic::catch_unwind::hb8e4600ff0ff5cfa
[INFO] [stdout]                                at /rustc/202008a1b8de96d2e5b6bc02d379db03a877d34d/library/std/src/panic.rs:358:14
[INFO] [stdout]   30:     0x602bc24c1648 - test::run_test_in_process::hc2900b0b18688dd6
[INFO] [stdout]                                at /rustc/202008a1b8de96d2e5b6bc02d379db03a877d34d/library/test/src/lib.rs:655:27
[INFO] [stdout]   31:     0x602bc24c1648 - test::run_test::{{closure}}::hac2a9cb07be3d48d
[INFO] [stdout]                                at /rustc/202008a1b8de96d2e5b6bc02d379db03a877d34d/library/test/src/lib.rs:576:43
[INFO] [stdout]   32:     0x602bc24850ea - test::run_test::{{closure}}::h4a5b729e66a38cd8
[INFO] [stdout]                                at /rustc/202008a1b8de96d2e5b6bc02d379db03a877d34d/library/test/src/lib.rs:606:41
[INFO] [stdout]   33:     0x602bc24850ea - std::sys::backtrace::__rust_begin_short_backtrace::h0496fb742492f573
[INFO] [stdout]                                at /rustc/202008a1b8de96d2e5b6bc02d379db03a877d34d/library/std/src/sys/backtrace.rs:154:18
[INFO] [stdout]   34:     0x602bc2488a64 - std::thread::Builder::spawn_unchecked_::{{closure}}::{{closure}}::hbb6d257c550a54bd
[INFO] [stdout]                                at /rustc/202008a1b8de96d2e5b6bc02d379db03a877d34d/library/std/src/thread/mod.rs:561:17
[INFO] [stdout]   35:     0x602bc2488a64 - <core::panic::unwind_safe::AssertUnwindSafe<F> as core::ops::function::FnOnce<()>>::call_once::h46696fe4a6832328
[INFO] [stdout]                                at /rustc/202008a1b8de96d2e5b6bc02d379db03a877d34d/library/core/src/panic/unwind_safe.rs:272:9
[INFO] [stdout]   36:     0x602bc2488a64 - std::panicking::try::do_call::h2625a51b667bfb64
[INFO] [stdout]                                at /rustc/202008a1b8de96d2e5b6bc02d379db03a877d34d/library/std/src/panicking.rs:557:40
[INFO] [stdout]   37:     0x602bc2488a64 - std::panicking::try::hb956a59a1973aa4c
[INFO] [stdout]                                at /rustc/202008a1b8de96d2e5b6bc02d379db03a877d34d/library/std/src/panicking.rs:520:19
[INFO] [stdout]   38:     0x602bc2488a64 - std::panic::catch_unwind::h64f3b9d1067ef6a0
[INFO] [stdout]                                at /rustc/202008a1b8de96d2e5b6bc02d379db03a877d34d/library/std/src/panic.rs:358:14
[INFO] [stdout]   39:     0x602bc2488a64 - std::thread::Builder::spawn_unchecked_::{{closure}}::h42b2841295b6c0b2
[INFO] [stdout]                                at /rustc/202008a1b8de96d2e5b6bc02d379db03a877d34d/library/std/src/thread/mod.rs:559:30
[INFO] [stdout]   40:     0x602bc2488a64 - core::ops::function::FnOnce::call_once{{vtable.shim}}::h6127de71b8124639
[INFO] [stdout]                                at /rustc/202008a1b8de96d2e5b6bc02d379db03a877d34d/library/core/src/ops/function.rs:250:5
[INFO] [stdout]   41:     0x602bc259848b - <alloc::boxed::Box<F,A> as core::ops::function::FnOnce<Args>>::call_once::h42f0ba71002a1b2c
[INFO] [stdout]                                at /rustc/202008a1b8de96d2e5b6bc02d379db03a877d34d/library/alloc/src/boxed.rs:1972:9
[INFO] [stdout]   42:     0x602bc259848b - <alloc::boxed::Box<F,A> as core::ops::function::FnOnce<Args>>::call_once::had9e47d7a3dcecb8
[INFO] [stdout]                                at /rustc/202008a1b8de96d2e5b6bc02d379db03a877d34d/library/alloc/src/boxed.rs:1972:9
[INFO] [stdout]   43:     0x602bc259848b - std::sys::pal::unix::thread::Thread::new::thread_start::h48cf765408f6f5f2
[INFO] [stdout]                                at /rustc/202008a1b8de96d2e5b6bc02d379db03a877d34d/library/std/src/sys/pal/unix/thread.rs:105:17
[INFO] [stdout]   44:     0x7b852b83fac3 - <unknown>
[INFO] [stdout]   45:     0x7b852b8d0a04 - clone
[INFO] [stdout]   46:                0x0 - <unknown>
[INFO] [stdout] 
[INFO] [stdout] ---- persist::block::tests::single_path_ownership stdout ----
[INFO] [stdout] thread 'persist::block::tests::single_path_ownership' panicked at crates/docatlas-core/src/persist/block.rs:287:56:
[INFO] [stdout] called `Result::unwrap()` on an `Err` value: MissingSize { is_anon: false }
[INFO] [stdout] stack backtrace:
[INFO] [stdout]    0:     0x602bc2591f7a - std::backtrace_rs::backtrace::libunwind::trace::h8810477743020387
[INFO] [stdout]                                at /rustc/202008a1b8de96d2e5b6bc02d379db03a877d34d/library/std/src/../../backtrace/src/backtrace/libunwind.rs:116:5
[INFO] [stdout]    1:     0x602bc2591f7a - std::backtrace_rs::backtrace::trace_unsynchronized::h3aa55355dd6c54a6
[INFO] [stdout]                                at /rustc/202008a1b8de96d2e5b6bc02d379db03a877d34d/library/std/src/../../backtrace/src/backtrace/mod.rs:66:5
[INFO] [stdout]    2:     0x602bc2591f7a - std::sys::backtrace::_print_fmt::h8588b0f62410823f
[INFO] [stdout]                                at /rustc/202008a1b8de96d2e5b6bc02d379db03a877d34d/library/std/src/sys/backtrace.rs:66:9
[INFO] [stdout]    3:     0x602bc2591f7a - <std::sys::backtrace::BacktraceLock::print::DisplayBacktrace as core::fmt::Display>::fmt::h98c26ac25ffe89bb
[INFO] [stdout]                                at /rustc/202008a1b8de96d2e5b6bc02d379db03a877d34d/library/std/src/sys/backtrace.rs:39:26
[INFO] [stdout]    4:     0x602bc25b85d3 - core::fmt::rt::Argument::fmt::hf95377f4aebd453b
[INFO] [stdout]                                at /rustc/202008a1b8de96d2e5b6bc02d379db03a877d34d/library/core/src/fmt/rt.rs:177:76
[INFO] [stdout]    5:     0x602bc25b85d3 - core::fmt::write::h0dd5f6e2238c7982
[INFO] [stdout]                                at /rustc/202008a1b8de96d2e5b6bc02d379db03a877d34d/library/core/src/fmt/mod.rs:1189:21
[INFO] [stdout]    6:     0x602bc258ef23 - std::io::Write::write_fmt::h03bb0ca26e6faf8c
[INFO] [stdout]                                at /rustc/202008a1b8de96d2e5b6bc02d379db03a877d34d/library/std/src/io/mod.rs:1884:15
[INFO] [stdout]    7:     0x602bc2591dc2 - std::sys::backtrace::BacktraceLock::print::h5c19c1c038ee186d
[INFO] [stdout]                                at /rustc/202008a1b8de96d2e5b6bc02d379db03a877d34d/library/std/src/sys/backtrace.rs:42:9
[INFO] [stdout]    8:     0x602bc25933fd - std::panicking::default_hook::{{closure}}::h77172f079a1fcb13
[INFO] [stdout]                                at /rustc/202008a1b8de96d2e5b6bc02d379db03a877d34d/library/std/src/panicking.rs:268:22
[INFO] [stdout]    9:     0x602bc2593207 - std::panicking::default_hook::he5f8e3b203ccddba
[INFO] [stdout]                                at /rustc/202008a1b8de96d2e5b6bc02d379db03a877d34d/library/std/src/panicking.rs:292:9
[INFO] [stdout]   10:     0x602bc24bd137 - <alloc::boxed::Box<F,A> as core::ops::function::Fn<Args>>::call::h7a3c7b4a1ae77f2f
[INFO] [stdout]                                at /rustc/202008a1b8de96d2e5b6bc02d379db03a877d34d/library/alloc/src/boxed.rs:1986:9
[INFO] [stdout]   11:     0x602bc24bd137 - test::test_main::{{closure}}::hf0d3b69ae9b353d1
[INFO] [stdout]                                at /rustc/202008a1b8de96d2e5b6bc02d379db03a877d34d/library/test/src/lib.rs:134:21
[INFO] [stdout]   12:     0x602bc2593aa8 - <alloc::boxed::Box<F,A> as core::ops::function::Fn<Args>>::call::h6332e82e7b189abd
[INFO] [stdout]                                at /rustc/202008a1b8de96d2e5b6bc02d379db03a877d34d/library/alloc/src/boxed.rs:1986:9
[INFO] [stdout]   13:     0x602bc2593aa8 - std::panicking::rust_panic_with_hook::h53863d4e9018df39
[INFO] [stdout]                                at /rustc/202008a1b8de96d2e5b6bc02d379db03a877d34d/library/std/src/panicking.rs:809:13
[INFO] [stdout]   14:     0x602bc259386a - std::panicking::begin_panic_handler::{{closure}}::h67280e6fa0757873
[INFO] [stdout]                                at /rustc/202008a1b8de96d2e5b6bc02d379db03a877d34d/library/std/src/panicking.rs:674:13
[INFO] [stdout]   15:     0x602bc2592459 - std::sys::backtrace::__rust_end_short_backtrace::h1dac3f54d6fbbeb2
[INFO] [stdout]                                at /rustc/202008a1b8de96d2e5b6bc02d379db03a877d34d/library/std/src/sys/backtrace.rs:170:18
[INFO] [stdout]   16:     0x602bc25934fc - rust_begin_unwind
[INFO] [stdout]                                at /rustc/202008a1b8de96d2e5b6bc02d379db03a877d34d/library/std/src/panicking.rs:665:5
[INFO] [stdout]   17:     0x602bc2459b60 - core::panicking::panic_fmt::h6792bd1b2bf01041
[INFO] [stdout]                                at /rustc/202008a1b8de96d2e5b6bc02d379db03a877d34d/library/core/src/panicking.rs:76:14
[INFO] [stdout]   18:     0x602bc2459fa6 - core::result::unwrap_failed::h05e0602ed34287c5
[INFO] [stdout]                                at /rustc/202008a1b8de96d2e5b6bc02d379db03a877d34d/library/core/src/result.rs:1699:5
[INFO] [stdout]   19:     0x602bc24719c8 - core::result::Result<T,E>::unwrap::h622c24bd10ee10ff
[INFO] [stdout]                                at /rustc/202008a1b8de96d2e5b6bc02d379db03a877d34d/library/core/src/result.rs:1104:23
[INFO] [stdout]   20:     0x602bc24719c8 - docatlas_core::persist::block::tests::single_path_ownership::h76c46bcb167cd9db
[INFO] [stdout]                                at /opt/rustwide/workdir/crates/docatlas-core/src/persist/block.rs:287:27
[INFO] [stdout]   21:     0x602bc2471787 - docatlas_core::persist::block::tests::single_path_ownership::{{closure}}::h8eeddf0f0074f18e
[INFO] [stdout]                                at /opt/rustwide/workdir/crates/docatlas-core/src/persist/block.rs:282:31
[INFO] [stdout]   22:     0x602bc2478446 - core::ops::function::FnOnce::call_once::h73423d47175cb059
[INFO] [stdout]                                at /rustc/202008a1b8de96d2e5b6bc02d379db03a877d34d/library/core/src/ops/function.rs:250:5
[INFO] [stdout]   23:     0x602bc24c1c5b - core::ops::function::FnOnce::call_once::h871bf86719ec9aa4
[INFO] [stdout]                                at /rustc/202008a1b8de96d2e5b6bc02d379db03a877d34d/library/core/src/ops/function.rs:250:5
[INFO] [stdout]   24:     0x602bc24c1c5b - test::__rust_begin_short_backtrace::h2167df1e2b7d76fd
[INFO] [stdout]                                at /rustc/202008a1b8de96d2e5b6bc02d379db03a877d34d/library/test/src/lib.rs:632:18
[INFO] [stdout]   25:     0x602bc24c1648 - test::run_test_in_process::{{closure}}::h15d92f75a3adfb79
[INFO] [stdout]                                at /rustc/202008a1b8de96d2e5b6bc02d379db03a877d34d/library/test/src/lib.rs:655:60
[INFO] [stdout]   26:     0x602bc24c1648 - <core::panic::unwind_safe::AssertUnwindSafe<F> as core::ops::function::FnOnce<()>>::call_once::hb6c8955835a8dbbb
[INFO] [stdout]                                at /rustc/202008a1b8de96d2e5b6bc02d379db03a877d34d/library/core/src/panic/unwind_safe.rs:272:9
[INFO] [stdout]   27:     0x602bc24c1648 - std::panicking::try::do_call::hc79d0fc888a0bd30
[INFO] [stdout]                                at /rustc/202008a1b8de96d2e5b6bc02d379db03a877d34d/library/std/src/panicking.rs:557:40
[INFO] [stdout]   28:     0x602bc24c1648 - std::panicking::try::hb8a7878e3a8589d6
[INFO] [stdout]                                at /rustc/202008a1b8de96d2e5b6bc02d379db03a877d34d/library/std/src/panicking.rs:520:19
[INFO] [stdout]   29:     0x602bc24c1648 - std::panic::catch_unwind::hb8e4600ff0ff5cfa
[INFO] [stdout]                                at /rustc/202008a1b8de96d2e5b6bc02d379db03a877d34d/library/std/src/panic.rs:358:14
[INFO] [stdout]   30:     0x602bc24c1648 - test::run_test_in_process::hc2900b0b18688dd6
[INFO] [stdout]                                at /rustc/202008a1b8de96d2e5b6bc02d379db03a877d34d/library/test/src/lib.rs:655:27
[INFO] [stdout]   31:     0x602bc24c1648 - test::run_test::{{closure}}::hac2a9cb07be3d48d
[INFO] [stdout]                                at /rustc/202008a1b8de96d2e5b6bc02d379db03a877d34d/library/test/src/lib.rs:576:43
[INFO] [stdout]   32:     0x602bc24850ea - test::run_test::{{closure}}::h4a5b729e66a38cd8
[INFO] [stdout]                                at /rustc/202008a1b8de96d2e5b6bc02d379db03a877d34d/library/test/src/lib.rs:606:41
[INFO] [stdout]   33:     0x602bc24850ea - std::sys::backtrace::__rust_begin_short_backtrace::h0496fb742492f573
[INFO] [stdout]                                at /rustc/202008a1b8de96d2e5b6bc02d379db03a877d34d/library/std/src/sys/backtrace.rs:154:18
[INFO] [stdout]   34:     0x602bc2488a64 - std::thread::Builder::spawn_unchecked_::{{closure}}::{{closure}}::hbb6d257c550a54bd
[INFO] [stdout]                                at /rustc/202008a1b8de96d2e5b6bc02d379db03a877d34d/library/std/src/thread/mod.rs:561:17
[INFO] [stdout]   35:     0x602bc2488a64 - <core::panic::unwind_safe::AssertUnwindSafe<F> as core::ops::function::FnOnce<()>>::call_once::h46696fe4a6832328
[INFO] [stdout]                                at /rustc/202008a1b8de96d2e5b6bc02d379db03a877d34d/library/core/src/panic/unwind_safe.rs:272:9
[INFO] [stdout]   36:     0x602bc2488a64 - std::panicking::try::do_call::h2625a51b667bfb64
[INFO] [stdout]                                at /rustc/202008a1b8de96d2e5b6bc02d379db03a877d34d/library/std/src/panicking.rs:557:40
[INFO] [stdout]   37:     0x602bc2488a64 - std::panicking::try::hb956a59a1973aa4c
[INFO] [stdout]                                at /rustc/202008a1b8de96d2e5b6bc02d379db03a877d34d/library/std/src/panicking.rs:520:19
[INFO] [stdout]   38:     0x602bc2488a64 - std::panic::catch_unwind::h64f3b9d1067ef6a0
[INFO] [stdout]                                at /rustc/202008a1b8de96d2e5b6bc02d379db03a877d34d/library/std/src/panic.rs:358:14
[INFO] [stdout]   39:     0x602bc2488a64 - std::thread::Builder::spawn_unchecked_::{{closure}}::h42b2841295b6c0b2
[INFO] [stdout]                                at /rustc/202008a1b8de96d2e5b6bc02d379db03a877d34d/library/std/src/thread/mod.rs:559:30
[INFO] [stdout]   40:     0x602bc2488a64 - core::ops::function::FnOnce::call_once{{vtable.shim}}::h6127de71b8124639
[INFO] [stdout]                                at /rustc/202008a1b8de96d2e5b6bc02d379db03a877d34d/library/core/src/ops/function.rs:250:5
[INFO] [stdout]   41:     0x602bc259848b - <alloc::boxed::Box<F,A> as core::ops::function::FnOnce<Args>>::call_once::h42f0ba71002a1b2c
[INFO] [stdout]                                at /rustc/202008a1b8de96d2e5b6bc02d379db03a877d34d/library/alloc/src/boxed.rs:1972:9
[INFO] [stdout]   42:     0x602bc259848b - <alloc::boxed::Box<F,A> as core::ops::function::FnOnce<Args>>::call_once::had9e47d7a3dcecb8
[INFO] [stdout]                                at /rustc/202008a1b8de96d2e5b6bc02d379db03a877d34d/library/alloc/src/boxed.rs:1972:9
[INFO] [stdout]   43:     0x602bc259848b - std::sys::pal::unix::thread::Thread::new::thread_start::h48cf765408f6f5f2
[INFO] [stdout]                                at /rustc/202008a1b8de96d2e5b6bc02d379db03a877d34d/library/std/src/sys/pal/unix/thread.rs:105:17
[INFO] [stdout]   44:     0x7b852b83fac3 - <unknown>
[INFO] [stdout]   45:     0x7b852b8d0a04 - clone
[INFO] [stdout]   46:                0x0 - <unknown>
[INFO] [stdout] 
[INFO] [stdout] ---- persist::persisted_vec::test::split_protects_data stdout ----
[INFO] [stdout] thread 'persist::persisted_vec::test::split_protects_data' panicked at crates/docatlas-core/src/persist/persisted_vec.rs:680:39:
[INFO] [stdout] called `Option::unwrap()` on a `None` value
[INFO] [stdout] stack backtrace:
[INFO] [stdout]    0:     0x602bc2591f7a - std::backtrace_rs::backtrace::libunwind::trace::h8810477743020387
[INFO] [stdout]                                at /rustc/202008a1b8de96d2e5b6bc02d379db03a877d34d/library/std/src/../../backtrace/src/backtrace/libunwind.rs:116:5
[INFO] [stdout]    1:     0x602bc2591f7a - std::backtrace_rs::backtrace::trace_unsynchronized::h3aa55355dd6c54a6
[INFO] [stdout]                                at /rustc/202008a1b8de96d2e5b6bc02d379db03a877d34d/library/std/src/../../backtrace/src/backtrace/mod.rs:66:5
[INFO] [stdout]    2:     0x602bc2591f7a - std::sys::backtrace::_print_fmt::h8588b0f62410823f
[INFO] [stdout]                                at /rustc/202008a1b8de96d2e5b6bc02d379db03a877d34d/library/std/src/sys/backtrace.rs:66:9
[INFO] [stdout]    3:     0x602bc2591f7a - <std::sys::backtrace::BacktraceLock::print::DisplayBacktrace as core::fmt::Display>::fmt::h98c26ac25ffe89bb
[INFO] [stdout]                                at /rustc/202008a1b8de96d2e5b6bc02d379db03a877d34d/library/std/src/sys/backtrace.rs:39:26
[INFO] [stdout]    4:     0x602bc25b85d3 - core::fmt::rt::Argument::fmt::hf95377f4aebd453b
[INFO] [stdout]                                at /rustc/202008a1b8de96d2e5b6bc02d379db03a877d34d/library/core/src/fmt/rt.rs:177:76
[INFO] [stdout]    5:     0x602bc25b85d3 - core::fmt::write::h0dd5f6e2238c7982
[INFO] [stdout]                                at /rustc/202008a1b8de96d2e5b6bc02d379db03a877d34d/library/core/src/fmt/mod.rs:1189:21
[INFO] [stdout]    6:     0x602bc258ef23 - std::io::Write::write_fmt::h03bb0ca26e6faf8c
[INFO] [stdout]                                at /rustc/202008a1b8de96d2e5b6bc02d379db03a877d34d/library/std/src/io/mod.rs:1884:15
[INFO] [stdout]    7:     0x602bc2591dc2 - std::sys::backtrace::BacktraceLock::print::h5c19c1c038ee186d
[INFO] [stdout]                                at /rustc/202008a1b8de96d2e5b6bc02d379db03a877d34d/library/std/src/sys/backtrace.rs:42:9
[INFO] [stdout]    8:     0x602bc25933fd - std::panicking::default_hook::{{closure}}::h77172f079a1fcb13
[INFO] [stdout]                                at /rustc/202008a1b8de96d2e5b6bc02d379db03a877d34d/library/std/src/panicking.rs:268:22
[INFO] [stdout]    9:     0x602bc2593207 - std::panicking::default_hook::he5f8e3b203ccddba
[INFO] [stdout]                                at /rustc/202008a1b8de96d2e5b6bc02d379db03a877d34d/library/std/src/panicking.rs:292:9
[INFO] [stdout]   10:     0x602bc24bd137 - <alloc::boxed::Box<F,A> as core::ops::function::Fn<Args>>::call::h7a3c7b4a1ae77f2f
[INFO] [stdout]                                at /rustc/202008a1b8de96d2e5b6bc02d379db03a877d34d/library/alloc/src/boxed.rs:1986:9
[INFO] [stdout]   11:     0x602bc24bd137 - test::test_main::{{closure}}::hf0d3b69ae9b353d1
[INFO] [stdout]                                at /rustc/202008a1b8de96d2e5b6bc02d379db03a877d34d/library/test/src/lib.rs:134:21
[INFO] [stdout]   12:     0x602bc2593aa8 - <alloc::boxed::Box<F,A> as core::ops::function::Fn<Args>>::call::h6332e82e7b189abd
[INFO] [stdout]                                at /rustc/202008a1b8de96d2e5b6bc02d379db03a877d34d/library/alloc/src/boxed.rs:1986:9
[INFO] [stdout]   13:     0x602bc2593aa8 - std::panicking::rust_panic_with_hook::h53863d4e9018df39
[INFO] [stdout]                                at /rustc/202008a1b8de96d2e5b6bc02d379db03a877d34d/library/std/src/panicking.rs:809:13
[INFO] [stdout]   14:     0x602bc2593836 - std::panicking::begin_panic_handler::{{closure}}::h67280e6fa0757873
[INFO] [stdout]                                at /rustc/202008a1b8de96d2e5b6bc02d379db03a877d34d/library/std/src/panicking.rs:667:13
[INFO] [stdout]   15:     0x602bc2592459 - std::sys::backtrace::__rust_end_short_backtrace::h1dac3f54d6fbbeb2
[INFO] [stdout]                                at /rustc/202008a1b8de96d2e5b6bc02d379db03a877d34d/library/std/src/sys/backtrace.rs:170:18
[INFO] [stdout]   16:     0x602bc25934fc - rust_begin_unwind
[INFO] [stdout]                                at /rustc/202008a1b8de96d2e5b6bc02d379db03a877d34d/library/std/src/panicking.rs:665:5
[INFO] [stdout]   17:     0x602bc2459b60 - core::panicking::panic_fmt::h6792bd1b2bf01041
[INFO] [stdout]                                at /rustc/202008a1b8de96d2e5b6bc02d379db03a877d34d/library/core/src/panicking.rs:76:14
[INFO] [stdout]   18:     0x602bc2459bec - core::panicking::panic::hbb5c236a846c507c
[INFO] [stdout]                                at /rustc/202008a1b8de96d2e5b6bc02d379db03a877d34d/library/core/src/panicking.rs:148:5
[INFO] [stdout]   19:     0x602bc2459ad9 - core::option::unwrap_failed::hc5b7b0e3b50bafe9
[INFO] [stdout]                                at /rustc/202008a1b8de96d2e5b6bc02d379db03a877d34d/library/core/src/option.rs:2009:5
[INFO] [stdout]   20:     0x602bc246cd4e - core::option::Option<T>::unwrap::h7035d06b8565112b
[INFO] [stdout]                                at /rustc/202008a1b8de96d2e5b6bc02d379db03a877d34d/library/core/src/option.rs:972:21
[INFO] [stdout]   21:     0x602bc246cd4e - docatlas_core::persist::persisted_vec::test::split_protects_data::h02c3a927dd2085c1
[INFO] [stdout]                                at /opt/rustwide/workdir/crates/docatlas-core/src/persist/persisted_vec.rs:680:25
[INFO] [stdout]   22:     0x602bc246c9e7 - docatlas_core::persist::persisted_vec::test::split_protects_data::{{closure}}::hacf4b590e82c26ac
[INFO] [stdout]                                at /opt/rustwide/workdir/crates/docatlas-core/src/persist/persisted_vec.rs:668:29
[INFO] [stdout]   23:     0x602bc2477f86 - core::ops::function::FnOnce::call_once::h1e877b0b41dc400e
[INFO] [stdout]                                at /rustc/202008a1b8de96d2e5b6bc02d379db03a877d34d/library/core/src/ops/function.rs:250:5
[INFO] [stdout]   24:     0x602bc24c1c5b - core::ops::function::FnOnce::call_once::h871bf86719ec9aa4
[INFO] [stdout]                                at /rustc/202008a1b8de96d2e5b6bc02d379db03a877d34d/library/core/src/ops/function.rs:250:5
[INFO] [stdout]   25:     0x602bc24c1c5b - test::__rust_begin_short_backtrace::h2167df1e2b7d76fd
[INFO] [stdout]                                at /rustc/202008a1b8de96d2e5b6bc02d379db03a877d34d/library/test/src/lib.rs:632:18
[INFO] [stdout]   26:     0x602bc24c1648 - test::run_test_in_process::{{closure}}::h15d92f75a3adfb79
[INFO] [stdout]                                at /rustc/202008a1b8de96d2e5b6bc02d379db03a877d34d/library/test/src/lib.rs:655:60
[INFO] [stdout]   27:     0x602bc24c1648 - <core::panic::unwind_safe::AssertUnwindSafe<F> as core::ops::function::FnOnce<()>>::call_once::hb6c8955835a8dbbb
[INFO] [stdout]                                at /rustc/202008a1b8de96d2e5b6bc02d379db03a877d34d/library/core/src/panic/unwind_safe.rs:272:9
[INFO] [stdout]   28:     0x602bc24c1648 - std::panicking::try::do_call::hc79d0fc888a0bd30
[INFO] [stdout]                                at /rustc/202008a1b8de96d2e5b6bc02d379db03a877d34d/library/std/src/panicking.rs:557:40
[INFO] [stdout]   29:     0x602bc24c1648 - std::panicking::try::hb8a7878e3a8589d6
[INFO] [stdout]                                at /rustc/202008a1b8de96d2e5b6bc02d379db03a877d34d/library/std/src/panicking.rs:520:19
[INFO] [stdout]   30:     0x602bc24c1648 - std::panic::catch_unwind::hb8e4600ff0ff5cfa
[INFO] [stdout]                                at /rustc/202008a1b8de96d2e5b6bc02d379db03a877d34d/library/std/src/panic.rs:358:14
[INFO] [stdout]   31:     0x602bc24c1648 - test::run_test_in_process::hc2900b0b18688dd6
[INFO] [stdout]                                at /rustc/202008a1b8de96d2e5b6bc02d379db03a877d34d/library/test/src/lib.rs:655:27
[INFO] [stdout]   32:     0x602bc24c1648 - test::run_test::{{closure}}::hac2a9cb07be3d48d
[INFO] [stdout]                                at /rustc/202008a1b8de96d2e5b6bc02d379db03a877d34d/library/test/src/lib.rs:576:43
[INFO] [stdout]   33:     0x602bc24850ea - test::run_test::{{closure}}::h4a5b729e66a38cd8
[INFO] [stdout]                                at /rustc/202008a1b8de96d2e5b6bc02d379db03a877d34d/library/test/src/lib.rs:606:41
[INFO] [stdout]   34:     0x602bc24850ea - std::sys::backtrace::__rust_begin_short_backtrace::h0496fb742492f573
[INFO] [stdout]                                at /rustc/202008a1b8de96d2e5b6bc02d379db03a877d34d/library/std/src/sys/backtrace.rs:154:18
[INFO] [stdout]   35:     0x602bc2488a64 - std::thread::Builder::spawn_unchecked_::{{closure}}::{{closure}}::hbb6d257c550a54bd
[INFO] [stdout]                                at /rustc/202008a1b8de96d2e5b6bc02d379db03a877d34d/library/std/src/thread/mod.rs:561:17
[INFO] [stdout]   36:     0x602bc2488a64 - <core::panic::unwind_safe::AssertUnwindSafe<F> as core::ops::function::FnOnce<()>>::call_once::h46696fe4a6832328
[INFO] [stdout]                                at /rustc/202008a1b8de96d2e5b6bc02d379db03a877d34d/library/core/src/panic/unwind_safe.rs:272:9
[INFO] [stdout]   37:     0x602bc2488a64 - std::panicking::try::do_call::h2625a51b667bfb64
[INFO] [stdout]                                at /rustc/202008a1b8de96d2e5b6bc02d379db03a877d34d/library/std/src/panicking.rs:557:40
[INFO] [stdout]   38:     0x602bc2488a64 - std::panicking::try::hb956a59a1973aa4c
[INFO] [stdout]                                at /rustc/202008a1b8de96d2e5b6bc02d379db03a877d34d/library/std/src/panicking.rs:520:19
[INFO] [stdout]   39:     0x602bc2488a64 - std::panic::catch_unwind::h64f3b9d1067ef6a0
[INFO] [stdout]                                at /rustc/202008a1b8de96d2e5b6bc02d379db03a877d34d/library/std/src/panic.rs:358:14
[INFO] [stdout]   40:     0x602bc2488a64 - std::thread::Builder::spawn_unchecked_::{{closure}}::h42b2841295b6c0b2
[INFO] [stdout]                                at /rustc/202008a1b8de96d2e5b6bc02d379db03a877d34d/library/std/src/thread/mod.rs:559:30
[INFO] [stdout]   41:     0x602bc2488a64 - core::ops::function::FnOnce::call_once{{vtable.shim}}::h6127de71b8124639
[INFO] [stdout]                                at /rustc/202008a1b8de96d2e5b6bc02d379db03a877d34d/library/core/src/ops/function.rs:250:5
[INFO] [stdout]   42:     0x602bc259848b - <alloc::boxed::Box<F,A> as core::ops::function::FnOnce<Args>>::call_once::h42f0ba71002a1b2c
[INFO] [stdout]                                at /rustc/202008a1b8de96d2e5b6bc02d379db03a877d34d/library/alloc/src/boxed.rs:1972:9
[INFO] [stdout]   43:     0x602bc259848b - <alloc::boxed::Box<F,A> as core::ops::function::FnOnce<Args>>::call_once::had9e47d7a3dcecb8
[INFO] [stdout]                                at /rustc/202008a1b8de96d2e5b6bc02d379db03a877d34d/library/alloc/src/boxed.rs:1972:9
[INFO] [stdout]   44:     0x602bc259848b - std::sys::pal::unix::thread::Thread::new::thread_start::h48cf765408f6f5f2
[INFO] [stdout]                                at /rustc/202008a1b8de96d2e5b6bc02d379db03a877d34d/library/std/src/sys/pal/unix/thread.rs:105:17
[INFO] [stdout]   45:     0x7b852b83fac3 - <unknown>
[INFO] [stdout]   46:     0x7b852b8d0a04 - clone
[INFO] [stdout]   47:                0x0 - <unknown>
[INFO] [stdout] 
[INFO] [stdout] ---- persist::block::tests::reserve_file stdout ----
[INFO] [stdout] thread 'persist::block::tests::reserve_file' panicked at crates/docatlas-core/src/persist/block.rs:336:9:
[INFO] [stdout] assertion `left == right` failed
[INFO] [stdout]   left: 1024
[INFO] [stdout]  right: 1028
[INFO] [stdout] stack backtrace:
[INFO] [stdout]    0:     0x602bc2591f7a - std::backtrace_rs::backtrace::libunwind::trace::h8810477743020387
[INFO] [stdout]                                at /rustc/202008a1b8de96d2e5b6bc02d379db03a877d34d/library/std/src/../../backtrace/src/backtrace/libunwind.rs:116:5
[INFO] [stdout]    1:     0x602bc2591f7a - std::backtrace_rs::backtrace::trace_unsynchronized::h3aa55355dd6c54a6
[INFO] [stdout]                                at /rustc/202008a1b8de96d2e5b6bc02d379db03a877d34d/library/std/src/../../backtrace/src/backtrace/mod.rs:66:5
[INFO] [stdout]    2:     0x602bc2591f7a - std::sys::backtrace::_print_fmt::h8588b0f62410823f
[INFO] [stdout]                                at /rustc/202008a1b8de96d2e5b6bc02d379db03a877d34d/library/std/src/sys/backtrace.rs:66:9
[INFO] [stdout]    3:     0x602bc2591f7a - <std::sys::backtrace::BacktraceLock::print::DisplayBacktrace as core::fmt::Display>::fmt::h98c26ac25ffe89bb
[INFO] [stdout]                                at /rustc/202008a1b8de96d2e5b6bc02d379db03a877d34d/library/std/src/sys/backtrace.rs:39:26
[INFO] [stdout]    4:     0x602bc25b85d3 - core::fmt::rt::Argument::fmt::hf95377f4aebd453b
[INFO] [stdout]                                at /rustc/202008a1b8de96d2e5b6bc02d379db03a877d34d/library/core/src/fmt/rt.rs:177:76
[INFO] [stdout]    5:     0x602bc25b85d3 - core::fmt::write::h0dd5f6e2238c7982
[INFO] [stdout]                                at /rustc/202008a1b8de96d2e5b6bc02d379db03a877d34d/library/core/src/fmt/mod.rs:1189:21
[INFO] [stdout]    6:     0x602bc258ef23 - std::io::Write::write_fmt::h03bb0ca26e6faf8c
[INFO] [stdout]                                at /rustc/202008a1b8de96d2e5b6bc02d379db03a877d34d/library/std/src/io/mod.rs:1884:15
[INFO] [stdout]    7:     0x602bc2591dc2 - std::sys::backtrace::BacktraceLock::print::h5c19c1c038ee186d
[INFO] [stdout]                                at /rustc/202008a1b8de96d2e5b6bc02d379db03a877d34d/library/std/src/sys/backtrace.rs:42:9
[INFO] [stdout]    8:     0x602bc25933fd - std::panicking::default_hook::{{closure}}::h77172f079a1fcb13
[INFO] [stdout]                                at /rustc/202008a1b8de96d2e5b6bc02d379db03a877d34d/library/std/src/panicking.rs:268:22
[INFO] [stdout]    9:     0x602bc2593207 - std::panicking::default_hook::he5f8e3b203ccddba
[INFO] [stdout]                                at /rustc/202008a1b8de96d2e5b6bc02d379db03a877d34d/library/std/src/panicking.rs:292:9
[INFO] [stdout]   10:     0x602bc24bd137 - <alloc::boxed::Box<F,A> as core::ops::function::Fn<Args>>::call::h7a3c7b4a1ae77f2f
[INFO] [stdout]                                at /rustc/202008a1b8de96d2e5b6bc02d379db03a877d34d/library/alloc/src/boxed.rs:1986:9
[INFO] [stdout]   11:     0x602bc24bd137 - test::test_main::{{closure}}::hf0d3b69ae9b353d1
[INFO] [stdout]                                at /rustc/202008a1b8de96d2e5b6bc02d379db03a877d34d/library/test/src/lib.rs:134:21
[INFO] [stdout]   12:     0x602bc2593aa8 - <alloc::boxed::Box<F,A> as core::ops::function::Fn<Args>>::call::h6332e82e7b189abd
[INFO] [stdout]                                at /rustc/202008a1b8de96d2e5b6bc02d379db03a877d34d/library/alloc/src/boxed.rs:1986:9
[INFO] [stdout]   13:     0x602bc2593aa8 - std::panicking::rust_panic_with_hook::h53863d4e9018df39
[INFO] [stdout]                                at /rustc/202008a1b8de96d2e5b6bc02d379db03a877d34d/library/std/src/panicking.rs:809:13
[INFO] [stdout]   14:     0x602bc259386a - std::panicking::begin_panic_handler::{{closure}}::h67280e6fa0757873
[INFO] [stdout]                                at /rustc/202008a1b8de96d2e5b6bc02d379db03a877d34d/library/std/src/panicking.rs:674:13
[INFO] [stdout]   15:     0x602bc2592459 - std::sys::backtrace::__rust_end_short_backtrace::h1dac3f54d6fbbeb2
[INFO] [stdout]                                at /rustc/202008a1b8de96d2e5b6bc02d379db03a877d34d/library/std/src/sys/backtrace.rs:170:18
[INFO] [stdout]   16:     0x602bc25934fc - rust_begin_unwind
[INFO] [stdout]                                at /rustc/202008a1b8de96d2e5b6bc02d379db03a877d34d/library/std/src/panicking.rs:665:5
[INFO] [stdout]   17:     0x602bc2459b60 - core::panicking::panic_fmt::h6792bd1b2bf01041
[INFO] [stdout]                                at /rustc/202008a1b8de96d2e5b6bc02d379db03a877d34d/library/core/src/panicking.rs:76:14
[INFO] [stdout]   18:     0x602bc2459f2b - core::panicking::assert_failed_inner::hf2c17e6d30928787
[INFO] [stdout]   19:     0x602bc24d14e9 - core::panicking::assert_failed::hfdc3156a38c41d0e
[INFO] [stdout]                                at /rustc/202008a1b8de96d2e5b6bc02d379db03a877d34d/library/core/src/panicking.rs:373:5
[INFO] [stdout]   20:     0x602bc24727ff - docatlas_core::persist::block::tests::reserve_file::h7ad7935fbe8a4ee6
[INFO] [stdout]                                at /opt/rustwide/workdir/crates/docatlas-core/src/persist/block.rs:336:9
[INFO] [stdout]   21:     0x602bc24723a7 - docatlas_core::persist::block::tests::reserve_file::{{closure}}::h5617f66692082547
[INFO] [stdout]                                at /opt/rustwide/workdir/crates/docatlas-core/src/persist/block.rs:324:22
[INFO] [stdout]   22:     0x602bc2477f06 - core::ops::function::FnOnce::call_once::h11a63ec72cb2885d
[INFO] [stdout]                                at /rustc/202008a1b8de96d2e5b6bc02d379db03a877d34d/library/core/src/ops/function.rs:250:5
[INFO] [stdout]   23:     0x602bc24c1c5b - core::ops::function::FnOnce::call_once::h871bf86719ec9aa4
[INFO] [stdout]                                at /rustc/202008a1b8de96d2e5b6bc02d379db03a877d34d/library/core/src/ops/function.rs:250:5
[INFO] [stdout]   24:     0x602bc24c1c5b - test::__rust_begin_short_backtrace::h2167df1e2b7d76fd
[INFO] [stdout]                                at /rustc/202008a1b8de96d2e5b6bc02d379db03a877d34d/library/test/src/lib.rs:632:18
[INFO] [stdout]   25:     0x602bc24c1648 - test::run_test_in_process::{{closure}}::h15d92f75a3adfb79
[INFO] [stdout]                                at /rustc/202008a1b8de96d2e5b6bc02d379db03a877d34d/library/test/src/lib.rs:655:60
[INFO] [stdout]   26:     0x602bc24c1648 - <core::panic::unwind_safe::AssertUnwindSafe<F> as core::ops::function::FnOnce<()>>::call_once::hb6c8955835a8dbbb
[INFO] [stdout]                                at /rustc/202008a1b8de96d2e5b6bc02d379db03a877d34d/library/core/src/panic/unwind_safe.rs:272:9
[INFO] [stdout]   27:     0x602bc24c1648 - std::panicking::try::do_call::hc79d0fc888a0bd30
[INFO] [stdout]                                at /rustc/202008a1b8de96d2e5b6bc02d379db03a877d34d/library/std/src/panicking.rs:557:40
[INFO] [stdout]   28:     0x602bc24c1648 - std::panicking::try::hb8a7878e3a8589d6
[INFO] [stdout]                                at /rustc/202008a1b8de96d2e5b6bc02d379db03a877d34d/library/std/src/panicking.rs:520:19
[INFO] [stdout]   29:     0x602bc24c1648 - std::panic::catch_unwind::hb8e4600ff0ff5cfa
[INFO] [stdout]                                at /rustc/202008a1b8de96d2e5b6bc02d379db03a877d34d/library/std/src/panic.rs:358:14
[INFO] [stdout]   30:     0x602bc24c1648 - test::run_test_in_process::hc2900b0b18688dd6
[INFO] [stdout]                                at /rustc/202008a1b8de96d2e5b6bc02d379db03a877d34d/library/test/src/lib.rs:655:27
[INFO] [stdout]   31:     0x602bc24c1648 - test::run_test::{{closure}}::hac2a9cb07be3d48d
[INFO] [stdout]                                at /rustc/202008a1b8de96d2e5b6bc02d379db03a877d34d/library/test/src/lib.rs:576:43
[INFO] [stdout]   32:     0x602bc24850ea - test::run_test::{{closure}}::h4a5b729e66a38cd8
[INFO] [stdout]                                at /rustc/202008a1b8de96d2e5b6bc02d379db03a877d34d/library/test/src/lib.rs:606:41
[INFO] [stdout]   33:     0x602bc24850ea - std::sys::backtrace::__rust_begin_short_backtrace::h0496fb742492f573
[INFO] [stdout]                                at /rustc/202008a1b8de96d2e5b6bc02d379db03a877d34d/library/std/src/sys/backtrace.rs:154:18
[INFO] [stdout]   34:     0x602bc2488a64 - std::thread::Builder::spawn_unchecked_::{{closure}}::{{closure}}::hbb6d257c550a54bd
[INFO] [stdout]                                at /rustc/202008a1b8de96d2e5b6bc02d379db03a877d34d/library/std/src/thread/mod.rs:561:17
[INFO] [stdout]   35:     0x602bc2488a64 - <core::panic::unwind_safe::AssertUnwindSafe<F> as core::ops::function::FnOnce<()>>::call_once::h46696fe4a6832328
[INFO] [stdout]                                at /rustc/202008a1b8de96d2e5b6bc02d379db03a877d34d/library/core/src/panic/unwind_safe.rs:272:9
[INFO] [stdout]   36:     0x602bc2488a64 - std::panicking::try::do_call::h2625a51b667bfb64
[INFO] [stdout]                                at /rustc/202008a1b8de96d2e5b6bc02d379db03a877d34d/library/std/src/panicking.rs:557:40
[INFO] [stdout]   37:     0x602bc2488a64 - std::panicking::try::hb956a59a1973aa4c
[INFO] [stdout]                                at /rustc/202008a1b8de96d2e5b6bc02d379db03a877d34d/library/std/src/panicking.rs:520:19
[INFO] [stdout]   38:     0x602bc2488a64 - std::panic::catch_unwind::h64f3b9d1067ef6a0
[INFO] [stdout]                                at /rustc/202008a1b8de96d2e5b6bc02d379db03a877d34d/library/std/src/panic.rs:358:14
[INFO] [stdout]   39:     0x602bc2488a64 - std::thread::Builder::spawn_unchecked_::{{closure}}::h42b2841295b6c0b2
[INFO] [stdout]                                at /rustc/202008a1b8de96d2e5b6bc02d379db03a877d34d/library/std/src/thread/mod.rs:559:30
[INFO] [stdout]   40:     0x602bc2488a64 - core::ops::function::FnOnce::call_once{{vtable.shim}}::h6127de71b8124639
[INFO] [stdout]                                at /rustc/202008a1b8de96d2e5b6bc02d379db03a877d34d/library/core/src/ops/function.rs:250:5
[INFO] [stdout]   41:     0x602bc259848b - <alloc::boxed::Box<F,A> as core::ops::function::FnOnce<Args>>::call_once::h42f0ba71002a1b2c
[INFO] [stdout]                                at /rustc/202008a1b8de96d2e5b6bc02d379db03a877d34d/library/alloc/src/boxed.rs:1972:9
[INFO] [stdout]   42:     0x602bc259848b - <alloc::boxed::Box<F,A> as core::ops::function::FnOnce<Args>>::call_once::had9e47d7a3dcecb8
[INFO] [stdout]                                at /rustc/202008a1b8de96d2e5b6bc02d379db03a877d34d/library/alloc/src/boxed.rs:1972:9
[INFO] [stdout]   43:     0x602bc259848b - std::sys::pal::unix::thread::Thread::new::thread_start::h48cf765408f6f5f2
[INFO] [stdout]                                at /rustc/202008a1b8de96d2e5b6bc02d379db03a877d34d/library/std/src/sys/pal/unix/thread.rs:105:17
[INFO] [stdout]   44:     0x7b852b83fac3 - <unknown>
[INFO] [stdout]   45:     0x7b852b8d0a04 - clone
[INFO] [stdout]   46:                0x0 - <unknown>
[INFO] [stdout] 
[INFO] [stdout] 
[INFO] [stdout] failures:
[INFO] [stdout]     persist::block::tests::reserve_anon
[INFO] [stdout]     persist::block::tests::reserve_file
[INFO] [stdout]     persist::block::tests::single_path_ownership
[INFO] [stdout]     persist::persisted_vec::test::split_protects_data
[INFO] [stdout] 
[INFO] [stdout] test result: FAILED. 28 passed; 4 failed; 0 ignored; 0 measured; 0 filtered out; finished in 2.19s
[INFO] [stdout] 
[INFO] [stderr] error: test failed, to rerun pass `-p docatlas-core --lib`
[INFO] running `Command { std: "docker" "inspect" "6e75e418875fe331326da363b007aa819ef9f01610067d65d4e90e57e86b4a60", kill_on_drop: false }`
[INFO] running `Command { std: "docker" "rm" "-f" "6e75e418875fe331326da363b007aa819ef9f01610067d65d4e90e57e86b4a60", kill_on_drop: false }`
[INFO] [stdout] 6e75e418875fe331326da363b007aa819ef9f01610067d65d4e90e57e86b4a60
