[INFO] cloning repository https://github.com/joshka/line-clipping
[INFO] running `Command { std: "git" "-c" "credential.helper=" "-c" "credential.helper=/workspace/cargo-home/bin/git-credential-null" "clone" "--bare" "https://github.com/joshka/line-clipping" "/workspace/cache/git-repos/https%3A%2F%2Fgithub.com%2Fjoshka%2Fline-clipping", kill_on_drop: false }`
[INFO] [stderr] Cloning into bare repository '/workspace/cache/git-repos/https%3A%2F%2Fgithub.com%2Fjoshka%2Fline-clipping'...
[INFO] running `Command { std: "git" "rev-parse" "HEAD", kill_on_drop: false }`
[INFO] [stdout] b44caa77658e06673d340c30cd5a84d2b2438992
[INFO] testing joshka/line-clipping against 1.83.0 for beta-1.84.0-4-retry
[INFO] running `Command { std: "git" "clone" "/workspace/cache/git-repos/https%3A%2F%2Fgithub.com%2Fjoshka%2Fline-clipping" "/workspace/builds/worker-2-tc1/source", kill_on_drop: false }`
[INFO] [stderr] Cloning into '/workspace/builds/worker-2-tc1/source'...
[INFO] [stderr] done.
[INFO] validating manifest of git repo https://github.com/joshka/line-clipping on toolchain 1.83.0
[INFO] running `Command { std: CARGO_HOME="/workspace/cargo-home" RUSTUP_HOME="/workspace/rustup-home" "/workspace/cargo-home/bin/cargo" "+1.83.0" "metadata" "--manifest-path" "Cargo.toml" "--no-deps", kill_on_drop: false }`
[INFO] started tweaking git repo https://github.com/joshka/line-clipping
[INFO] finished tweaking git repo https://github.com/joshka/line-clipping
[INFO] tweaked toml for git repo https://github.com/joshka/line-clipping written to /workspace/builds/worker-2-tc1/source/Cargo.toml
[INFO] crate git repo https://github.com/joshka/line-clipping already has a lockfile, it will not be regenerated
[INFO] running `Command { std: CARGO_HOME="/workspace/cargo-home" RUSTUP_HOME="/workspace/rustup-home" "/workspace/cargo-home/bin/cargo" "+1.83.0" "fetch" "--manifest-path" "Cargo.toml", kill_on_drop: false }`
[INFO] [stderr]     Blocking waiting for file lock on package cache
[INFO] [stderr]     Blocking waiting for file lock on package cache
[INFO] running `Command { std: "docker" "create" "-v" "/var/lib/crater-agent-workspace/builds/worker-2-tc1/target:/opt/rustwide/target:rw,Z" "-v" "/var/lib/crater-agent-workspace/builds/worker-2-tc1/source:/opt/rustwide/workdir:ro,Z" "-v" "/var/lib/crater-agent-workspace/cargo-home:/opt/rustwide/cargo-home:ro,Z" "-v" "/var/lib/crater-agent-workspace/rustup-home:/opt/rustwide/rustup-home:ro,Z" "-e" "SOURCE_DIR=/opt/rustwide/workdir" "-e" "CARGO_TARGET_DIR=/opt/rustwide/target" "-e" "CARGO_HOME=/opt/rustwide/cargo-home" "-e" "RUSTUP_HOME=/opt/rustwide/rustup-home" "-w" "/opt/rustwide/workdir" "-m" "1610612736" "--user" "0:0" "--network" "none" "ghcr.io/rust-lang/crates-build-env/linux@sha256:f3a9d4ad9d972b27faf3965f35b62e55ba32bbce8f20bc8fe909558a86702fde" "/opt/rustwide/cargo-home/bin/cargo" "+1.83.0" "metadata" "--no-deps" "--format-version=1", kill_on_drop: false }`
[INFO] [stdout] 24aa7329dad5f4928b5d8dc94b5cb2d956dc35c867450b957cc734cd488682b3
[INFO] running `Command { std: "docker" "start" "-a" "24aa7329dad5f4928b5d8dc94b5cb2d956dc35c867450b957cc734cd488682b3", kill_on_drop: false }`
[INFO] running `Command { std: "docker" "inspect" "24aa7329dad5f4928b5d8dc94b5cb2d956dc35c867450b957cc734cd488682b3", kill_on_drop: false }`
[INFO] running `Command { std: "docker" "rm" "-f" "24aa7329dad5f4928b5d8dc94b5cb2d956dc35c867450b957cc734cd488682b3", kill_on_drop: false }`
[INFO] [stdout] 24aa7329dad5f4928b5d8dc94b5cb2d956dc35c867450b957cc734cd488682b3
[INFO] running `Command { std: "docker" "create" "-v" "/var/lib/crater-agent-workspace/builds/worker-2-tc1/target:/opt/rustwide/target:rw,Z" "-v" "/var/lib/crater-agent-workspace/builds/worker-2-tc1/source:/opt/rustwide/workdir:ro,Z" "-v" "/var/lib/crater-agent-workspace/cargo-home:/opt/rustwide/cargo-home:ro,Z" "-v" "/var/lib/crater-agent-workspace/rustup-home:/opt/rustwide/rustup-home:ro,Z" "-e" "SOURCE_DIR=/opt/rustwide/workdir" "-e" "CARGO_TARGET_DIR=/opt/rustwide/target" "-e" "CARGO_INCREMENTAL=0" "-e" "RUST_BACKTRACE=full" "-e" "RUSTFLAGS=--cap-lints=warn" "-e" "RUSTDOCFLAGS=--cap-lints=warn" "-e" "CARGO_HOME=/opt/rustwide/cargo-home" "-e" "RUSTUP_HOME=/opt/rustwide/rustup-home" "-w" "/opt/rustwide/workdir" "-m" "1610612736" "--user" "0:0" "--network" "none" "ghcr.io/rust-lang/crates-build-env/linux@sha256:f3a9d4ad9d972b27faf3965f35b62e55ba32bbce8f20bc8fe909558a86702fde" "/opt/rustwide/cargo-home/bin/cargo" "+1.83.0" "build" "--frozen" "--message-format=json", kill_on_drop: false }`
[INFO] [stdout] c3031f1d88d2a468f07e3dd384fb7505c2a8405bf3d4f887342ad84895467894
[INFO] running `Command { std: "docker" "start" "-a" "c3031f1d88d2a468f07e3dd384fb7505c2a8405bf3d4f887342ad84895467894", kill_on_drop: false }`
[INFO] [stderr]    Compiling bitflags v2.6.0
[INFO] [stderr]    Compiling line-clipping v0.2.1 (/opt/rustwide/workdir)
[INFO] [stderr]     Finished `dev` profile [unoptimized + debuginfo] target(s) in 0.31s
[INFO] running `Command { std: "docker" "inspect" "c3031f1d88d2a468f07e3dd384fb7505c2a8405bf3d4f887342ad84895467894", kill_on_drop: false }`
[INFO] running `Command { std: "docker" "rm" "-f" "c3031f1d88d2a468f07e3dd384fb7505c2a8405bf3d4f887342ad84895467894", kill_on_drop: false }`
[INFO] [stdout] c3031f1d88d2a468f07e3dd384fb7505c2a8405bf3d4f887342ad84895467894
[INFO] running `Command { std: "docker" "create" "-v" "/var/lib/crater-agent-workspace/builds/worker-2-tc1/target:/opt/rustwide/target:rw,Z" "-v" "/var/lib/crater-agent-workspace/builds/worker-2-tc1/source:/opt/rustwide/workdir:ro,Z" "-v" "/var/lib/crater-agent-workspace/cargo-home:/opt/rustwide/cargo-home:ro,Z" "-v" "/var/lib/crater-agent-workspace/rustup-home:/opt/rustwide/rustup-home:ro,Z" "-e" "SOURCE_DIR=/opt/rustwide/workdir" "-e" "CARGO_TARGET_DIR=/opt/rustwide/target" "-e" "CARGO_INCREMENTAL=0" "-e" "RUST_BACKTRACE=full" "-e" "RUSTFLAGS=--cap-lints=warn" "-e" "RUSTDOCFLAGS=--cap-lints=warn" "-e" "CARGO_HOME=/opt/rustwide/cargo-home" "-e" "RUSTUP_HOME=/opt/rustwide/rustup-home" "-w" "/opt/rustwide/workdir" "-m" "1610612736" "--user" "0:0" "--network" "none" "ghcr.io/rust-lang/crates-build-env/linux@sha256:f3a9d4ad9d972b27faf3965f35b62e55ba32bbce8f20bc8fe909558a86702fde" "/opt/rustwide/cargo-home/bin/cargo" "+1.83.0" "test" "--frozen" "--no-run" "--message-format=json", kill_on_drop: false }`
[INFO] [stdout] bf2f1859ecd020afd34e55300fb849b77fed9f0caa014ab7bb7ddaff2ab81dd2
[INFO] running `Command { std: "docker" "start" "-a" "bf2f1859ecd020afd34e55300fb849b77fed9f0caa014ab7bb7ddaff2ab81dd2", kill_on_drop: false }`
[INFO] [stderr]    Compiling line-clipping v0.2.1 (/opt/rustwide/workdir)
[INFO] [stderr]     Finished `test` profile [unoptimized + debuginfo] target(s) in 0.54s
[INFO] running `Command { std: "docker" "inspect" "bf2f1859ecd020afd34e55300fb849b77fed9f0caa014ab7bb7ddaff2ab81dd2", kill_on_drop: false }`
[INFO] running `Command { std: "docker" "rm" "-f" "bf2f1859ecd020afd34e55300fb849b77fed9f0caa014ab7bb7ddaff2ab81dd2", kill_on_drop: false }`
[INFO] [stdout] bf2f1859ecd020afd34e55300fb849b77fed9f0caa014ab7bb7ddaff2ab81dd2
[INFO] running `Command { std: "docker" "create" "-v" "/var/lib/crater-agent-workspace/builds/worker-2-tc1/target:/opt/rustwide/target:rw,Z" "-v" "/var/lib/crater-agent-workspace/builds/worker-2-tc1/source:/opt/rustwide/workdir:ro,Z" "-v" "/var/lib/crater-agent-workspace/cargo-home:/opt/rustwide/cargo-home:ro,Z" "-v" "/var/lib/crater-agent-workspace/rustup-home:/opt/rustwide/rustup-home:ro,Z" "-e" "SOURCE_DIR=/opt/rustwide/workdir" "-e" "CARGO_TARGET_DIR=/opt/rustwide/target" "-e" "CARGO_INCREMENTAL=0" "-e" "RUST_BACKTRACE=full" "-e" "RUSTFLAGS=--cap-lints=warn" "-e" "RUSTDOCFLAGS=--cap-lints=warn" "-e" "CARGO_HOME=/opt/rustwide/cargo-home" "-e" "RUSTUP_HOME=/opt/rustwide/rustup-home" "-w" "/opt/rustwide/workdir" "-m" "1610612736" "--user" "0:0" "--network" "none" "ghcr.io/rust-lang/crates-build-env/linux@sha256:f3a9d4ad9d972b27faf3965f35b62e55ba32bbce8f20bc8fe909558a86702fde" "/opt/rustwide/cargo-home/bin/cargo" "+1.83.0" "test" "--frozen", kill_on_drop: false }`
[INFO] [stdout] b14369e44bef60053aa499a4e008cc147f3c8ff7bd326829313d2b2b7e02879a
[INFO] running `Command { std: "docker" "start" "-a" "b14369e44bef60053aa499a4e008cc147f3c8ff7bd326829313d2b2b7e02879a", kill_on_drop: false }`
[INFO] [stderr]     Finished `test` profile [unoptimized + debuginfo] target(s) in 0.01s
[INFO] [stderr]      Running unittests src/lib.rs (/opt/rustwide/target/debug/deps/line_clipping-473edf7d12e87d9e)
[INFO] [stdout] 
[INFO] [stdout] running 6 tests
[INFO] [stdout] test cohen_sutherland::tests::test_line_diagonal ... ok
[INFO] [stdout] test cohen_sutherland::tests::test_line_completely_outside ... ok
[INFO] [stdout] test cohen_sutherland::tests::test_line_vertical ... ok
[INFO] [stdout] test cohen_sutherland::tests::test_line_completely_inside ... ok
[INFO] [stdout] test cohen_sutherland::tests::test_line_horizontal ... ok
[INFO] [stdout] test cohen_sutherland::tests::test_line_partially_inside ... ok
[INFO] [stdout] 
[INFO] [stdout] test result: ok. 6 passed; 0 failed; 0 ignored; 0 measured; 0 filtered out; finished in 0.01s
[INFO] [stdout] 
[INFO] [stderr]    Doc-tests line_clipping
[INFO] [stdout] 
[INFO] [stdout] running 2 tests
[INFO] [stdout] test src/lib.rs - (line 28) ... FAILED
[INFO] [stdout] test src/cohen_sutherland.rs - cohen_sutherland::clip_line (line 42) ... FAILED
[INFO] [stdout] 
[INFO] [stdout] failures:
[INFO] [stdout] 
[INFO] [stdout] ---- src/lib.rs - (line 28) stdout ----
[INFO] [stdout] error: expected `;`, found keyword `let`
[INFO] [stdout]   --> src/lib.rs:33:2
[INFO] [stdout]    |
[INFO] [stdout] 8  | }
[INFO] [stdout]    |  ^ help: add `;` here
[INFO] [stdout] 9  |
[INFO] [stdout] 10 | let line = clip_line(
[INFO] [stdout]    | --- unexpected token
[INFO] [stdout] 
[INFO] [stdout] error: aborting due to 1 previous error
[INFO] [stdout] 
[INFO] [stdout] Couldn't compile the test.
[INFO] [stdout] ---- src/cohen_sutherland.rs - cohen_sutherland::clip_line (line 42) stdout ----
[INFO] [stdout] error[E0432]: unresolved import `cohen_sutherland`
[INFO] [stdout]  --> src/cohen_sutherland.rs:43:5
[INFO] [stdout]   |
[INFO] [stdout] 3 | use cohen_sutherland::clip_line;
[INFO] [stdout]   |     ^^^^^^^^^^^^^^^^ help: a similar path exists: `line_clipping::cohen_sutherland`
[INFO] [stdout] 
[INFO] [stdout] error[E0422]: cannot find struct, variant or union type `Line` in this scope
[INFO] [stdout]  --> src/cohen_sutherland.rs:46:5
[INFO] [stdout]   |
[INFO] [stdout] 6 |     Line { p1: Point { x: 0.0, y: 0.0 }, p2: Point { x: 10.0, y: 10.0 } },
[INFO] [stdout]   |     ^^^^ not found in this scope
[INFO] [stdout] 
[INFO] [stdout] error[E0422]: cannot find struct, variant or union type `Point` in this scope
[INFO] [stdout]  --> src/cohen_sutherland.rs:46:16
[INFO] [stdout]   |
[INFO] [stdout] 6 |     Line { p1: Point { x: 0.0, y: 0.0 }, p2: Point { x: 10.0, y: 10.0 } },
[INFO] [stdout]   |                ^^^^^ not found in this scope
[INFO] [stdout]   |
[INFO] [stdout] help: consider importing this struct
[INFO] [stdout]   |
[INFO] [stdout] 2 + use line_clipping::Point;
[INFO] [stdout]   |
[INFO] [stdout] 
[INFO] [stdout] error[E0422]: cannot find struct, variant or union type `Point` in this scope
[INFO] [stdout]  --> src/cohen_sutherland.rs:46:46
[INFO] [stdout]   |
[INFO] [stdout] 6 |     Line { p1: Point { x: 0.0, y: 0.0 }, p2: Point { x: 10.0, y: 10.0 } },
[INFO] [stdout]   |                                              ^^^^^ not found in this scope
[INFO] [stdout]   |
[INFO] [stdout] help: consider importing this struct
[INFO] [stdout]   |
[INFO] [stdout] 2 + use line_clipping::Point;
[INFO] [stdout]   |
[INFO] [stdout] 
[INFO] [stdout] error[E0422]: cannot find struct, variant or union type `Window` in this scope
[INFO] [stdout]  --> src/cohen_sutherland.rs:47:5
[INFO] [stdout]   |
[INFO] [stdout] 7 |     Window { x_min: 1.0, x_max: 9.0, y_min: 1.0, y_max: 9.0 },
[INFO] [stdout]   |     ^^^^^^ not found in this scope
[INFO] [stdout]   |
[INFO] [stdout] help: consider importing this struct
[INFO] [stdout]   |
[INFO] [stdout] 2 + use line_clipping::Window;
[INFO] [stdout]   |
[INFO] [stdout] 
[INFO] [stdout] error[E0422]: cannot find struct, variant or union type `Line` in this scope
[INFO] [stdout]   --> src/cohen_sutherland.rs:50:23
[INFO] [stdout]    |
[INFO] [stdout] 10 | assert_eq!(line, Some(Line { p1: Point { x: 1.0, y: 1.0 }, p2: Point { x: 9.0, y: 9.0 } }));
[INFO] [stdout]    |                       ^^^^ not found in this scope
[INFO] [stdout] 
[INFO] [stdout] error[E0422]: cannot find struct, variant or union type `Point` in this scope
[INFO] [stdout]   --> src/cohen_sutherland.rs:50:34
[INFO] [stdout]    |
[INFO] [stdout] 10 | assert_eq!(line, Some(Line { p1: Point { x: 1.0, y: 1.0 }, p2: Point { x: 9.0, y: 9.0 } }));
[INFO] [stdout]    |                                  ^^^^^ not found in this scope
[INFO] [stdout]    |
[INFO] [stdout] help: consider importing this struct
[INFO] [stdout]    |
[INFO] [stdout] 2  + use line_clipping::Point;
[INFO] [stdout]    |
[INFO] [stdout] 
[INFO] [stdout] error[E0422]: cannot find struct, variant or union type `Point` in this scope
[INFO] [stdout]   --> src/cohen_sutherland.rs:50:64
[INFO] [stdout]    |
[INFO] [stdout] 10 | assert_eq!(line, Some(Line { p1: Point { x: 1.0, y: 1.0 }, p2: Point { x: 9.0, y: 9.0 } }));
[INFO] [stdout]    |                                                                ^^^^^ not found in this scope
[INFO] [stdout]    |
[INFO] [stdout] help: consider importing this struct
[INFO] [stdout]    |
[INFO] [stdout] 2  + use line_clipping::Point;
[INFO] [stdout]    |
[INFO] [stdout] 
[INFO] [stdout] error: aborting due to 8 previous errors
[INFO] [stdout] 
[INFO] [stdout] Some errors have detailed explanations: E0422, E0432.
[INFO] [stdout] For more information about an error, try `rustc --explain E0422`.
[INFO] [stdout] Couldn't compile the test.
[INFO] [stdout] 
[INFO] [stdout] failures:
[INFO] [stdout]     src/cohen_sutherland.rs - cohen_sutherland::clip_line (line 42)
[INFO] [stdout]     src/lib.rs - (line 28)
[INFO] [stdout] 
[INFO] [stdout] test result: FAILED. 0 passed; 2 failed; 0 ignored; 0 measured; 0 filtered out; finished in 0.09s
[INFO] [stdout] 
[INFO] [stderr] error: doctest failed, to rerun pass `--doc`
[INFO] running `Command { std: "docker" "inspect" "b14369e44bef60053aa499a4e008cc147f3c8ff7bd326829313d2b2b7e02879a", kill_on_drop: false }`
[INFO] running `Command { std: "docker" "rm" "-f" "b14369e44bef60053aa499a4e008cc147f3c8ff7bd326829313d2b2b7e02879a", kill_on_drop: false }`
[INFO] [stdout] b14369e44bef60053aa499a4e008cc147f3c8ff7bd326829313d2b2b7e02879a
