[INFO] cloning repository https://github.com/jonnyboyC/spacelox
[INFO] running `Command { std: "git" "-c" "credential.helper=" "-c" "credential.helper=/workspace/cargo-home/bin/git-credential-null" "clone" "--bare" "https://github.com/jonnyboyC/spacelox" "/workspace/cache/git-repos/https%3A%2F%2Fgithub.com%2FjonnyboyC%2Fspacelox", kill_on_drop: false }`
[INFO] [stderr] Cloning into bare repository '/workspace/cache/git-repos/https%3A%2F%2Fgithub.com%2FjonnyboyC%2Fspacelox'...
[INFO] running `Command { std: "git" "rev-parse" "HEAD", kill_on_drop: false }`
[INFO] [stdout] c2e53a1ae3618d3cd944f95fd2f51000009e93da
[INFO] testing jonnyboyC/spacelox against 1.83.0 for beta-1.84.0-4-retry
[INFO] running `Command { std: "git" "clone" "/workspace/cache/git-repos/https%3A%2F%2Fgithub.com%2FjonnyboyC%2Fspacelox" "/workspace/builds/worker-4-tc1/source", kill_on_drop: false }`
[INFO] [stderr] Cloning into '/workspace/builds/worker-4-tc1/source'...
[INFO] [stderr] done.
[INFO] validating manifest of git repo https://github.com/jonnyboyC/spacelox on toolchain 1.83.0
[INFO] running `Command { std: CARGO_HOME="/workspace/cargo-home" RUSTUP_HOME="/workspace/rustup-home" "/workspace/cargo-home/bin/cargo" "+1.83.0" "metadata" "--manifest-path" "Cargo.toml" "--no-deps", kill_on_drop: false }`
[INFO] started tweaking git repo https://github.com/jonnyboyC/spacelox
[INFO] finished tweaking git repo https://github.com/jonnyboyC/spacelox
[INFO] tweaked toml for git repo https://github.com/jonnyboyC/spacelox written to /workspace/builds/worker-4-tc1/source/Cargo.toml
[INFO] crate git repo https://github.com/jonnyboyC/spacelox already has a lockfile, it will not be regenerated
[INFO] running `Command { std: CARGO_HOME="/workspace/cargo-home" RUSTUP_HOME="/workspace/rustup-home" "/workspace/cargo-home/bin/cargo" "+1.83.0" "fetch" "--manifest-path" "Cargo.toml", kill_on_drop: false }`
[INFO] [stderr]  Downloading crates ...
[INFO] [stderr]   Downloaded tinytemplate v1.2.0
[INFO] [stderr]   Downloaded jemallocator v0.5.0
[INFO] [stderr]   Downloaded jemalloc-sys v0.5.0+5.3.0
[INFO] running `Command { std: "docker" "create" "-v" "/var/lib/crater-agent-workspace/builds/worker-4-tc1/target:/opt/rustwide/target:rw,Z" "-v" "/var/lib/crater-agent-workspace/builds/worker-4-tc1/source:/opt/rustwide/workdir:ro,Z" "-v" "/var/lib/crater-agent-workspace/cargo-home:/opt/rustwide/cargo-home:ro,Z" "-v" "/var/lib/crater-agent-workspace/rustup-home:/opt/rustwide/rustup-home:ro,Z" "-e" "SOURCE_DIR=/opt/rustwide/workdir" "-e" "CARGO_TARGET_DIR=/opt/rustwide/target" "-e" "CARGO_HOME=/opt/rustwide/cargo-home" "-e" "RUSTUP_HOME=/opt/rustwide/rustup-home" "-w" "/opt/rustwide/workdir" "-m" "1610612736" "--user" "0:0" "--network" "none" "ghcr.io/rust-lang/crates-build-env/linux@sha256:f3a9d4ad9d972b27faf3965f35b62e55ba32bbce8f20bc8fe909558a86702fde" "/opt/rustwide/cargo-home/bin/cargo" "+1.83.0" "metadata" "--no-deps" "--format-version=1", kill_on_drop: false }`
[INFO] [stdout] 45fe0e9e42d6192d7cdd8a531674862a75759ed8c9293f4dcfb6a116bfddb9dc
[INFO] running `Command { std: "docker" "start" "-a" "45fe0e9e42d6192d7cdd8a531674862a75759ed8c9293f4dcfb6a116bfddb9dc", kill_on_drop: false }`
[INFO] running `Command { std: "docker" "inspect" "45fe0e9e42d6192d7cdd8a531674862a75759ed8c9293f4dcfb6a116bfddb9dc", kill_on_drop: false }`
[INFO] running `Command { std: "docker" "rm" "-f" "45fe0e9e42d6192d7cdd8a531674862a75759ed8c9293f4dcfb6a116bfddb9dc", kill_on_drop: false }`
[INFO] [stdout] 45fe0e9e42d6192d7cdd8a531674862a75759ed8c9293f4dcfb6a116bfddb9dc
[INFO] running `Command { std: "docker" "create" "-v" "/var/lib/crater-agent-workspace/builds/worker-4-tc1/target:/opt/rustwide/target:rw,Z" "-v" "/var/lib/crater-agent-workspace/builds/worker-4-tc1/source:/opt/rustwide/workdir:ro,Z" "-v" "/var/lib/crater-agent-workspace/cargo-home:/opt/rustwide/cargo-home:ro,Z" "-v" "/var/lib/crater-agent-workspace/rustup-home:/opt/rustwide/rustup-home:ro,Z" "-e" "SOURCE_DIR=/opt/rustwide/workdir" "-e" "CARGO_TARGET_DIR=/opt/rustwide/target" "-e" "CARGO_INCREMENTAL=0" "-e" "RUST_BACKTRACE=full" "-e" "RUSTFLAGS=--cap-lints=warn" "-e" "RUSTDOCFLAGS=--cap-lints=warn" "-e" "CARGO_HOME=/opt/rustwide/cargo-home" "-e" "RUSTUP_HOME=/opt/rustwide/rustup-home" "-w" "/opt/rustwide/workdir" "-m" "1610612736" "--user" "0:0" "--network" "none" "ghcr.io/rust-lang/crates-build-env/linux@sha256:f3a9d4ad9d972b27faf3965f35b62e55ba32bbce8f20bc8fe909558a86702fde" "/opt/rustwide/cargo-home/bin/cargo" "+1.83.0" "build" "--frozen" "--message-format=json", kill_on_drop: false }`
[INFO] [stdout] 19c3dd86e0d2e9e6df57b3544ea026c01310d2a18ada022cc5a9453015af9582
[INFO] running `Command { std: "docker" "start" "-a" "19c3dd86e0d2e9e6df57b3544ea026c01310d2a18ada022cc5a9453015af9582", kill_on_drop: false }`
[INFO] [stderr]    Compiling cfg-if v1.0.0
[INFO] [stderr]    Compiling version_check v0.9.4
[INFO] [stderr]    Compiling libc v0.2.68
[INFO] [stderr]    Compiling once_cell v1.19.0
[INFO] [stderr]    Compiling zerocopy v0.7.35
[INFO] [stderr]    Compiling termcolor v1.4.1
[INFO] [stderr]    Compiling getrandom v0.2.2
[INFO] [stderr]    Compiling allocator-api2 v0.2.18
[INFO] [stderr]    Compiling proc-macro2 v1.0.86
[INFO] [stderr]    Compiling memchr v2.4.0
[INFO] [stderr]    Compiling unicode-ident v1.0.6
[INFO] [stderr]    Compiling fnv v1.0.7
[INFO] [stderr]    Compiling ppv-lite86 v0.2.8
[INFO] [stderr]    Compiling syn v1.0.107
[INFO] [stderr]    Compiling regex-syntax v0.6.28
[INFO] [stderr]    Compiling unicode-width v0.1.7
[INFO] [stderr]    Compiling bumpalo v3.16.0
[INFO] [stderr]    Compiling ahash v0.8.11
[INFO] [stderr]    Compiling codespan-reporting v0.11.1
[INFO] [stderr]    Compiling hashbrown v0.14.5
[INFO] [stderr]    Compiling codespan v0.11.1
[INFO] [stderr]    Compiling aho-corasick v0.7.18
[INFO] [stderr]    Compiling quote v1.0.37
[INFO] [stderr]    Compiling rand_core v0.6.2
[INFO] [stderr]    Compiling rand_chacha v0.3.0
[INFO] [stderr]    Compiling laythe_env v0.1.0 (/opt/rustwide/workdir/laythe_env)
[INFO] [stderr]    Compiling rand v0.8.5
[INFO] [stderr]    Compiling laythe_core v0.1.0 (/opt/rustwide/workdir/laythe_core)
[INFO] [stderr]    Compiling laythe_native v0.1.0 (/opt/rustwide/workdir/laythe_native)
[INFO] [stderr]    Compiling regex v1.7.1
[INFO] [stderr]    Compiling variant_count v1.1.0
[INFO] [stderr]    Compiling laythe_lib v0.1.0 (/opt/rustwide/workdir/laythe_lib)
[INFO] [stderr]    Compiling laythe_vm v0.1.0 (/opt/rustwide/workdir/laythe_vm)
[INFO] [stdout] warning: elided lifetime has a name
[INFO] [stdout]    --> laythe_vm/src/compiler/ir/symbol_table.rs:167:52
[INFO] [stdout]     |
[INFO] [stdout] 118 | impl<'a> SymbolTable<'a> {
[INFO] [stdout]     |      -- lifetime `'a` declared here
[INFO] [stdout] ...
[INFO] [stdout] 167 |   pub fn all_symbols(&'a self) -> std::slice::Iter<'_, Symbol> {
[INFO] [stdout]     |                                                    ^^ this elided lifetime gets resolved as `'a`
[INFO] [stdout]     |
[INFO] [stdout]     = note: `#[warn(elided_named_lifetimes)]` on by default
[INFO] [stdout] 
[INFO] [stdout] 
[INFO] [stderr]    Compiling laythe v0.1.0 (/opt/rustwide/workdir/laythe)
[INFO] [stderr]     Finished `dev` profile [unoptimized + debuginfo] target(s) in 20.56s
[INFO] running `Command { std: "docker" "inspect" "19c3dd86e0d2e9e6df57b3544ea026c01310d2a18ada022cc5a9453015af9582", kill_on_drop: false }`
[INFO] running `Command { std: "docker" "rm" "-f" "19c3dd86e0d2e9e6df57b3544ea026c01310d2a18ada022cc5a9453015af9582", kill_on_drop: false }`
[INFO] [stdout] 19c3dd86e0d2e9e6df57b3544ea026c01310d2a18ada022cc5a9453015af9582
[INFO] running `Command { std: "docker" "create" "-v" "/var/lib/crater-agent-workspace/builds/worker-4-tc1/target:/opt/rustwide/target:rw,Z" "-v" "/var/lib/crater-agent-workspace/builds/worker-4-tc1/source:/opt/rustwide/workdir:ro,Z" "-v" "/var/lib/crater-agent-workspace/cargo-home:/opt/rustwide/cargo-home:ro,Z" "-v" "/var/lib/crater-agent-workspace/rustup-home:/opt/rustwide/rustup-home:ro,Z" "-e" "SOURCE_DIR=/opt/rustwide/workdir" "-e" "CARGO_TARGET_DIR=/opt/rustwide/target" "-e" "CARGO_INCREMENTAL=0" "-e" "RUST_BACKTRACE=full" "-e" "RUSTFLAGS=--cap-lints=warn" "-e" "RUSTDOCFLAGS=--cap-lints=warn" "-e" "CARGO_HOME=/opt/rustwide/cargo-home" "-e" "RUSTUP_HOME=/opt/rustwide/rustup-home" "-w" "/opt/rustwide/workdir" "-m" "1610612736" "--user" "0:0" "--network" "none" "ghcr.io/rust-lang/crates-build-env/linux@sha256:f3a9d4ad9d972b27faf3965f35b62e55ba32bbce8f20bc8fe909558a86702fde" "/opt/rustwide/cargo-home/bin/cargo" "+1.83.0" "test" "--frozen" "--no-run" "--message-format=json", kill_on_drop: false }`
[INFO] [stdout] bf1e26497697aac7496f67805f4a8856acc3ca0b623e0ecdfc189e6c263e3da8
[INFO] running `Command { std: "docker" "start" "-a" "bf1e26497697aac7496f67805f4a8856acc3ca0b623e0ecdfc189e6c263e3da8", kill_on_drop: false }`
[INFO] [stderr]    Compiling autocfg v1.0.0
[INFO] [stderr]    Compiling libc v0.2.68
[INFO] [stderr]    Compiling once_cell v1.19.0
[INFO] [stderr]    Compiling proc-macro2 v1.0.86
[INFO] [stderr]    Compiling syn v1.0.107
[INFO] [stderr]    Compiling crossbeam-utils v0.8.8
[INFO] [stderr]    Compiling lazy_static v1.4.0
[INFO] [stderr]    Compiling const_fn v0.4.4
[INFO] [stderr]    Compiling serde v1.0.105
[INFO] [stderr]    Compiling scopeguard v1.1.0
[INFO] [stderr]    Compiling rayon-core v1.9.0
[INFO] [stderr]    Compiling ryu v1.0.3
[INFO] [stderr]    Compiling either v1.5.3
[INFO] [stderr]    Compiling ciborium-io v0.2.0
[INFO] [stderr]    Compiling plotters-backend v0.3.0
[INFO] [stderr]    Compiling half v1.7.1
[INFO] [stderr]    Compiling itoa v0.4.5
[INFO] [stderr]    Compiling same-file v1.0.6
[INFO] [stderr]    Compiling cast v0.3.0
[INFO] [stderr]    Compiling itertools v0.10.0
[INFO] [stderr]    Compiling ahash v0.8.11
[INFO] [stderr]    Compiling plotters-svg v0.3.0
[INFO] [stderr]    Compiling memoffset v0.6.1
[INFO] [stderr]    Compiling num-traits v0.2.14
[INFO] [stderr]    Compiling rayon v1.5.0
[INFO] [stderr]    Compiling ciborium-ll v0.2.0
[INFO] [stderr]    Compiling walkdir v2.3.1
[INFO] [stderr]    Compiling anes v0.1.6
[INFO] [stderr]    Compiling oorandom v11.1.0
[INFO] [stderr]    Compiling hashbrown v0.14.5
[INFO] [stderr]    Compiling clap_lex v0.7.2
[INFO] [stderr]    Compiling anstyle v1.0.8
[INFO] [stderr]    Compiling indexmap v1.9.2
[INFO] [stderr]    Compiling bitflags v1.2.1
[INFO] [stderr]    Compiling hashbrown v0.12.1
[INFO] [stderr]    Compiling os_str_bytes v6.4.1
[INFO] [stderr]    Compiling textwrap v0.16.0
[INFO] [stderr]    Compiling clap_builder v4.5.17
[INFO] [stderr]    Compiling laythe_env v0.1.0 (/opt/rustwide/workdir/laythe_env)
[INFO] [stderr]    Compiling crossbeam-channel v0.5.0
[INFO] [stderr]    Compiling crossbeam-epoch v0.9.1
[INFO] [stderr]    Compiling clap_lex v0.2.4
[INFO] [stderr]    Compiling laythe_core v0.1.0 (/opt/rustwide/workdir/laythe_core)
[INFO] [stderr]    Compiling laythe_native v0.1.0 (/opt/rustwide/workdir/laythe_native)
[INFO] [stderr]    Compiling getrandom v0.2.2
[INFO] [stderr]    Compiling num_cpus v1.12.0
[INFO] [stderr]    Compiling is-terminal v0.4.13
[INFO] [stderr]    Compiling atty v0.2.14
[INFO] [stderr]    Compiling rand_core v0.6.2
[INFO] [stderr]    Compiling quote v1.0.37
[INFO] [stderr]    Compiling crossbeam-deque v0.8.1
[INFO] [stderr]    Compiling plotters v0.3.1
[INFO] [stderr]    Compiling criterion-plot v0.5.0
[INFO] [stderr]    Compiling rand_chacha v0.3.0
[INFO] [stderr]    Compiling rand v0.8.5
[INFO] [stderr]    Compiling clap v3.2.23
[INFO] [stderr]    Compiling laythe_lib v0.1.0 (/opt/rustwide/workdir/laythe_lib)
[INFO] [stderr]    Compiling clap v4.5.17
[INFO] [stderr]    Compiling serde_derive v1.0.105
[INFO] [stderr]    Compiling variant_count v1.1.0
[INFO] [stderr]    Compiling laythe_vm v0.1.0 (/opt/rustwide/workdir/laythe_vm)
[INFO] [stdout] warning: elided lifetime has a name
[INFO] [stdout]    --> laythe_vm/src/compiler/ir/symbol_table.rs:167:52
[INFO] [stdout]     |
[INFO] [stdout] 118 | impl<'a> SymbolTable<'a> {
[INFO] [stdout]     |      -- lifetime `'a` declared here
[INFO] [stdout] ...
[INFO] [stdout] 167 |   pub fn all_symbols(&'a self) -> std::slice::Iter<'_, Symbol> {
[INFO] [stdout]     |                                                    ^^ this elided lifetime gets resolved as `'a`
[INFO] [stdout]     |
[INFO] [stdout]     = note: `#[warn(elided_named_lifetimes)]` on by default
[INFO] [stdout] 
[INFO] [stdout] 
[INFO] [stderr]    Compiling laythe v0.1.0 (/opt/rustwide/workdir/laythe)
[INFO] [stderr]    Compiling serde_json v1.0.48
[INFO] [stderr]    Compiling ciborium v0.2.0
[INFO] [stderr]    Compiling tinytemplate v1.2.0
[INFO] [stderr]    Compiling criterion v0.5.1
[INFO] [stderr]    Compiling criterion v0.4.0
[INFO] [stdout] warning: elided lifetime has a name
[INFO] [stdout]    --> laythe_vm/src/compiler/ir/symbol_table.rs:167:52
[INFO] [stdout]     |
[INFO] [stdout] 118 | impl<'a> SymbolTable<'a> {
[INFO] [stdout]     |      -- lifetime `'a` declared here
[INFO] [stdout] ...
[INFO] [stdout] 167 |   pub fn all_symbols(&'a self) -> std::slice::Iter<'_, Symbol> {
[INFO] [stdout]     |                                                    ^^ this elided lifetime gets resolved as `'a`
[INFO] [stdout]     |
[INFO] [stdout]     = note: `#[warn(elided_named_lifetimes)]` on by default
[INFO] [stdout] 
[INFO] [stdout] 
[INFO] [stderr]     Finished `test` profile [unoptimized + debuginfo] target(s) in 43.73s
[INFO] running `Command { std: "docker" "inspect" "bf1e26497697aac7496f67805f4a8856acc3ca0b623e0ecdfc189e6c263e3da8", kill_on_drop: false }`
[INFO] running `Command { std: "docker" "rm" "-f" "bf1e26497697aac7496f67805f4a8856acc3ca0b623e0ecdfc189e6c263e3da8", kill_on_drop: false }`
[INFO] [stdout] bf1e26497697aac7496f67805f4a8856acc3ca0b623e0ecdfc189e6c263e3da8
[INFO] running `Command { std: "docker" "create" "-v" "/var/lib/crater-agent-workspace/builds/worker-4-tc1/target:/opt/rustwide/target:rw,Z" "-v" "/var/lib/crater-agent-workspace/builds/worker-4-tc1/source:/opt/rustwide/workdir:ro,Z" "-v" "/var/lib/crater-agent-workspace/cargo-home:/opt/rustwide/cargo-home:ro,Z" "-v" "/var/lib/crater-agent-workspace/rustup-home:/opt/rustwide/rustup-home:ro,Z" "-e" "SOURCE_DIR=/opt/rustwide/workdir" "-e" "CARGO_TARGET_DIR=/opt/rustwide/target" "-e" "CARGO_INCREMENTAL=0" "-e" "RUST_BACKTRACE=full" "-e" "RUSTFLAGS=--cap-lints=warn" "-e" "RUSTDOCFLAGS=--cap-lints=warn" "-e" "CARGO_HOME=/opt/rustwide/cargo-home" "-e" "RUSTUP_HOME=/opt/rustwide/rustup-home" "-w" "/opt/rustwide/workdir" "-m" "1610612736" "--user" "0:0" "--network" "none" "ghcr.io/rust-lang/crates-build-env/linux@sha256:f3a9d4ad9d972b27faf3965f35b62e55ba32bbce8f20bc8fe909558a86702fde" "/opt/rustwide/cargo-home/bin/cargo" "+1.83.0" "test" "--frozen", kill_on_drop: false }`
[INFO] [stdout] 1971c3155439c801a96bb03a1dd04813f5e15b0be3ceca159a2ba76c9b5e8225
[INFO] running `Command { std: "docker" "start" "-a" "1971c3155439c801a96bb03a1dd04813f5e15b0be3ceca159a2ba76c9b5e8225", kill_on_drop: false }`
[INFO] [stderr] warning: elided lifetime has a name
[INFO] [stderr]    --> laythe_vm/src/compiler/ir/symbol_table.rs:167:52
[INFO] [stderr]     |
[INFO] [stderr] 118 | impl<'a> SymbolTable<'a> {
[INFO] [stderr]     |      -- lifetime `'a` declared here
[INFO] [stderr] ...
[INFO] [stderr] 167 |   pub fn all_symbols(&'a self) -> std::slice::Iter<'_, Symbol> {
[INFO] [stderr]     |                                                    ^^ this elided lifetime gets resolved as `'a`
[INFO] [stderr]     |
[INFO] [stderr]     = note: `#[warn(elided_named_lifetimes)]` on by default
[INFO] [stderr] 
[INFO] [stderr] warning: `laythe_vm` (lib) generated 1 warning
[INFO] [stderr] warning: `laythe_vm` (lib test) generated 1 warning (1 duplicate)
[INFO] [stderr]     Finished `test` profile [unoptimized + debuginfo] target(s) in 0.23s
[INFO] [stderr]      Running unittests src/main.rs (/opt/rustwide/target/debug/deps/laythe-eb14d665d5044f6e)
[INFO] [stdout] 
[INFO] [stdout] running 0 tests
[INFO] [stdout] 
[INFO] [stdout] test result: ok. 0 passed; 0 failed; 0 ignored; 0 measured; 0 filtered out; finished in 0.00s
[INFO] [stdout] 
[INFO] [stderr]      Running unittests src/lib.rs (/opt/rustwide/target/debug/deps/laythe_core-ba9341db092b0360)
[INFO] [stdout] 
[INFO] [stdout] running 139 tests
[INFO] [stdout] test align_utils::tests::base::get_offset_test ... ok
[INFO] [stdout] test align_utils::tests::base::make_layout_test ... ok
[INFO] [stdout] test align_utils::tests::array::get_array_offset_test ... ok
[INFO] [stdout] test align_utils::tests::array::max_array_align_test ... ok
[INFO] [stdout] test align_utils::tests::array::make_array_layout_test ... ok
[INFO] [stdout] test align_utils::tests::array::get_array_len_offset_test ... ok
[INFO] [stdout] test align_utils::tests::next_aligned_test ... ok
[INFO] [stdout] test align_utils::tests::base::max_align_test ... ok
[INFO] [stdout] test align_utils::tests::vector::get_vector_cap_offset_test ... ok
[INFO] [stdout] test align_utils::tests::vector::get_vector_len_offset_test ... ok
[INFO] [stdout] test align_utils::tests::vector::get_vector_offset_test ... ok
[INFO] [stdout] test align_utils::tests::vector::max_vector_align_test ... ok
[INFO] [stdout] test chunk::test::chunk::get_line ... ok
[INFO] [stdout] test collections::array::test::array::len ... ok
[INFO] [stdout] test collections::array::test::handle::from_slice ... ok
[INFO] [stdout] test collections::array::test::array::header ... ok
[INFO] [stdout] test collections::array::test::handle::from_value ... ok
[INFO] [stdout] test collections::shared_vector::raw_shared_vector::test::raw_shared_vector::cap ... ok
[INFO] [stdout] test collections::shared_vector::raw_shared_vector::test::raw_shared_vector::header ... ok
[INFO] [stdout] test collections::shared_vector::raw_shared_vector::test::raw_shared_vector::is_empty ... ok
[INFO] [stdout] test collections::shared_vector::raw_shared_vector::test::raw_shared_vector::len ... ok
[INFO] [stdout] test collections::shared_vector::raw_shared_vector::test::raw_shared_vector_handle::from_slice ... ok
[INFO] [stdout] test collections::unique_vector::raw_unique_vector::test::raw_shared_vector::cap ... ok
[INFO] [stdout] test collections::unique_vector::raw_unique_vector::test::raw_shared_vector::header ... ok
[INFO] [stdout] test collections::unique_vector::raw_unique_vector::test::raw_shared_vector::is_empty ... ok
[INFO] [stdout] test collections::unique_vector::raw_unique_vector::test::raw_shared_vector::len ... ok
[INFO] [stdout] test collections::unique_vector::test::cap ... ok
[INFO] [stdout] test collections::unique_vector::test::deref ... ok
[INFO] [stdout] test collections::unique_vector::test::deref_mut ... ok
[INFO] [stdout] test collections::unique_vector::test::insert ... ok
[INFO] [stdout] test collections::unique_vector::test::pop ... ok
[INFO] [stdout] test collections::unique_vector::test::len ... ok
[INFO] [stdout] test collections::unique_vector::test::remove ... ok
[INFO] [stdout] test collections::unique_vector::test::reserve ... ok
[INFO] [stdout] test managed::header::test::alignment ... ok
[INFO] [stdout] test managed::header::test::size ... ok
[INFO] [stdout] test module::package::test::name ... ok
[INFO] [stdout] test collections::unique_vector::test::new ... ok
[INFO] [stdout] test collections::unique_vector::test::push ... ok
[INFO] [stdout] test collections::unique_vector::test::truncate ... ok
[INFO] [stdout] test module::test::get_symbol ... ok
[INFO] [stdout] test module::package::test::new ... ok
[INFO] [stdout] test collections::unique_vector::test::clear ... ok
[INFO] [stdout] test module::test::export_symbol ... ok
[INFO] [stdout] test module::test::get_exported_symbol ... ok
[INFO] [stdout] test module::test::insert_module ... ok
[INFO] [stdout] test module::test::new ... ok
[INFO] [stdout] test module::test::path ... ok
[INFO] [stdout] test object::channel::channel_queue::test::buffered::dequeue_when_closed_empty ... ok
[INFO] [stdout] test object::channel::channel_queue::test::buffered::dequeue_when_empty ... ok
[INFO] [stdout] test module::test::set_symbol ... ok
[INFO] [stdout] test module::test::insert_symbol ... ok
[INFO] [stdout] test module::test::module_instance ... ok
[INFO] [stdout] test object::channel::channel_queue::test::buffered::dequeue_when_empty_with_waiter ... ok
[INFO] [stdout] test object::channel::channel_queue::test::buffered::dequeue_when_nonempty ... ok
[INFO] [stdout] test object::channel::channel_queue::test::buffered::dequeue_when_closed ... ok
[INFO] [stdout] test object::channel::channel_queue::test::buffered::enqueue_when_closed ... ok
[INFO] [stdout] test object::channel::channel_queue::test::buffered::enqueue_when_not_full ... ok
[INFO] [stdout] test object::channel::channel_queue::test::buffered::enqueue_when_waiter_not_runnable ... ok
[INFO] [stdout] test object::channel::channel_queue::test::capacity ... ok
[INFO] [stdout] test object::channel::channel_queue::test::len ... ok
[INFO] [stdout] test object::channel::channel_queue::test::new_nonzero_sized_buffered ... ok
[INFO] [stdout] test object::channel::channel_queue::test::sync ... ok
[INFO] [stdout] test object::channel::channel_queue::test::buffered::enqueue_when_full ... ok
[INFO] [stdout] test object::channel::channel_queue::test::buffered::enqueue_when_full_with_waiter ... ok
[INFO] [stdout] test object::channel::channel_queue::test::close ... ok
[INFO] [stdout] test object::channel::channel_queue::test::buffered::dequeue_when_waiter_not_runnable ... ok
[INFO] [stdout] test object::channel::channel_queue::test::sync::dequeue_when_closed ... ok
[INFO] [stdout] test object::channel::channel_queue::test::sync::dequeue_when_closed_empty ... ok
[INFO] [stdout] test object::channel::channel_queue::test::sync::dequeue_when_empty ... ok
[INFO] [stdout] test object::channel::channel_queue::test::sync::dequeue_when_full_with_waiter ... ok
[INFO] [stdout] test object::channel::channel_queue::test::sync::dequeue_when_full ... ok
[INFO] [stdout] test object::channel::channel_queue::test::sync::dequeue_when_waiter_not_runnable ... ok
[INFO] [stdout] test object::channel::channel_queue::test::sync::enqueue_when_full ... ok
[INFO] [stdout] test object::channel::channel_queue::test::sync::enqueue_when_empty_with_waiter ... ok
[INFO] [stdout] test object::channel::channel_queue::test::sync::enqueue_when_closed ... ok
[INFO] [stdout] test object::channel::channel_queue::test::sync::enqueue_when_empty ... ok
[INFO] [stdout] test object::channel::channel_queue::test::sync::enqueue_when_full_with_waiter ... ok
[INFO] [stdout] test object::channel::channel_waiter::test::get_waiter_none ... ok
[INFO] [stdout] test object::channel::channel_waiter::test::get_waiter_right_type ... ok
[INFO] [stdout] test object::channel::channel_waiter::test::get_waiter_wrong_type ... ok
[INFO] [stdout] test object::channel::test::bi_directional_to_read_only ... ok
[INFO] [stdout] test object::channel::channel_queue::test::sync::enqueue_when_waiter_not_runnable ... ok
[INFO] [stdout] test object::channel::test::bi_directional_to_write_only ... ok
[INFO] [stdout] test object::channel::test::capacity ... ok
[INFO] [stdout] test object::channel::test::dequeue_when_no_read_access ... ok
[INFO] [stdout] test object::channel::test::enqueue_with_no_write_access ... ok
[INFO] [stdout] test object::channel::test::len ... ok
[INFO] [stdout] test object::channel::test::read_only_to_read_only ... ok
[INFO] [stdout] test object::channel::test::sync ... ok
[INFO] [stdout] test object::channel::test::read_only_to_write_only ... ok
[INFO] [stdout] test object::channel::test::with_nonzero_sized_capacity ... ok
[INFO] [stdout] test object::channel::test::write_only_to_read_only ... ok
[INFO] [stdout] test object::channel::test::write_only_to_write_only ... ok
[INFO] [stdout] test object::header::test::alignment ... ok
[INFO] [stdout] test object::instance::header::test::alignment ... ok
[INFO] [stdout] test object::instance::header::test::size ... ok
[INFO] [stdout] test object::instance::header::test::interpret_as_obj_header ... ok
[INFO] [stdout] test object::channel::test::close ... ok
[INFO] [stdout] test object::list::test::cap ... ok
[INFO] [stdout] test object::header::test::size ... ok
[INFO] [stdout] test object::instance::test::instance_handle::dude ... ok
[INFO] [stdout] test object::list::test::insert::with_capacity ... ok
[INFO] [stdout] test object::list::test::insert::without_capacity ... ok
[INFO] [stdout] test object::list::test::len ... ok
[INFO] [stdout] test object::list::test::pop ... ok
[INFO] [stdout] test object::list::test::remove ... ok
[INFO] [stdout] test object::ly_str::test::value::deref_static ... ok
[INFO] [stdout] test reference::obj_reference::test::gc_obj::degrade ... ok
[INFO] [stdout] test object::list::test::remove_forwarded ... ok
[INFO] [stdout] test reference::obj_reference::test::gc_obj::kind ... ok
[INFO] [stdout] test reference::obj_reference::test::gc_object::drop_obj ... ok
[INFO] [stdout] test reference::obj_reference::test::header::kind ... ok
[INFO] [stdout] test reference::obj_reference::test::gc_object_handle_builder::from ... ok
[INFO] [stdout] test signature::test::arity::check_variadic ... ok
[INFO] [stdout] test object::ly_str::test::handle::from ... ok
[INFO] [stdout] test reference::obj_reference::test::gc_obj::deref_mut ... ok
[INFO] [stdout] test reference::obj_reference::test::gc_obj::deref ... ok
[INFO] [stdout] test signature::test::signature::check_fixed ... ok
[INFO] [stdout] test signature::test::signature::check_variadic ... ok
[INFO] [stdout] test utils::test::test_next_boundary ... ok
[INFO] [stdout] test utils::test::test_previous_boundary ... ok
[INFO] [stdout] test value::test::bool ... ok
[INFO] [stdout] test value::test::class ... ok
[INFO] [stdout] test reference::obj_reference::test::gc_object_handle_builder::degrade ... ok
[INFO] [stdout] test signature::test::arity::check_default ... ok
[INFO] [stdout] test value::test::closure ... ok
[INFO] [stdout] test signature::test::arity::check_fixed ... ok
[INFO] [stdout] test signature::test::signature::check_default ... ok
[INFO] [stdout] test value::test::fun ... ok
[INFO] [stdout] test value::test::list ... ok
[INFO] [stdout] test value::test::num ... ok
[INFO] [stdout] test value::test::map ... ok
[INFO] [stdout] test value::test::string ... ok
[INFO] [stdout] test value::unboxed::test::size ... ok
[INFO] [stdout] test value::unboxed::test::alignment ... ok
[INFO] [stdout] test collections::shared_vector::raw_shared_vector::test::raw_shared_vector_handle::from_slice_bad_cap - should panic ... ok
[INFO] [stdout] test object::channel::channel_queue::test::new_zero_sized_buffered - should panic ... ok
[INFO] [stdout] test object::channel::test::with_zero_sized_capacity - should panic ... ok
[INFO] [stdout] 
[INFO] [stdout] test result: ok. 139 passed; 0 failed; 0 ignored; 0 measured; 0 filtered out; finished in 0.10s
[INFO] [stdout] 
[INFO] [stderr]      Running unittests src/lib.rs (/opt/rustwide/target/debug/deps/laythe_env-e1ba7d3975b8c99e)
[INFO] [stdout] 
[INFO] [stdout] running 0 tests
[INFO] [stdout] 
[INFO] [stdout] test result: ok. 0 passed; 0 failed; 0 ignored; 0 measured; 0 filtered out; finished in 0.00s
[INFO] [stderr]      Running unittests src/lib.rs (/opt/rustwide/target/debug/deps/laythe_lib-7627dd627e8481cc)
[INFO] [stdout] 
[INFO] [stdout] 
[INFO] [stdout] running 120 tests
[INFO] [stdout] test global::assert::test::assert_ne::call ... ok
[INFO] [stdout] test global::assert::test::assert::call ... ok
[INFO] [stdout] test global::assert::test::assert_eq::call ... ok
[INFO] [stdout] test global::primitives::bool::test::str::call ... ok
[INFO] [stdout] test global::primitives::class::test::name::call ... ok
[INFO] [stdout] test global::primitives::class::test::str::call ... ok
[INFO] [stdout] test global::primitives::closure::test::call::call ... ok
[INFO] [stdout] test global::primitives::closure::test::name::call ... ok
[INFO] [stdout] test global::primitives::fun::test::call::call ... ok
[INFO] [stdout] test global::primitives::iter::test::all::call ... ok
[INFO] [stdout] test global::primitives::fun::test::len::call ... ok
[INFO] [stdout] test global::primitives::closure::test::size::call ... ok
[INFO] [stdout] test global::primitives::error::test::init::call ... ok
[INFO] [stdout] test global::primitives::iter::test::current::call ... ok
[INFO] [stdout] test global::primitives::iter::test::each::call ... ok
[INFO] [stdout] test global::primitives::fun::test::name::call ... ok
[INFO] [stdout] test global::primitives::channel::test::capacity::call ... ok
[INFO] [stdout] test global::misc::test::print::call ... ok
[INFO] [stdout] test global::primitives::iter::test::first::call ... ok
[INFO] [stdout] test global::primitives::iter::test::map::call ... ok
[INFO] [stdout] test global::primitives::iter::test::into::call ... ok
[INFO] [stdout] test global::primitives::iter::test::next::call ... ok
[INFO] [stdout] test global::primitives::iter::test::filter::call ... ok
[INFO] [stdout] test global::primitives::iter::test::last::call ... ok
[INFO] [stdout] test global::primitives::iter::test::any::call ... ok
[INFO] [stdout] test global::primitives::channel::test::close::call ... ok
[INFO] [stdout] test global::primitives::channel::test::len::call ... ok
[INFO] [stdout] test global::primitives::iter::test::len::call ... ok
[INFO] [stdout] test global::primitives::iter::test::reduce::call ... ok
[INFO] [stdout] test global::primitives::class::test::super_cls::call ... ok
[INFO] [stdout] test global::primitives::iter::test::chain::call ... ok
[INFO] [stdout] test global::primitives::iter::test::take::call ... ok
[INFO] [stdout] test global::primitives::list::test::index_get::call ... ok
[INFO] [stdout] test global::primitives::iter::test::iter::call ... ok
[INFO] [stdout] test global::primitives::list::test::iter::call ... ok
[INFO] [stdout] test global::primitives::list::test::index_set::call ... ok
[INFO] [stdout] test global::primitives::iter::test::str::call ... ok
[INFO] [stdout] test global::primitives::iter::test::skip::call ... ok
[INFO] [stdout] test global::primitives::iter::test::to_list::call ... ok
[INFO] [stdout] test global::primitives::list::test::insert::call ... ok
[INFO] [stdout] test global::primitives::list::test::pop::call ... ok
[INFO] [stdout] test global::primitives::list::test::len::call ... ok
[INFO] [stdout] test global::primitives::list::test::remove::call ... ok
[INFO] [stdout] test global::primitives::list::test::push::call ... ok
[INFO] [stdout] test global::primitives::list::test::rev::call ... ok
[INFO] [stdout] test global::primitives::list::test::sort::call ... ok
[INFO] [stdout] test global::primitives::list::test::slice::call ... ok
[INFO] [stdout] test global::primitives::list::test::collect::call ... ok
[INFO] [stdout] test global::primitives::channel::test::str::call ... ok
[INFO] [stdout] test global::primitives::iter::test::zip::call ... ok
[INFO] [stdout] test global::primitives::list::test::clear::call ... ok
[INFO] [stdout] test global::primitives::list::test::has::call ... ok
[INFO] [stdout] test global::primitives::list::test::index::call ... ok
[INFO] [stdout] test global::primitives::map::test::has::call ... ok
[INFO] [stdout] test global::primitives::list::test::str::call ... ok
[INFO] [stdout] test global::primitives::map::test::insert::call ... ok
[INFO] [stdout] test global::primitives::map::test::len::call ... ok
[INFO] [stdout] test global::primitives::map::test::get::call ... ok
[INFO] [stdout] test global::primitives::map::test::set_index::call ... ok
[INFO] [stdout] test global::primitives::map::test::set::call ... ok
[INFO] [stdout] test global::primitives::map::test::remove::call ... ok
[INFO] [stdout] test global::primitives::method::test::call::call ... ok
[INFO] [stdout] test global::primitives::native::test::call::call ... ok
[INFO] [stdout] test global::primitives::nil::test::str::call ... ok
[INFO] [stdout] test global::primitives::number::test::ceil::call ... ok
[INFO] [stdout] test global::primitives::number::test::cmp::call ... ok
[INFO] [stdout] test global::primitives::native::test::name::call ... ok
[INFO] [stdout] test global::primitives::method::test::name::call ... ok
[INFO] [stdout] test global::primitives::map::test::get_index::call ... ok
[INFO] [stdout] test global::primitives::number::test::parse::call ... ok
[INFO] [stdout] test global::primitives::number::test::round::call ... ok
[INFO] [stdout] test global::primitives::number::test::str::call ... ok
[INFO] [stdout] test global::primitives::number::test::floor::call ... ok
[INFO] [stdout] test global::primitives::number::test::times::call ... ok
[INFO] [stdout] test global::primitives::string::test::iter::call ... ok
[INFO] [stdout] test global::primitives::number::test::until::call ... ok
[INFO] [stdout] test global::primitives::object::test::equals::call ... ok
[INFO] [stdout] test global::primitives::string::test::len::call ... ok
[INFO] [stdout] test global::primitives::string::test::slice::call ... ok
[INFO] [stdout] test global::primitives::string::test::str::call ... ok
[INFO] [stdout] test global::primitives::string::test::trim::call ... ok
[INFO] [stdout] test global::primitives::string::test::split::call ... ok
[INFO] [stdout] test global::primitives::string::test::trim_start::call ... ok
[INFO] [stdout] test global::primitives::string::test::trim_end::call ... ok
[INFO] [stdout] test global::primitives::map::test::str::call ... ok
[INFO] [stdout] test global::primitives::string::test::up_case::call ... ok
[INFO] [stdout] test global::primitives::object::test::cls::call ... ok
[INFO] [stdout] test global::primitives::tuple::test::collect::call ... ok
[INFO] [stdout] test global::primitives::string::test::down_case::call ... ok
[INFO] [stdout] test global::primitives::object::test::str::call ... ok
[INFO] [stdout] test global::primitives::string::test::has::call ... ok
[INFO] [stdout] test global::primitives::string::test::index_get::call ... ok
[INFO] [stdout] test global::primitives::tuple::test::has::call ... ok
[INFO] [stdout] test global::primitives::tuple::test::index::call ... ok
[INFO] [stdout] test global::primitives::tuple::test::iter::call ... ok
[INFO] [stdout] test global::primitives::object::test::is_a::call ... ok
[INFO] [stdout] test global::primitives::tuple::test::slice::call ... ok
[INFO] [stdout] test global::time::clock::test::call ... ok
[INFO] [stdout] test global::primitives::tuple::test::index_get::call ... ok
[INFO] [stdout] test global::primitives::tuple::test::len::call ... ok
[INFO] [stdout] test io::stdio::stdin::test::read::call ... ok
[INFO] [stdout] test io::stdio::stdout::test::write::call ... ok
[INFO] [stdout] test math::utils::test::abs::call ... ok
[INFO] [stdout] test math::utils::test::min::call ... ok
[INFO] [stdout] test io::stdio::stderr::test::writeln::call ... ok
[INFO] [stdout] test math::utils::test::ln::call ... ok
[INFO] [stdout] test io::stdio::stderr::test::write::call ... ok
[INFO] [stdout] test io::stdio::stdout::test::writeln::call ... ok
[INFO] [stdout] test math::utils::test::cos::call ... ok
[INFO] [stdout] test io::stdio::stdin::test::readlines::call ... ok
[INFO] [stdout] test math::utils::test::rand::call ... ok
[INFO] [stdout] test regexp::class::test::captures::call ... ok
[INFO] [stdout] test global::primitives::tuple::test::str::call ... ok
[INFO] [stdout] test test::class_setup ... ok
[INFO] [stdout] test math::utils::test::sin::call ... ok
[INFO] [stdout] test math::utils::test::rem::call ... ok
[INFO] [stdout] test math::utils::test::max::call ... ok
[INFO] [stdout] test test::new ... ok
[INFO] [stdout] test regexp::class::test::test_impl::call ... ok
[INFO] [stdout] test regexp::class::test::match_::call ... ok
[INFO] [stdout] 
[INFO] [stdout] test result: ok. 120 passed; 0 failed; 0 ignored; 0 measured; 0 filtered out; finished in 0.06s
[INFO] [stdout] 
[INFO] [stderr]      Running unittests src/lib.rs (/opt/rustwide/target/debug/deps/laythe_native-497df4035f4885f5)
[INFO] [stdout] 
[INFO] [stderr]      Running unittests src/lib.rs (/opt/rustwide/target/debug/deps/laythe_vm-05db52ad3d381409)
[INFO] [stdout] running 0 tests
[INFO] [stdout] 
[INFO] [stdout] test result: ok. 0 passed; 0 failed; 0 ignored; 0 measured; 0 filtered out; finished in 0.00s
[INFO] [stdout] 
[INFO] [stdout] 
[INFO] [stdout] running 269 tests
[INFO] [stdout] test cache::test::cache_id_emitter::invoke ... ok
[INFO] [stdout] test cache::test::inline_cache::invoke ... ok
[INFO] [stdout] test cache::test::inline_cache::property ... ok
[INFO] [stdout] test cache::test::cache_id_emitter::property ... ok
[INFO] [stdout] test chunk_builder::test::chunk_builder::add_constant ... ok
[INFO] [stdout] test chunk_builder::test::chunk_builder::take ... ok
[INFO] [stdout] test compiler::ir::symbol_table::test::symbol::capture_wrong_state ... ok
[INFO] [stdout] test chunk_builder::test::chunk_builder::default ... ok
[INFO] [stdout] test compiler::ir::symbol_table::test::symbol::initialize ... ok
[INFO] [stdout] test compiler::ir::symbol_table::test::symbol::capture ... ok
[INFO] [stdout] test chunk_builder::test::chunk_builder::write_instruction ... ok
[INFO] [stdout] test compiler::ir::symbol_table::test::symbol::initialize_wrong_state ... ok
[INFO] [stdout] test compiler::ir::symbol_table::test::symbol_table::add_local_duplicate ... ok
[INFO] [stdout] test compiler::ir::symbol_table::test::symbol_table::add_local_ok ... ok
[INFO] [stdout] test compiler::ir::symbol_table::test::symbol_table::get_mut_empty ... ok
[INFO] [stdout] test compiler::ir::symbol_table::test::symbol_table::get_mut_present ... ok
[INFO] [stdout] test compiler::ir::symbol_table::test::symbol_table::get_mut_present_wrong_state ... ok
[INFO] [stdout] test compiler::ir::symbol_table::test::symbol_table::get_empty ... ok
[INFO] [stdout] test compiler::parser::test::break_ ... ok
[INFO] [stdout] test compiler::parser::test::channel_buffered ... ok
[INFO] [stdout] test compiler::parser::test::class_with_inherit ... ok
[INFO] [stdout] test compiler::parser::test::class_empty ... ok
[INFO] [stdout] test compiler::parser::test::class_with_instance_access_fun_prop ... ok
[INFO] [stdout] test compiler::parser::test::class_with_instance_access ... ok
[INFO] [stdout] test compiler::ir::symbol_table::test::symbol_table::get_present_wrong_state ... ok
[INFO] [stdout] test compiler::ir::symbol_table::test::symbol_table::get_present ... ok
[INFO] [stdout] test compiler::parser::test::class_with_methods ... ok
[INFO] [stdout] test compiler::parser::test::channel ... ok
[INFO] [stdout] test compiler::parser::test::empty_fun_basic ... ok
[INFO] [stdout] test compiler::parser::test::class_with_static_methods_typed ... ok
[INFO] [stdout] test compiler::parser::test::empty_try_catch ... ok
[INFO] [stdout] test compiler::parser::test::continue_ ... ok
[INFO] [stdout] test compiler::parser::test::class_with_methods_implicit ... ok
[INFO] [stdout] test compiler::parser::test::close_capture ... ok
[INFO] [stdout] test compiler::parser::test::export_class ... ok
[INFO] [stdout] test compiler::parser::test::class_with_static_methods ... ok
[INFO] [stdout] test compiler::parser::test::export_fun ... ok
[INFO] [stdout] test compiler::parser::test::export_class_typed ... ok
[INFO] [stdout] test compiler::parser::test::for_ ... ok
[INFO] [stdout] test compiler::parser::test::import ... ok
[INFO] [stdout] test compiler::parser::test::fun_basic_implicit ... ok
[INFO] [stdout] test compiler::parser::test::if_ ... ok
[INFO] [stdout] test compiler::parser::test::if_else ... ok
[INFO] [stdout] test compiler::parser::test::import_self ... ok
[INFO] [stdout] test compiler::parser::test::lambda_block_body ... ok
[INFO] [stdout] test compiler::parser::test::export_variable ... ok
[INFO] [stdout] test compiler::parser::test::export_fun_typed ... ok
[INFO] [stdout] test compiler::parser::test::export_variable_type ... ok
[INFO] [stdout] test compiler::parser::test::lambda_expr_body ... ok
[INFO] [stdout] test compiler::parser::test::launch ... ok
[INFO] [stdout] test compiler::parser::test::expr_stmt ... ok
[INFO] [stdout] test compiler::parser::test::list ... ok
[INFO] [stdout] test compiler::parser::test::list_index_get ... ok
[INFO] [stdout] test compiler::parser::test::list_index_set ... ok
[INFO] [stdout] test compiler::parser::test::map ... ok
[INFO] [stdout] test compiler::parser::test::filled_try_catch ... ok
[INFO] [stdout] test compiler::parser::test::nested_try_catch ... ok
[INFO] [stdout] test compiler::parser::test::open_capture ... ok
[INFO] [stdout] test compiler::parser::test::raise ... ok
[INFO] [stdout] test compiler::parser::test::param_fun ... ok
[INFO] [stdout] test compiler::parser::test::empty_fun ... ok
[INFO] [stdout] test compiler::parser::test::return_empty ... ok
[INFO] [stdout] test compiler::parser::test::primaries ... ok
[INFO] [stdout] test compiler::parser::test::return_value ... ok
[INFO] [stdout] test compiler::parser::test::fib ... ok
[INFO] [stdout] test compiler::parser::test::trait_fields ... ok
[INFO] [stdout] test compiler::parser::test::tuple_single ... ok
[INFO] [stdout] test compiler::parser::test::while_ ... ok
[INFO] [stdout] test compiler::peephole::test::optimize::optimize_code ... ok
[INFO] [stdout] test compiler::peephole::test::replacements::drop_replacement ... ok
[INFO] [stdout] test compiler::peephole::test::replacements::eliminate_drop_replacement::box_ ... ok
[INFO] [stdout] test compiler::peephole::test::replacements::eliminate_drop_replacement::capture ... ok
[INFO] [stdout] test compiler::peephole::test::replacements::eliminate_drop_replacement::local ... ok
[INFO] [stdout] test compiler::peephole::test::replacements::eliminate_drop_replacement::module_symbol ... ok
[INFO] [stdout] test compiler::peephole::test::replacements::invoke_replacement ... ok
[INFO] [stdout] test compiler::peephole::test::replacements::load_multiple_replacement ... ok
[INFO] [stdout] test compiler::peephole::test::replacements::remove_dead_code_replacement ... ok
[INFO] [stdout] test compiler::peephole::test::replacements::super_invoke_replacement ... ok
[INFO] [stdout] test compiler::peephole::test::stack_effects::calculate_func_max_stack ... ok
[INFO] [stdout] test compiler::peephole::test::stack_effects::calculate_push_handler ... ok
[INFO] [stdout] test compiler::peephole::test::vec_cursor::at_end ... ok
[INFO] [stdout] test compiler::peephole::test::vec_cursor::copy_cursors ... ok
[INFO] [stdout] test compiler::peephole::test::vec_cursor::inc_writer ... ok
[INFO] [stdout] test compiler::peephole::test::vec_cursor::len ... ok
[INFO] [stdout] test compiler::peephole::test::vec_cursor::new ... ok
[INFO] [stdout] test compiler::peephole::test::vec_cursor::inc_reader ... ok
[INFO] [stdout] test compiler::peephole::test::vec_cursor::peek ... ok
[INFO] [stdout] test compiler::peephole::test::vec_cursor::peek_next ... ok
[INFO] [stdout] test compiler::peephole::test::vec_cursor::read ... ok
[INFO] [stdout] test compiler::peephole::test::vec_cursor::read_slice ... ok
[INFO] [stdout] test compiler::peephole::test::vec_cursor::write ... ok
[INFO] [stdout] test compiler::peephole::test::vec_cursor::take ... ok
[INFO] [stdout] test compiler::resolver::test::capture ... ok
[INFO] [stdout] test compiler::parser::test::trait_empty ... ok
[INFO] [stdout] test compiler::resolver::test::export_fun ... ok
[INFO] [stdout] test compiler::parser::test::tuple ... ok
[INFO] [stdout] test compiler::peephole::test::labels::compute_offsets ... ok
[INFO] [stdout] test compiler::resolver::test::export_not_module_scoped ... ok
[INFO] [stdout] test compiler::parser::test::trailers ... ok
[INFO] [stdout] test compiler::parser::test::type_basic ... ok
[INFO] [stdout] test compiler::peephole::test::labels::count ... ok
[INFO] [stdout] test compiler::parser::test::unary ... ok
[INFO] [stdout] test compiler::resolver::test::export_class ... ok
[INFO] [stdout] test compiler::resolver::test::export_variable ... ok
[INFO] [stdout] test compiler::resolver::test::export_repl ... ok
[INFO] [stdout] test compiler::resolver::test::import ... ok
[INFO] [stdout] test compiler::resolver::test::import_symbols_rename ... ok
[INFO] [stdout] test compiler::resolver::test::import_rename ... ok
[INFO] [stdout] test compiler::resolver::test::import_symbols ... ok
[INFO] [stdout] test compiler::scanner::test::multiple_tokens ... ok
[INFO] [stdout] test compiler::resolver::test::self_capture_implicit ... ok
[INFO] [stdout] test compiler::scanner::test::new ... ok
[INFO] [stdout] test compiler::resolver::test::try_catch_single ... ok
[INFO] [stdout] test compiler::scanner::test::empty_string ... ok
[INFO] [stdout] test compiler::resolver::test::global_decl_symbols ... ok
[INFO] [stdout] test compiler::scanner::test::scan_token ... ok
[INFO] [stdout] test compiler::scanner::test::string_interpolation ... ok
[INFO] [stdout] test compiler::test::and_operator ... ok
[INFO] [stdout] test compiler::scanner::test::single_token ... ok
[INFO] [stdout] test compiler::test::break_ ... ok
[INFO] [stdout] test compiler::resolver::test::local_decl_symbols ... ok
[INFO] [stdout] test compiler::scanner::test::line_offsets ... ok
[INFO] [stdout] test compiler::test::channel ... ok
[INFO] [stdout] test compiler::scanner::test::string_escape_sequence ... ok
[INFO] [stdout] test compiler::test::channel_send_property ... ok
[INFO] [stdout] test compiler::test::class_empty ... ok
[INFO] [stdout] test compiler::test::channel_send_index ... ok
[INFO] [stdout] test compiler::test::class_instance_access_assign_set ... ok
[INFO] [stdout] test compiler::test::break_fun_nested ... ok
[INFO] [stdout] test compiler::parser::test::assign ... ok
[INFO] [stdout] test compiler::test::break_drop_locals ... ok
[INFO] [stdout] test compiler::resolver::test::try_catch_capture_error ... ok
[INFO] [stdout] test compiler::test::class_instance_access_with_captures ... ok
[INFO] [stdout] test compiler::resolver::test::multiple_global_resolves ... ok
[INFO] [stdout] test compiler::test::class_property_assign_set ... ok
[INFO] [stdout] test compiler::test::class_with_inherit ... ok
[INFO] [stdout] test compiler::test::class_with_methods ... ok
[INFO] [stdout] test compiler::test::class_with_captures ... ok
[INFO] [stdout] test compiler::test::class_with_super ... ok
[INFO] [stdout] test compiler::resolver::test::self_capture_explicit ... ok
[INFO] [stdout] test compiler::test::class_with_static_methods ... ok
[INFO] [stdout] test compiler::test::class_with_methods_implicit ... ok
[INFO] [stdout] test compiler::test::class_with_instance_access ... ok
[INFO] [stdout] test compiler::test::close_capture ... ok
[INFO] [stdout] test compiler::test::empty_fun_basic ... ok
[INFO] [stdout] test compiler::test::continue_fun_nested ... ok
[INFO] [stdout] test compiler::test::empty_fun ... ok
[INFO] [stdout] test compiler::test::channel_send_variable ... ok
[INFO] [stdout] test compiler::test::continue_ ... ok
[INFO] [stdout] test compiler::test::export_class ... ok
[INFO] [stdout] test compiler::test::declare_local ... ok
[INFO] [stdout] test compiler::test::empty_try_catch ... ok
[INFO] [stdout] test compiler::test::export_variable ... ok
[INFO] [stdout] test compiler::test::export_fun ... ok
[INFO] [stdout] test compiler::test::continue_drop_locals ... ok
[INFO] [stdout] test compiler::test::filled_try_catch ... ok
[INFO] [stdout] test compiler::test::for_loop ... ok
[INFO] [stdout] test compiler::test::for_loop_with_locals ... ok
[INFO] [stdout] test compiler::test::if_condition ... ok
[INFO] [stdout] test compiler::test::function_with_parameters ... ok
[INFO] [stdout] test compiler::test::import ... ok
[INFO] [stdout] test compiler::test::lambda_block_body ... ok
[INFO] [stdout] test compiler::test::launch ... ok
[INFO] [stdout] test compiler::test::list_index_set ... ok
[INFO] [stdout] test compiler::test::list ... ok
[INFO] [stdout] test compiler::test::map_empty ... ok
[INFO] [stdout] test compiler::test::list_empty ... ok
[INFO] [stdout] test compiler::test::list_initializer ... ok
[INFO] [stdout] test compiler::test::lambda_expression_body ... ok
[INFO] [stdout] test compiler::test::list_index_get ... ok
[INFO] [stdout] test compiler::test::if_else_condition ... ok
[INFO] [stdout] test compiler::test::module_capture ... ok
[INFO] [stdout] test compiler::test::map_initializer ... ok
[INFO] [stdout] test compiler::test::list_index_assign_set ... ok
[INFO] [stdout] test compiler::test::implicit_return ... ok
[INFO] [stdout] test compiler::test::function_with_captured_parameters ... ok
[INFO] [stdout] test compiler::test::map ... ok
[INFO] [stdout] test compiler::test::op_add ... ok
[INFO] [stdout] test compiler::test::nested_try_catch ... ok
[INFO] [stdout] test compiler::test::op_divide ... ok
[INFO] [stdout] test compiler::test::op_define_global_nil ... ok
[INFO] [stdout] test compiler::test::op_buffered_channel ... ok
[INFO] [stdout] test compiler::test::op_equal ... ok
[INFO] [stdout] test compiler::test::op_get_local ... ok
[INFO] [stdout] test compiler::test::op_channel ... ok
[INFO] [stdout] test compiler::test::op_greater ... ok
[INFO] [stdout] test compiler::test::op_get_module ... ok
[INFO] [stdout] test compiler::test::op_interpolate ... ok
[INFO] [stdout] test compiler::test::op_less_equal ... ok
[INFO] [stdout] test compiler::test::op_less ... ok
[INFO] [stdout] test compiler::test::op_define_global_val ... ok
[INFO] [stdout] test compiler::test::op_not ... ok
[INFO] [stdout] test compiler::test::op_negate ... ok
[INFO] [stdout] test compiler::test::op_nil ... ok
[INFO] [stdout] test compiler::test::op_false ... ok
[INFO] [stdout] test compiler::test::op_not_equal ... ok
[INFO] [stdout] test compiler::test::op_greater_equal ... ok
[INFO] [stdout] test compiler::test::op_multi ... ok
[INFO] [stdout] test compiler::test::op_receive ... ok
[INFO] [stdout] test compiler::test::op_number ... ok
[INFO] [stdout] test compiler::test::raise ... ok
[INFO] [stdout] test compiler::test::ternary ... ok
[INFO] [stdout] test compiler::test::op_string ... ok
[INFO] [stdout] test compiler::test::op_subtract ... ok
[INFO] [stdout] test compiler::test::op_return ... ok
[INFO] [stdout] test compiler::test::op_set_global ... ok
[INFO] [stdout] test compiler::test::try_with_break ... ok
[INFO] [stdout] test compiler::test::try_with_continue ... ok
[INFO] [stdout] test compiler::test::or_operator ... ok
[INFO] [stdout] test compiler::test::op_true ... ok
[INFO] [stdout] test compiler::test::param_fun ... ok
[INFO] [stdout] test compiler::test::tuple_empty ... ok
[INFO] [stdout] test compiler::test::op_pop ... ok
[INFO] [stdout] test compiler::test::try_with_return ... ok
[INFO] [stdout] test compiler::test::property_access_outside_class ... ok
[INFO] [stdout] test compiler::test::open_capture ... ok
[INFO] [stdout] test compiler::test::op_set_local ... ok
[INFO] [stdout] test compiler::test::while_loop ... ok
[INFO] [stdout] test compiler::test::while_loop_with_locals ... ok
[INFO] [stdout] test fiber::test::complete_with_parent_but_no_channels ... ok
[INFO] [stdout] test compiler::test::tuple_initializer ... ok
[INFO] [stdout] test fiber::test::drop ... ok
[INFO] [stdout] test fiber::test::error_while_handling ... ok
[INFO] [stdout] test fiber::test::drop_n ... ok
[INFO] [stdout] test fiber::test::load_ip ... ok
[INFO] [stdout] test fiber::test::is_complete ... ok
[INFO] [stdout] test fiber::test::ensure_stack ... ok
[INFO] [stdout] test fiber::test::is_pending ... ok
[INFO] [stdout] test fiber::test::new ... ok
[INFO] [stdout] test fiber::test::frame_stack ... ok
[INFO] [stdout] test fiber::test::peek_set ... ok
[INFO] [stdout] test fiber::test::peek ... ok
[INFO] [stdout] test fiber::test::complete_without_parent_or_channels ... ok
[INFO] [stdout] test fiber::test::pop_frame ... ok
[INFO] [stdout] test fiber::test::pop_exception_handler ... ok
[INFO] [stdout] test fiber::test::push_exception_handler ... ok
[INFO] [stdout] test fiber::test::push ... ok
[INFO] [stdout] test fiber::test::push_frame ... ok
[INFO] [stdout] test compiler::peephole::test::labels::compute_offsets_missing_slots - should panic ... ok
[INFO] [stdout] test fiber::test::split ... ok
[INFO] [stdout] test byte_code::test::encode_len ... ok
[INFO] [stdout] test fiber::test::pop ... ok
[INFO] [stdout] test fiber::test::stack_slice ... ok
[INFO] [stdout] test fiber::test::drop_out_of_bounds - should panic ... ok
[INFO] [stdout] test fiber::test::stack_slice_out_of_bounds - should panic ... ok
[INFO] [stdout] test fiber::test::stack_unwind_not_bottom_frame ... ok
[INFO] [stdout] test fiber::test::peek_set_out_of_bounds - should panic ... ok
[INFO] [stdout] test fiber::test::drop_n_out_of_bounds - should panic ... ok
[INFO] [stdout] test fiber::test::stack_unwind_potentially_handled ... ok
[INFO] [stdout] test fiber::test::frame_stack_out_of_bounds - should panic ... ok
[INFO] [stdout] test fiber::test::pop_exception_handler_no_handler_to_pop - should panic ... ok
[INFO] [stdout] test fiber::test::pop_out_of_bounds - should panic ... ok
[INFO] [stdout] test fiber::test::push_exception_handler_slot_depth_out_of_bounds - should panic ... ok
[INFO] [stdout] test fiber::test::push_exception_handler_offset_out_of_bounds - should panic ... ok
[INFO] [stdout] test fiber::test::peek_out_of_bounds - should panic ... ok
[INFO] [stdout] test source::files::test::line_offsets::line_range ... ok
[INFO] [stdout] test fiber::test::store_ip ... ok
[INFO] [stdout] test source::files::test::line_offsets::lines ... ok
[INFO] [stdout] test fiber::test::push_out_of_bounds - should panic ... ok
[INFO] [stdout] test fiber::test::stack_unwind_unhandled ... ok
[INFO] [stdout] test source::files::test::vm_files::get_mut ... ok
[INFO] [stdout] test source::test::new ... ok
[INFO] [stdout] test source::files::test::vm_files::get ... ok
[INFO] [stdout] test source::files::test::line_offsets::offset_line ... ok
[INFO] [stdout] test vm::source_loader::test::find_missing_module::empty_path ... ok
[INFO] [stdout] test vm::source_loader::test::find_missing_module::no_nested_modules ... ok
[INFO] [stdout] test vm::source_loader::test::find_missing_module::partial_match ... ok
[INFO] [stdout] test compiler::parser::test::binary ... ok
[INFO] [stdout] test compiler::parser::test::ternary ... ok
[INFO] [stdout] 
[INFO] [stdout] test result: ok. 269 passed; 0 failed; 0 ignored; 0 measured; 0 filtered out; finished in 0.87s
[INFO] [stdout] 
[INFO] [stderr]      Running tests/env.rs (/opt/rustwide/target/debug/deps/env-f68b63b15e8383c4)
[INFO] [stdout] 
[INFO] [stdout] running 1 test
[INFO] [stdout] test env ... FAILED
[INFO] [stdout] 
[INFO] [stdout] failures:
[INFO] [stdout] 
[INFO] [stdout] ---- env stdout ----
[INFO] [stdout] 
[INFO] [stdout] Traceback (most recent call last):
[INFO] [stdout]   /opt/rustwide/workdir/laythe_vm/fixture/std_lib/env/cwd.lay:3 in script
[INFO] [stdout] AssertError: Expected assertion to return true.
[INFO] [stdout] 
[INFO] [stdout] 
[INFO] [stdout] Traceback (most recent call last):
[INFO] [stdout]   /opt/rustwide/workdir/laythe_vm/fixture/std_lib/env/cwd.lay:3 in script
[INFO] [stdout] AssertError: Expected assertion to return true.
[INFO] [stdout] 
[INFO] [stdout] Error: Custom { kind: Other, error: "Failing file Some(\"fixture/std_lib/env/cwd.lay\")" }
[INFO] [stdout] 
[INFO] [stdout] 
[INFO] [stdout] failures:
[INFO] [stdout]     env
[INFO] [stdout] 
[INFO] [stdout] test result: FAILED. 0 passed; 1 failed; 0 ignored; 0 measured; 0 filtered out; finished in 0.01s
[INFO] [stdout] 
[INFO] [stderr] error: test failed, to rerun pass `-p laythe_vm --test env`
[INFO] running `Command { std: "docker" "inspect" "1971c3155439c801a96bb03a1dd04813f5e15b0be3ceca159a2ba76c9b5e8225", kill_on_drop: false }`
[INFO] running `Command { std: "docker" "rm" "-f" "1971c3155439c801a96bb03a1dd04813f5e15b0be3ceca159a2ba76c9b5e8225", kill_on_drop: false }`
[INFO] [stdout] 1971c3155439c801a96bb03a1dd04813f5e15b0be3ceca159a2ba76c9b5e8225
