[INFO] cloning repository https://github.com/jona-wilmsmann/bh1750-rs
[INFO] running `Command { std: "git" "-c" "credential.helper=" "-c" "credential.helper=/workspace/cargo-home/bin/git-credential-null" "clone" "--bare" "https://github.com/jona-wilmsmann/bh1750-rs" "/workspace/cache/git-repos/https%3A%2F%2Fgithub.com%2Fjona-wilmsmann%2Fbh1750-rs", kill_on_drop: false }`
[INFO] [stderr] Cloning into bare repository '/workspace/cache/git-repos/https%3A%2F%2Fgithub.com%2Fjona-wilmsmann%2Fbh1750-rs'...
[INFO] running `Command { std: "git" "rev-parse" "HEAD", kill_on_drop: false }`
[INFO] [stdout] 1b378b41d1de2ba315109db71251a1de02556ecf
[INFO] testing jona-wilmsmann/bh1750-rs against 1.83.0 for beta-1.84.0-4-retry
[INFO] running `Command { std: "git" "clone" "/workspace/cache/git-repos/https%3A%2F%2Fgithub.com%2Fjona-wilmsmann%2Fbh1750-rs" "/workspace/builds/worker-0-tc1/source", kill_on_drop: false }`
[INFO] [stderr] Cloning into '/workspace/builds/worker-0-tc1/source'...
[INFO] [stderr] done.
[INFO] validating manifest of git repo https://github.com/jona-wilmsmann/bh1750-rs on toolchain 1.83.0
[INFO] running `Command { std: CARGO_HOME="/workspace/cargo-home" RUSTUP_HOME="/workspace/rustup-home" "/workspace/cargo-home/bin/cargo" "+1.83.0" "metadata" "--manifest-path" "Cargo.toml" "--no-deps", kill_on_drop: false }`
[INFO] started tweaking git repo https://github.com/jona-wilmsmann/bh1750-rs
[INFO] finished tweaking git repo https://github.com/jona-wilmsmann/bh1750-rs
[INFO] tweaked toml for git repo https://github.com/jona-wilmsmann/bh1750-rs written to /workspace/builds/worker-0-tc1/source/Cargo.toml
[INFO] crate git repo https://github.com/jona-wilmsmann/bh1750-rs already has a lockfile, it will not be regenerated
[INFO] running `Command { std: CARGO_HOME="/workspace/cargo-home" RUSTUP_HOME="/workspace/rustup-home" "/workspace/cargo-home/bin/cargo" "+1.83.0" "fetch" "--manifest-path" "Cargo.toml", kill_on_drop: false }`
[INFO] running `Command { std: "docker" "create" "-v" "/var/lib/crater-agent-workspace/builds/worker-0-tc1/target:/opt/rustwide/target:rw,Z" "-v" "/var/lib/crater-agent-workspace/builds/worker-0-tc1/source:/opt/rustwide/workdir:ro,Z" "-v" "/var/lib/crater-agent-workspace/cargo-home:/opt/rustwide/cargo-home:ro,Z" "-v" "/var/lib/crater-agent-workspace/rustup-home:/opt/rustwide/rustup-home:ro,Z" "-e" "SOURCE_DIR=/opt/rustwide/workdir" "-e" "CARGO_TARGET_DIR=/opt/rustwide/target" "-e" "CARGO_HOME=/opt/rustwide/cargo-home" "-e" "RUSTUP_HOME=/opt/rustwide/rustup-home" "-w" "/opt/rustwide/workdir" "-m" "1610612736" "--user" "0:0" "--network" "none" "ghcr.io/rust-lang/crates-build-env/linux@sha256:f3a9d4ad9d972b27faf3965f35b62e55ba32bbce8f20bc8fe909558a86702fde" "/opt/rustwide/cargo-home/bin/cargo" "+1.83.0" "metadata" "--no-deps" "--format-version=1", kill_on_drop: false }`
[INFO] [stdout] 60d082101fa55f8a8de056637f1d5b1046d88ecddb0f7896b8d8a78739a63f9e
[INFO] running `Command { std: "docker" "start" "-a" "60d082101fa55f8a8de056637f1d5b1046d88ecddb0f7896b8d8a78739a63f9e", kill_on_drop: false }`
[INFO] running `Command { std: "docker" "inspect" "60d082101fa55f8a8de056637f1d5b1046d88ecddb0f7896b8d8a78739a63f9e", kill_on_drop: false }`
[INFO] running `Command { std: "docker" "rm" "-f" "60d082101fa55f8a8de056637f1d5b1046d88ecddb0f7896b8d8a78739a63f9e", kill_on_drop: false }`
[INFO] [stdout] 60d082101fa55f8a8de056637f1d5b1046d88ecddb0f7896b8d8a78739a63f9e
[INFO] running `Command { std: "docker" "create" "-v" "/var/lib/crater-agent-workspace/builds/worker-0-tc1/target:/opt/rustwide/target:rw,Z" "-v" "/var/lib/crater-agent-workspace/builds/worker-0-tc1/source:/opt/rustwide/workdir:ro,Z" "-v" "/var/lib/crater-agent-workspace/cargo-home:/opt/rustwide/cargo-home:ro,Z" "-v" "/var/lib/crater-agent-workspace/rustup-home:/opt/rustwide/rustup-home:ro,Z" "-e" "SOURCE_DIR=/opt/rustwide/workdir" "-e" "CARGO_TARGET_DIR=/opt/rustwide/target" "-e" "CARGO_INCREMENTAL=0" "-e" "RUST_BACKTRACE=full" "-e" "RUSTFLAGS=--cap-lints=warn" "-e" "RUSTDOCFLAGS=--cap-lints=warn" "-e" "CARGO_HOME=/opt/rustwide/cargo-home" "-e" "RUSTUP_HOME=/opt/rustwide/rustup-home" "-w" "/opt/rustwide/workdir" "-m" "1610612736" "--user" "0:0" "--network" "none" "ghcr.io/rust-lang/crates-build-env/linux@sha256:f3a9d4ad9d972b27faf3965f35b62e55ba32bbce8f20bc8fe909558a86702fde" "/opt/rustwide/cargo-home/bin/cargo" "+1.83.0" "build" "--frozen" "--message-format=json", kill_on_drop: false }`
[INFO] [stdout] 968f77d0d27649eea00ec8c73fe1048acafbc6c8cb447e35647a420ecf60d36a
[INFO] running `Command { std: "docker" "start" "-a" "968f77d0d27649eea00ec8c73fe1048acafbc6c8cb447e35647a420ecf60d36a", kill_on_drop: false }`
[INFO] [stderr]    Compiling embedded-hal v1.0.0
[INFO] [stderr]    Compiling bh1750 v0.1.0 (/opt/rustwide/workdir)
[INFO] [stderr]     Finished `dev` profile [unoptimized + debuginfo] target(s) in 0.26s
[INFO] running `Command { std: "docker" "inspect" "968f77d0d27649eea00ec8c73fe1048acafbc6c8cb447e35647a420ecf60d36a", kill_on_drop: false }`
[INFO] running `Command { std: "docker" "rm" "-f" "968f77d0d27649eea00ec8c73fe1048acafbc6c8cb447e35647a420ecf60d36a", kill_on_drop: false }`
[INFO] [stdout] 968f77d0d27649eea00ec8c73fe1048acafbc6c8cb447e35647a420ecf60d36a
[INFO] running `Command { std: "docker" "create" "-v" "/var/lib/crater-agent-workspace/builds/worker-0-tc1/target:/opt/rustwide/target:rw,Z" "-v" "/var/lib/crater-agent-workspace/builds/worker-0-tc1/source:/opt/rustwide/workdir:ro,Z" "-v" "/var/lib/crater-agent-workspace/cargo-home:/opt/rustwide/cargo-home:ro,Z" "-v" "/var/lib/crater-agent-workspace/rustup-home:/opt/rustwide/rustup-home:ro,Z" "-e" "SOURCE_DIR=/opt/rustwide/workdir" "-e" "CARGO_TARGET_DIR=/opt/rustwide/target" "-e" "CARGO_INCREMENTAL=0" "-e" "RUST_BACKTRACE=full" "-e" "RUSTFLAGS=--cap-lints=warn" "-e" "RUSTDOCFLAGS=--cap-lints=warn" "-e" "CARGO_HOME=/opt/rustwide/cargo-home" "-e" "RUSTUP_HOME=/opt/rustwide/rustup-home" "-w" "/opt/rustwide/workdir" "-m" "1610612736" "--user" "0:0" "--network" "none" "ghcr.io/rust-lang/crates-build-env/linux@sha256:f3a9d4ad9d972b27faf3965f35b62e55ba32bbce8f20bc8fe909558a86702fde" "/opt/rustwide/cargo-home/bin/cargo" "+1.83.0" "test" "--frozen" "--no-run" "--message-format=json", kill_on_drop: false }`
[INFO] [stdout] 0225a17d39f3dee6809fe4e53cc0b5e58bf6a2a64ee6bc55c77919c861b17801
[INFO] running `Command { std: "docker" "start" "-a" "0225a17d39f3dee6809fe4e53cc0b5e58bf6a2a64ee6bc55c77919c861b17801", kill_on_drop: false }`
[INFO] [stderr]    Compiling bh1750 v0.1.0 (/opt/rustwide/workdir)
[INFO] [stderr]     Finished `test` profile [unoptimized + debuginfo] target(s) in 0.47s
[INFO] running `Command { std: "docker" "inspect" "0225a17d39f3dee6809fe4e53cc0b5e58bf6a2a64ee6bc55c77919c861b17801", kill_on_drop: false }`
[INFO] running `Command { std: "docker" "rm" "-f" "0225a17d39f3dee6809fe4e53cc0b5e58bf6a2a64ee6bc55c77919c861b17801", kill_on_drop: false }`
[INFO] [stdout] 0225a17d39f3dee6809fe4e53cc0b5e58bf6a2a64ee6bc55c77919c861b17801
[INFO] running `Command { std: "docker" "create" "-v" "/var/lib/crater-agent-workspace/builds/worker-0-tc1/target:/opt/rustwide/target:rw,Z" "-v" "/var/lib/crater-agent-workspace/builds/worker-0-tc1/source:/opt/rustwide/workdir:ro,Z" "-v" "/var/lib/crater-agent-workspace/cargo-home:/opt/rustwide/cargo-home:ro,Z" "-v" "/var/lib/crater-agent-workspace/rustup-home:/opt/rustwide/rustup-home:ro,Z" "-e" "SOURCE_DIR=/opt/rustwide/workdir" "-e" "CARGO_TARGET_DIR=/opt/rustwide/target" "-e" "CARGO_INCREMENTAL=0" "-e" "RUST_BACKTRACE=full" "-e" "RUSTFLAGS=--cap-lints=warn" "-e" "RUSTDOCFLAGS=--cap-lints=warn" "-e" "CARGO_HOME=/opt/rustwide/cargo-home" "-e" "RUSTUP_HOME=/opt/rustwide/rustup-home" "-w" "/opt/rustwide/workdir" "-m" "1610612736" "--user" "0:0" "--network" "none" "ghcr.io/rust-lang/crates-build-env/linux@sha256:f3a9d4ad9d972b27faf3965f35b62e55ba32bbce8f20bc8fe909558a86702fde" "/opt/rustwide/cargo-home/bin/cargo" "+1.83.0" "test" "--frozen", kill_on_drop: false }`
[INFO] [stdout] 3f83f2ba4fb2a2557c8799656a994a9febc8df682b9fbfe6990bca9545f1330f
[INFO] running `Command { std: "docker" "start" "-a" "3f83f2ba4fb2a2557c8799656a994a9febc8df682b9fbfe6990bca9545f1330f", kill_on_drop: false }`
[INFO] [stderr]     Finished `test` profile [unoptimized + debuginfo] target(s) in 0.01s
[INFO] [stderr]      Running unittests src/lib.rs (/opt/rustwide/target/debug/deps/bh1750-3afda5ccc1616981)
[INFO] [stdout] 
[INFO] [stdout] running 0 tests
[INFO] [stdout] 
[INFO] [stdout] test result: ok. 0 passed; 0 failed; 0 ignored; 0 measured; 0 filtered out; finished in 0.00s
[INFO] [stdout] 
[INFO] [stderr]    Doc-tests bh1750
[INFO] [stdout] 
[INFO] [stdout] running 1 test
[INFO] [stdout] test src/lib.rs - (line 19) - compile ... FAILED
[INFO] [stderr] error: doctest failed, to rerun pass `--doc`
[INFO] [stdout] 
[INFO] [stdout] failures:
[INFO] [stdout] 
[INFO] [stdout] ---- src/lib.rs - (line 19) stdout ----
[INFO] [stdout] error[E0433]: failed to resolve: use of undeclared crate or module `esp_hal`
[INFO] [stdout]  --> src/lib.rs:26:5
[INFO] [stdout]   |
[INFO] [stdout] 9 | use esp_hal::{
[INFO] [stdout]   |     ^^^^^^^ use of undeclared crate or module `esp_hal`
[INFO] [stdout] 
[INFO] [stdout] error[E0433]: failed to resolve: use of undeclared crate or module `esp_hal`
[INFO] [stdout]   --> src/lib.rs:34:5
[INFO] [stdout]    |
[INFO] [stdout] 17 | use esp_hal::i2c::I2C;
[INFO] [stdout]    |     ^^^^^^^ use of undeclared crate or module `esp_hal`
[INFO] [stdout] 
[INFO] [stdout] error[E0432]: unresolved import `esp_backtrace`
[INFO] [stdout]  --> src/lib.rs:24:5
[INFO] [stdout]   |
[INFO] [stdout] 7 | use esp_backtrace as _;
[INFO] [stdout]   |     ^^^^^^^^^^^^^^^^^^ no external crate `esp_backtrace`
[INFO] [stdout] 
[INFO] [stdout] error[E0433]: failed to resolve: use of undeclared crate or module `log`
[INFO] [stdout]   --> src/lib.rs:62:9
[INFO] [stdout]    |
[INFO] [stdout] 45 |         log::info!("Lux = {:.2}", lux);
[INFO] [stdout]    |         ^^^ use of undeclared crate or module `log`
[INFO] [stdout] 
[INFO] [stdout] error: cannot find attribute `entry` in this scope
[INFO] [stdout]   --> src/lib.rs:36:3
[INFO] [stdout]    |
[INFO] [stdout] 19 | #[entry]
[INFO] [stdout]    |   ^^^^^
[INFO] [stdout] 
[INFO] [stdout] error[E0433]: failed to resolve: use of undeclared crate or module `esp_println`
[INFO] [stdout]   --> src/lib.rs:38:5
[INFO] [stdout]    |
[INFO] [stdout] 21 |     esp_println::logger::init_logger_from_env();
[INFO] [stdout]    |     ^^^^^^^^^^^ use of undeclared crate or module `esp_println`
[INFO] [stdout] 
[INFO] [stdout] error: `#[panic_handler]` function required, but not found
[INFO] [stdout] 
[INFO] [stdout] error: unwinding panics are not supported without std
[INFO] [stdout]   |
[INFO] [stdout]   = help: using nightly cargo, use -Zbuild-std with panic="abort" to avoid unwinding
[INFO] [stdout]   = note: since the core library is usually precompiled with panic="unwind", rebuilding your crate with panic="abort" may not be enough to fix the problem
[INFO] [stdout] 
[INFO] [stdout] error[E0599]: no method named `kHz` found for type `{integer}` in the current scope
[INFO] [stdout]   --> src/lib.rs:51:13
[INFO] [stdout]    |
[INFO] [stdout] 34 |         100.kHz(),
[INFO] [stdout]    |             ^^^ method not found in `{integer}`
[INFO] [stdout] 
[INFO] [stdout] error[E0599]: no method named `millis` found for type `{integer}` in the current scope
[INFO] [stdout]   --> src/lib.rs:64:26
[INFO] [stdout]    |
[INFO] [stdout] 47 |         delay.delay(1000.millis());
[INFO] [stdout]    |                          ^^^^^^ method not found in `{integer}`
[INFO] [stdout] 
[INFO] [stdout] error: aborting due to 10 previous errors
[INFO] [stdout] 
[INFO] [stdout] Some errors have detailed explanations: E0432, E0433, E0599.
[INFO] [stdout] For more information about an error, try `rustc --explain E0432`.
[INFO] [stdout] Couldn't compile the test.
[INFO] [stdout] 
[INFO] [stdout] failures:
[INFO] [stdout]     src/lib.rs - (line 19)
[INFO] [stdout] 
[INFO] [stdout] test result: FAILED. 0 passed; 1 failed; 0 ignored; 0 measured; 0 filtered out; finished in 0.12s
[INFO] [stdout] 
[INFO] running `Command { std: "docker" "inspect" "3f83f2ba4fb2a2557c8799656a994a9febc8df682b9fbfe6990bca9545f1330f", kill_on_drop: false }`
[INFO] running `Command { std: "docker" "rm" "-f" "3f83f2ba4fb2a2557c8799656a994a9febc8df682b9fbfe6990bca9545f1330f", kill_on_drop: false }`
[INFO] [stdout] 3f83f2ba4fb2a2557c8799656a994a9febc8df682b9fbfe6990bca9545f1330f
