[INFO] cloning repository https://github.com/johnklucinec/ulx_reverse
[INFO] running `Command { std: "git" "-c" "credential.helper=" "-c" "credential.helper=/workspace/cargo-home/bin/git-credential-null" "clone" "--bare" "https://github.com/johnklucinec/ulx_reverse" "/workspace/cache/git-repos/https%3A%2F%2Fgithub.com%2Fjohnklucinec%2Fulx_reverse", kill_on_drop: false }`
[INFO] [stderr] Cloning into bare repository '/workspace/cache/git-repos/https%3A%2F%2Fgithub.com%2Fjohnklucinec%2Fulx_reverse'...
[INFO] running `Command { std: "git" "rev-parse" "HEAD", kill_on_drop: false }`
[INFO] [stdout] 7785b037d7c7178754fed5b977f16cef043d454a
[INFO] testing johnklucinec/ulx_reverse against beta-2024-12-08 for beta-1.84.0-4-retry
[INFO] running `Command { std: "git" "clone" "/workspace/cache/git-repos/https%3A%2F%2Fgithub.com%2Fjohnklucinec%2Fulx_reverse" "/workspace/builds/worker-0-tc2/source", kill_on_drop: false }`
[INFO] [stderr] Cloning into '/workspace/builds/worker-0-tc2/source'...
[INFO] [stderr] done.
[INFO] validating manifest of git repo https://github.com/johnklucinec/ulx_reverse on toolchain beta-2024-12-08
[INFO] running `Command { std: CARGO_HOME="/workspace/cargo-home" RUSTUP_HOME="/workspace/rustup-home" "/workspace/cargo-home/bin/cargo" "+beta-2024-12-08" "metadata" "--manifest-path" "Cargo.toml" "--no-deps", kill_on_drop: false }`
[INFO] started tweaking git repo https://github.com/johnklucinec/ulx_reverse
[INFO] finished tweaking git repo https://github.com/johnklucinec/ulx_reverse
[INFO] tweaked toml for git repo https://github.com/johnklucinec/ulx_reverse written to /workspace/builds/worker-0-tc2/source/Cargo.toml
[INFO] crate git repo https://github.com/johnklucinec/ulx_reverse already has a lockfile, it will not be regenerated
[INFO] running `Command { std: CARGO_HOME="/workspace/cargo-home" RUSTUP_HOME="/workspace/rustup-home" "/workspace/cargo-home/bin/cargo" "+beta-2024-12-08" "fetch" "--manifest-path" "Cargo.toml", kill_on_drop: false }`
[INFO] running `Command { std: "docker" "create" "-v" "/var/lib/crater-agent-workspace/builds/worker-0-tc2/target:/opt/rustwide/target:rw,Z" "-v" "/var/lib/crater-agent-workspace/builds/worker-0-tc2/source:/opt/rustwide/workdir:ro,Z" "-v" "/var/lib/crater-agent-workspace/cargo-home:/opt/rustwide/cargo-home:ro,Z" "-v" "/var/lib/crater-agent-workspace/rustup-home:/opt/rustwide/rustup-home:ro,Z" "-e" "SOURCE_DIR=/opt/rustwide/workdir" "-e" "CARGO_TARGET_DIR=/opt/rustwide/target" "-e" "CARGO_HOME=/opt/rustwide/cargo-home" "-e" "RUSTUP_HOME=/opt/rustwide/rustup-home" "-w" "/opt/rustwide/workdir" "-m" "1610612736" "--user" "0:0" "--network" "none" "ghcr.io/rust-lang/crates-build-env/linux@sha256:f3a9d4ad9d972b27faf3965f35b62e55ba32bbce8f20bc8fe909558a86702fde" "/opt/rustwide/cargo-home/bin/cargo" "+beta-2024-12-08" "metadata" "--no-deps" "--format-version=1", kill_on_drop: false }`
[INFO] [stdout] c6f5e087f19db2c0675e828ef664e7d452e8b87a4e7edb7d400434db4aaa5b40
[INFO] running `Command { std: "docker" "start" "-a" "c6f5e087f19db2c0675e828ef664e7d452e8b87a4e7edb7d400434db4aaa5b40", kill_on_drop: false }`
[INFO] running `Command { std: "docker" "inspect" "c6f5e087f19db2c0675e828ef664e7d452e8b87a4e7edb7d400434db4aaa5b40", kill_on_drop: false }`
[INFO] running `Command { std: "docker" "rm" "-f" "c6f5e087f19db2c0675e828ef664e7d452e8b87a4e7edb7d400434db4aaa5b40", kill_on_drop: false }`
[INFO] [stdout] c6f5e087f19db2c0675e828ef664e7d452e8b87a4e7edb7d400434db4aaa5b40
[INFO] running `Command { std: "docker" "create" "-v" "/var/lib/crater-agent-workspace/builds/worker-0-tc2/target:/opt/rustwide/target:rw,Z" "-v" "/var/lib/crater-agent-workspace/builds/worker-0-tc2/source:/opt/rustwide/workdir:ro,Z" "-v" "/var/lib/crater-agent-workspace/cargo-home:/opt/rustwide/cargo-home:ro,Z" "-v" "/var/lib/crater-agent-workspace/rustup-home:/opt/rustwide/rustup-home:ro,Z" "-e" "SOURCE_DIR=/opt/rustwide/workdir" "-e" "CARGO_TARGET_DIR=/opt/rustwide/target" "-e" "CARGO_INCREMENTAL=0" "-e" "RUST_BACKTRACE=full" "-e" "RUSTFLAGS=--cap-lints=warn" "-e" "RUSTDOCFLAGS=--cap-lints=warn" "-e" "CARGO_HOME=/opt/rustwide/cargo-home" "-e" "RUSTUP_HOME=/opt/rustwide/rustup-home" "-w" "/opt/rustwide/workdir" "-m" "1610612736" "--user" "0:0" "--network" "none" "ghcr.io/rust-lang/crates-build-env/linux@sha256:f3a9d4ad9d972b27faf3965f35b62e55ba32bbce8f20bc8fe909558a86702fde" "/opt/rustwide/cargo-home/bin/cargo" "+beta-2024-12-08" "build" "--frozen" "--message-format=json", kill_on_drop: false }`
[INFO] [stdout] 592a12629deac228484b0903387bcd4b3296f769aea87681159fb1f25f338448
[INFO] running `Command { std: "docker" "start" "-a" "592a12629deac228484b0903387bcd4b3296f769aea87681159fb1f25f338448", kill_on_drop: false }`
[INFO] [stderr]    Compiling serde v1.0.209
[INFO] [stderr]    Compiling hashbrown v0.14.5
[INFO] [stderr]    Compiling equivalent v1.0.1
[INFO] [stderr]    Compiling winnow v0.5.40
[INFO] [stderr]    Compiling proc-macro2 v1.0.86
[INFO] [stderr]    Compiling cc v1.1.8
[INFO] [stderr]    Compiling pkg-config v0.3.30
[INFO] [stderr]    Compiling libc v0.2.155
[INFO] [stderr]    Compiling unicode-ident v1.0.12
[INFO] [stderr]    Compiling rustversion v1.0.17
[INFO] [stderr]    Compiling version_check v0.9.5
[INFO] [stderr]    Compiling rusb v0.9.4
[INFO] [stderr]    Compiling heck v0.5.0
[INFO] [stderr]    Compiling indexmap v2.4.0
[INFO] [stderr]    Compiling quote v1.0.36
[INFO] [stderr]    Compiling syn v2.0.72
[INFO] [stderr]    Compiling libusb1-sys v0.7.0
[INFO] [stderr]    Compiling toml_datetime v0.6.8
[INFO] [stderr]    Compiling serde_spanned v0.6.7
[INFO] [stderr]    Compiling toml_edit v0.19.15
[INFO] [stderr]    Compiling strum_macros v0.26.4
[INFO] [stderr]    Compiling toml v0.7.8
[INFO] [stderr]    Compiling winresource v0.1.17
[INFO] [stderr]    Compiling ulx_reverse v0.1.0 (/opt/rustwide/workdir)
[INFO] [stderr]     Finished `dev` profile [unoptimized + debuginfo] target(s) in 15.73s
[INFO] running `Command { std: "docker" "inspect" "592a12629deac228484b0903387bcd4b3296f769aea87681159fb1f25f338448", kill_on_drop: false }`
[INFO] running `Command { std: "docker" "rm" "-f" "592a12629deac228484b0903387bcd4b3296f769aea87681159fb1f25f338448", kill_on_drop: false }`
[INFO] [stdout] 592a12629deac228484b0903387bcd4b3296f769aea87681159fb1f25f338448
[INFO] running `Command { std: "docker" "create" "-v" "/var/lib/crater-agent-workspace/builds/worker-0-tc2/target:/opt/rustwide/target:rw,Z" "-v" "/var/lib/crater-agent-workspace/builds/worker-0-tc2/source:/opt/rustwide/workdir:ro,Z" "-v" "/var/lib/crater-agent-workspace/cargo-home:/opt/rustwide/cargo-home:ro,Z" "-v" "/var/lib/crater-agent-workspace/rustup-home:/opt/rustwide/rustup-home:ro,Z" "-e" "SOURCE_DIR=/opt/rustwide/workdir" "-e" "CARGO_TARGET_DIR=/opt/rustwide/target" "-e" "CARGO_INCREMENTAL=0" "-e" "RUST_BACKTRACE=full" "-e" "RUSTFLAGS=--cap-lints=warn" "-e" "RUSTDOCFLAGS=--cap-lints=warn" "-e" "CARGO_HOME=/opt/rustwide/cargo-home" "-e" "RUSTUP_HOME=/opt/rustwide/rustup-home" "-w" "/opt/rustwide/workdir" "-m" "1610612736" "--user" "0:0" "--network" "none" "ghcr.io/rust-lang/crates-build-env/linux@sha256:f3a9d4ad9d972b27faf3965f35b62e55ba32bbce8f20bc8fe909558a86702fde" "/opt/rustwide/cargo-home/bin/cargo" "+beta-2024-12-08" "test" "--frozen" "--no-run" "--message-format=json", kill_on_drop: false }`
[INFO] [stdout] 6e8a3c17894b9aeaa4272ac4f321b3511381c49f8b544f8c936cb050226e60dd
[INFO] running `Command { std: "docker" "start" "-a" "6e8a3c17894b9aeaa4272ac4f321b3511381c49f8b544f8c936cb050226e60dd", kill_on_drop: false }`
[INFO] [stderr]    Compiling ulx_reverse v0.1.0 (/opt/rustwide/workdir)
[INFO] [stderr]     Finished `test` profile [unoptimized + debuginfo] target(s) in 0.51s
[INFO] running `Command { std: "docker" "inspect" "6e8a3c17894b9aeaa4272ac4f321b3511381c49f8b544f8c936cb050226e60dd", kill_on_drop: false }`
[INFO] running `Command { std: "docker" "rm" "-f" "6e8a3c17894b9aeaa4272ac4f321b3511381c49f8b544f8c936cb050226e60dd", kill_on_drop: false }`
[INFO] [stdout] 6e8a3c17894b9aeaa4272ac4f321b3511381c49f8b544f8c936cb050226e60dd
[INFO] running `Command { std: "docker" "create" "-v" "/var/lib/crater-agent-workspace/builds/worker-0-tc2/target:/opt/rustwide/target:rw,Z" "-v" "/var/lib/crater-agent-workspace/builds/worker-0-tc2/source:/opt/rustwide/workdir:ro,Z" "-v" "/var/lib/crater-agent-workspace/cargo-home:/opt/rustwide/cargo-home:ro,Z" "-v" "/var/lib/crater-agent-workspace/rustup-home:/opt/rustwide/rustup-home:ro,Z" "-e" "SOURCE_DIR=/opt/rustwide/workdir" "-e" "CARGO_TARGET_DIR=/opt/rustwide/target" "-e" "CARGO_INCREMENTAL=0" "-e" "RUST_BACKTRACE=full" "-e" "RUSTFLAGS=--cap-lints=warn" "-e" "RUSTDOCFLAGS=--cap-lints=warn" "-e" "CARGO_HOME=/opt/rustwide/cargo-home" "-e" "RUSTUP_HOME=/opt/rustwide/rustup-home" "-w" "/opt/rustwide/workdir" "-m" "1610612736" "--user" "0:0" "--network" "none" "ghcr.io/rust-lang/crates-build-env/linux@sha256:f3a9d4ad9d972b27faf3965f35b62e55ba32bbce8f20bc8fe909558a86702fde" "/opt/rustwide/cargo-home/bin/cargo" "+beta-2024-12-08" "test" "--frozen", kill_on_drop: false }`
[INFO] [stdout] b5485e1778cc3e83637fec7f3ebb2e316db29d2a7e3c7e1bbaf60b99b4457fc5
[INFO] running `Command { std: "docker" "start" "-a" "b5485e1778cc3e83637fec7f3ebb2e316db29d2a7e3c7e1bbaf60b99b4457fc5", kill_on_drop: false }`
[INFO] [stderr]     Finished `test` profile [unoptimized + debuginfo] target(s) in 0.05s
[INFO] [stderr]      Running unittests src/lib.rs (/opt/rustwide/target/debug/deps/ulx_reverse-cfcfd32d2633bee5)
[INFO] [stdout] 
[INFO] [stdout] running 0 tests
[INFO] [stdout] 
[INFO] [stdout] test result: ok. 0 passed; 0 failed; 0 ignored; 0 measured; 0 filtered out; finished in 0.00s
[INFO] [stdout] 
[INFO] [stderr]      Running unittests src/main.rs (/opt/rustwide/target/debug/deps/ulx_reverse-ca24cb9d21efebd1)
[INFO] [stdout] 
[INFO] [stdout] running 0 tests
[INFO] [stdout] 
[INFO] [stdout] test result: ok. 0 passed; 0 failed; 0 ignored; 0 measured; 0 filtered out; finished in 0.00s
[INFO] [stdout] 
[INFO] [stderr]    Doc-tests ulx_reverse
[INFO] [stdout] 
[INFO] [stdout] running 1 test
[INFO] [stdout] test src/utils.rs - utils::extract_bits (line 12) ... FAILED
[INFO] [stdout] 
[INFO] [stdout] failures:
[INFO] [stdout] 
[INFO] [stdout] ---- src/utils.rs - utils::extract_bits (line 12) stdout ----
[INFO] [stdout] error[E0425]: cannot find function `extract_bits` in this scope
[INFO] [stdout]  --> src/utils.rs:16:14
[INFO] [stdout]   |
[INFO] [stdout] 6 | let result = extract_bits(number, start, count);
[INFO] [stdout]   |              ^^^^^^^^^^^^ not found in this scope
[INFO] [stdout]   |
[INFO] [stdout] help: consider importing this function
[INFO] [stdout]   |
[INFO] [stdout] 2 + use ulx_reverse::utils::extract_bits;
[INFO] [stdout]   |
[INFO] [stdout] 
[INFO] [stdout] error: aborting due to 1 previous error
[INFO] [stdout] 
[INFO] [stdout] For more information about this error, try `rustc --explain E0425`.
[INFO] [stdout] Couldn't compile the test.
[INFO] [stdout] 
[INFO] [stdout] failures:
[INFO] [stdout]     src/utils.rs - utils::extract_bits (line 12)
[INFO] [stdout] 
[INFO] [stdout] test result: FAILED. 0 passed; 1 failed; 0 ignored; 0 measured; 0 filtered out; finished in 0.10s
[INFO] [stdout] 
[INFO] [stderr] error: doctest failed, to rerun pass `--doc`
[INFO] running `Command { std: "docker" "inspect" "b5485e1778cc3e83637fec7f3ebb2e316db29d2a7e3c7e1bbaf60b99b4457fc5", kill_on_drop: false }`
[INFO] running `Command { std: "docker" "rm" "-f" "b5485e1778cc3e83637fec7f3ebb2e316db29d2a7e3c7e1bbaf60b99b4457fc5", kill_on_drop: false }`
[INFO] [stdout] b5485e1778cc3e83637fec7f3ebb2e316db29d2a7e3c7e1bbaf60b99b4457fc5
