[INFO] cloning repository https://github.com/jo1gi/sea-serpent
[INFO] running `Command { std: "git" "-c" "credential.helper=" "-c" "credential.helper=/workspace/cargo-home/bin/git-credential-null" "clone" "--bare" "https://github.com/jo1gi/sea-serpent" "/workspace/cache/git-repos/https%3A%2F%2Fgithub.com%2Fjo1gi%2Fsea-serpent", kill_on_drop: false }`
[INFO] [stderr] Cloning into bare repository '/workspace/cache/git-repos/https%3A%2F%2Fgithub.com%2Fjo1gi%2Fsea-serpent'...
[INFO] running `Command { std: "git" "rev-parse" "HEAD", kill_on_drop: false }`
[INFO] [stdout] 8293278419294921afecdcd90d04ea1a9776e279
[INFO] testing jo1gi/sea-serpent against beta-2024-12-08 for beta-1.84.0-4-retry
[INFO] running `Command { std: "git" "clone" "/workspace/cache/git-repos/https%3A%2F%2Fgithub.com%2Fjo1gi%2Fsea-serpent" "/workspace/builds/worker-0-tc2/source", kill_on_drop: false }`
[INFO] [stderr] Cloning into '/workspace/builds/worker-0-tc2/source'...
[INFO] [stderr] done.
[INFO] validating manifest of git repo https://github.com/jo1gi/sea-serpent on toolchain beta-2024-12-08
[INFO] running `Command { std: CARGO_HOME="/workspace/cargo-home" RUSTUP_HOME="/workspace/rustup-home" "/workspace/cargo-home/bin/cargo" "+beta-2024-12-08" "metadata" "--manifest-path" "Cargo.toml" "--no-deps", kill_on_drop: false }`
[INFO] started tweaking git repo https://github.com/jo1gi/sea-serpent
[INFO] finished tweaking git repo https://github.com/jo1gi/sea-serpent
[INFO] tweaked toml for git repo https://github.com/jo1gi/sea-serpent written to /workspace/builds/worker-0-tc2/source/Cargo.toml
[INFO] crate git repo https://github.com/jo1gi/sea-serpent already has a lockfile, it will not be regenerated
[INFO] running `Command { std: CARGO_HOME="/workspace/cargo-home" RUSTUP_HOME="/workspace/rustup-home" "/workspace/cargo-home/bin/cargo" "+beta-2024-12-08" "fetch" "--manifest-path" "Cargo.toml", kill_on_drop: false }`
[INFO] running `Command { std: "docker" "create" "-v" "/var/lib/crater-agent-workspace/builds/worker-0-tc2/target:/opt/rustwide/target:rw,Z" "-v" "/var/lib/crater-agent-workspace/builds/worker-0-tc2/source:/opt/rustwide/workdir:ro,Z" "-v" "/var/lib/crater-agent-workspace/cargo-home:/opt/rustwide/cargo-home:ro,Z" "-v" "/var/lib/crater-agent-workspace/rustup-home:/opt/rustwide/rustup-home:ro,Z" "-e" "SOURCE_DIR=/opt/rustwide/workdir" "-e" "CARGO_TARGET_DIR=/opt/rustwide/target" "-e" "CARGO_HOME=/opt/rustwide/cargo-home" "-e" "RUSTUP_HOME=/opt/rustwide/rustup-home" "-w" "/opt/rustwide/workdir" "-m" "1610612736" "--user" "0:0" "--network" "none" "ghcr.io/rust-lang/crates-build-env/linux@sha256:f3a9d4ad9d972b27faf3965f35b62e55ba32bbce8f20bc8fe909558a86702fde" "/opt/rustwide/cargo-home/bin/cargo" "+beta-2024-12-08" "metadata" "--no-deps" "--format-version=1", kill_on_drop: false }`
[INFO] [stdout] d0ff7e31641b25456a8cece772917dc8d2b234480629a97f15565b7099840002
[INFO] running `Command { std: "docker" "start" "-a" "d0ff7e31641b25456a8cece772917dc8d2b234480629a97f15565b7099840002", kill_on_drop: false }`
[INFO] running `Command { std: "docker" "inspect" "d0ff7e31641b25456a8cece772917dc8d2b234480629a97f15565b7099840002", kill_on_drop: false }`
[INFO] running `Command { std: "docker" "rm" "-f" "d0ff7e31641b25456a8cece772917dc8d2b234480629a97f15565b7099840002", kill_on_drop: false }`
[INFO] [stdout] d0ff7e31641b25456a8cece772917dc8d2b234480629a97f15565b7099840002
[INFO] running `Command { std: "docker" "create" "-v" "/var/lib/crater-agent-workspace/builds/worker-0-tc2/target:/opt/rustwide/target:rw,Z" "-v" "/var/lib/crater-agent-workspace/builds/worker-0-tc2/source:/opt/rustwide/workdir:ro,Z" "-v" "/var/lib/crater-agent-workspace/cargo-home:/opt/rustwide/cargo-home:ro,Z" "-v" "/var/lib/crater-agent-workspace/rustup-home:/opt/rustwide/rustup-home:ro,Z" "-e" "SOURCE_DIR=/opt/rustwide/workdir" "-e" "CARGO_TARGET_DIR=/opt/rustwide/target" "-e" "CARGO_INCREMENTAL=0" "-e" "RUST_BACKTRACE=full" "-e" "RUSTFLAGS=--cap-lints=warn" "-e" "RUSTDOCFLAGS=--cap-lints=warn" "-e" "CARGO_HOME=/opt/rustwide/cargo-home" "-e" "RUSTUP_HOME=/opt/rustwide/rustup-home" "-w" "/opt/rustwide/workdir" "-m" "1610612736" "--user" "0:0" "--network" "none" "ghcr.io/rust-lang/crates-build-env/linux@sha256:f3a9d4ad9d972b27faf3965f35b62e55ba32bbce8f20bc8fe909558a86702fde" "/opt/rustwide/cargo-home/bin/cargo" "+beta-2024-12-08" "build" "--frozen" "--message-format=json", kill_on_drop: false }`
[INFO] [stdout] a0f8696dcc18f22d3490057a063f20207114ad01fbd3899623b5ac016a68a95e
[INFO] running `Command { std: "docker" "start" "-a" "a0f8696dcc18f22d3490057a063f20207114ad01fbd3899623b5ac016a68a95e", kill_on_drop: false }`
[INFO] [stderr]    Compiling proc-macro2 v1.0.51
[INFO] [stderr]    Compiling quote v1.0.23
[INFO] [stderr]    Compiling unicode-ident v1.0.6
[INFO] [stderr]    Compiling syn v1.0.107
[INFO] [stderr]    Compiling serde_derive v1.0.152
[INFO] [stderr]    Compiling serde v1.0.152
[INFO] [stderr]    Compiling version_check v0.9.4
[INFO] [stderr]    Compiling memchr v2.5.0
[INFO] [stderr]    Compiling libc v0.2.139
[INFO] [stderr]    Compiling vcpkg v0.2.15
[INFO] [stderr]    Compiling autocfg v1.1.0
[INFO] [stderr]    Compiling pkg-config v0.3.26
[INFO] [stderr]    Compiling proc-macro-error-attr v1.0.4
[INFO] [stderr]    Compiling proc-macro-error v1.0.4
[INFO] [stderr]    Compiling hashbrown v0.12.3
[INFO] [stderr]    Compiling indexmap v1.9.2
[INFO] [stderr]    Compiling lazy_static v1.4.0
[INFO] [stderr]    Compiling unicode-segmentation v1.10.1
[INFO] [stderr]    Compiling log v0.4.17
[INFO] [stderr]    Compiling unicode-width v0.1.10
[INFO] [stderr]    Compiling aho-corasick v0.7.20
[INFO] [stderr]    Compiling textwrap v0.11.0
[INFO] [stderr]    Compiling libsqlite3-sys v0.25.2
[INFO] [stderr]    Compiling atty v0.2.14
[INFO] [stderr]    Compiling heck v0.3.3
[INFO] [stderr]    Compiling nom8 v0.2.0
[INFO] [stderr]    Compiling ansi_term v0.12.1
[INFO] [stderr]    Compiling serde_json v1.0.93
[INFO] [stderr]    Compiling bitflags v1.3.2
[INFO] [stderr]    Compiling regex-syntax v0.6.28
[INFO] [stderr]    Compiling strsim v0.8.0
[INFO] [stderr]    Compiling vec_map v0.8.2
[INFO] [stderr]    Compiling thiserror v1.0.38
[INFO] [stderr]    Compiling cfg-if v1.0.0
[INFO] [stderr]    Compiling clap v2.34.0
[INFO] [stderr]    Compiling itoa v1.0.5
[INFO] [stderr]    Compiling ryu v1.0.12
[INFO] [stderr]    Compiling fern v0.6.1
[INFO] [stderr]    Compiling colored v2.0.0
[INFO] [stderr]    Compiling regex v1.7.1
[INFO] [stderr]    Compiling rt-format v0.3.1
[INFO] [stderr]    Compiling diesel_derives v2.0.2
[INFO] [stderr]    Compiling structopt-derive v0.4.18
[INFO] [stderr]    Compiling thiserror-impl v1.0.38
[INFO] [stderr]    Compiling displaydoc v0.2.3
[INFO] [stderr]    Compiling structopt v0.3.26
[INFO] [stderr]    Compiling diesel v2.0.3
[INFO] [stderr]    Compiling toml v0.5.11
[INFO] [stderr]    Compiling toml_datetime v0.6.1
[INFO] [stderr]    Compiling serde_spanned v0.6.1
[INFO] [stderr]    Compiling toml_edit v0.19.3
[INFO] [stderr]    Compiling migrations_internals v2.0.0
[INFO] [stderr]    Compiling migrations_macros v2.0.0
[INFO] [stderr]    Compiling toml v0.7.2
[INFO] [stderr]    Compiling diesel_migrations v2.0.0
[INFO] [stderr]    Compiling sea-serpent v0.1.0 (/opt/rustwide/workdir)
[INFO] [stdout] warning: non-local `impl` definition, `impl` blocks should be written at the same level as their item
[INFO] [stdout]  --> src/database/error.rs:5:24
[INFO] [stdout]   |
[INFO] [stdout] 5 | #[derive(Debug, Error, Display)]
[INFO] [stdout]   |                        ^------
[INFO] [stdout]   |                        |
[INFO] [stdout]   |                        `Display` is not local
[INFO] [stdout]   |                        move the `impl` block outside of this constant `_DERIVE_Display_FOR_DatabaseError`
[INFO] [stdout] 6 | /// Seaserpent database error
[INFO] [stdout] 7 | pub enum DatabaseError {
[INFO] [stdout]   |          ------------- `DatabaseError` is not local
[INFO] [stdout]   |
[INFO] [stdout]   = note: the derive macro `Display` defines the non-local `impl`, and may need to be changed
[INFO] [stdout]   = note: the derive macro `Display` may come from an old version of the `displaydoc` crate, try updating your dependency with `cargo update -p displaydoc`
[INFO] [stdout]   = note: an `impl` is never scoped, even when it is nested inside an item, as it may impact type checking outside of that item, which can be the case if neither the trait or the self type are at the same nesting level as the `impl`
[INFO] [stdout]   = note: items in an anonymous const item (`const _: () = { ... }`) are treated as in the same scope as the anonymous const's declaration for the purpose of this lint
[INFO] [stdout]   = note: `#[warn(non_local_definitions)]` on by default
[INFO] [stdout]   = note: this warning originates in the derive macro `Display` (in Nightly builds, run with -Z macro-backtrace for more info)
[INFO] [stdout] 
[INFO] [stdout] 
[INFO] [stdout] warning: non-local `impl` definition, `impl` blocks should be written at the same level as their item
[INFO] [stdout]   --> src/search/mod.rs:12:24
[INFO] [stdout]    |
[INFO] [stdout] 12 | #[derive(Debug, Error, Display)]
[INFO] [stdout]    |                        ^------
[INFO] [stdout]    |                        |
[INFO] [stdout]    |                        `Display` is not local
[INFO] [stdout]    |                        move the `impl` block outside of this constant `_DERIVE_Display_FOR_SearchError`
[INFO] [stdout] 13 | pub enum SearchError {
[INFO] [stdout]    |          ----------- `SearchError` is not local
[INFO] [stdout]    |
[INFO] [stdout]    = note: the derive macro `Display` defines the non-local `impl`, and may need to be changed
[INFO] [stdout]    = note: the derive macro `Display` may come from an old version of the `displaydoc` crate, try updating your dependency with `cargo update -p displaydoc`
[INFO] [stdout]    = note: an `impl` is never scoped, even when it is nested inside an item, as it may impact type checking outside of that item, which can be the case if neither the trait or the self type are at the same nesting level as the `impl`
[INFO] [stdout]    = note: items in an anonymous const item (`const _: () = { ... }`) are treated as in the same scope as the anonymous const's declaration for the purpose of this lint
[INFO] [stdout]    = note: this warning originates in the derive macro `Display` (in Nightly builds, run with -Z macro-backtrace for more info)
[INFO] [stdout] 
[INFO] [stdout] 
[INFO] [stdout] warning: non-local `impl` definition, `impl` blocks should be written at the same level as their item
[INFO] [stdout]  --> src/search/lexer.rs:7:24
[INFO] [stdout]   |
[INFO] [stdout] 7 | #[derive(Debug, Error, Display)]
[INFO] [stdout]   |                        ^------
[INFO] [stdout]   |                        |
[INFO] [stdout]   |                        `Display` is not local
[INFO] [stdout]   |                        move the `impl` block outside of this constant `_DERIVE_Display_FOR_LexError`
[INFO] [stdout] 8 | pub enum LexError {
[INFO] [stdout]   |          -------- `LexError` is not local
[INFO] [stdout]   |
[INFO] [stdout]   = note: the derive macro `Display` defines the non-local `impl`, and may need to be changed
[INFO] [stdout]   = note: the derive macro `Display` may come from an old version of the `displaydoc` crate, try updating your dependency with `cargo update -p displaydoc`
[INFO] [stdout]   = note: an `impl` is never scoped, even when it is nested inside an item, as it may impact type checking outside of that item, which can be the case if neither the trait or the self type are at the same nesting level as the `impl`
[INFO] [stdout]   = note: items in an anonymous const item (`const _: () = { ... }`) are treated as in the same scope as the anonymous const's declaration for the purpose of this lint
[INFO] [stdout]   = note: this warning originates in the derive macro `Display` (in Nightly builds, run with -Z macro-backtrace for more info)
[INFO] [stdout] 
[INFO] [stdout] 
[INFO] [stdout] warning: non-local `impl` definition, `impl` blocks should be written at the same level as their item
[INFO] [stdout]  --> src/search/parser.rs:7:24
[INFO] [stdout]   |
[INFO] [stdout] 7 | #[derive(Debug, Error, Display)]
[INFO] [stdout]   |                        ^------
[INFO] [stdout]   |                        |
[INFO] [stdout]   |                        `Display` is not local
[INFO] [stdout]   |                        move the `impl` block outside of this constant `_DERIVE_Display_FOR_ParseError`
[INFO] [stdout] 8 | pub enum ParseError {
[INFO] [stdout]   |          ---------- `ParseError` is not local
[INFO] [stdout]   |
[INFO] [stdout]   = note: the derive macro `Display` defines the non-local `impl`, and may need to be changed
[INFO] [stdout]   = note: the derive macro `Display` may come from an old version of the `displaydoc` crate, try updating your dependency with `cargo update -p displaydoc`
[INFO] [stdout]   = note: an `impl` is never scoped, even when it is nested inside an item, as it may impact type checking outside of that item, which can be the case if neither the trait or the self type are at the same nesting level as the `impl`
[INFO] [stdout]   = note: items in an anonymous const item (`const _: () = { ... }`) are treated as in the same scope as the anonymous const's declaration for the purpose of this lint
[INFO] [stdout]   = note: this warning originates in the derive macro `Display` (in Nightly builds, run with -Z macro-backtrace for more info)
[INFO] [stdout] 
[INFO] [stdout] 
[INFO] [stdout] warning: non-local `impl` definition, `impl` blocks should be written at the same level as their item
[INFO] [stdout]   --> src/cli/main.rs:15:24
[INFO] [stdout]    |
[INFO] [stdout] 15 | #[derive(Debug, Error, Display)]
[INFO] [stdout]    |                        ^------
[INFO] [stdout]    |                        |
[INFO] [stdout]    |                        `Display` is not local
[INFO] [stdout]    |                        move the `impl` block outside of this constant `_DERIVE_Display_FOR_SeaSerpentError`
[INFO] [stdout] 16 | /// Seaserpent error
[INFO] [stdout] 17 | pub enum SeaSerpentError {
[INFO] [stdout]    |          --------------- `SeaSerpentError` is not local
[INFO] [stdout]    |
[INFO] [stdout]    = note: the derive macro `Display` defines the non-local `impl`, and may need to be changed
[INFO] [stdout]    = note: the derive macro `Display` may come from an old version of the `displaydoc` crate, try updating your dependency with `cargo update -p displaydoc`
[INFO] [stdout]    = note: an `impl` is never scoped, even when it is nested inside an item, as it may impact type checking outside of that item, which can be the case if neither the trait or the self type are at the same nesting level as the `impl`
[INFO] [stdout]    = note: items in an anonymous const item (`const _: () = { ... }`) are treated as in the same scope as the anonymous const's declaration for the purpose of this lint
[INFO] [stdout]    = note: `#[warn(non_local_definitions)]` on by default
[INFO] [stdout]    = note: this warning originates in the derive macro `Display` (in Nightly builds, run with -Z macro-backtrace for more info)
[INFO] [stdout] 
[INFO] [stdout] 
[INFO] [stdout] warning: non-local `impl` definition, `impl` blocks should be written at the same level as their item
[INFO] [stdout]   --> src/cli/logging.rs:9:24
[INFO] [stdout]    |
[INFO] [stdout] 9  | #[derive(Debug, Error, Display)]
[INFO] [stdout]    |                        ^------
[INFO] [stdout]    |                        |
[INFO] [stdout]    |                        `Display` is not local
[INFO] [stdout]    |                        move the `impl` block outside of this constant `_DERIVE_Display_FOR_SeaSerpentLoggingError`
[INFO] [stdout] 10 | pub enum SeaSerpentLoggingError {
[INFO] [stdout]    |          ---------------------- `SeaSerpentLoggingError` is not local
[INFO] [stdout]    |
[INFO] [stdout]    = note: the derive macro `Display` defines the non-local `impl`, and may need to be changed
[INFO] [stdout]    = note: the derive macro `Display` may come from an old version of the `displaydoc` crate, try updating your dependency with `cargo update -p displaydoc`
[INFO] [stdout]    = note: an `impl` is never scoped, even when it is nested inside an item, as it may impact type checking outside of that item, which can be the case if neither the trait or the self type are at the same nesting level as the `impl`
[INFO] [stdout]    = note: items in an anonymous const item (`const _: () = { ... }`) are treated as in the same scope as the anonymous const's declaration for the purpose of this lint
[INFO] [stdout]    = note: this warning originates in the derive macro `Display` (in Nightly builds, run with -Z macro-backtrace for more info)
[INFO] [stdout] 
[INFO] [stdout] 
[INFO] [stderr]     Finished `dev` profile [unoptimized + debuginfo] target(s) in 1m 15s
[INFO] running `Command { std: "docker" "inspect" "a0f8696dcc18f22d3490057a063f20207114ad01fbd3899623b5ac016a68a95e", kill_on_drop: false }`
[INFO] running `Command { std: "docker" "rm" "-f" "a0f8696dcc18f22d3490057a063f20207114ad01fbd3899623b5ac016a68a95e", kill_on_drop: false }`
[INFO] [stdout] a0f8696dcc18f22d3490057a063f20207114ad01fbd3899623b5ac016a68a95e
[INFO] running `Command { std: "docker" "create" "-v" "/var/lib/crater-agent-workspace/builds/worker-0-tc2/target:/opt/rustwide/target:rw,Z" "-v" "/var/lib/crater-agent-workspace/builds/worker-0-tc2/source:/opt/rustwide/workdir:ro,Z" "-v" "/var/lib/crater-agent-workspace/cargo-home:/opt/rustwide/cargo-home:ro,Z" "-v" "/var/lib/crater-agent-workspace/rustup-home:/opt/rustwide/rustup-home:ro,Z" "-e" "SOURCE_DIR=/opt/rustwide/workdir" "-e" "CARGO_TARGET_DIR=/opt/rustwide/target" "-e" "CARGO_INCREMENTAL=0" "-e" "RUST_BACKTRACE=full" "-e" "RUSTFLAGS=--cap-lints=warn" "-e" "RUSTDOCFLAGS=--cap-lints=warn" "-e" "CARGO_HOME=/opt/rustwide/cargo-home" "-e" "RUSTUP_HOME=/opt/rustwide/rustup-home" "-w" "/opt/rustwide/workdir" "-m" "1610612736" "--user" "0:0" "--network" "none" "ghcr.io/rust-lang/crates-build-env/linux@sha256:f3a9d4ad9d972b27faf3965f35b62e55ba32bbce8f20bc8fe909558a86702fde" "/opt/rustwide/cargo-home/bin/cargo" "+beta-2024-12-08" "test" "--frozen" "--no-run" "--message-format=json", kill_on_drop: false }`
[INFO] [stdout] cc04802a7a95f3e7cf01698c3218a98ef937c317aa8743ecd28c68b0e2e49f38
[INFO] running `Command { std: "docker" "start" "-a" "cc04802a7a95f3e7cf01698c3218a98ef937c317aa8743ecd28c68b0e2e49f38", kill_on_drop: false }`
[INFO] [stdout] warning: non-local `impl` definition, `impl` blocks should be written at the same level as their item
[INFO] [stdout]  --> src/database/error.rs:5:24
[INFO] [stdout]   |
[INFO] [stdout] 5 | #[derive(Debug, Error, Display)]
[INFO] [stdout]   |                        ^------
[INFO] [stdout]   |                        |
[INFO] [stdout]   |                        `Display` is not local
[INFO] [stdout]   |                        move the `impl` block outside of this constant `_DERIVE_Display_FOR_DatabaseError`
[INFO] [stdout] 6 | /// Seaserpent database error
[INFO] [stdout] 7 | pub enum DatabaseError {
[INFO] [stdout]   |          ------------- `DatabaseError` is not local
[INFO] [stdout]   |
[INFO] [stdout]   = note: the derive macro `Display` defines the non-local `impl`, and may need to be changed
[INFO] [stdout]   = note: the derive macro `Display` may come from an old version of the `displaydoc` crate, try updating your dependency with `cargo update -p displaydoc`
[INFO] [stdout]   = note: an `impl` is never scoped, even when it is nested inside an item, as it may impact type checking outside of that item, which can be the case if neither the trait or the self type are at the same nesting level as the `impl`
[INFO] [stdout]   = note: items in an anonymous const item (`const _: () = { ... }`) are treated as in the same scope as the anonymous const's declaration for the purpose of this lint
[INFO] [stdout]   = note: `#[warn(non_local_definitions)]` on by default
[INFO] [stdout]   = note: this warning originates in the derive macro `Display` (in Nightly builds, run with -Z macro-backtrace for more info)
[INFO] [stdout] 
[INFO] [stdout] 
[INFO] [stdout] warning: non-local `impl` definition, `impl` blocks should be written at the same level as their item
[INFO] [stdout]   --> src/search/mod.rs:12:24
[INFO] [stdout]    |
[INFO] [stdout] 12 | #[derive(Debug, Error, Display)]
[INFO] [stdout]    |                        ^------
[INFO] [stdout]    |                        |
[INFO] [stdout]    |                        `Display` is not local
[INFO] [stdout]    |                        move the `impl` block outside of this constant `_DERIVE_Display_FOR_SearchError`
[INFO] [stdout] 13 | pub enum SearchError {
[INFO] [stdout]    |          ----------- `SearchError` is not local
[INFO] [stdout]    |
[INFO] [stdout]    = note: the derive macro `Display` defines the non-local `impl`, and may need to be changed
[INFO] [stdout]    = note: the derive macro `Display` may come from an old version of the `displaydoc` crate, try updating your dependency with `cargo update -p displaydoc`
[INFO] [stdout]    = note: an `impl` is never scoped, even when it is nested inside an item, as it may impact type checking outside of that item, which can be the case if neither the trait or the self type are at the same nesting level as the `impl`
[INFO] [stdout]    = note: items in an anonymous const item (`const _: () = { ... }`) are treated as in the same scope as the anonymous const's declaration for the purpose of this lint
[INFO] [stdout]    = note: this warning originates in the derive macro `Display` (in Nightly builds, run with -Z macro-backtrace for more info)
[INFO] [stdout] 
[INFO] [stdout] 
[INFO] [stdout] warning: non-local `impl` definition, `impl` blocks should be written at the same level as their item
[INFO] [stdout]  --> src/search/lexer.rs:7:24
[INFO] [stdout]   |
[INFO] [stdout] 7 | #[derive(Debug, Error, Display)]
[INFO] [stdout]   |                        ^------
[INFO] [stdout]   |                        |
[INFO] [stdout]   |                        `Display` is not local
[INFO] [stdout]   |                        move the `impl` block outside of this constant `_DERIVE_Display_FOR_LexError`
[INFO] [stdout] 8 | pub enum LexError {
[INFO] [stdout]   |          -------- `LexError` is not local
[INFO] [stdout]   |
[INFO] [stdout]   = note: the derive macro `Display` defines the non-local `impl`, and may need to be changed
[INFO] [stdout]   = note: the derive macro `Display` may come from an old version of the `displaydoc` crate, try updating your dependency with `cargo update -p displaydoc`
[INFO] [stdout]   = note: an `impl` is never scoped, even when it is nested inside an item, as it may impact type checking outside of that item, which can be the case if neither the trait or the self type are at the same nesting level as the `impl`
[INFO] [stdout]   = note: items in an anonymous const item (`const _: () = { ... }`) are treated as in the same scope as the anonymous const's declaration for the purpose of this lint
[INFO] [stdout]   = note: this warning originates in the derive macro `Display` (in Nightly builds, run with -Z macro-backtrace for more info)
[INFO] [stdout] 
[INFO] [stdout] 
[INFO] [stderr]    Compiling sea-serpent v0.1.0 (/opt/rustwide/workdir)
[INFO] [stdout] warning: non-local `impl` definition, `impl` blocks should be written at the same level as their item
[INFO] [stdout]  --> src/search/parser.rs:7:24
[INFO] [stdout]   |
[INFO] [stdout] 7 | #[derive(Debug, Error, Display)]
[INFO] [stdout]   |                        ^------
[INFO] [stdout]   |                        |
[INFO] [stdout]   |                        `Display` is not local
[INFO] [stdout]   |                        move the `impl` block outside of this constant `_DERIVE_Display_FOR_ParseError`
[INFO] [stdout] 8 | pub enum ParseError {
[INFO] [stdout]   |          ---------- `ParseError` is not local
[INFO] [stdout]   |
[INFO] [stdout]   = note: the derive macro `Display` defines the non-local `impl`, and may need to be changed
[INFO] [stdout]   = note: the derive macro `Display` may come from an old version of the `displaydoc` crate, try updating your dependency with `cargo update -p displaydoc`
[INFO] [stdout]   = note: an `impl` is never scoped, even when it is nested inside an item, as it may impact type checking outside of that item, which can be the case if neither the trait or the self type are at the same nesting level as the `impl`
[INFO] [stdout]   = note: items in an anonymous const item (`const _: () = { ... }`) are treated as in the same scope as the anonymous const's declaration for the purpose of this lint
[INFO] [stdout]   = note: this warning originates in the derive macro `Display` (in Nightly builds, run with -Z macro-backtrace for more info)
[INFO] [stdout] 
[INFO] [stdout] 
[INFO] [stdout] warning: non-local `impl` definition, `impl` blocks should be written at the same level as their item
[INFO] [stdout]   --> src/cli/main.rs:15:24
[INFO] [stdout]    |
[INFO] [stdout] 15 | #[derive(Debug, Error, Display)]
[INFO] [stdout]    |                        ^------
[INFO] [stdout]    |                        |
[INFO] [stdout]    |                        `Display` is not local
[INFO] [stdout]    |                        move the `impl` block outside of this constant `_DERIVE_Display_FOR_SeaSerpentError`
[INFO] [stdout] 16 | /// Seaserpent error
[INFO] [stdout] 17 | pub enum SeaSerpentError {
[INFO] [stdout]    |          --------------- `SeaSerpentError` is not local
[INFO] [stdout]    |
[INFO] [stdout]    = note: the derive macro `Display` defines the non-local `impl`, and may need to be changed
[INFO] [stdout]    = note: the derive macro `Display` may come from an old version of the `displaydoc` crate, try updating your dependency with `cargo update -p displaydoc`
[INFO] [stdout]    = note: an `impl` is never scoped, even when it is nested inside an item, as it may impact type checking outside of that item, which can be the case if neither the trait or the self type are at the same nesting level as the `impl`
[INFO] [stdout]    = note: items in an anonymous const item (`const _: () = { ... }`) are treated as in the same scope as the anonymous const's declaration for the purpose of this lint
[INFO] [stdout]    = note: `#[warn(non_local_definitions)]` on by default
[INFO] [stdout]    = note: this warning originates in the derive macro `Display` (in Nightly builds, run with -Z macro-backtrace for more info)
[INFO] [stdout] 
[INFO] [stdout] 
[INFO] [stdout] warning: non-local `impl` definition, `impl` blocks should be written at the same level as their item
[INFO] [stdout]   --> src/cli/logging.rs:9:24
[INFO] [stdout]    |
[INFO] [stdout] 9  | #[derive(Debug, Error, Display)]
[INFO] [stdout]    |                        ^------
[INFO] [stdout]    |                        |
[INFO] [stdout]    |                        `Display` is not local
[INFO] [stdout]    |                        move the `impl` block outside of this constant `_DERIVE_Display_FOR_SeaSerpentLoggingError`
[INFO] [stdout] 10 | pub enum SeaSerpentLoggingError {
[INFO] [stdout]    |          ---------------------- `SeaSerpentLoggingError` is not local
[INFO] [stdout]    |
[INFO] [stdout]    = note: the derive macro `Display` defines the non-local `impl`, and may need to be changed
[INFO] [stdout]    = note: the derive macro `Display` may come from an old version of the `displaydoc` crate, try updating your dependency with `cargo update -p displaydoc`
[INFO] [stdout]    = note: an `impl` is never scoped, even when it is nested inside an item, as it may impact type checking outside of that item, which can be the case if neither the trait or the self type are at the same nesting level as the `impl`
[INFO] [stdout]    = note: items in an anonymous const item (`const _: () = { ... }`) are treated as in the same scope as the anonymous const's declaration for the purpose of this lint
[INFO] [stdout]    = note: this warning originates in the derive macro `Display` (in Nightly builds, run with -Z macro-backtrace for more info)
[INFO] [stdout] 
[INFO] [stdout] 
[INFO] [stdout] warning: non-local `impl` definition, `impl` blocks should be written at the same level as their item
[INFO] [stdout]  --> src/database/error.rs:5:24
[INFO] [stdout]   |
[INFO] [stdout] 5 | #[derive(Debug, Error, Display)]
[INFO] [stdout]   |                        ^------
[INFO] [stdout]   |                        |
[INFO] [stdout]   |                        `Display` is not local
[INFO] [stdout]   |                        move the `impl` block outside of this constant `_DERIVE_Display_FOR_DatabaseError`
[INFO] [stdout] 6 | /// Seaserpent database error
[INFO] [stdout] 7 | pub enum DatabaseError {
[INFO] [stdout]   |          ------------- `DatabaseError` is not local
[INFO] [stdout]   |
[INFO] [stdout]   = note: the derive macro `Display` defines the non-local `impl`, and may need to be changed
[INFO] [stdout]   = note: the derive macro `Display` may come from an old version of the `displaydoc` crate, try updating your dependency with `cargo update -p displaydoc`
[INFO] [stdout]   = note: an `impl` is never scoped, even when it is nested inside an item, as it may impact type checking outside of that item, which can be the case if neither the trait or the self type are at the same nesting level as the `impl`
[INFO] [stdout]   = note: items in an anonymous const item (`const _: () = { ... }`) are treated as in the same scope as the anonymous const's declaration for the purpose of this lint
[INFO] [stdout]   = note: `#[warn(non_local_definitions)]` on by default
[INFO] [stdout]   = note: this warning originates in the derive macro `Display` (in Nightly builds, run with -Z macro-backtrace for more info)
[INFO] [stdout] 
[INFO] [stdout] 
[INFO] [stdout] warning: non-local `impl` definition, `impl` blocks should be written at the same level as their item
[INFO] [stdout]   --> src/search/mod.rs:12:24
[INFO] [stdout]    |
[INFO] [stdout] 12 | #[derive(Debug, Error, Display)]
[INFO] [stdout]    |                        ^------
[INFO] [stdout]    |                        |
[INFO] [stdout]    |                        `Display` is not local
[INFO] [stdout]    |                        move the `impl` block outside of this constant `_DERIVE_Display_FOR_SearchError`
[INFO] [stdout] 13 | pub enum SearchError {
[INFO] [stdout]    |          ----------- `SearchError` is not local
[INFO] [stdout]    |
[INFO] [stdout]    = note: the derive macro `Display` defines the non-local `impl`, and may need to be changed
[INFO] [stdout]    = note: the derive macro `Display` may come from an old version of the `displaydoc` crate, try updating your dependency with `cargo update -p displaydoc`
[INFO] [stdout]    = note: an `impl` is never scoped, even when it is nested inside an item, as it may impact type checking outside of that item, which can be the case if neither the trait or the self type are at the same nesting level as the `impl`
[INFO] [stdout]    = note: items in an anonymous const item (`const _: () = { ... }`) are treated as in the same scope as the anonymous const's declaration for the purpose of this lint
[INFO] [stdout]    = note: this warning originates in the derive macro `Display` (in Nightly builds, run with -Z macro-backtrace for more info)
[INFO] [stdout] 
[INFO] [stdout] 
[INFO] [stdout] warning: non-local `impl` definition, `impl` blocks should be written at the same level as their item
[INFO] [stdout]  --> src/search/lexer.rs:7:24
[INFO] [stdout]   |
[INFO] [stdout] 7 | #[derive(Debug, Error, Display)]
[INFO] [stdout]   |                        ^------
[INFO] [stdout]   |                        |
[INFO] [stdout]   |                        `Display` is not local
[INFO] [stdout]   |                        move the `impl` block outside of this constant `_DERIVE_Display_FOR_LexError`
[INFO] [stdout] 8 | pub enum LexError {
[INFO] [stdout]   |          -------- `LexError` is not local
[INFO] [stdout]   |
[INFO] [stdout]   = note: the derive macro `Display` defines the non-local `impl`, and may need to be changed
[INFO] [stdout]   = note: the derive macro `Display` may come from an old version of the `displaydoc` crate, try updating your dependency with `cargo update -p displaydoc`
[INFO] [stdout]   = note: an `impl` is never scoped, even when it is nested inside an item, as it may impact type checking outside of that item, which can be the case if neither the trait or the self type are at the same nesting level as the `impl`
[INFO] [stdout]   = note: items in an anonymous const item (`const _: () = { ... }`) are treated as in the same scope as the anonymous const's declaration for the purpose of this lint
[INFO] [stdout]   = note: this warning originates in the derive macro `Display` (in Nightly builds, run with -Z macro-backtrace for more info)
[INFO] [stdout] 
[INFO] [stdout] 
[INFO] [stdout] warning: non-local `impl` definition, `impl` blocks should be written at the same level as their item
[INFO] [stdout]  --> src/search/parser.rs:7:24
[INFO] [stdout]   |
[INFO] [stdout] 7 | #[derive(Debug, Error, Display)]
[INFO] [stdout]   |                        ^------
[INFO] [stdout]   |                        |
[INFO] [stdout]   |                        `Display` is not local
[INFO] [stdout]   |                        move the `impl` block outside of this constant `_DERIVE_Display_FOR_ParseError`
[INFO] [stdout] 8 | pub enum ParseError {
[INFO] [stdout]   |          ---------- `ParseError` is not local
[INFO] [stdout]   |
[INFO] [stdout]   = note: the derive macro `Display` defines the non-local `impl`, and may need to be changed
[INFO] [stdout]   = note: the derive macro `Display` may come from an old version of the `displaydoc` crate, try updating your dependency with `cargo update -p displaydoc`
[INFO] [stdout]   = note: an `impl` is never scoped, even when it is nested inside an item, as it may impact type checking outside of that item, which can be the case if neither the trait or the self type are at the same nesting level as the `impl`
[INFO] [stdout]   = note: items in an anonymous const item (`const _: () = { ... }`) are treated as in the same scope as the anonymous const's declaration for the purpose of this lint
[INFO] [stdout]   = note: this warning originates in the derive macro `Display` (in Nightly builds, run with -Z macro-backtrace for more info)
[INFO] [stdout] 
[INFO] [stdout] 
[INFO] [stderr]     Finished `test` profile [unoptimized + debuginfo] target(s) in 3.95s
[INFO] running `Command { std: "docker" "inspect" "cc04802a7a95f3e7cf01698c3218a98ef937c317aa8743ecd28c68b0e2e49f38", kill_on_drop: false }`
[INFO] running `Command { std: "docker" "rm" "-f" "cc04802a7a95f3e7cf01698c3218a98ef937c317aa8743ecd28c68b0e2e49f38", kill_on_drop: false }`
[INFO] [stdout] cc04802a7a95f3e7cf01698c3218a98ef937c317aa8743ecd28c68b0e2e49f38
[INFO] running `Command { std: "docker" "create" "-v" "/var/lib/crater-agent-workspace/builds/worker-0-tc2/target:/opt/rustwide/target:rw,Z" "-v" "/var/lib/crater-agent-workspace/builds/worker-0-tc2/source:/opt/rustwide/workdir:ro,Z" "-v" "/var/lib/crater-agent-workspace/cargo-home:/opt/rustwide/cargo-home:ro,Z" "-v" "/var/lib/crater-agent-workspace/rustup-home:/opt/rustwide/rustup-home:ro,Z" "-e" "SOURCE_DIR=/opt/rustwide/workdir" "-e" "CARGO_TARGET_DIR=/opt/rustwide/target" "-e" "CARGO_INCREMENTAL=0" "-e" "RUST_BACKTRACE=full" "-e" "RUSTFLAGS=--cap-lints=warn" "-e" "RUSTDOCFLAGS=--cap-lints=warn" "-e" "CARGO_HOME=/opt/rustwide/cargo-home" "-e" "RUSTUP_HOME=/opt/rustwide/rustup-home" "-w" "/opt/rustwide/workdir" "-m" "1610612736" "--user" "0:0" "--network" "none" "ghcr.io/rust-lang/crates-build-env/linux@sha256:f3a9d4ad9d972b27faf3965f35b62e55ba32bbce8f20bc8fe909558a86702fde" "/opt/rustwide/cargo-home/bin/cargo" "+beta-2024-12-08" "test" "--frozen", kill_on_drop: false }`
[INFO] [stdout] 057b482c909c5c40a94738e26e8291c11be989fee3da6f7fd112b11ce404c79a
[INFO] running `Command { std: "docker" "start" "-a" "057b482c909c5c40a94738e26e8291c11be989fee3da6f7fd112b11ce404c79a", kill_on_drop: false }`
[INFO] [stderr] warning: non-local `impl` definition, `impl` blocks should be written at the same level as their item
[INFO] [stderr]  --> src/database/error.rs:5:24
[INFO] [stderr]   |
[INFO] [stderr] 5 | #[derive(Debug, Error, Display)]
[INFO] [stderr]   |                        ^------
[INFO] [stderr]   |                        |
[INFO] [stderr]   |                        `Display` is not local
[INFO] [stderr]   |                        move the `impl` block outside of this constant `_DERIVE_Display_FOR_DatabaseError`
[INFO] [stderr] 6 | /// Seaserpent database error
[INFO] [stderr] 7 | pub enum DatabaseError {
[INFO] [stderr]   |          ------------- `DatabaseError` is not local
[INFO] [stderr]   |
[INFO] [stderr]   = note: the derive macro `Display` defines the non-local `impl`, and may need to be changed
[INFO] [stderr]   = note: the derive macro `Display` may come from an old version of the `displaydoc` crate, try updating your dependency with `cargo update -p displaydoc`
[INFO] [stderr]   = note: an `impl` is never scoped, even when it is nested inside an item, as it may impact type checking outside of that item, which can be the case if neither the trait or the self type are at the same nesting level as the `impl`
[INFO] [stderr]   = note: items in an anonymous const item (`const _: () = { ... }`) are treated as in the same scope as the anonymous const's declaration for the purpose of this lint
[INFO] [stderr]   = note: `#[warn(non_local_definitions)]` on by default
[INFO] [stderr]   = note: this warning originates in the derive macro `Display` (in Nightly builds, run with -Z macro-backtrace for more info)
[INFO] [stderr] 
[INFO] [stderr] warning: non-local `impl` definition, `impl` blocks should be written at the same level as their item
[INFO] [stderr]   --> src/search/mod.rs:12:24
[INFO] [stderr]    |
[INFO] [stderr] 12 | #[derive(Debug, Error, Display)]
[INFO] [stderr]    |                        ^------
[INFO] [stderr]    |                        |
[INFO] [stderr]    |                        `Display` is not local
[INFO] [stderr]    |                        move the `impl` block outside of this constant `_DERIVE_Display_FOR_SearchError`
[INFO] [stderr] 13 | pub enum SearchError {
[INFO] [stderr]    |          ----------- `SearchError` is not local
[INFO] [stderr]    |
[INFO] [stderr]    = note: the derive macro `Display` defines the non-local `impl`, and may need to be changed
[INFO] [stderr]    = note: the derive macro `Display` may come from an old version of the `displaydoc` crate, try updating your dependency with `cargo update -p displaydoc`
[INFO] [stderr]    = note: an `impl` is never scoped, even when it is nested inside an item, as it may impact type checking outside of that item, which can be the case if neither the trait or the self type are at the same nesting level as the `impl`
[INFO] [stderr]    = note: items in an anonymous const item (`const _: () = { ... }`) are treated as in the same scope as the anonymous const's declaration for the purpose of this lint
[INFO] [stderr]    = note: this warning originates in the derive macro `Display` (in Nightly builds, run with -Z macro-backtrace for more info)
[INFO] [stderr] 
[INFO] [stderr] warning: non-local `impl` definition, `impl` blocks should be written at the same level as their item
[INFO] [stderr]  --> src/search/lexer.rs:7:24
[INFO] [stderr]   |
[INFO] [stderr] 7 | #[derive(Debug, Error, Display)]
[INFO] [stderr]   |                        ^------
[INFO] [stderr]   |                        |
[INFO] [stderr]   |                        `Display` is not local
[INFO] [stderr]   |                        move the `impl` block outside of this constant `_DERIVE_Display_FOR_LexError`
[INFO] [stderr] 8 | pub enum LexError {
[INFO] [stderr]   |          -------- `LexError` is not local
[INFO] [stderr]   |
[INFO] [stderr]   = note: the derive macro `Display` defines the non-local `impl`, and may need to be changed
[INFO] [stderr]   = note: the derive macro `Display` may come from an old version of the `displaydoc` crate, try updating your dependency with `cargo update -p displaydoc`
[INFO] [stderr]   = note: an `impl` is never scoped, even when it is nested inside an item, as it may impact type checking outside of that item, which can be the case if neither the trait or the self type are at the same nesting level as the `impl`
[INFO] [stderr]   = note: items in an anonymous const item (`const _: () = { ... }`) are treated as in the same scope as the anonymous const's declaration for the purpose of this lint
[INFO] [stderr]   = note: this warning originates in the derive macro `Display` (in Nightly builds, run with -Z macro-backtrace for more info)
[INFO] [stderr] 
[INFO] [stderr] warning: non-local `impl` definition, `impl` blocks should be written at the same level as their item
[INFO] [stderr]  --> src/search/parser.rs:7:24
[INFO] [stderr]   |
[INFO] [stderr] 7 | #[derive(Debug, Error, Display)]
[INFO] [stderr]   |                        ^------
[INFO] [stderr]   |                        |
[INFO] [stderr]   |                        `Display` is not local
[INFO] [stderr]   |                        move the `impl` block outside of this constant `_DERIVE_Display_FOR_ParseError`
[INFO] [stderr] 8 | pub enum ParseError {
[INFO] [stderr]   |          ---------- `ParseError` is not local
[INFO] [stderr]   |
[INFO] [stderr]   = note: the derive macro `Display` defines the non-local `impl`, and may need to be changed
[INFO] [stderr]   = note: the derive macro `Display` may come from an old version of the `displaydoc` crate, try updating your dependency with `cargo update -p displaydoc`
[INFO] [stderr]   = note: an `impl` is never scoped, even when it is nested inside an item, as it may impact type checking outside of that item, which can be the case if neither the trait or the self type are at the same nesting level as the `impl`
[INFO] [stderr]   = note: items in an anonymous const item (`const _: () = { ... }`) are treated as in the same scope as the anonymous const's declaration for the purpose of this lint
[INFO] [stderr]   = note: this warning originates in the derive macro `Display` (in Nightly builds, run with -Z macro-backtrace for more info)
[INFO] [stderr] 
[INFO] [stderr] warning: `sea-serpent` (lib) generated 4 warnings
[INFO] [stderr] warning: non-local `impl` definition, `impl` blocks should be written at the same level as their item
[INFO] [stderr]   --> src/cli/main.rs:15:24
[INFO] [stderr]    |
[INFO] [stderr] 15 | #[derive(Debug, Error, Display)]
[INFO] [stderr]    |                        ^------
[INFO] [stderr]    |                        |
[INFO] [stderr]    |                        `Display` is not local
[INFO] [stderr]    |                        move the `impl` block outside of this constant `_DERIVE_Display_FOR_SeaSerpentError`
[INFO] [stderr] 16 | /// Seaserpent error
[INFO] [stderr] 17 | pub enum SeaSerpentError {
[INFO] [stderr]    |          --------------- `SeaSerpentError` is not local
[INFO] [stderr]    |
[INFO] [stderr]    = note: the derive macro `Display` defines the non-local `impl`, and may need to be changed
[INFO] [stderr]    = note: the derive macro `Display` may come from an old version of the `displaydoc` crate, try updating your dependency with `cargo update -p displaydoc`
[INFO] [stderr]    = note: an `impl` is never scoped, even when it is nested inside an item, as it may impact type checking outside of that item, which can be the case if neither the trait or the self type are at the same nesting level as the `impl`
[INFO] [stderr]    = note: items in an anonymous const item (`const _: () = { ... }`) are treated as in the same scope as the anonymous const's declaration for the purpose of this lint
[INFO] [stderr]    = note: `#[warn(non_local_definitions)]` on by default
[INFO] [stderr]    = note: this warning originates in the derive macro `Display` (in Nightly builds, run with -Z macro-backtrace for more info)
[INFO] [stderr] 
[INFO] [stderr] warning: non-local `impl` definition, `impl` blocks should be written at the same level as their item
[INFO] [stderr]   --> src/cli/logging.rs:9:24
[INFO] [stderr]    |
[INFO] [stderr] 9  | #[derive(Debug, Error, Display)]
[INFO] [stderr]    |                        ^------
[INFO] [stderr]    |                        |
[INFO] [stderr]    |                        `Display` is not local
[INFO] [stderr]    |                        move the `impl` block outside of this constant `_DERIVE_Display_FOR_SeaSerpentLoggingError`
[INFO] [stderr] 10 | pub enum SeaSerpentLoggingError {
[INFO] [stderr]    |          ---------------------- `SeaSerpentLoggingError` is not local
[INFO] [stderr]    |
[INFO] [stderr]    = note: the derive macro `Display` defines the non-local `impl`, and may need to be changed
[INFO] [stderr]    = note: the derive macro `Display` may come from an old version of the `displaydoc` crate, try updating your dependency with `cargo update -p displaydoc`
[INFO] [stderr]    = note: an `impl` is never scoped, even when it is nested inside an item, as it may impact type checking outside of that item, which can be the case if neither the trait or the self type are at the same nesting level as the `impl`
[INFO] [stderr]    = note: items in an anonymous const item (`const _: () = { ... }`) are treated as in the same scope as the anonymous const's declaration for the purpose of this lint
[INFO] [stderr]    = note: this warning originates in the derive macro `Display` (in Nightly builds, run with -Z macro-backtrace for more info)
[INFO] [stderr] 
[INFO] [stderr] warning: `sea-serpent` (bin "sea-serpent" test) generated 2 warnings
[INFO] [stderr] warning: `sea-serpent` (lib test) generated 4 warnings (4 duplicates)
[INFO] [stderr]     Finished `test` profile [unoptimized + debuginfo] target(s) in 0.09s
[INFO] [stderr]      Running unittests src/lib.rs (/opt/rustwide/target/debug/deps/seaserpent-64820c2301ed8d2b)
[INFO] [stdout] 
[INFO] [stdout] running 23 tests
[INFO] [stdout] test database::storage::test::search ... ok
[INFO] [stdout] test database::config::test::whitelist ... ok
[INFO] [stdout] test database::config::test::blacklist ... ok
[INFO] [stdout] test database::tag::test::parse_key_value_tag ... ok
[INFO] [stdout] test search::lexer::test::attribute ... ok
[INFO] [stdout] test database::tag::test::parse_key_tag ... ok
[INFO] [stdout] test search::lexer::test::get_word_quoted ... ok
[INFO] [stdout] test search::lexer::test::get_word_simple ... ok
[INFO] [stdout] test search::lexer::test::lex_or_explicit ... ok
[INFO] [stdout] test search::lexer::test::lex_or_with_comma ... ok
[INFO] [stdout] test search::parser::test::attribute ... ok
[INFO] [stdout] test search::lexer::test::lex_paren ... ok
[INFO] [stdout] test search::parser::test::or ... ok
[INFO] [stdout] test search::parser::test::not ... ok
[INFO] [stdout] test search::parser::test::paren ... ok
[INFO] [stdout] test database::storage::test::add_tag ... ok
[INFO] [stdout] test search::lexer::test::lex_word ... ok
[INFO] [stdout] test search::parser::test::paren_with_trailing ... ok
[INFO] [stdout] test search::parser::test::single_tag ... ok
[INFO] [stdout] test search::parser::test::two_tags ... ok
[INFO] [stdout] test database::storage::test::remove_tag ... ok
[INFO] [stdout] test database::storage::test::remove_file ... ok
[INFO] [stderr] error: test failed, to rerun pass `--lib`
[INFO] [stdout] test search::parser::test::unary_catches_single ... FAILED
[INFO] [stdout] 
[INFO] [stdout] failures:
[INFO] [stdout] 
[INFO] [stdout] ---- search::parser::test::unary_catches_single stdout ----
[INFO] [stdout] thread 'search::parser::test::unary_catches_single' panicked at src/search/parser.rs:210:9:
[INFO] [stdout] assertion `left == right` failed
[INFO] [stdout]   left: UnaryOp { expr: BinaryOp { left: Tag("A"), right: Tag("B"), op_type: And }, op_type: Not }
[INFO] [stdout]  right: BinaryOp { left: UnaryOp { expr: Tag("A"), op_type: Not }, right: Tag("B"), op_type: And }
[INFO] [stdout] stack backtrace:
[INFO] [stdout]    0:     0x650f6ec9163a - std::backtrace_rs::backtrace::libunwind::trace::h8810477743020387
[INFO] [stdout]                                at /rustc/202008a1b8de96d2e5b6bc02d379db03a877d34d/library/std/src/../../backtrace/src/backtrace/libunwind.rs:116:5
[INFO] [stdout]    1:     0x650f6ec9163a - std::backtrace_rs::backtrace::trace_unsynchronized::h3aa55355dd6c54a6
[INFO] [stdout]                                at /rustc/202008a1b8de96d2e5b6bc02d379db03a877d34d/library/std/src/../../backtrace/src/backtrace/mod.rs:66:5
[INFO] [stdout]    2:     0x650f6ec9163a - std::sys::backtrace::_print_fmt::h8588b0f62410823f
[INFO] [stdout]                                at /rustc/202008a1b8de96d2e5b6bc02d379db03a877d34d/library/std/src/sys/backtrace.rs:66:9
[INFO] [stdout]    3:     0x650f6ec9163a - <std::sys::backtrace::BacktraceLock::print::DisplayBacktrace as core::fmt::Display>::fmt::h98c26ac25ffe89bb
[INFO] [stdout]                                at /rustc/202008a1b8de96d2e5b6bc02d379db03a877d34d/library/std/src/sys/backtrace.rs:39:26
[INFO] [stdout]    4:     0x650f6ecb72a3 - core::fmt::rt::Argument::fmt::hf95377f4aebd453b
[INFO] [stdout]                                at /rustc/202008a1b8de96d2e5b6bc02d379db03a877d34d/library/core/src/fmt/rt.rs:177:76
[INFO] [stdout]    5:     0x650f6ecb72a3 - core::fmt::write::h0dd5f6e2238c7982
[INFO] [stdout]                                at /rustc/202008a1b8de96d2e5b6bc02d379db03a877d34d/library/core/src/fmt/mod.rs:1189:21
[INFO] [stdout]    6:     0x650f6ec8e7a3 - std::io::Write::write_fmt::h03bb0ca26e6faf8c
[INFO] [stdout]                                at /rustc/202008a1b8de96d2e5b6bc02d379db03a877d34d/library/std/src/io/mod.rs:1884:15
[INFO] [stdout]    7:     0x650f6ec91482 - std::sys::backtrace::BacktraceLock::print::h5c19c1c038ee186d
[INFO] [stdout]                                at /rustc/202008a1b8de96d2e5b6bc02d379db03a877d34d/library/std/src/sys/backtrace.rs:42:9
[INFO] [stdout]    8:     0x650f6ec92abd - std::panicking::default_hook::{{closure}}::h77172f079a1fcb13
[INFO] [stdout]                                at /rustc/202008a1b8de96d2e5b6bc02d379db03a877d34d/library/std/src/panicking.rs:268:22
[INFO] [stdout]    9:     0x650f6ec928c7 - std::panicking::default_hook::he5f8e3b203ccddba
[INFO] [stdout]                                at /rustc/202008a1b8de96d2e5b6bc02d379db03a877d34d/library/std/src/panicking.rs:292:9
[INFO] [stdout]   10:     0x650f6ec27ca7 - <alloc::boxed::Box<F,A> as core::ops::function::Fn<Args>>::call::h7a3c7b4a1ae77f2f
[INFO] [stdout]                                at /rustc/202008a1b8de96d2e5b6bc02d379db03a877d34d/library/alloc/src/boxed.rs:1986:9
[INFO] [stdout]   11:     0x650f6ec27ca7 - test::test_main::{{closure}}::hf0d3b69ae9b353d1
[INFO] [stdout]                                at /rustc/202008a1b8de96d2e5b6bc02d379db03a877d34d/library/test/src/lib.rs:134:21
[INFO] [stdout]   12:     0x650f6ec93168 - <alloc::boxed::Box<F,A> as core::ops::function::Fn<Args>>::call::h6332e82e7b189abd
[INFO] [stdout]                                at /rustc/202008a1b8de96d2e5b6bc02d379db03a877d34d/library/alloc/src/boxed.rs:1986:9
[INFO] [stdout]   13:     0x650f6ec93168 - std::panicking::rust_panic_with_hook::h53863d4e9018df39
[INFO] [stdout]                                at /rustc/202008a1b8de96d2e5b6bc02d379db03a877d34d/library/std/src/panicking.rs:809:13
[INFO] [stdout]   14:     0x650f6ec92f2a - std::panicking::begin_panic_handler::{{closure}}::h67280e6fa0757873
[INFO] [stdout]                                at /rustc/202008a1b8de96d2e5b6bc02d379db03a877d34d/library/std/src/panicking.rs:674:13
[INFO] [stdout]   15:     0x650f6ec91b19 - std::sys::backtrace::__rust_end_short_backtrace::h1dac3f54d6fbbeb2
[INFO] [stdout]                                at /rustc/202008a1b8de96d2e5b6bc02d379db03a877d34d/library/std/src/sys/backtrace.rs:170:18
[INFO] [stdout]   16:     0x650f6ec92bbc - rust_begin_unwind
[INFO] [stdout]                                at /rustc/202008a1b8de96d2e5b6bc02d379db03a877d34d/library/std/src/panicking.rs:665:5
[INFO] [stdout]   17:     0x650f6eb87b40 - core::panicking::panic_fmt::h6792bd1b2bf01041
[INFO] [stdout]                                at /rustc/202008a1b8de96d2e5b6bc02d379db03a877d34d/library/core/src/panicking.rs:76:14
[INFO] [stdout]   18:     0x650f6eb87f0b - core::panicking::assert_failed_inner::hf2c17e6d30928787
[INFO] [stdout]   19:     0x650f6ebd793d - core::panicking::assert_failed::h90cf3774d1a74ca4
[INFO] [stdout]                                at /rustc/202008a1b8de96d2e5b6bc02d379db03a877d34d/library/core/src/panicking.rs:373:5
[INFO] [stdout]   20:     0x650f6ebc35f1 - seaserpent::search::parser::test::unary_catches_single::h935777bab8b45e55
[INFO] [stdout]                                at /opt/rustwide/workdir/src/search/parser.rs:210:9
[INFO] [stdout]   21:     0x650f6ebc3077 - seaserpent::search::parser::test::unary_catches_single::{{closure}}::hb5e0b3c7c8a6962b
[INFO] [stdout]                                at /opt/rustwide/workdir/src/search/parser.rs:209:30
[INFO] [stdout]   22:     0x650f6ebdb936 - core::ops::function::FnOnce::call_once::hfe6e8e30017c31b6
[INFO] [stdout]                                at /rustc/202008a1b8de96d2e5b6bc02d379db03a877d34d/library/core/src/ops/function.rs:250:5
[INFO] [stdout]   23:     0x650f6ec2c7cb - core::ops::function::FnOnce::call_once::h871bf86719ec9aa4
[INFO] [stdout]                                at /rustc/202008a1b8de96d2e5b6bc02d379db03a877d34d/library/core/src/ops/function.rs:250:5
[INFO] [stdout]   24:     0x650f6ec2c7cb - test::__rust_begin_short_backtrace::h2167df1e2b7d76fd
[INFO] [stdout]                                at /rustc/202008a1b8de96d2e5b6bc02d379db03a877d34d/library/test/src/lib.rs:632:18
[INFO] [stdout]   25:     0x650f6ec2c1b8 - test::run_test_in_process::{{closure}}::h15d92f75a3adfb79
[INFO] [stdout]                                at /rustc/202008a1b8de96d2e5b6bc02d379db03a877d34d/library/test/src/lib.rs:655:60
[INFO] [stdout]   26:     0x650f6ec2c1b8 - <core::panic::unwind_safe::AssertUnwindSafe<F> as core::ops::function::FnOnce<()>>::call_once::hb6c8955835a8dbbb
[INFO] [stdout]                                at /rustc/202008a1b8de96d2e5b6bc02d379db03a877d34d/library/core/src/panic/unwind_safe.rs:272:9
[INFO] [stdout]   27:     0x650f6ec2c1b8 - std::panicking::try::do_call::hc79d0fc888a0bd30
[INFO] [stdout]                                at /rustc/202008a1b8de96d2e5b6bc02d379db03a877d34d/library/std/src/panicking.rs:557:40
[INFO] [stdout]   28:     0x650f6ec2c1b8 - std::panicking::try::hb8a7878e3a8589d6
[INFO] [stdout]                                at /rustc/202008a1b8de96d2e5b6bc02d379db03a877d34d/library/std/src/panicking.rs:520:19
[INFO] [stdout]   29:     0x650f6ec2c1b8 - std::panic::catch_unwind::hb8e4600ff0ff5cfa
[INFO] [stdout]                                at /rustc/202008a1b8de96d2e5b6bc02d379db03a877d34d/library/std/src/panic.rs:358:14
[INFO] [stdout]   30:     0x650f6ec2c1b8 - test::run_test_in_process::hc2900b0b18688dd6
[INFO] [stdout]                                at /rustc/202008a1b8de96d2e5b6bc02d379db03a877d34d/library/test/src/lib.rs:655:27
[INFO] [stdout]   31:     0x650f6ec2c1b8 - test::run_test::{{closure}}::hac2a9cb07be3d48d
[INFO] [stdout]                                at /rustc/202008a1b8de96d2e5b6bc02d379db03a877d34d/library/test/src/lib.rs:576:43
[INFO] [stdout]   32:     0x650f6ebefc5a - test::run_test::{{closure}}::h4a5b729e66a38cd8
[INFO] [stdout]                                at /rustc/202008a1b8de96d2e5b6bc02d379db03a877d34d/library/test/src/lib.rs:606:41
[INFO] [stdout]   33:     0x650f6ebefc5a - std::sys::backtrace::__rust_begin_short_backtrace::h0496fb742492f573
[INFO] [stdout]                                at /rustc/202008a1b8de96d2e5b6bc02d379db03a877d34d/library/std/src/sys/backtrace.rs:154:18
[INFO] [stdout]   34:     0x650f6ebf35d4 - std::thread::Builder::spawn_unchecked_::{{closure}}::{{closure}}::hbb6d257c550a54bd
[INFO] [stdout]                                at /rustc/202008a1b8de96d2e5b6bc02d379db03a877d34d/library/std/src/thread/mod.rs:561:17
[INFO] [stdout]   35:     0x650f6ebf35d4 - <core::panic::unwind_safe::AssertUnwindSafe<F> as core::ops::function::FnOnce<()>>::call_once::h46696fe4a6832328
[INFO] [stdout]                                at /rustc/202008a1b8de96d2e5b6bc02d379db03a877d34d/library/core/src/panic/unwind_safe.rs:272:9
[INFO] [stdout]   36:     0x650f6ebf35d4 - std::panicking::try::do_call::h2625a51b667bfb64
[INFO] [stdout]                                at /rustc/202008a1b8de96d2e5b6bc02d379db03a877d34d/library/std/src/panicking.rs:557:40
[INFO] [stdout]   37:     0x650f6ebf35d4 - std::panicking::try::hb956a59a1973aa4c
[INFO] [stdout]                                at /rustc/202008a1b8de96d2e5b6bc02d379db03a877d34d/library/std/src/panicking.rs:520:19
[INFO] [stdout]   38:     0x650f6ebf35d4 - std::panic::catch_unwind::h64f3b9d1067ef6a0
[INFO] [stdout]                                at /rustc/202008a1b8de96d2e5b6bc02d379db03a877d34d/library/std/src/panic.rs:358:14
[INFO] [stdout]   39:     0x650f6ebf35d4 - std::thread::Builder::spawn_unchecked_::{{closure}}::h42b2841295b6c0b2
[INFO] [stdout]                                at /rustc/202008a1b8de96d2e5b6bc02d379db03a877d34d/library/std/src/thread/mod.rs:559:30
[INFO] [stdout]   40:     0x650f6ebf35d4 - core::ops::function::FnOnce::call_once{{vtable.shim}}::h6127de71b8124639
[INFO] [stdout]                                at /rustc/202008a1b8de96d2e5b6bc02d379db03a877d34d/library/core/src/ops/function.rs:250:5
[INFO] [stdout]   41:     0x650f6ec9713b - <alloc::boxed::Box<F,A> as core::ops::function::FnOnce<Args>>::call_once::h42f0ba71002a1b2c
[INFO] [stdout]                                at /rustc/202008a1b8de96d2e5b6bc02d379db03a877d34d/library/alloc/src/boxed.rs:1972:9
[INFO] [stdout]   42:     0x650f6ec9713b - <alloc::boxed::Box<F,A> as core::ops::function::FnOnce<Args>>::call_once::had9e47d7a3dcecb8
[INFO] [stdout]                                at /rustc/202008a1b8de96d2e5b6bc02d379db03a877d34d/library/alloc/src/boxed.rs:1972:9
[INFO] [stdout]   43:     0x650f6ec9713b - std::sys::pal::unix::thread::Thread::new::thread_start::h48cf765408f6f5f2
[INFO] [stdout]                                at /rustc/202008a1b8de96d2e5b6bc02d379db03a877d34d/library/std/src/sys/pal/unix/thread.rs:105:17
[INFO] [stdout]   44:     0x76d85425cac3 - <unknown>
[INFO] [stdout]   45:     0x76d8542eda04 - clone
[INFO] [stdout]   46:                0x0 - <unknown>
[INFO] [stdout] 
[INFO] [stdout] 
[INFO] [stdout] failures:
[INFO] [stdout]     search::parser::test::unary_catches_single
[INFO] [stdout] 
[INFO] [stdout] test result: FAILED. 22 passed; 1 failed; 0 ignored; 0 measured; 0 filtered out; finished in 0.14s
[INFO] [stdout] 
[INFO] running `Command { std: "docker" "inspect" "057b482c909c5c40a94738e26e8291c11be989fee3da6f7fd112b11ce404c79a", kill_on_drop: false }`
[INFO] running `Command { std: "docker" "rm" "-f" "057b482c909c5c40a94738e26e8291c11be989fee3da6f7fd112b11ce404c79a", kill_on_drop: false }`
[INFO] [stdout] 057b482c909c5c40a94738e26e8291c11be989fee3da6f7fd112b11ce404c79a
