[INFO] cloning repository https://github.com/jmwind/rtracer
[INFO] running `Command { std: "git" "-c" "credential.helper=" "-c" "credential.helper=/workspace/cargo-home/bin/git-credential-null" "clone" "--bare" "https://github.com/jmwind/rtracer" "/workspace/cache/git-repos/https%3A%2F%2Fgithub.com%2Fjmwind%2Frtracer", kill_on_drop: false }`
[INFO] [stderr] Cloning into bare repository '/workspace/cache/git-repos/https%3A%2F%2Fgithub.com%2Fjmwind%2Frtracer'...
[INFO] running `Command { std: "git" "rev-parse" "HEAD", kill_on_drop: false }`
[INFO] [stdout] 70bbb63ed70dba9505ffb2d330242c252114d611
[INFO] testing jmwind/rtracer against 1.83.0 for beta-1.84.0-4-retry
[INFO] running `Command { std: "git" "clone" "/workspace/cache/git-repos/https%3A%2F%2Fgithub.com%2Fjmwind%2Frtracer" "/workspace/builds/worker-7-tc1/source", kill_on_drop: false }`
[INFO] [stderr] Cloning into '/workspace/builds/worker-7-tc1/source'...
[INFO] [stderr] done.
[INFO] validating manifest of git repo https://github.com/jmwind/rtracer on toolchain 1.83.0
[INFO] running `Command { std: CARGO_HOME="/workspace/cargo-home" RUSTUP_HOME="/workspace/rustup-home" "/workspace/cargo-home/bin/cargo" "+1.83.0" "metadata" "--manifest-path" "Cargo.toml" "--no-deps", kill_on_drop: false }`
[INFO] started tweaking git repo https://github.com/jmwind/rtracer
[INFO] finished tweaking git repo https://github.com/jmwind/rtracer
[INFO] tweaked toml for git repo https://github.com/jmwind/rtracer written to /workspace/builds/worker-7-tc1/source/Cargo.toml
[INFO] crate git repo https://github.com/jmwind/rtracer already has a lockfile, it will not be regenerated
[INFO] running `Command { std: CARGO_HOME="/workspace/cargo-home" RUSTUP_HOME="/workspace/rustup-home" "/workspace/cargo-home/bin/cargo" "+1.83.0" "fetch" "--manifest-path" "Cargo.toml", kill_on_drop: false }`
[INFO] running `Command { std: "docker" "create" "-v" "/var/lib/crater-agent-workspace/builds/worker-7-tc1/target:/opt/rustwide/target:rw,Z" "-v" "/var/lib/crater-agent-workspace/builds/worker-7-tc1/source:/opt/rustwide/workdir:ro,Z" "-v" "/var/lib/crater-agent-workspace/cargo-home:/opt/rustwide/cargo-home:ro,Z" "-v" "/var/lib/crater-agent-workspace/rustup-home:/opt/rustwide/rustup-home:ro,Z" "-e" "SOURCE_DIR=/opt/rustwide/workdir" "-e" "CARGO_TARGET_DIR=/opt/rustwide/target" "-e" "CARGO_HOME=/opt/rustwide/cargo-home" "-e" "RUSTUP_HOME=/opt/rustwide/rustup-home" "-w" "/opt/rustwide/workdir" "-m" "1610612736" "--user" "0:0" "--network" "none" "ghcr.io/rust-lang/crates-build-env/linux@sha256:f3a9d4ad9d972b27faf3965f35b62e55ba32bbce8f20bc8fe909558a86702fde" "/opt/rustwide/cargo-home/bin/cargo" "+1.83.0" "metadata" "--no-deps" "--format-version=1", kill_on_drop: false }`
[INFO] [stdout] 623e1898e9a84bdff3b0722308194debdde75042ebfeec6fa0ae390de79bac38
[INFO] running `Command { std: "docker" "start" "-a" "623e1898e9a84bdff3b0722308194debdde75042ebfeec6fa0ae390de79bac38", kill_on_drop: false }`
[INFO] running `Command { std: "docker" "inspect" "623e1898e9a84bdff3b0722308194debdde75042ebfeec6fa0ae390de79bac38", kill_on_drop: false }`
[INFO] running `Command { std: "docker" "rm" "-f" "623e1898e9a84bdff3b0722308194debdde75042ebfeec6fa0ae390de79bac38", kill_on_drop: false }`
[INFO] [stdout] 623e1898e9a84bdff3b0722308194debdde75042ebfeec6fa0ae390de79bac38
[INFO] running `Command { std: "docker" "create" "-v" "/var/lib/crater-agent-workspace/builds/worker-7-tc1/target:/opt/rustwide/target:rw,Z" "-v" "/var/lib/crater-agent-workspace/builds/worker-7-tc1/source:/opt/rustwide/workdir:ro,Z" "-v" "/var/lib/crater-agent-workspace/cargo-home:/opt/rustwide/cargo-home:ro,Z" "-v" "/var/lib/crater-agent-workspace/rustup-home:/opt/rustwide/rustup-home:ro,Z" "-e" "SOURCE_DIR=/opt/rustwide/workdir" "-e" "CARGO_TARGET_DIR=/opt/rustwide/target" "-e" "CARGO_INCREMENTAL=0" "-e" "RUST_BACKTRACE=full" "-e" "RUSTFLAGS=--cap-lints=warn" "-e" "RUSTDOCFLAGS=--cap-lints=warn" "-e" "CARGO_HOME=/opt/rustwide/cargo-home" "-e" "RUSTUP_HOME=/opt/rustwide/rustup-home" "-w" "/opt/rustwide/workdir" "-m" "1610612736" "--user" "0:0" "--network" "none" "ghcr.io/rust-lang/crates-build-env/linux@sha256:f3a9d4ad9d972b27faf3965f35b62e55ba32bbce8f20bc8fe909558a86702fde" "/opt/rustwide/cargo-home/bin/cargo" "+1.83.0" "build" "--frozen" "--message-format=json", kill_on_drop: false }`
[INFO] [stdout] cf83ae0e8a3c7f67a955da6b99196c4138a8c7fa6d7889609d78438fbe346f63
[INFO] running `Command { std: "docker" "start" "-a" "cf83ae0e8a3c7f67a955da6b99196c4138a8c7fa6d7889609d78438fbe346f63", kill_on_drop: false }`
[INFO] [stderr]    Compiling proc-macro2 v1.0.42
[INFO] [stderr]    Compiling unicode-ident v1.0.2
[INFO] [stderr]    Compiling quote v1.0.20
[INFO] [stderr]    Compiling pkg-config v0.3.25
[INFO] [stderr]    Compiling libc v0.2.126
[INFO] [stderr]    Compiling xml-rs v0.8.4
[INFO] [stderr]    Compiling memoffset v0.6.5
[INFO] [stderr]    Compiling libloading v0.7.3
[INFO] [stderr]    Compiling memchr v2.5.0
[INFO] [stderr]    Compiling dlib v0.5.0
[INFO] [stderr]    Compiling smallvec v1.9.0
[INFO] [stderr]    Compiling once_cell v1.13.0
[INFO] [stderr]    Compiling minimal-lexical v0.2.1
[INFO] [stderr]    Compiling downcast-rs v1.2.0
[INFO] [stderr]    Compiling wayland-sys v0.29.4
[INFO] [stderr]    Compiling scoped-tls v1.0.0
[INFO] [stderr]    Compiling x11-dl v2.19.1
[INFO] [stderr]    Compiling cc v1.0.73
[INFO] [stderr]    Compiling remove_dir_all v0.5.3
[INFO] [stderr]    Compiling wayland-scanner v0.29.4
[INFO] [stderr]    Compiling fastrand v1.8.0
[INFO] [stderr]    Compiling nom v7.1.1
[INFO] [stderr]    Compiling cty v0.2.2
[INFO] [stderr]    Compiling raw-window-handle v0.4.3
[INFO] [stderr]    Compiling minifb v0.23.0
[INFO] [stderr]    Compiling nix v0.22.3
[INFO] [stderr]    Compiling tempfile v3.3.0
[INFO] [stderr]    Compiling wayland-client v0.29.4
[INFO] [stderr]    Compiling wayland-protocols v0.29.4
[INFO] [stderr]    Compiling xcursor v0.3.4
[INFO] [stderr]    Compiling wayland-commons v0.29.4
[INFO] [stderr]    Compiling wayland-cursor v0.29.4
[INFO] [stderr]    Compiling rtracer v0.1.0 (/opt/rustwide/workdir)
[INFO] [stdout] warning: unused import: `std::convert::identity`
[INFO] [stdout]  --> src/main.rs:3:5
[INFO] [stdout]   |
[INFO] [stdout] 3 | use std::convert::identity;
[INFO] [stdout]   |     ^^^^^^^^^^^^^^^^^^^^^^
[INFO] [stdout]   |
[INFO] [stdout]   = note: `#[warn(unused_imports)]` on by default
[INFO] [stdout] 
[INFO] [stdout] 
[INFO] [stdout] warning: unused macro definition: `vector`
[INFO] [stdout]   --> src/main.rs:16:14
[INFO] [stdout]    |
[INFO] [stdout] 16 | macro_rules! vector {
[INFO] [stdout]    |              ^^^^^^
[INFO] [stdout]    |
[INFO] [stdout]    = note: `#[warn(unused_macros)]` on by default
[INFO] [stdout] 
[INFO] [stdout] 
[INFO] [stdout] warning: unused macro definition: `ray`
[INFO] [stdout]   --> src/main.rs:21:14
[INFO] [stdout]    |
[INFO] [stdout] 21 | macro_rules! ray {
[INFO] [stdout]    |              ^^^
[INFO] [stdout] 
[INFO] [stdout] 
[INFO] [stdout] warning: unused macro definition: `rotation_x`
[INFO] [stdout]   --> src/main.rs:27:14
[INFO] [stdout]    |
[INFO] [stdout] 27 | macro_rules! rotation_x {
[INFO] [stdout]    |              ^^^^^^^^^^
[INFO] [stdout] 
[INFO] [stdout] 
[INFO] [stdout] warning: unused macro definition: `rotation_y`
[INFO] [stdout]   --> src/main.rs:33:14
[INFO] [stdout]    |
[INFO] [stdout] 33 | macro_rules! rotation_y {
[INFO] [stdout]    |              ^^^^^^^^^^
[INFO] [stdout] 
[INFO] [stdout] 
[INFO] [stdout] warning: unused macro definition: `scaling`
[INFO] [stdout]   --> src/main.rs:45:14
[INFO] [stdout]    |
[INFO] [stdout] 45 | macro_rules! scaling {
[INFO] [stdout]    |              ^^^^^^^
[INFO] [stdout] 
[INFO] [stdout] 
[INFO] [stdout] warning: unused macro definition: `translation`
[INFO] [stdout]   --> src/main.rs:51:14
[INFO] [stdout]    |
[INFO] [stdout] 51 | macro_rules! translation {
[INFO] [stdout]    |              ^^^^^^^^^^^
[INFO] [stdout] 
[INFO] [stdout] 
[INFO] [stdout] warning: unused macro definition: `intersection`
[INFO] [stdout]   --> src/main.rs:57:14
[INFO] [stdout]    |
[INFO] [stdout] 57 | macro_rules! intersection {
[INFO] [stdout]    |              ^^^^^^^^^^^^
[INFO] [stdout] 
[INFO] [stdout] 
[INFO] [stdout] warning: unused variable: `c`
[INFO] [stdout]    --> src/main.rs:267:18
[INFO] [stdout]     |
[INFO] [stdout] 267 |         fn empty(c: &Canvas) {}
[INFO] [stdout]     |                  ^ help: if this is intentional, prefix it with an underscore: `_c`
[INFO] [stdout]     |
[INFO] [stdout]     = note: `#[warn(unused_variables)]` on by default
[INFO] [stdout] 
[INFO] [stdout] 
[INFO] [stdout] warning: struct `Ray` is never constructed
[INFO] [stdout]   --> src/main.rs:90:8
[INFO] [stdout]    |
[INFO] [stdout] 90 | struct Ray {
[INFO] [stdout]    |        ^^^
[INFO] [stdout]    |
[INFO] [stdout]    = note: `#[warn(dead_code)]` on by default
[INFO] [stdout] 
[INFO] [stdout] 
[INFO] [stdout] warning: methods `set_transform` and `intersect` are never used
[INFO] [stdout]   --> src/main.rs:97:8
[INFO] [stdout]    |
[INFO] [stdout] 95 | trait SceneObject {
[INFO] [stdout]    |       ----------- methods in this trait
[INFO] [stdout] 96 |     fn get_id(&self) -> usize;
[INFO] [stdout] 97 |     fn set_transform(&mut self, matrix: Matrix<f64>);
[INFO] [stdout]    |        ^^^^^^^^^^^^^
[INFO] [stdout] 98 |     fn intersect(self: Box<Self>, ray: Ray) -> Vec<Intersection>;
[INFO] [stdout]    |        ^^^^^^^^^
[INFO] [stdout] 
[INFO] [stdout] 
[INFO] [stdout] warning: struct `Sphere` is never constructed
[INFO] [stdout]    --> src/main.rs:108:8
[INFO] [stdout]     |
[INFO] [stdout] 108 | struct Sphere {
[INFO] [stdout]     |        ^^^^^^
[INFO] [stdout] 
[INFO] [stdout] 
[INFO] [stdout] warning: struct `Intersection` is never constructed
[INFO] [stdout]    --> src/main.rs:115:8
[INFO] [stdout]     |
[INFO] [stdout] 115 | struct Intersection {
[INFO] [stdout]     |        ^^^^^^^^^^^^
[INFO] [stdout] 
[INFO] [stdout] 
[INFO] [stdout] warning: struct `Intersections` is never constructed
[INFO] [stdout]    --> src/main.rs:120:8
[INFO] [stdout]     |
[INFO] [stdout] 120 | struct Intersections {
[INFO] [stdout]     |        ^^^^^^^^^^^^^
[INFO] [stdout] 
[INFO] [stdout] 
[INFO] [stdout] warning: static `COUNTER` is never used
[INFO] [stdout]    --> src/main.rs:124:8
[INFO] [stdout]     |
[INFO] [stdout] 124 | static COUNTER: AtomicUsize = AtomicUsize::new(1);
[INFO] [stdout]     |        ^^^^^^^
[INFO] [stdout] 
[INFO] [stdout] 
[INFO] [stdout] warning: function `get_id` is never used
[INFO] [stdout]    --> src/main.rs:125:4
[INFO] [stdout]     |
[INFO] [stdout] 125 | fn get_id() -> usize {
[INFO] [stdout]     |    ^^^^^^
[INFO] [stdout] 
[INFO] [stdout] 
[INFO] [stdout] warning: associated function `new` is never used
[INFO] [stdout]    --> src/main.rs:165:12
[INFO] [stdout]     |
[INFO] [stdout] 164 | impl Intersection {
[INFO] [stdout]     | ----------------- associated function in this implementation
[INFO] [stdout] 165 |     pub fn new(t: f64, object: Box<dyn SceneObject>) -> Intersection {
[INFO] [stdout]     |            ^^^
[INFO] [stdout] 
[INFO] [stdout] 
[INFO] [stdout] warning: associated items `new`, `hit`, and `add` are never used
[INFO] [stdout]    --> src/main.rs:171:12
[INFO] [stdout]     |
[INFO] [stdout] 170 | impl Intersections {
[INFO] [stdout]     | ------------------ associated items in this implementation
[INFO] [stdout] 171 |     pub fn new() -> Intersections {
[INFO] [stdout]     |            ^^^
[INFO] [stdout] ...
[INFO] [stdout] 176 |     pub fn hit(&mut self) -> &Intersection {
[INFO] [stdout]     |            ^^^
[INFO] [stdout] ...
[INFO] [stdout] 179 |     pub fn add(&mut self, i: Intersection) {
[INFO] [stdout]     |            ^^^
[INFO] [stdout] 
[INFO] [stdout] 
[INFO] [stdout] warning: associated function `new` is never used
[INFO] [stdout]    --> src/main.rs:198:12
[INFO] [stdout]     |
[INFO] [stdout] 197 | impl Sphere {
[INFO] [stdout]     | ----------- associated function in this implementation
[INFO] [stdout] 198 |     pub fn new() -> Sphere {
[INFO] [stdout]     |            ^^^
[INFO] [stdout] 
[INFO] [stdout] 
[INFO] [stdout] warning: associated items `new`, `position`, and `transform` are never used
[INFO] [stdout]    --> src/main.rs:209:12
[INFO] [stdout]     |
[INFO] [stdout] 208 | impl Ray {
[INFO] [stdout]     | -------- associated items in this implementation
[INFO] [stdout] 209 |     pub fn new(origin: Tupple, direction: Tupple) -> Ray {
[INFO] [stdout]     |            ^^^
[INFO] [stdout] ...
[INFO] [stdout] 213 |     pub fn position(&self, distance: f64) -> Tupple {
[INFO] [stdout]     |            ^^^^^^^^
[INFO] [stdout] ...
[INFO] [stdout] 217 |     pub fn transform(&self, matrix: &Matrix<f64>) -> Ray {
[INFO] [stdout]     |            ^^^^^^^^^
[INFO] [stdout] 
[INFO] [stdout] 
[INFO] [stdout] warning: multiple associated items are never used
[INFO] [stdout]    --> src/main.rs:671:12
[INFO] [stdout]     |
[INFO] [stdout] 670 | impl Tupple {
[INFO] [stdout]     | ----------- associated items in this implementation
[INFO] [stdout] 671 |     pub fn vector(x: f64, y: f64, z: f64) -> Tupple {
[INFO] [stdout]     |            ^^^^^^
[INFO] [stdout] ...
[INFO] [stdout] 688 |     pub fn add(&mut self, _other: &Tupple) {
[INFO] [stdout]     |            ^^^
[INFO] [stdout] ...
[INFO] [stdout] 709 |     pub fn sub(&mut self, _other: &Tupple) {
[INFO] [stdout]     |            ^^^
[INFO] [stdout] ...
[INFO] [stdout] 721 |     pub fn sub_r(&self, _other: &Tupple) -> Tupple {
[INFO] [stdout]     |            ^^^^^
[INFO] [stdout] ...
[INFO] [stdout] 730 |     pub fn mul(&mut self, factor: f64) {
[INFO] [stdout]     |            ^^^
[INFO] [stdout] ...
[INFO] [stdout] 746 |     pub fn negate(&mut self) {
[INFO] [stdout]     |            ^^^^^^
[INFO] [stdout] ...
[INFO] [stdout] 753 |     pub fn negate_r(&self) -> Tupple {
[INFO] [stdout]     |            ^^^^^^^^
[INFO] [stdout] ...
[INFO] [stdout] 762 |     pub fn magnitude(&self) -> f64 {
[INFO] [stdout]     |            ^^^^^^^^^
[INFO] [stdout] ...
[INFO] [stdout] 767 |     pub fn normalize(&self) -> Tupple {
[INFO] [stdout]     |            ^^^^^^^^^
[INFO] [stdout] ...
[INFO] [stdout] 772 |     pub fn dot(&self, _other: &Tupple) -> f64 {
[INFO] [stdout]     |            ^^^
[INFO] [stdout] ...
[INFO] [stdout] 776 |     pub fn cross(&self, _other: &Tupple) -> Tupple {
[INFO] [stdout]     |            ^^^^^
[INFO] [stdout] 
[INFO] [stdout] 
[INFO] [stdout] warning: associated items `new`, `add`, and `mul` are never used
[INFO] [stdout]    --> src/main.rs:798:12
[INFO] [stdout]     |
[INFO] [stdout] 796 | impl Color {
[INFO] [stdout]     | ---------- associated items in this implementation
[INFO] [stdout] 797 |     // color base 0..1, use new_from_255 for other based initializer
[INFO] [stdout] 798 |     pub fn new(r: f32, g: f32, b: f32) -> Color {
[INFO] [stdout]     |            ^^^
[INFO] [stdout] ...
[INFO] [stdout] 819 |     pub fn add(&self, _other: &Color) -> Color {
[INFO] [stdout]     |            ^^^
[INFO] [stdout] ...
[INFO] [stdout] 823 |     pub fn mul(&self, _other: &Color) -> Color {
[INFO] [stdout]     |            ^^^
[INFO] [stdout] 
[INFO] [stdout] 
[INFO] [stderr]     Finished `dev` profile [unoptimized + debuginfo] target(s) in 1m 38s
[INFO] running `Command { std: "docker" "inspect" "cf83ae0e8a3c7f67a955da6b99196c4138a8c7fa6d7889609d78438fbe346f63", kill_on_drop: false }`
[INFO] running `Command { std: "docker" "rm" "-f" "cf83ae0e8a3c7f67a955da6b99196c4138a8c7fa6d7889609d78438fbe346f63", kill_on_drop: false }`
[INFO] [stdout] cf83ae0e8a3c7f67a955da6b99196c4138a8c7fa6d7889609d78438fbe346f63
[INFO] running `Command { std: "docker" "create" "-v" "/var/lib/crater-agent-workspace/builds/worker-7-tc1/target:/opt/rustwide/target:rw,Z" "-v" "/var/lib/crater-agent-workspace/builds/worker-7-tc1/source:/opt/rustwide/workdir:ro,Z" "-v" "/var/lib/crater-agent-workspace/cargo-home:/opt/rustwide/cargo-home:ro,Z" "-v" "/var/lib/crater-agent-workspace/rustup-home:/opt/rustwide/rustup-home:ro,Z" "-e" "SOURCE_DIR=/opt/rustwide/workdir" "-e" "CARGO_TARGET_DIR=/opt/rustwide/target" "-e" "CARGO_INCREMENTAL=0" "-e" "RUST_BACKTRACE=full" "-e" "RUSTFLAGS=--cap-lints=warn" "-e" "RUSTDOCFLAGS=--cap-lints=warn" "-e" "CARGO_HOME=/opt/rustwide/cargo-home" "-e" "RUSTUP_HOME=/opt/rustwide/rustup-home" "-w" "/opt/rustwide/workdir" "-m" "1610612736" "--user" "0:0" "--network" "none" "ghcr.io/rust-lang/crates-build-env/linux@sha256:f3a9d4ad9d972b27faf3965f35b62e55ba32bbce8f20bc8fe909558a86702fde" "/opt/rustwide/cargo-home/bin/cargo" "+1.83.0" "test" "--frozen" "--no-run" "--message-format=json", kill_on_drop: false }`
[INFO] [stdout] 60af985fa12d996b97f92d574c353d1e6f964f03788fcb7e47436e982415177f
[INFO] running `Command { std: "docker" "start" "-a" "60af985fa12d996b97f92d574c353d1e6f964f03788fcb7e47436e982415177f", kill_on_drop: false }`
[INFO] [stderr]    Compiling rtracer v0.1.0 (/opt/rustwide/workdir)
[INFO] [stdout] warning: unused import: `std::convert::identity`
[INFO] [stdout]  --> src/main.rs:3:5
[INFO] [stdout]   |
[INFO] [stdout] 3 | use std::convert::identity;
[INFO] [stdout]   |     ^^^^^^^^^^^^^^^^^^^^^^
[INFO] [stdout]   |
[INFO] [stdout]   = note: `#[warn(unused_imports)]` on by default
[INFO] [stdout] 
[INFO] [stdout] 
[INFO] [stdout] warning: unused macro definition: `rotation_y`
[INFO] [stdout]   --> src/main.rs:33:14
[INFO] [stdout]    |
[INFO] [stdout] 33 | macro_rules! rotation_y {
[INFO] [stdout]    |              ^^^^^^^^^^
[INFO] [stdout]    |
[INFO] [stdout]    = note: `#[warn(unused_macros)]` on by default
[INFO] [stdout] 
[INFO] [stdout] 
[INFO] [stdout] warning: unused variable: `c`
[INFO] [stdout]    --> src/main.rs:267:18
[INFO] [stdout]     |
[INFO] [stdout] 267 |         fn empty(c: &Canvas) {}
[INFO] [stdout]     |                  ^ help: if this is intentional, prefix it with an underscore: `_c`
[INFO] [stdout]     |
[INFO] [stdout]     = note: `#[warn(unused_variables)]` on by default
[INFO] [stdout] 
[INFO] [stdout] 
[INFO] [stdout] warning: field `radius` is never read
[INFO] [stdout]    --> src/main.rs:111:9
[INFO] [stdout]     |
[INFO] [stdout] 108 | struct Sphere {
[INFO] [stdout]     |        ------ field in this struct
[INFO] [stdout] ...
[INFO] [stdout] 111 |     pub radius: f64,
[INFO] [stdout]     |         ^^^^^^
[INFO] [stdout]     |
[INFO] [stdout]     = note: `Sphere` has derived impls for the traits `Clone` and `Debug`, but these are intentionally ignored during dead code analysis
[INFO] [stdout]     = note: `#[warn(dead_code)]` on by default
[INFO] [stdout] 
[INFO] [stdout] 
[INFO] [stdout] warning: method `negate_r` is never used
[INFO] [stdout]    --> src/main.rs:753:12
[INFO] [stdout]     |
[INFO] [stdout] 670 | impl Tupple {
[INFO] [stdout]     | ----------- method in this implementation
[INFO] [stdout] ...
[INFO] [stdout] 753 |     pub fn negate_r(&self) -> Tupple {
[INFO] [stdout]     |            ^^^^^^^^
[INFO] [stdout] 
[INFO] [stdout] 
[INFO] [stdout] warning: method `add` is never used
[INFO] [stdout]    --> src/main.rs:819:12
[INFO] [stdout]     |
[INFO] [stdout] 796 | impl Color {
[INFO] [stdout]     | ---------- method in this implementation
[INFO] [stdout] ...
[INFO] [stdout] 819 |     pub fn add(&self, _other: &Color) -> Color {
[INFO] [stdout]     |            ^^^
[INFO] [stdout] 
[INFO] [stdout] 
[INFO] [stderr]     Finished `test` profile [unoptimized + debuginfo] target(s) in 2.34s
[INFO] running `Command { std: "docker" "inspect" "60af985fa12d996b97f92d574c353d1e6f964f03788fcb7e47436e982415177f", kill_on_drop: false }`
[INFO] running `Command { std: "docker" "rm" "-f" "60af985fa12d996b97f92d574c353d1e6f964f03788fcb7e47436e982415177f", kill_on_drop: false }`
[INFO] [stdout] 60af985fa12d996b97f92d574c353d1e6f964f03788fcb7e47436e982415177f
[INFO] running `Command { std: "docker" "create" "-v" "/var/lib/crater-agent-workspace/builds/worker-7-tc1/target:/opt/rustwide/target:rw,Z" "-v" "/var/lib/crater-agent-workspace/builds/worker-7-tc1/source:/opt/rustwide/workdir:ro,Z" "-v" "/var/lib/crater-agent-workspace/cargo-home:/opt/rustwide/cargo-home:ro,Z" "-v" "/var/lib/crater-agent-workspace/rustup-home:/opt/rustwide/rustup-home:ro,Z" "-e" "SOURCE_DIR=/opt/rustwide/workdir" "-e" "CARGO_TARGET_DIR=/opt/rustwide/target" "-e" "CARGO_INCREMENTAL=0" "-e" "RUST_BACKTRACE=full" "-e" "RUSTFLAGS=--cap-lints=warn" "-e" "RUSTDOCFLAGS=--cap-lints=warn" "-e" "CARGO_HOME=/opt/rustwide/cargo-home" "-e" "RUSTUP_HOME=/opt/rustwide/rustup-home" "-w" "/opt/rustwide/workdir" "-m" "1610612736" "--user" "0:0" "--network" "none" "ghcr.io/rust-lang/crates-build-env/linux@sha256:f3a9d4ad9d972b27faf3965f35b62e55ba32bbce8f20bc8fe909558a86702fde" "/opt/rustwide/cargo-home/bin/cargo" "+1.83.0" "test" "--frozen", kill_on_drop: false }`
[INFO] [stdout] 1ad18938845c009a20617263e8e860b4e63e2ea6c986ba1cd9ae14ad5b776a6b
[INFO] running `Command { std: "docker" "start" "-a" "1ad18938845c009a20617263e8e860b4e63e2ea6c986ba1cd9ae14ad5b776a6b", kill_on_drop: false }`
[INFO] [stderr] warning: unused import: `std::convert::identity`
[INFO] [stderr]  --> src/main.rs:3:5
[INFO] [stderr]   |
[INFO] [stderr] 3 | use std::convert::identity;
[INFO] [stderr]   |     ^^^^^^^^^^^^^^^^^^^^^^
[INFO] [stderr]   |
[INFO] [stderr]   = note: `#[warn(unused_imports)]` on by default
[INFO] [stderr] 
[INFO] [stderr] warning: unused macro definition: `rotation_y`
[INFO] [stderr]   --> src/main.rs:33:14
[INFO] [stderr]    |
[INFO] [stderr] 33 | macro_rules! rotation_y {
[INFO] [stderr]    |              ^^^^^^^^^^
[INFO] [stderr]    |
[INFO] [stderr]    = note: `#[warn(unused_macros)]` on by default
[INFO] [stderr] 
[INFO] [stderr] warning: unused variable: `c`
[INFO] [stderr]    --> src/main.rs:267:18
[INFO] [stderr]     |
[INFO] [stderr] 267 |         fn empty(c: &Canvas) {}
[INFO] [stderr]     |                  ^ help: if this is intentional, prefix it with an underscore: `_c`
[INFO] [stderr]     |
[INFO] [stderr]     = note: `#[warn(unused_variables)]` on by default
[INFO] [stderr] 
[INFO] [stderr] warning: field `radius` is never read
[INFO] [stderr]    --> src/main.rs:111:9
[INFO] [stderr]     |
[INFO] [stderr] 108 | struct Sphere {
[INFO] [stderr]     |        ------ field in this struct
[INFO] [stderr] ...
[INFO] [stderr] 111 |     pub radius: f64,
[INFO] [stderr]     |         ^^^^^^
[INFO] [stderr]     |
[INFO] [stderr]     = note: `Sphere` has derived impls for the traits `Clone` and `Debug`, but these are intentionally ignored during dead code analysis
[INFO] [stderr]     = note: `#[warn(dead_code)]` on by default
[INFO] [stderr] 
[INFO] [stderr] warning: method `negate_r` is never used
[INFO] [stderr]    --> src/main.rs:753:12
[INFO] [stderr]     |
[INFO] [stderr] 670 | impl Tupple {
[INFO] [stderr]     | ----------- method in this implementation
[INFO] [stderr] ...
[INFO] [stderr] 753 |     pub fn negate_r(&self) -> Tupple {
[INFO] [stderr]     |            ^^^^^^^^
[INFO] [stderr] 
[INFO] [stderr] warning: method `add` is never used
[INFO] [stderr]    --> src/main.rs:819:12
[INFO] [stderr]     |
[INFO] [stderr] 796 | impl Color {
[INFO] [stderr]     | ---------- method in this implementation
[INFO] [stderr] ...
[INFO] [stderr] 819 |     pub fn add(&self, _other: &Color) -> Color {
[INFO] [stderr]     |            ^^^
[INFO] [stderr] 
[INFO] [stderr] warning: `rtracer` (bin "rtracer" test) generated 6 warnings (run `cargo fix --bin "rtracer" --tests` to apply 1 suggestion)
[INFO] [stderr]     Finished `test` profile [unoptimized + debuginfo] target(s) in 0.07s
[INFO] [stderr]      Running unittests src/main.rs (/opt/rustwide/target/debug/deps/rtracer-96cb2624c57c26b9)
[INFO] [stdout] 
[INFO] [stdout] running 45 tests
[INFO] [stdout] test tests::test_cross ... ok
[INFO] [stdout] test tests::test_floating_equals ... ok
[INFO] [stdout] test tests::test_intersection_lists ... ok
[INFO] [stdout] test tests::test_matrix_cofactor ... ok
[INFO] [stdout] test tests::test_matrix_determinant ... ok
[INFO] [stdout] test tests::test_chaining_transformations ... ok
[INFO] [stdout] test tests::test_matrix_equality ... ok
[INFO] [stdout] test tests::test_matrix_get_col_2 ... ok
[INFO] [stdout] test tests::test_matrix_get_row_1 ... ok
[INFO] [stdout] test tests::test_matrix_get_row_1f ... ok
[INFO] [stdout] test tests::test_matrix_identity ... ok
[INFO] [stdout] test tests::test_intersect ... ok
[INFO] [stdout] test tests::test_matrix_get_row_2 ... ok
[INFO] [stdout] test tests::test_matrix_inversion ... ok
[INFO] [stdout] test tests::test_matrix_iter ... ok
[INFO] [stdout] test tests::test_matrix_iter_mut ... ok
[INFO] [stdout] test tests::test_matrix_minor ... ok
[INFO] [stdout] test tests::test_matrix_multiply ... ok
[INFO] [stdout] test tests::test_matrix_mulidentity ... ok
[INFO] [stdout] test tests::test_matrix_submatrix ... ok
[INFO] [stdout] test tests::test_matrix_determinant_large ... ok
[INFO] [stdout] test tests::test_matrix_get_col_1 ... ok
[INFO] [stdout] test tests::test_matrix_trans ... ok
[INFO] [stdout] test tests::test_mul_color ... ok
[INFO] [stdout] test tests::test_multiply ... ok
[INFO] [stdout] test tests::test_normalize ... ok
[INFO] [stdout] test tests::test_rays ... ok
[INFO] [stdout] test tests::test_magnitude ... ok
[INFO] [stdout] test tests::test_negate ... ok
[INFO] [stdout] test tests::test_reflection_point ... ok
[INFO] [stdout] test tests::test_rotation_z ... ok
[INFO] [stdout] test tests::test_ray_translations ... ok
[INFO] [stdout] test tests::test_inverse_rotation_x ... ok
[INFO] [stdout] test tests::test_rotation_x ... ok
[INFO] [stdout] test tests::test_rotation_y ... ok
[INFO] [stdout] test tests::test_scaling_point ... ok
[INFO] [stdout] test tests::test_translate_point ... ok
[INFO] [stdout] test tests::test_tupple_substractions ... ok
[INFO] [stdout] test tests::tupple_create ... ok
[INFO] [stdout] test tests::test_shearing ... ok
[INFO] [stdout] test tests::test_tupple_additions ... ok
[INFO] [stdout] test tests::test_dot ... ok
[INFO] [stdout] test tests::test_tupple_additions_exceptions - should panic ... ok
[INFO] [stdout] test tests::test_sphere_transforms ... FAILED
[INFO] [stdout] test tests::test_tupple_subs_exceptions - should panic ... ok
[INFO] [stdout] 
[INFO] [stdout] failures:
[INFO] [stdout] 
[INFO] [stdout] ---- tests::test_sphere_transforms stdout ----
[INFO] [stdout] thread 'tests::test_sphere_transforms' panicked at src/main.rs:1612:9:
[INFO] [stdout] assertion failed: xs[0].t == 3.0
[INFO] [stdout] stack backtrace:
[INFO] [stdout]    0:     0x62722c5a358a - std::backtrace_rs::backtrace::libunwind::trace::h5a5b8284f2d0c266
[INFO] [stdout]                                at /rustc/90b35a6239c3d8bdabc530a6a0816f7ff89a0aaf/library/std/src/../../backtrace/src/backtrace/libunwind.rs:116:5
[INFO] [stdout]    1:     0x62722c5a358a - std::backtrace_rs::backtrace::trace_unsynchronized::h76d4f1c9b0b875e3
[INFO] [stdout]                                at /rustc/90b35a6239c3d8bdabc530a6a0816f7ff89a0aaf/library/std/src/../../backtrace/src/backtrace/mod.rs:66:5
[INFO] [stdout]    2:     0x62722c5a358a - std::sys::backtrace::_print_fmt::hc4546b8364a537c6
[INFO] [stdout]                                at /rustc/90b35a6239c3d8bdabc530a6a0816f7ff89a0aaf/library/std/src/sys/backtrace.rs:66:9
[INFO] [stdout]    3:     0x62722c5a358a - <std::sys::backtrace::BacktraceLock::print::DisplayBacktrace as core::fmt::Display>::fmt::h5b6bd5631a6d1f6b
[INFO] [stdout]                                at /rustc/90b35a6239c3d8bdabc530a6a0816f7ff89a0aaf/library/std/src/sys/backtrace.rs:39:26
[INFO] [stdout]    4:     0x62722c5c95e3 - core::fmt::rt::Argument::fmt::h270f6602a2b96f62
[INFO] [stdout]                                at /rustc/90b35a6239c3d8bdabc530a6a0816f7ff89a0aaf/library/core/src/fmt/rt.rs:177:76
[INFO] [stdout]    5:     0x62722c5c95e3 - core::fmt::write::h7550c97b06c86515
[INFO] [stdout]                                at /rustc/90b35a6239c3d8bdabc530a6a0816f7ff89a0aaf/library/core/src/fmt/mod.rs:1186:21
[INFO] [stdout]    6:     0x62722c5a0753 - std::io::Write::write_fmt::h509ff860e5956e5e
[INFO] [stdout]                                at /rustc/90b35a6239c3d8bdabc530a6a0816f7ff89a0aaf/library/std/src/io/mod.rs:1839:15
[INFO] [stdout]    7:     0x62722c5a33d2 - std::sys::backtrace::BacktraceLock::print::h2395ccd2c84ba3aa
[INFO] [stdout]                                at /rustc/90b35a6239c3d8bdabc530a6a0816f7ff89a0aaf/library/std/src/sys/backtrace.rs:42:9
[INFO] [stdout]    8:     0x62722c5a49ea - std::panicking::default_hook::{{closure}}::he19d4c7230e07961
[INFO] [stdout]                                at /rustc/90b35a6239c3d8bdabc530a6a0816f7ff89a0aaf/library/std/src/panicking.rs:268:22
[INFO] [stdout]    9:     0x62722c5a47f4 - std::panicking::default_hook::hf614597d3c67bbdb
[INFO] [stdout]                                at /rustc/90b35a6239c3d8bdabc530a6a0816f7ff89a0aaf/library/std/src/panicking.rs:292:9
[INFO] [stdout]   10:     0x62722c56e6a9 - <alloc::boxed::Box<F,A> as core::ops::function::Fn<Args>>::call::h39b51ce4599c23d1
[INFO] [stdout]                                at /rustc/90b35a6239c3d8bdabc530a6a0816f7ff89a0aaf/library/alloc/src/boxed.rs:2468:9
[INFO] [stdout]   11:     0x62722c56e6a9 - test::test_main::{{closure}}::he977ae839a582784
[INFO] [stdout]                                at /rustc/90b35a6239c3d8bdabc530a6a0816f7ff89a0aaf/library/test/src/lib.rs:133:21
[INFO] [stdout]   12:     0x62722c5a5088 - <alloc::boxed::Box<F,A> as core::ops::function::Fn<Args>>::call::h9455091b6b06f9fb
[INFO] [stdout]                                at /rustc/90b35a6239c3d8bdabc530a6a0816f7ff89a0aaf/library/alloc/src/boxed.rs:2468:9
[INFO] [stdout]   13:     0x62722c5a5088 - std::panicking::rust_panic_with_hook::h8942133a8b252070
[INFO] [stdout]                                at /rustc/90b35a6239c3d8bdabc530a6a0816f7ff89a0aaf/library/std/src/panicking.rs:809:13
[INFO] [stdout]   14:     0x62722c5a4e16 - std::panicking::begin_panic_handler::{{closure}}::hb5f5963570096b29
[INFO] [stdout]                                at /rustc/90b35a6239c3d8bdabc530a6a0816f7ff89a0aaf/library/std/src/panicking.rs:667:13
[INFO] [stdout]   15:     0x62722c5a3a69 - std::sys::backtrace::__rust_end_short_backtrace::h6208cedc1922feda
[INFO] [stdout]                                at /rustc/90b35a6239c3d8bdabc530a6a0816f7ff89a0aaf/library/std/src/sys/backtrace.rs:170:18
[INFO] [stdout]   16:     0x62722c5a4adc - rust_begin_unwind
[INFO] [stdout]                                at /rustc/90b35a6239c3d8bdabc530a6a0816f7ff89a0aaf/library/std/src/panicking.rs:665:5
[INFO] [stdout]   17:     0x62722c50daa0 - core::panicking::panic_fmt::h0c3082644d1bf418
[INFO] [stdout]                                at /rustc/90b35a6239c3d8bdabc530a6a0816f7ff89a0aaf/library/core/src/panicking.rs:74:14
[INFO] [stdout]   18:     0x62722c50db2c - core::panicking::panic::h957f98c65a3b3074
[INFO] [stdout]                                at /rustc/90b35a6239c3d8bdabc530a6a0816f7ff89a0aaf/library/core/src/panicking.rs:148:5
[INFO] [stdout]   19:     0x62722c51ec33 - rtracer::tests::test_sphere_transforms::h1a93351d8696afbf
[INFO] [stdout]                                at /opt/rustwide/workdir/src/main.rs:1612:9
[INFO] [stdout]   20:     0x62722c51e647 - rtracer::tests::test_sphere_transforms::{{closure}}::h1002338d73290a58
[INFO] [stdout]                                at /opt/rustwide/workdir/src/main.rs:1596:32
[INFO] [stdout]   21:     0x62722c51fd66 - core::ops::function::FnOnce::call_once::hc86033e84bd23905
[INFO] [stdout]                                at /rustc/90b35a6239c3d8bdabc530a6a0816f7ff89a0aaf/library/core/src/ops/function.rs:250:5
[INFO] [stdout]   22:     0x62722c57306b - core::ops::function::FnOnce::call_once::h109cf8051a59b34e
[INFO] [stdout]                                at /rustc/90b35a6239c3d8bdabc530a6a0816f7ff89a0aaf/library/core/src/ops/function.rs:250:5
[INFO] [stdout]   23:     0x62722c57306b - test::__rust_begin_short_backtrace::hf4fff89d377446ba
[INFO] [stdout]                                at /rustc/90b35a6239c3d8bdabc530a6a0816f7ff89a0aaf/library/test/src/lib.rs:621:18
[INFO] [stdout]   24:     0x62722c5728a7 - test::run_test_in_process::{{closure}}::h0e39181dd7ee5a43
[INFO] [stdout]                                at /rustc/90b35a6239c3d8bdabc530a6a0816f7ff89a0aaf/library/test/src/lib.rs:644:60
[INFO] [stdout]   25:     0x62722c5728a7 - <core::panic::unwind_safe::AssertUnwindSafe<F> as core::ops::function::FnOnce<()>>::call_once::hc5a66a30f0bdfd1f
[INFO] [stdout]                                at /rustc/90b35a6239c3d8bdabc530a6a0816f7ff89a0aaf/library/core/src/panic/unwind_safe.rs:272:9
[INFO] [stdout]   26:     0x62722c5728a7 - std::panicking::try::do_call::h873b7cf639554a5e
[INFO] [stdout]                                at /rustc/90b35a6239c3d8bdabc530a6a0816f7ff89a0aaf/library/std/src/panicking.rs:557:40
[INFO] [stdout]   27:     0x62722c5728a7 - std::panicking::try::hdb19862fad9c8bd1
[INFO] [stdout]                                at /rustc/90b35a6239c3d8bdabc530a6a0816f7ff89a0aaf/library/std/src/panicking.rs:520:19
[INFO] [stdout]   28:     0x62722c5728a7 - std::panic::catch_unwind::h281fe732d236d260
[INFO] [stdout]                                at /rustc/90b35a6239c3d8bdabc530a6a0816f7ff89a0aaf/library/std/src/panic.rs:358:14
[INFO] [stdout]   29:     0x62722c5728a7 - test::run_test_in_process::h949b6df8457ed338
[INFO] [stdout]                                at /rustc/90b35a6239c3d8bdabc530a6a0816f7ff89a0aaf/library/test/src/lib.rs:644:27
[INFO] [stdout]   30:     0x62722c5728a7 - test::run_test::{{closure}}::h52c556a6d4740e10
[INFO] [stdout]                                at /rustc/90b35a6239c3d8bdabc530a6a0816f7ff89a0aaf/library/test/src/lib.rs:565:43
[INFO] [stdout]   31:     0x62722c537b84 - test::run_test::{{closure}}::h4237f6381c45ccb9
[INFO] [stdout]                                at /rustc/90b35a6239c3d8bdabc530a6a0816f7ff89a0aaf/library/test/src/lib.rs:595:41
[INFO] [stdout]   32:     0x62722c537b84 - std::sys::backtrace::__rust_begin_short_backtrace::h505c97a579eca628
[INFO] [stdout]                                at /rustc/90b35a6239c3d8bdabc530a6a0816f7ff89a0aaf/library/std/src/sys/backtrace.rs:154:18
[INFO] [stdout]   33:     0x62722c53b24e - std::thread::Builder::spawn_unchecked_::{{closure}}::{{closure}}::h9e86b2e2bc107ea3
[INFO] [stdout]                                at /rustc/90b35a6239c3d8bdabc530a6a0816f7ff89a0aaf/library/std/src/thread/mod.rs:538:17
[INFO] [stdout]   34:     0x62722c53b24e - <core::panic::unwind_safe::AssertUnwindSafe<F> as core::ops::function::FnOnce<()>>::call_once::h8b06ddb275ff4a25
[INFO] [stdout]                                at /rustc/90b35a6239c3d8bdabc530a6a0816f7ff89a0aaf/library/core/src/panic/unwind_safe.rs:272:9
[INFO] [stdout]   35:     0x62722c53b24e - std::panicking::try::do_call::hb26ecd7cd9a9355d
[INFO] [stdout]                                at /rustc/90b35a6239c3d8bdabc530a6a0816f7ff89a0aaf/library/std/src/panicking.rs:557:40
[INFO] [stdout]   36:     0x62722c53b24e - std::panicking::try::h8ddeca9d705f9069
[INFO] [stdout]                                at /rustc/90b35a6239c3d8bdabc530a6a0816f7ff89a0aaf/library/std/src/panicking.rs:520:19
[INFO] [stdout]   37:     0x62722c53b24e - std::panic::catch_unwind::h49e1c33078844c46
[INFO] [stdout]                                at /rustc/90b35a6239c3d8bdabc530a6a0816f7ff89a0aaf/library/std/src/panic.rs:358:14
[INFO] [stdout]   38:     0x62722c53b24e - std::thread::Builder::spawn_unchecked_::{{closure}}::h6073db6ff56ad35d
[INFO] [stdout]                                at /rustc/90b35a6239c3d8bdabc530a6a0816f7ff89a0aaf/library/std/src/thread/mod.rs:537:30
[INFO] [stdout]   39:     0x62722c53b24e - core::ops::function::FnOnce::call_once{{vtable.shim}}::h2c5a5f3779c774f1
[INFO] [stdout]                                at /rustc/90b35a6239c3d8bdabc530a6a0816f7ff89a0aaf/library/core/src/ops/function.rs:250:5
[INFO] [stdout]   40:     0x62722c5a8ddb - <alloc::boxed::Box<F,A> as core::ops::function::FnOnce<Args>>::call_once::hf75717d9f28faebf
[INFO] [stdout]                                at /rustc/90b35a6239c3d8bdabc530a6a0816f7ff89a0aaf/library/alloc/src/boxed.rs:2454:9
[INFO] [stdout]   41:     0x62722c5a8ddb - <alloc::boxed::Box<F,A> as core::ops::function::FnOnce<Args>>::call_once::h7bd883a5f3c5f3c1
[INFO] [stdout]                                at /rustc/90b35a6239c3d8bdabc530a6a0816f7ff89a0aaf/library/alloc/src/boxed.rs:2454:9
[INFO] [stdout]   42:     0x62722c5a8ddb - std::sys::pal::unix::thread::Thread::new::thread_start::hcc78f3943333fa94
[INFO] [stdout]                                at /rustc/90b35a6239c3d8bdabc530a6a0816f7ff89a0aaf/library/std/src/sys/pal/unix/thread.rs:105:17
[INFO] [stdout]   43:     0x7502b2d0dac3 - <unknown>
[INFO] [stdout]   44:     0x7502b2d9ea04 - clone
[INFO] [stdout]   45:                0x0 - <unknown>
[INFO] [stdout] 
[INFO] [stdout] 
[INFO] [stdout] failures:
[INFO] [stdout]     tests::test_sphere_transforms
[INFO] [stdout] 
[INFO] [stdout] test result: FAILED. 44 passed; 1 failed; 0 ignored; 0 measured; 0 filtered out; finished in 0.08s
[INFO] [stdout] 
[INFO] [stderr] error: test failed, to rerun pass `--bin rtracer`
[INFO] running `Command { std: "docker" "inspect" "1ad18938845c009a20617263e8e860b4e63e2ea6c986ba1cd9ae14ad5b776a6b", kill_on_drop: false }`
[INFO] running `Command { std: "docker" "rm" "-f" "1ad18938845c009a20617263e8e860b4e63e2ea6c986ba1cd9ae14ad5b776a6b", kill_on_drop: false }`
[INFO] [stdout] 1ad18938845c009a20617263e8e860b4e63e2ea6c986ba1cd9ae14ad5b776a6b
