[INFO] cloning repository https://github.com/jmoore34/postgresql-named-parameters
[INFO] running `Command { std: "git" "-c" "credential.helper=" "-c" "credential.helper=/workspace/cargo-home/bin/git-credential-null" "clone" "--bare" "https://github.com/jmoore34/postgresql-named-parameters" "/workspace/cache/git-repos/https%3A%2F%2Fgithub.com%2Fjmoore34%2Fpostgresql-named-parameters", kill_on_drop: false }`
[INFO] [stderr] Cloning into bare repository '/workspace/cache/git-repos/https%3A%2F%2Fgithub.com%2Fjmoore34%2Fpostgresql-named-parameters'...
[INFO] running `Command { std: "git" "rev-parse" "HEAD", kill_on_drop: false }`
[INFO] [stdout] 96da341bf9ff48e7d2d7f826a594efadbb5da31c
[INFO] testing jmoore34/postgresql-named-parameters against beta-2024-12-08 for beta-1.84.0-4-retry
[INFO] running `Command { std: "git" "clone" "/workspace/cache/git-repos/https%3A%2F%2Fgithub.com%2Fjmoore34%2Fpostgresql-named-parameters" "/workspace/builds/worker-0-tc2/source", kill_on_drop: false }`
[INFO] [stderr] Cloning into '/workspace/builds/worker-0-tc2/source'...
[INFO] [stderr] done.
[INFO] validating manifest of git repo https://github.com/jmoore34/postgresql-named-parameters on toolchain beta-2024-12-08
[INFO] running `Command { std: CARGO_HOME="/workspace/cargo-home" RUSTUP_HOME="/workspace/rustup-home" "/workspace/cargo-home/bin/cargo" "+beta-2024-12-08" "metadata" "--manifest-path" "Cargo.toml" "--no-deps", kill_on_drop: false }`
[INFO] started tweaking git repo https://github.com/jmoore34/postgresql-named-parameters
[INFO] finished tweaking git repo https://github.com/jmoore34/postgresql-named-parameters
[INFO] tweaked toml for git repo https://github.com/jmoore34/postgresql-named-parameters written to /workspace/builds/worker-0-tc2/source/Cargo.toml
[INFO] crate git repo https://github.com/jmoore34/postgresql-named-parameters already has a lockfile, it will not be regenerated
[INFO] running `Command { std: CARGO_HOME="/workspace/cargo-home" RUSTUP_HOME="/workspace/rustup-home" "/workspace/cargo-home/bin/cargo" "+beta-2024-12-08" "fetch" "--manifest-path" "Cargo.toml", kill_on_drop: false }`
[INFO] running `Command { std: "docker" "create" "-v" "/var/lib/crater-agent-workspace/builds/worker-0-tc2/target:/opt/rustwide/target:rw,Z" "-v" "/var/lib/crater-agent-workspace/builds/worker-0-tc2/source:/opt/rustwide/workdir:ro,Z" "-v" "/var/lib/crater-agent-workspace/cargo-home:/opt/rustwide/cargo-home:ro,Z" "-v" "/var/lib/crater-agent-workspace/rustup-home:/opt/rustwide/rustup-home:ro,Z" "-e" "SOURCE_DIR=/opt/rustwide/workdir" "-e" "CARGO_TARGET_DIR=/opt/rustwide/target" "-e" "CARGO_HOME=/opt/rustwide/cargo-home" "-e" "RUSTUP_HOME=/opt/rustwide/rustup-home" "-w" "/opt/rustwide/workdir" "-m" "1610612736" "--user" "0:0" "--network" "none" "ghcr.io/rust-lang/crates-build-env/linux@sha256:f3a9d4ad9d972b27faf3965f35b62e55ba32bbce8f20bc8fe909558a86702fde" "/opt/rustwide/cargo-home/bin/cargo" "+beta-2024-12-08" "metadata" "--no-deps" "--format-version=1", kill_on_drop: false }`
[INFO] [stdout] 876f009213fef11734428e7253cbf623a17cde301efed666260601187d3c30e8
[INFO] running `Command { std: "docker" "start" "-a" "876f009213fef11734428e7253cbf623a17cde301efed666260601187d3c30e8", kill_on_drop: false }`
[INFO] running `Command { std: "docker" "inspect" "876f009213fef11734428e7253cbf623a17cde301efed666260601187d3c30e8", kill_on_drop: false }`
[INFO] running `Command { std: "docker" "rm" "-f" "876f009213fef11734428e7253cbf623a17cde301efed666260601187d3c30e8", kill_on_drop: false }`
[INFO] [stdout] 876f009213fef11734428e7253cbf623a17cde301efed666260601187d3c30e8
[INFO] running `Command { std: "docker" "create" "-v" "/var/lib/crater-agent-workspace/builds/worker-0-tc2/target:/opt/rustwide/target:rw,Z" "-v" "/var/lib/crater-agent-workspace/builds/worker-0-tc2/source:/opt/rustwide/workdir:ro,Z" "-v" "/var/lib/crater-agent-workspace/cargo-home:/opt/rustwide/cargo-home:ro,Z" "-v" "/var/lib/crater-agent-workspace/rustup-home:/opt/rustwide/rustup-home:ro,Z" "-e" "SOURCE_DIR=/opt/rustwide/workdir" "-e" "CARGO_TARGET_DIR=/opt/rustwide/target" "-e" "CARGO_INCREMENTAL=0" "-e" "RUST_BACKTRACE=full" "-e" "RUSTFLAGS=--cap-lints=warn" "-e" "RUSTDOCFLAGS=--cap-lints=warn" "-e" "CARGO_HOME=/opt/rustwide/cargo-home" "-e" "RUSTUP_HOME=/opt/rustwide/rustup-home" "-w" "/opt/rustwide/workdir" "-m" "1610612736" "--user" "0:0" "--network" "none" "ghcr.io/rust-lang/crates-build-env/linux@sha256:f3a9d4ad9d972b27faf3965f35b62e55ba32bbce8f20bc8fe909558a86702fde" "/opt/rustwide/cargo-home/bin/cargo" "+beta-2024-12-08" "build" "--frozen" "--message-format=json", kill_on_drop: false }`
[INFO] [stdout] 6c615caa1db2fde50ef01a2e747cb588a579d935afd2859fca30364cc292a487
[INFO] running `Command { std: "docker" "start" "-a" "6c615caa1db2fde50ef01a2e747cb588a579d935afd2859fca30364cc292a487", kill_on_drop: false }`
[INFO] [stderr]    Compiling proc-macro2 v1.0.75
[INFO] [stderr]    Compiling unicode-ident v1.0.12
[INFO] [stderr]    Compiling libc v0.2.152
[INFO] [stderr]    Compiling version_check v0.9.4
[INFO] [stderr]    Compiling typenum v1.17.0
[INFO] [stderr]    Compiling cfg-if v1.0.0
[INFO] [stderr]    Compiling autocfg v1.1.0
[INFO] [stderr]    Compiling subtle v2.5.0
[INFO] [stderr]    Compiling tinyvec_macros v0.1.1
[INFO] [stderr]    Compiling ppv-lite86 v0.2.17
[INFO] [stderr]    Compiling bytes v1.5.0
[INFO] [stderr]    Compiling pin-project-lite v0.2.13
[INFO] [stderr]    Compiling unicode-bidi v0.3.15
[INFO] [stderr]    Compiling smallvec v1.12.0
[INFO] [stderr]    Compiling once_cell v1.19.0
[INFO] [stderr]    Compiling cpufeatures v0.2.12
[INFO] [stderr]    Compiling tinyvec v1.6.0
[INFO] [stderr]    Compiling futures-core v0.3.30
[INFO] [stderr]    Compiling parking_lot_core v0.9.9
[INFO] [stderr]    Compiling futures-sink v0.3.30
[INFO] [stderr]    Compiling finl_unicode v1.2.0
[INFO] [stderr]    Compiling base64 v0.21.7
[INFO] [stderr]    Compiling heck v0.4.1
[INFO] [stderr]    Compiling memchr v2.7.1
[INFO] [stderr]    Compiling siphasher v0.3.11
[INFO] [stderr]    Compiling generic-array v0.14.7
[INFO] [stderr]    Compiling tracing-core v0.1.32
[INFO] [stderr]    Compiling fallible-iterator v0.2.0
[INFO] [stderr]    Compiling async-trait v0.1.77
[INFO] [stderr]    Compiling scopeguard v1.2.0
[INFO] [stderr]    Compiling byteorder v1.5.0
[INFO] [stderr]    Compiling ident_case v1.0.1
[INFO] [stderr]    Compiling strsim v0.10.0
[INFO] [stderr]    Compiling slab v0.4.9
[INFO] [stderr]    Compiling lock_api v0.4.11
[INFO] [stderr]    Compiling fnv v1.0.7
[INFO] [stderr]    Compiling phf_shared v0.11.2
[INFO] [stderr]    Compiling pin-utils v0.1.0
[INFO] [stderr]    Compiling futures-task v0.3.30
[INFO] [stderr]    Compiling futures-channel v0.3.30
[INFO] [stderr]    Compiling whoami v1.4.1
[INFO] [stderr]    Compiling interpolator v0.5.0
[INFO] [stderr]    Compiling phf v0.11.2
[INFO] [stderr]    Compiling tracing v0.1.40
[INFO] [stderr]    Compiling log v0.4.20
[INFO] [stderr]    Compiling collection_literals v1.0.1
[INFO] [stderr]    Compiling percent-encoding v2.3.1
[INFO] [stderr]    Compiling quote v1.0.35
[INFO] [stderr]    Compiling unicode-normalization v0.1.22
[INFO] [stderr]    Compiling syn v2.0.48
[INFO] [stderr]    Compiling proc-macro-utils v0.8.0
[INFO] [stderr]    Compiling getrandom v0.2.12
[INFO] [stderr]    Compiling socket2 v0.5.5
[INFO] [stderr]    Compiling mio v0.8.10
[INFO] [stderr]    Compiling rand_core v0.6.4
[INFO] [stderr]    Compiling parking_lot v0.12.1
[INFO] [stderr]    Compiling rand_chacha v0.3.1
[INFO] [stderr]    Compiling stringprep v0.1.4
[INFO] [stderr]    Compiling rand v0.8.5
[INFO] [stderr]    Compiling tokio v1.35.1
[INFO] [stderr]    Compiling manyhow-macros v0.8.1
[INFO] [stderr]    Compiling block-buffer v0.10.4
[INFO] [stderr]    Compiling crypto-common v0.1.6
[INFO] [stderr]    Compiling digest v0.10.7
[INFO] [stderr]    Compiling sha2 v0.10.8
[INFO] [stderr]    Compiling hmac v0.12.1
[INFO] [stderr]    Compiling md-5 v0.10.6
[INFO] [stderr]    Compiling postgres-protocol v0.6.6
[INFO] [stderr]    Compiling darling_core v0.20.3
[INFO] [stderr]    Compiling manyhow v0.8.1
[INFO] [stderr]    Compiling derive-where v1.2.7
[INFO] [stderr]    Compiling futures-macro v0.3.30
[INFO] [stderr]    Compiling postgres-derive v0.4.5
[INFO] [stderr]    Compiling tokio-util v0.7.10
[INFO] [stderr]    Compiling postgres-types v0.2.6
[INFO] [stderr]    Compiling futures-util v0.3.30
[INFO] [stderr]    Compiling darling_macro v0.20.3
[INFO] [stderr]    Compiling quote-use-macros v0.7.2
[INFO] [stderr]    Compiling darling v0.20.3
[INFO] [stderr]    Compiling postgres-from-row-derive v0.5.2
[INFO] [stderr]    Compiling quote-use v0.7.2
[INFO] [stderr]    Compiling attribute-derive-macro v0.8.1
[INFO] [stderr]    Compiling attribute-derive v0.8.1
[INFO] [stderr]    Compiling postgres-named-parameters-derive v0.1.0 (/opt/rustwide/workdir/postgres-named-parameters-derive)
[INFO] [stderr]    Compiling tokio-postgres v0.7.10
[INFO] [stderr]    Compiling postgres v0.19.7
[INFO] [stderr]    Compiling postgres-from-row v0.5.2
[INFO] [stderr]    Compiling postgres-named-parameters v0.1.0 (/opt/rustwide/workdir/postgres-named-parameters)
[INFO] [stderr]    Compiling example-project v0.1.0 (/opt/rustwide/workdir/example-project)
[INFO] [stderr]     Finished `dev` profile [unoptimized + debuginfo] target(s) in 25.02s
[INFO] running `Command { std: "docker" "inspect" "6c615caa1db2fde50ef01a2e747cb588a579d935afd2859fca30364cc292a487", kill_on_drop: false }`
[INFO] running `Command { std: "docker" "rm" "-f" "6c615caa1db2fde50ef01a2e747cb588a579d935afd2859fca30364cc292a487", kill_on_drop: false }`
[INFO] [stdout] 6c615caa1db2fde50ef01a2e747cb588a579d935afd2859fca30364cc292a487
[INFO] running `Command { std: "docker" "create" "-v" "/var/lib/crater-agent-workspace/builds/worker-0-tc2/target:/opt/rustwide/target:rw,Z" "-v" "/var/lib/crater-agent-workspace/builds/worker-0-tc2/source:/opt/rustwide/workdir:ro,Z" "-v" "/var/lib/crater-agent-workspace/cargo-home:/opt/rustwide/cargo-home:ro,Z" "-v" "/var/lib/crater-agent-workspace/rustup-home:/opt/rustwide/rustup-home:ro,Z" "-e" "SOURCE_DIR=/opt/rustwide/workdir" "-e" "CARGO_TARGET_DIR=/opt/rustwide/target" "-e" "CARGO_INCREMENTAL=0" "-e" "RUST_BACKTRACE=full" "-e" "RUSTFLAGS=--cap-lints=warn" "-e" "RUSTDOCFLAGS=--cap-lints=warn" "-e" "CARGO_HOME=/opt/rustwide/cargo-home" "-e" "RUSTUP_HOME=/opt/rustwide/rustup-home" "-w" "/opt/rustwide/workdir" "-m" "1610612736" "--user" "0:0" "--network" "none" "ghcr.io/rust-lang/crates-build-env/linux@sha256:f3a9d4ad9d972b27faf3965f35b62e55ba32bbce8f20bc8fe909558a86702fde" "/opt/rustwide/cargo-home/bin/cargo" "+beta-2024-12-08" "test" "--frozen" "--no-run" "--message-format=json", kill_on_drop: false }`
[INFO] [stdout] 76b128076e2c33a4efbf9fd32c70ddc94da6618dc97db2a6168a28e24c4e5e29
[INFO] running `Command { std: "docker" "start" "-a" "76b128076e2c33a4efbf9fd32c70ddc94da6618dc97db2a6168a28e24c4e5e29", kill_on_drop: false }`
[INFO] [stderr]    Compiling proc-macro2 v1.0.75
[INFO] [stderr]    Compiling unicode-ident v1.0.12
[INFO] [stderr]    Compiling serde v1.0.195
[INFO] [stderr]    Compiling syn v1.0.109
[INFO] [stderr]    Compiling prettyplease v0.1.25
[INFO] [stderr]    Compiling serde_json v1.0.111
[INFO] [stderr]    Compiling itoa v1.0.10
[INFO] [stderr]    Compiling ryu v1.0.16
[INFO] [stderr]    Compiling diff v0.1.13
[INFO] [stderr]    Compiling glob v0.3.1
[INFO] [stderr]    Compiling quote v1.0.35
[INFO] [stderr]    Compiling syn v2.0.48
[INFO] [stderr]    Compiling proc-macro-utils v0.8.0
[INFO] [stderr]    Compiling manyhow-macros v0.8.1
[INFO] [stderr]    Compiling manyhow v0.8.1
[INFO] [stderr]    Compiling darling_core v0.20.3
[INFO] [stderr]    Compiling derive-where v1.2.7
[INFO] [stderr]    Compiling futures-macro v0.3.30
[INFO] [stderr]    Compiling postgres-derive v0.4.5
[INFO] [stderr]    Compiling async-trait v0.1.77
[INFO] [stderr]    Compiling serde_derive v1.0.195
[INFO] [stderr]    Compiling futures-util v0.3.30
[INFO] [stderr]    Compiling postgres-types v0.2.6
[INFO] [stderr]    Compiling darling_macro v0.20.3
[INFO] [stderr]    Compiling quote-use-macros v0.7.2
[INFO] [stderr]    Compiling darling v0.20.3
[INFO] [stderr]    Compiling postgres-from-row-derive v0.5.2
[INFO] [stderr]    Compiling quote-use v0.7.2
[INFO] [stderr]    Compiling attribute-derive-macro v0.8.1
[INFO] [stderr]    Compiling attribute-derive v0.8.1
[INFO] [stderr]    Compiling tokio-postgres v0.7.10
[INFO] [stderr]    Compiling postgres-named-parameters-derive v0.1.0 (/opt/rustwide/workdir/postgres-named-parameters-derive)
[INFO] [stderr]    Compiling postgres-from-row v0.5.2
[INFO] [stderr]    Compiling postgres v0.19.7
[INFO] [stderr]    Compiling toml v0.5.11
[INFO] [stderr]    Compiling postgres-named-parameters v0.1.0 (/opt/rustwide/workdir/postgres-named-parameters)
[INFO] [stderr]    Compiling example-project v0.1.0 (/opt/rustwide/workdir/example-project)
[INFO] [stderr]    Compiling macrotest v1.0.9
[INFO] [stderr]     Finished `test` profile [unoptimized + debuginfo] target(s) in 25.04s
[INFO] running `Command { std: "docker" "inspect" "76b128076e2c33a4efbf9fd32c70ddc94da6618dc97db2a6168a28e24c4e5e29", kill_on_drop: false }`
[INFO] running `Command { std: "docker" "rm" "-f" "76b128076e2c33a4efbf9fd32c70ddc94da6618dc97db2a6168a28e24c4e5e29", kill_on_drop: false }`
[INFO] [stdout] 76b128076e2c33a4efbf9fd32c70ddc94da6618dc97db2a6168a28e24c4e5e29
[INFO] running `Command { std: "docker" "create" "-v" "/var/lib/crater-agent-workspace/builds/worker-0-tc2/target:/opt/rustwide/target:rw,Z" "-v" "/var/lib/crater-agent-workspace/builds/worker-0-tc2/source:/opt/rustwide/workdir:ro,Z" "-v" "/var/lib/crater-agent-workspace/cargo-home:/opt/rustwide/cargo-home:ro,Z" "-v" "/var/lib/crater-agent-workspace/rustup-home:/opt/rustwide/rustup-home:ro,Z" "-e" "SOURCE_DIR=/opt/rustwide/workdir" "-e" "CARGO_TARGET_DIR=/opt/rustwide/target" "-e" "CARGO_INCREMENTAL=0" "-e" "RUST_BACKTRACE=full" "-e" "RUSTFLAGS=--cap-lints=warn" "-e" "RUSTDOCFLAGS=--cap-lints=warn" "-e" "CARGO_HOME=/opt/rustwide/cargo-home" "-e" "RUSTUP_HOME=/opt/rustwide/rustup-home" "-w" "/opt/rustwide/workdir" "-m" "1610612736" "--user" "0:0" "--network" "none" "ghcr.io/rust-lang/crates-build-env/linux@sha256:f3a9d4ad9d972b27faf3965f35b62e55ba32bbce8f20bc8fe909558a86702fde" "/opt/rustwide/cargo-home/bin/cargo" "+beta-2024-12-08" "test" "--frozen", kill_on_drop: false }`
[INFO] [stdout] 3dc32760cdcd124a9e41985081a51714e5a8ba798732b7c00e993006beb450e1
[INFO] running `Command { std: "docker" "start" "-a" "3dc32760cdcd124a9e41985081a51714e5a8ba798732b7c00e993006beb450e1", kill_on_drop: false }`
[INFO] [stderr]     Finished `test` profile [unoptimized + debuginfo] target(s) in 0.12s
[INFO] [stderr]      Running unittests src/main.rs (/opt/rustwide/target/debug/deps/example_project-41409c0e14292d4a)
[INFO] [stdout] 
[INFO] [stderr]      Running unittests src/lib.rs (/opt/rustwide/target/debug/deps/postgres_named_parameters-207af8ecc36830b6)
[INFO] [stdout] running 0 tests
[INFO] [stderr]      Running unittests src/lib.rs (/opt/rustwide/target/debug/deps/postgres_named_parameters_derive-79b92791d4756168)
[INFO] [stdout] 
[INFO] [stdout] test result: ok. 0 passed; 0 failed; 0 ignored; 0 measured; 0 filtered out; finished in 0.00s
[INFO] [stdout] 
[INFO] [stdout] 
[INFO] [stdout] running 0 tests
[INFO] [stdout] 
[INFO] [stdout] test result: ok. 0 passed; 0 failed; 0 ignored; 0 measured; 0 filtered out; finished in 0.00s
[INFO] [stdout] 
[INFO] [stdout] 
[INFO] [stdout] running 0 tests
[INFO] [stdout] 
[INFO] [stdout] test result: ok. 0 passed; 0 failed; 0 ignored; 0 measured; 0 filtered out; finished in 0.00s
[INFO] [stdout] 
[INFO] [stdout] 
[INFO] [stderr]      Running tests/tests.rs (/opt/rustwide/target/debug/deps/tests-b1885a443124925e)
[INFO] [stdout] running 1 test
[INFO] [stderr] warning: `/opt/rustwide/target/tests/postgres-named-parameters-derive/macrotest000/.cargo/config` is deprecated in favor of `config.toml`
[INFO] [stderr] note: if you need to support cargo 1.38 or earlier, you can symlink `config` to `config.toml`
[INFO] [stderr] error: no such command: `expand`
[INFO] [stderr] 
[INFO] [stderr] 	View all installed commands with `cargo --list`
[INFO] [stderr] 	Find a package to install `expand` with `cargo search cargo-expand`
[INFO] [stdout] test macro_expansion_tests ... FAILED
[INFO] [stdout] 
[INFO] [stdout] failures:
[INFO] [stdout] 
[INFO] [stdout] ---- macro_expansion_tests stdout ----
[INFO] [stdout] Running 2 macro expansion tests
[INFO] [stdout] Expansion error:
[INFO] [stdout] warning: `/opt/rustwide/target/tests/postgres-named-parameters-derive/macrotest000/.cargo/config` is deprecated in favor of `config.toml`
[INFO] [stdout] note: if you need to support cargo 1.38 or earlier, you can symlink `config` to `config.toml`
[INFO] [stdout] error: no such command: `expand`
[INFO] [stdout] 
[INFO] [stdout] 	View all installed commands with `cargo --list`
[INFO] [stdout] 	Find a package to install `expand` with `cargo search cargo-expand`
[INFO] [stdout] 
[INFO] [stdout] Expansion error:
[INFO] [stdout] warning: `/opt/rustwide/target/tests/postgres-named-parameters-derive/macrotest000/.cargo/config` is deprecated in favor of `config.toml`
[INFO] [stdout] note: if you need to support cargo 1.38 or earlier, you can symlink `config` to `config.toml`
[INFO] [stdout] error: no such command: `expand`
[INFO] [stdout] 
[INFO] [stdout] 	View all installed commands with `cargo --list`
[INFO] [stdout] 	Find a package to install `expand` with `cargo search cargo-expand`
[INFO] [stdout] 
[INFO] [stdout] 
[INFO] [stdout] 
[INFO] [stdout] 
[INFO] [stdout] thread 'macro_expansion_tests' panicked at /opt/rustwide/cargo-home/registry/src/index.crates.io-6f17d22bba15001f/macrotest-1.0.9/src/expand.rs:172:9:
[INFO] [stdout] 2 of 2 tests failed
[INFO] [stdout] stack backtrace:
[INFO] [stdout]    0:     0x61635b69be5a - std::backtrace_rs::backtrace::libunwind::trace::h8810477743020387
[INFO] [stdout]                                at /rustc/202008a1b8de96d2e5b6bc02d379db03a877d34d/library/std/src/../../backtrace/src/backtrace/libunwind.rs:116:5
[INFO] [stdout]    1:     0x61635b69be5a - std::backtrace_rs::backtrace::trace_unsynchronized::h3aa55355dd6c54a6
[INFO] [stdout]                                at /rustc/202008a1b8de96d2e5b6bc02d379db03a877d34d/library/std/src/../../backtrace/src/backtrace/mod.rs:66:5
[INFO] [stdout]    2:     0x61635b69be5a - std::sys::backtrace::_print_fmt::h8588b0f62410823f
[INFO] [stdout]                                at /rustc/202008a1b8de96d2e5b6bc02d379db03a877d34d/library/std/src/sys/backtrace.rs:66:9
[INFO] [stdout]    3:     0x61635b69be5a - <std::sys::backtrace::BacktraceLock::print::DisplayBacktrace as core::fmt::Display>::fmt::h98c26ac25ffe89bb
[INFO] [stdout]                                at /rustc/202008a1b8de96d2e5b6bc02d379db03a877d34d/library/std/src/sys/backtrace.rs:39:26
[INFO] [stdout]    4:     0x61635b6c3be3 - core::fmt::rt::Argument::fmt::hf95377f4aebd453b
[INFO] [stdout]                                at /rustc/202008a1b8de96d2e5b6bc02d379db03a877d34d/library/core/src/fmt/rt.rs:177:76
[INFO] [stdout]    5:     0x61635b6c3be3 - core::fmt::write::h0dd5f6e2238c7982
[INFO] [stdout]                                at /rustc/202008a1b8de96d2e5b6bc02d379db03a877d34d/library/core/src/fmt/mod.rs:1189:21
[INFO] [stdout]    6:     0x61635b6984f3 - std::io::Write::write_fmt::h03bb0ca26e6faf8c
[INFO] [stdout]                                at /rustc/202008a1b8de96d2e5b6bc02d379db03a877d34d/library/std/src/io/mod.rs:1884:15
[INFO] [stdout]    7:     0x61635b69bca2 - std::sys::backtrace::BacktraceLock::print::h5c19c1c038ee186d
[INFO] [stdout]                                at /rustc/202008a1b8de96d2e5b6bc02d379db03a877d34d/library/std/src/sys/backtrace.rs:42:9
[INFO] [stdout]    8:     0x61635b69d2dd - std::panicking::default_hook::{{closure}}::h77172f079a1fcb13
[INFO] [stdout]                                at /rustc/202008a1b8de96d2e5b6bc02d379db03a877d34d/library/std/src/panicking.rs:268:22
[INFO] [stdout]    9:     0x61635b69d0e7 - std::panicking::default_hook::he5f8e3b203ccddba
[INFO] [stdout]                                at /rustc/202008a1b8de96d2e5b6bc02d379db03a877d34d/library/std/src/panicking.rs:292:9
[INFO] [stdout]   10:     0x61635b664a37 - <alloc::boxed::Box<F,A> as core::ops::function::Fn<Args>>::call::h7a3c7b4a1ae77f2f
[INFO] [stdout]                                at /rustc/202008a1b8de96d2e5b6bc02d379db03a877d34d/library/alloc/src/boxed.rs:1986:9
[INFO] [stdout]   11:     0x61635b664a37 - test::test_main::{{closure}}::hf0d3b69ae9b353d1
[INFO] [stdout]                                at /rustc/202008a1b8de96d2e5b6bc02d379db03a877d34d/library/test/src/lib.rs:134:21
[INFO] [stdout]   12:     0x61635b69d988 - <alloc::boxed::Box<F,A> as core::ops::function::Fn<Args>>::call::h6332e82e7b189abd
[INFO] [stdout]                                at /rustc/202008a1b8de96d2e5b6bc02d379db03a877d34d/library/alloc/src/boxed.rs:1986:9
[INFO] [stdout]   13:     0x61635b69d988 - std::panicking::rust_panic_with_hook::h53863d4e9018df39
[INFO] [stdout]                                at /rustc/202008a1b8de96d2e5b6bc02d379db03a877d34d/library/std/src/panicking.rs:809:13
[INFO] [stdout]   14:     0x61635b69d74a - std::panicking::begin_panic_handler::{{closure}}::h67280e6fa0757873
[INFO] [stdout]                                at /rustc/202008a1b8de96d2e5b6bc02d379db03a877d34d/library/std/src/panicking.rs:674:13
[INFO] [stdout]   15:     0x61635b69c339 - std::sys::backtrace::__rust_end_short_backtrace::h1dac3f54d6fbbeb2
[INFO] [stdout]                                at /rustc/202008a1b8de96d2e5b6bc02d379db03a877d34d/library/std/src/sys/backtrace.rs:170:18
[INFO] [stdout]   16:     0x61635b69d3dc - rust_begin_unwind
[INFO] [stdout]                                at /rustc/202008a1b8de96d2e5b6bc02d379db03a877d34d/library/std/src/panicking.rs:665:5
[INFO] [stdout]   17:     0x61635b36a990 - core::panicking::panic_fmt::h6792bd1b2bf01041
[INFO] [stdout]                                at /rustc/202008a1b8de96d2e5b6bc02d379db03a877d34d/library/core/src/panicking.rs:76:14
[INFO] [stdout]   18:     0x61635b372e0b - macrotest::expand::run_tests::hda382fb395fe9ada
[INFO] [stdout]                                at /opt/rustwide/cargo-home/registry/src/index.crates.io-6f17d22bba15001f/macrotest-1.0.9/src/expand.rs:172:9
[INFO] [stdout]   19:     0x61635b372875 - macrotest::expand::expand::h0b52e5e2eb2d5fb7
[INFO] [stdout]                                at /opt/rustwide/cargo-home/registry/src/index.crates.io-6f17d22bba15001f/macrotest-1.0.9/src/expand.rs:56:5
[INFO] [stdout]   20:     0x61635b373ce2 - tests::macro_expansion_tests::hba62dae00e0a53b1
[INFO] [stdout]                                at /opt/rustwide/workdir/postgres-named-parameters-derive/tests/tests.rs:3:5
[INFO] [stdout]   21:     0x61635b373cb7 - tests::macro_expansion_tests::{{closure}}::h583d5b7894adb4d5
[INFO] [stdout]                                at /opt/rustwide/workdir/postgres-named-parameters-derive/tests/tests.rs:2:27
[INFO] [stdout]   22:     0x61635b36caa6 - core::ops::function::FnOnce::call_once::h4f24e218226222b4
[INFO] [stdout]                                at /rustc/202008a1b8de96d2e5b6bc02d379db03a877d34d/library/core/src/ops/function.rs:250:5
[INFO] [stdout]   23:     0x61635b66955b - core::ops::function::FnOnce::call_once::h871bf86719ec9aa4
[INFO] [stdout]                                at /rustc/202008a1b8de96d2e5b6bc02d379db03a877d34d/library/core/src/ops/function.rs:250:5
[INFO] [stdout]   24:     0x61635b66955b - test::__rust_begin_short_backtrace::h2167df1e2b7d76fd
[INFO] [stdout]                                at /rustc/202008a1b8de96d2e5b6bc02d379db03a877d34d/library/test/src/lib.rs:632:18
[INFO] [stdout]   25:     0x61635b668f48 - test::run_test_in_process::{{closure}}::h15d92f75a3adfb79
[INFO] [stdout]                                at /rustc/202008a1b8de96d2e5b6bc02d379db03a877d34d/library/test/src/lib.rs:655:60
[INFO] [stdout]   26:     0x61635b668f48 - <core::panic::unwind_safe::AssertUnwindSafe<F> as core::ops::function::FnOnce<()>>::call_once::hb6c8955835a8dbbb
[INFO] [stdout]                                at /rustc/202008a1b8de96d2e5b6bc02d379db03a877d34d/library/core/src/panic/unwind_safe.rs:272:9
[INFO] [stdout]   27:     0x61635b668f48 - std::panicking::try::do_call::hc79d0fc888a0bd30
[INFO] [stdout]                                at /rustc/202008a1b8de96d2e5b6bc02d379db03a877d34d/library/std/src/panicking.rs:557:40
[INFO] [stdout]   28:     0x61635b668f48 - std::panicking::try::hb8a7878e3a8589d6
[INFO] [stdout]                                at /rustc/202008a1b8de96d2e5b6bc02d379db03a877d34d/library/std/src/panicking.rs:520:19
[INFO] [stdout]   29:     0x61635b668f48 - std::panic::catch_unwind::hb8e4600ff0ff5cfa
[INFO] [stdout]                                at /rustc/202008a1b8de96d2e5b6bc02d379db03a877d34d/library/std/src/panic.rs:358:14
[INFO] [stdout]   30:     0x61635b668f48 - test::run_test_in_process::hc2900b0b18688dd6
[INFO] [stdout]                                at /rustc/202008a1b8de96d2e5b6bc02d379db03a877d34d/library/test/src/lib.rs:655:27
[INFO] [stdout]   31:     0x61635b668f48 - test::run_test::{{closure}}::hac2a9cb07be3d48d
[INFO] [stdout]                                at /rustc/202008a1b8de96d2e5b6bc02d379db03a877d34d/library/test/src/lib.rs:576:43
[INFO] [stdout]   32:     0x61635b62c9ea - test::run_test::{{closure}}::h4a5b729e66a38cd8
[INFO] [stdout]                                at /rustc/202008a1b8de96d2e5b6bc02d379db03a877d34d/library/test/src/lib.rs:606:41
[INFO] [stdout]   33:     0x61635b62c9ea - std::sys::backtrace::__rust_begin_short_backtrace::h0496fb742492f573
[INFO] [stdout]                                at /rustc/202008a1b8de96d2e5b6bc02d379db03a877d34d/library/std/src/sys/backtrace.rs:154:18
[INFO] [stdout]   34:     0x61635b630364 - std::thread::Builder::spawn_unchecked_::{{closure}}::{{closure}}::hbb6d257c550a54bd
[INFO] [stdout]                                at /rustc/202008a1b8de96d2e5b6bc02d379db03a877d34d/library/std/src/thread/mod.rs:561:17
[INFO] [stdout]   35:     0x61635b630364 - <core::panic::unwind_safe::AssertUnwindSafe<F> as core::ops::function::FnOnce<()>>::call_once::h46696fe4a6832328
[INFO] [stdout]                                at /rustc/202008a1b8de96d2e5b6bc02d379db03a877d34d/library/core/src/panic/unwind_safe.rs:272:9
[INFO] [stdout]   36:     0x61635b630364 - std::panicking::try::do_call::h2625a51b667bfb64
[INFO] [stdout]                                at /rustc/202008a1b8de96d2e5b6bc02d379db03a877d34d/library/std/src/panicking.rs:557:40
[INFO] [stdout]   37:     0x61635b630364 - std::panicking::try::hb956a59a1973aa4c
[INFO] [stdout]                                at /rustc/202008a1b8de96d2e5b6bc02d379db03a877d34d/library/std/src/panicking.rs:520:19
[INFO] [stdout]   38:     0x61635b630364 - std::panic::catch_unwind::h64f3b9d1067ef6a0
[INFO] [stdout]                                at /rustc/202008a1b8de96d2e5b6bc02d379db03a877d34d/library/std/src/panic.rs:358:14
[INFO] [stdout]   39:     0x61635b630364 - std::thread::Builder::spawn_unchecked_::{{closure}}::h42b2841295b6c0b2
[INFO] [stdout]                                at /rustc/202008a1b8de96d2e5b6bc02d379db03a877d34d/library/std/src/thread/mod.rs:559:30
[INFO] [stdout]   40:     0x61635b630364 - core::ops::function::FnOnce::call_once{{vtable.shim}}::h6127de71b8124639
[INFO] [stdout]                                at /rustc/202008a1b8de96d2e5b6bc02d379db03a877d34d/library/core/src/ops/function.rs:250:5
[INFO] [stdout]   41:     0x61635b6a28db - <alloc::boxed::Box<F,A> as core::ops::function::FnOnce<Args>>::call_once::h42f0ba71002a1b2c
[INFO] [stdout]                                at /rustc/202008a1b8de96d2e5b6bc02d379db03a877d34d/library/alloc/src/boxed.rs:1972:9
[INFO] [stdout]   42:     0x61635b6a28db - <alloc::boxed::Box<F,A> as core::ops::function::FnOnce<Args>>::call_once::had9e47d7a3dcecb8
[INFO] [stdout]                                at /rustc/202008a1b8de96d2e5b6bc02d379db03a877d34d/library/alloc/src/boxed.rs:1972:9
[INFO] [stdout]   43:     0x61635b6a28db - std::sys::pal::unix::thread::Thread::new::thread_start::h48cf765408f6f5f2
[INFO] [stdout]                                at /rustc/202008a1b8de96d2e5b6bc02d379db03a877d34d/library/std/src/sys/pal/unix/thread.rs:105:17
[INFO] [stdout]   44:     0x7c2127695ac3 - <unknown>
[INFO] [stdout]   45:     0x7c2127726a04 - clone
[INFO] [stdout]   46:                0x0 - <unknown>
[INFO] [stdout] 
[INFO] [stdout] 
[INFO] [stdout] failures:
[INFO] [stdout]     macro_expansion_tests
[INFO] [stdout] 
[INFO] [stdout] test result: FAILED. 0 passed; 1 failed; 0 ignored; 0 measured; 0 filtered out; finished in 0.26s
[INFO] [stdout] 
[INFO] [stderr] error: test failed, to rerun pass `-p postgres-named-parameters-derive --test tests`
[INFO] running `Command { std: "docker" "inspect" "3dc32760cdcd124a9e41985081a51714e5a8ba798732b7c00e993006beb450e1", kill_on_drop: false }`
[INFO] running `Command { std: "docker" "rm" "-f" "3dc32760cdcd124a9e41985081a51714e5a8ba798732b7c00e993006beb450e1", kill_on_drop: false }`
[INFO] [stdout] 3dc32760cdcd124a9e41985081a51714e5a8ba798732b7c00e993006beb450e1
