[INFO] cloning repository https://github.com/jmgilman/vssh
[INFO] running `Command { std: "git" "-c" "credential.helper=" "-c" "credential.helper=/workspace/cargo-home/bin/git-credential-null" "clone" "--bare" "https://github.com/jmgilman/vssh" "/workspace/cache/git-repos/https%3A%2F%2Fgithub.com%2Fjmgilman%2Fvssh", kill_on_drop: false }`
[INFO] [stderr] Cloning into bare repository '/workspace/cache/git-repos/https%3A%2F%2Fgithub.com%2Fjmgilman%2Fvssh'...
[INFO] running `Command { std: "git" "rev-parse" "HEAD", kill_on_drop: false }`
[INFO] [stdout] 7179dea4dbf1c0e13920f09800da8d4311b398fb
[INFO] testing jmgilman/vssh against 1.83.0 for beta-1.84.0-4-retry
[INFO] running `Command { std: "git" "clone" "/workspace/cache/git-repos/https%3A%2F%2Fgithub.com%2Fjmgilman%2Fvssh" "/workspace/builds/worker-7-tc1/source", kill_on_drop: false }`
[INFO] [stderr] Cloning into '/workspace/builds/worker-7-tc1/source'...
[INFO] [stderr] done.
[INFO] validating manifest of git repo https://github.com/jmgilman/vssh on toolchain 1.83.0
[INFO] running `Command { std: CARGO_HOME="/workspace/cargo-home" RUSTUP_HOME="/workspace/rustup-home" "/workspace/cargo-home/bin/cargo" "+1.83.0" "metadata" "--manifest-path" "Cargo.toml" "--no-deps", kill_on_drop: false }`
[INFO] started tweaking git repo https://github.com/jmgilman/vssh
[INFO] finished tweaking git repo https://github.com/jmgilman/vssh
[INFO] tweaked toml for git repo https://github.com/jmgilman/vssh written to /workspace/builds/worker-7-tc1/source/Cargo.toml
[INFO] crate git repo https://github.com/jmgilman/vssh already has a lockfile, it will not be regenerated
[INFO] running `Command { std: CARGO_HOME="/workspace/cargo-home" RUSTUP_HOME="/workspace/rustup-home" "/workspace/cargo-home/bin/cargo" "+1.83.0" "fetch" "--manifest-path" "Cargo.toml", kill_on_drop: false }`
[INFO] [stderr]     Updating crates.io index
[INFO] [stderr]  Downloading crates ...
[INFO] [stderr]   Downloaded text_io v0.1.9
[INFO] [stderr]   Downloaded predicates v2.0.2
[INFO] [stderr]   Downloaded phf v0.10.0
[INFO] [stderr]   Downloaded tiny_http v0.8.2
[INFO] [stderr]   Downloaded rustify_derive v0.4.3
[INFO] [stderr]   Downloaded assert_fs v1.0.5
[INFO] [stderr]   Downloaded vaultrs-test v0.2.2
[INFO] [stderr]   Downloaded dockertest v0.2.1
[INFO] [stderr]   Downloaded vaultrs-login v0.1.3
[INFO] [stderr]   Downloaded vaultrs v0.5.3
[INFO] [stderr]   Downloaded sshkeys v0.3.1
[INFO] [stderr]   Downloaded assert_cmd v2.0.1
[INFO] [stderr]   Downloaded rustify v0.4.4
[INFO] running `Command { std: "docker" "create" "-v" "/var/lib/crater-agent-workspace/builds/worker-7-tc1/target:/opt/rustwide/target:rw,Z" "-v" "/var/lib/crater-agent-workspace/builds/worker-7-tc1/source:/opt/rustwide/workdir:ro,Z" "-v" "/var/lib/crater-agent-workspace/cargo-home:/opt/rustwide/cargo-home:ro,Z" "-v" "/var/lib/crater-agent-workspace/rustup-home:/opt/rustwide/rustup-home:ro,Z" "-e" "SOURCE_DIR=/opt/rustwide/workdir" "-e" "CARGO_TARGET_DIR=/opt/rustwide/target" "-e" "CARGO_HOME=/opt/rustwide/cargo-home" "-e" "RUSTUP_HOME=/opt/rustwide/rustup-home" "-w" "/opt/rustwide/workdir" "-m" "1610612736" "--user" "0:0" "--network" "none" "ghcr.io/rust-lang/crates-build-env/linux@sha256:f3a9d4ad9d972b27faf3965f35b62e55ba32bbce8f20bc8fe909558a86702fde" "/opt/rustwide/cargo-home/bin/cargo" "+1.83.0" "metadata" "--no-deps" "--format-version=1", kill_on_drop: false }`
[INFO] [stdout] ac7edb4f912ff8d20fc2df85410b72579ad5b55e2c9a1fd7a3a509610790727d
[INFO] running `Command { std: "docker" "start" "-a" "ac7edb4f912ff8d20fc2df85410b72579ad5b55e2c9a1fd7a3a509610790727d", kill_on_drop: false }`
[INFO] running `Command { std: "docker" "inspect" "ac7edb4f912ff8d20fc2df85410b72579ad5b55e2c9a1fd7a3a509610790727d", kill_on_drop: false }`
[INFO] running `Command { std: "docker" "rm" "-f" "ac7edb4f912ff8d20fc2df85410b72579ad5b55e2c9a1fd7a3a509610790727d", kill_on_drop: false }`
[INFO] [stdout] ac7edb4f912ff8d20fc2df85410b72579ad5b55e2c9a1fd7a3a509610790727d
[INFO] running `Command { std: "docker" "create" "-v" "/var/lib/crater-agent-workspace/builds/worker-7-tc1/target:/opt/rustwide/target:rw,Z" "-v" "/var/lib/crater-agent-workspace/builds/worker-7-tc1/source:/opt/rustwide/workdir:ro,Z" "-v" "/var/lib/crater-agent-workspace/cargo-home:/opt/rustwide/cargo-home:ro,Z" "-v" "/var/lib/crater-agent-workspace/rustup-home:/opt/rustwide/rustup-home:ro,Z" "-e" "SOURCE_DIR=/opt/rustwide/workdir" "-e" "CARGO_TARGET_DIR=/opt/rustwide/target" "-e" "CARGO_INCREMENTAL=0" "-e" "RUST_BACKTRACE=full" "-e" "RUSTFLAGS=--cap-lints=warn" "-e" "RUSTDOCFLAGS=--cap-lints=warn" "-e" "CARGO_HOME=/opt/rustwide/cargo-home" "-e" "RUSTUP_HOME=/opt/rustwide/rustup-home" "-w" "/opt/rustwide/workdir" "-m" "1610612736" "--user" "0:0" "--network" "none" "ghcr.io/rust-lang/crates-build-env/linux@sha256:f3a9d4ad9d972b27faf3965f35b62e55ba32bbce8f20bc8fe909558a86702fde" "/opt/rustwide/cargo-home/bin/cargo" "+1.83.0" "build" "--frozen" "--message-format=json", kill_on_drop: false }`
[INFO] [stdout] eee8c30551a5b6b949df7a65d18b6c6bfd7fa584ac7084b1984488c1004bd316
[INFO] running `Command { std: "docker" "start" "-a" "eee8c30551a5b6b949df7a65d18b6c6bfd7fa584ac7084b1984488c1004bd316", kill_on_drop: false }`
[INFO] [stderr]    Compiling proc-macro2 v1.0.29
[INFO] [stderr]    Compiling unicode-xid v0.2.2
[INFO] [stderr]    Compiling syn v1.0.75
[INFO] [stderr]    Compiling libc v0.2.101
[INFO] [stderr]    Compiling cfg-if v1.0.0
[INFO] [stderr]    Compiling autocfg v1.0.1
[INFO] [stderr]    Compiling memchr v2.4.1
[INFO] [stderr]    Compiling fnv v1.0.7
[INFO] [stderr]    Compiling log v0.4.14
[INFO] [stderr]    Compiling once_cell v1.8.0
[INFO] [stderr]    Compiling strsim v0.10.0
[INFO] [stderr]    Compiling pin-project-lite v0.2.7
[INFO] [stderr]    Compiling parking_lot_core v0.8.5
[INFO] [stderr]    Compiling ident_case v1.0.1
[INFO] [stderr]    Compiling cc v1.0.69
[INFO] [stderr]    Compiling serde_derive v1.0.130
[INFO] [stderr]    Compiling proc-macro-hack v0.5.19
[INFO] [stderr]    Compiling instant v0.1.10
[INFO] [stderr]    Compiling bytes v1.1.0
[INFO] [stderr]    Compiling smallvec v1.6.1
[INFO] [stderr]    Compiling quote v1.0.9
[INFO] [stderr]    Compiling scopeguard v1.1.0
[INFO] [stderr]    Compiling futures-core v0.3.17
[INFO] [stderr]    Compiling serde v1.0.130
[INFO] [stderr]    Compiling lock_api v0.4.5
[INFO] [stderr]    Compiling tokio v1.11.0
[INFO] [stderr]    Compiling itoa v0.4.8
[INFO] [stderr]    Compiling untrusted v0.7.1
[INFO] [stderr]    Compiling spin v0.5.2
[INFO] [stderr]    Compiling parking_lot v0.11.2
[INFO] [stderr]    Compiling num_cpus v1.13.0
[INFO] [stderr]    Compiling signal-hook-registry v1.4.0
[INFO] [stderr]    Compiling ring v0.16.20
[INFO] [stderr]    Compiling mio v0.7.13
[INFO] [stderr]    Compiling indexmap v1.7.0
[INFO] [stderr]    Compiling futures-macro v0.3.17
[INFO] [stderr]    Compiling futures-task v0.3.17
[INFO] [stderr]    Compiling proc-macro-nested v0.1.7
[INFO] [stderr]    Compiling futures-channel v0.3.17
[INFO] [stderr]    Compiling futures-sink v0.3.17
[INFO] [stderr]    Compiling aho-corasick v0.7.18
[INFO] [stderr]    Compiling futures-util v0.3.17
[INFO] [stderr]    Compiling num-traits v0.2.14
[INFO] [stderr]    Compiling hashbrown v0.11.2
[INFO] [stderr]    Compiling tinyvec_macros v0.1.0
[INFO] [stderr]    Compiling regex-syntax v0.6.25
[INFO] [stderr]    Compiling matches v0.1.9
[INFO] [stderr]    Compiling tinyvec v1.3.1
[INFO] [stderr]    Compiling http v0.2.4
[INFO] [stderr]    Compiling getrandom v0.2.3
[INFO] [stderr]    Compiling tracing-core v0.1.19
[INFO] [stderr]    Compiling slab v0.4.4
[INFO] [stderr]    Compiling pin-utils v0.1.0
[INFO] [stderr]    Compiling httparse v1.5.1
[INFO] [stderr]    Compiling percent-encoding v2.1.0
[INFO] [stderr]    Compiling version_check v0.9.3
[INFO] [stderr]    Compiling ryu v1.0.5
[INFO] [stderr]    Compiling futures-io v0.3.17
[INFO] [stderr]    Compiling form_urlencoded v1.0.1
[INFO] [stderr]    Compiling unicode-normalization v0.1.19
[INFO] [stderr]    Compiling rand_core v0.6.3
[INFO] [stderr]    Compiling ppv-lite86 v0.2.10
[INFO] [stderr]    Compiling typenum v1.14.0
[INFO] [stderr]    Compiling try-lock v0.2.3
[INFO] [stderr]    Compiling unicode-bidi v0.3.6
[INFO] [stderr]    Compiling base64 v0.13.0
[INFO] [stderr]    Compiling regex v1.5.4
[INFO] [stderr]    Compiling idna v0.2.3
[INFO] [stderr]    Compiling want v0.3.0
[INFO] [stderr]    Compiling rand_chacha v0.3.1
[INFO] [stderr]    Compiling http-body v0.4.3
[INFO] [stderr]    Compiling socket2 v0.4.1
[INFO] [stderr]    Compiling webpki v0.21.4
[INFO] [stderr]    Compiling sct v0.6.1
[INFO] [stderr]    Compiling httpdate v1.0.1
[INFO] [stderr]    Compiling encoding_rs v0.8.28
[INFO] [stderr]    Compiling rustls v0.19.1
[INFO] [stderr]    Compiling tower-service v0.3.1
[INFO] [stderr]    Compiling darling_core v0.12.4
[INFO] [stderr]    Compiling darling_core v0.13.0
[INFO] [stderr]    Compiling rand v0.8.4
[INFO] [stderr]    Compiling url v2.2.2
[INFO] [stderr]    Compiling proc-macro-error-attr v1.0.4
[INFO] [stderr]    Compiling num-integer v0.1.44
[INFO] [stderr]    Compiling async-trait v0.1.51
[INFO] [stderr]    Compiling rustversion v1.0.5
[INFO] [stderr]    Compiling anyhow v1.0.43
[INFO] [stderr]    Compiling serde_json v1.0.67
[INFO] [stderr]    Compiling generic-array v0.12.4
[INFO] [stderr]    Compiling synstructure v0.12.5
[INFO] [stderr]    Compiling webpki-roots v0.21.1
[INFO] [stderr]    Compiling proc-macro-error v1.0.4
[INFO] [stderr]    Compiling tokio-macros v1.3.0
[INFO] [stderr]    Compiling tracing-attributes v0.1.15
[INFO] [stderr]    Compiling darling_macro v0.13.0
[INFO] [stderr]    Compiling darling_macro v0.12.4
[INFO] [stderr]    Compiling darling v0.13.0
[INFO] [stderr]    Compiling thiserror-impl v1.0.28
[INFO] [stderr]    Compiling darling v0.12.4
[INFO] [stderr]    Compiling derive_builder_core v0.10.2
[INFO] [stderr]    Compiling byte-tools v0.3.1
[INFO] [stderr]    Compiling tracing v0.1.26
[INFO] [stderr]    Compiling ipnet v2.3.1
[INFO] [stderr]    Compiling mime v0.3.16
[INFO] [stderr]    Compiling unicode-width v0.1.8
[INFO] [stderr]    Compiling siphasher v0.3.7
[INFO] [stderr]    Compiling phf_shared v0.10.0
[INFO] [stderr]    Compiling derive_builder_macro v0.10.2
[INFO] [stderr]    Compiling block-padding v0.1.5
[INFO] [stderr]    Compiling serde_with_macros v1.4.2
[INFO] [stderr]    Compiling rustify_derive v0.4.3
[INFO] [stderr]    Compiling thiserror v1.0.28
[INFO] [stderr]    Compiling time v0.1.43
[INFO] [stderr]    Compiling unicode-segmentation v1.8.0
[INFO] [stderr]    Compiling byteorder v1.4.3
[INFO] [stderr]    Compiling predicates-core v1.0.2
[INFO] [stderr]    Compiling heck v0.3.3
[INFO] [stderr]    Compiling block-buffer v0.7.3
[INFO] [stderr]    Compiling derive_builder v0.10.2
[INFO] [stderr]    Compiling phf_generator v0.10.0
[INFO] [stderr]    Compiling digest v0.8.1
[INFO] [stderr]    Compiling float-cmp v0.8.0
[INFO] [stderr]    Compiling terminal_size v0.1.17
[INFO] [stderr]    Compiling dirs-sys-next v0.1.2
[INFO] [stderr]    Compiling opaque-debug v0.2.3
[INFO] [stderr]    Compiling remove_dir_all v0.5.3
[INFO] [stderr]    Compiling difference v2.0.0
[INFO] [stderr]    Compiling fake-simd v0.1.2
[INFO] [stderr]    Compiling normalize-line-endings v0.3.0
[INFO] [stderr]    Compiling treeline v0.1.0
[INFO] [stderr]    Compiling ascii v1.0.0
[INFO] [stderr]    Compiling chunked_transfer v1.4.0
[INFO] [stderr]    Compiling predicates-tree v1.0.3
[INFO] [stderr]    Compiling predicates v1.0.8
[INFO] [stderr]    Compiling dirs-next v2.0.0
[INFO] [stderr]    Compiling sha2 v0.8.2
[INFO] [stderr]    Compiling clap_derive v3.0.0-beta.4
[INFO] [stderr]    Compiling tempfile v3.2.0
[INFO] [stderr]    Compiling console v0.14.1
[INFO] [stderr]    Compiling phf_macros v0.10.0
[INFO] [stderr]    Compiling textwrap v0.14.2
[INFO] [stderr]    Compiling mockall_derive v0.10.2
[INFO] [stderr]    Compiling dirs-sys v0.3.6
[INFO] [stderr]    Compiling tokio-util v0.6.7
[INFO] [stderr]    Compiling tokio-rustls v0.22.0
[INFO] [stderr]    Compiling atty v0.2.14
[INFO] [stderr]    Compiling downcast v0.10.0
[INFO] [stderr]    Compiling fragile v1.0.0
[INFO] [stderr]    Compiling zeroize v1.4.1
[INFO] [stderr]    Compiling os_str_bytes v3.1.0
[INFO] [stderr]    Compiling h2 v0.3.4
[INFO] [stderr]    Compiling bitflags v1.3.2
[INFO] [stderr]    Compiling base64 v0.12.3
[INFO] [stderr]    Compiling vec_map v0.8.2
[INFO] [stderr]    Compiling termcolor v1.1.2
[INFO] [stderr]    Compiling phf v0.10.0
[INFO] [stderr]    Compiling sshkeys v0.3.1
[INFO] [stderr]    Compiling dialoguer v0.8.0
[INFO] [stderr]    Compiling clap v3.0.0-beta.4
[INFO] [stderr]    Compiling dirs v3.0.2
[INFO] [stderr]    Compiling shellexpand v2.1.0
[INFO] [stderr]    Compiling rpassword v5.0.1
[INFO] [stderr]    Compiling webbrowser v0.5.5
[INFO] [stderr]    Compiling text_io v0.1.9
[INFO] [stderr]    Compiling serde_urlencoded v0.7.0
[INFO] [stderr]    Compiling chrono v0.4.19
[INFO] [stderr]    Compiling serde_with v1.9.4
[INFO] [stderr]    Compiling toml v0.5.8
[INFO] [stderr]    Compiling tiny_http v0.8.2
[INFO] [stderr]    Compiling mockall v0.10.2
[INFO] [stderr]    Compiling hyper v0.14.12
[INFO] [stderr]    Compiling hyper-rustls v0.22.1
[INFO] [stderr]    Compiling reqwest v0.11.4
[INFO] [stderr]    Compiling rustify v0.4.4
[INFO] [stderr]    Compiling vaultrs v0.5.3
[INFO] [stderr]    Compiling vaultrs-login v0.1.3
[INFO] [stderr]    Compiling vaultssh v0.1.1 (/opt/rustwide/workdir)
[INFO] [stderr]     Finished `dev` profile [unoptimized + debuginfo] target(s) in 2m 20s
[INFO] running `Command { std: "docker" "inspect" "eee8c30551a5b6b949df7a65d18b6c6bfd7fa584ac7084b1984488c1004bd316", kill_on_drop: false }`
[INFO] running `Command { std: "docker" "rm" "-f" "eee8c30551a5b6b949df7a65d18b6c6bfd7fa584ac7084b1984488c1004bd316", kill_on_drop: false }`
[INFO] [stdout] eee8c30551a5b6b949df7a65d18b6c6bfd7fa584ac7084b1984488c1004bd316
[INFO] running `Command { std: "docker" "create" "-v" "/var/lib/crater-agent-workspace/builds/worker-7-tc1/target:/opt/rustwide/target:rw,Z" "-v" "/var/lib/crater-agent-workspace/builds/worker-7-tc1/source:/opt/rustwide/workdir:ro,Z" "-v" "/var/lib/crater-agent-workspace/cargo-home:/opt/rustwide/cargo-home:ro,Z" "-v" "/var/lib/crater-agent-workspace/rustup-home:/opt/rustwide/rustup-home:ro,Z" "-e" "SOURCE_DIR=/opt/rustwide/workdir" "-e" "CARGO_TARGET_DIR=/opt/rustwide/target" "-e" "CARGO_INCREMENTAL=0" "-e" "RUST_BACKTRACE=full" "-e" "RUSTFLAGS=--cap-lints=warn" "-e" "RUSTDOCFLAGS=--cap-lints=warn" "-e" "CARGO_HOME=/opt/rustwide/cargo-home" "-e" "RUSTUP_HOME=/opt/rustwide/rustup-home" "-w" "/opt/rustwide/workdir" "-m" "1610612736" "--user" "0:0" "--network" "none" "ghcr.io/rust-lang/crates-build-env/linux@sha256:f3a9d4ad9d972b27faf3965f35b62e55ba32bbce8f20bc8fe909558a86702fde" "/opt/rustwide/cargo-home/bin/cargo" "+1.83.0" "test" "--frozen" "--no-run" "--message-format=json", kill_on_drop: false }`
[INFO] [stdout] a97f1386c7444f879e77fd34b39772c4dc2912d533924c7ecd03b3bcf77036f7
[INFO] running `Command { std: "docker" "start" "-a" "a97f1386c7444f879e77fd34b39772c4dc2912d533924c7ecd03b3bcf77036f7", kill_on_drop: false }`
[INFO] [stderr]    Compiling regex-automata v0.1.10
[INFO] [stderr]    Compiling getrandom v0.1.16
[INFO] [stderr]    Compiling thread_local v1.1.3
[INFO] [stderr]    Compiling pin-project-internal v1.0.8
[INFO] [stderr]    Compiling crossbeam-utils v0.8.5
[INFO] [stderr]    Compiling doc-comment v0.3.3
[INFO] [stderr]    Compiling either v1.6.1
[INFO] [stderr]    Compiling same-file v1.0.6
[INFO] [stderr]    Compiling hex v0.4.3
[INFO] [stderr]    Compiling itertools v0.10.1
[INFO] [stderr]    Compiling walkdir v2.3.2
[INFO] [stderr]    Compiling rand_core v0.5.1
[INFO] [stderr]    Compiling bollard-stubs v1.41.0
[INFO] [stderr]    Compiling dockertest v0.2.1
[INFO] [stderr]    Compiling rand_chacha v0.2.2
[INFO] [stderr]    Compiling futures-executor v0.3.17
[INFO] [stderr]    Compiling ct-logs v0.8.0
[INFO] [stderr]    Compiling float-cmp v0.9.0
[INFO] [stderr]    Compiling tracing-log v0.1.2
[INFO] [stderr]    Compiling tracing-serde v0.1.2
[INFO] [stderr]    Compiling bstr v0.2.16
[INFO] [stderr]    Compiling matchers v0.0.1
[INFO] [stderr]    Compiling sharded-slab v0.1.3
[INFO] [stderr]    Compiling difflib v0.4.0
[INFO] [stderr]    Compiling ansi_term v0.12.1
[INFO] [stderr]    Compiling globset v0.4.8
[INFO] [stderr]    Compiling predicates v2.0.2
[INFO] [stderr]    Compiling tracing-subscriber v0.2.20
[INFO] [stderr]    Compiling futures v0.3.17
[INFO] [stderr]    Compiling rand v0.7.3
[INFO] [stderr]    Compiling pin-project v1.0.8
[INFO] [stderr]    Compiling hyper-unix-connector v0.2.2
[INFO] [stderr]    Compiling ignore v0.4.18
[INFO] [stderr]    Compiling tracing-futures v0.2.5
[INFO] [stderr]    Compiling dyn-clone v1.0.4
[INFO] [stderr]    Compiling wait-timeout v0.2.0
[INFO] [stderr]    Compiling assert_cmd v2.0.1
[INFO] [stderr]    Compiling globwalk v0.8.1
[INFO] [stderr]    Compiling assert_fs v1.0.5
[INFO] [stderr]    Compiling bollard v0.10.1
[INFO] [stderr]    Compiling vaultrs-test v0.2.2
[INFO] [stderr]    Compiling vaultssh v0.1.1 (/opt/rustwide/workdir)
[INFO] [stdout] warning: methods `mount_secret_with_config` and `mount_auth_with_config` are never used
[INFO] [stdout]   --> tests/common.rs:26:14
[INFO] [stdout]    |
[INFO] [stdout] 15 | pub trait VaultServerHelper {
[INFO] [stdout]    |           ----------------- methods in this trait
[INFO] [stdout] ...
[INFO] [stdout] 26 |     async fn mount_secret_with_config(
[INFO] [stdout]    |              ^^^^^^^^^^^^^^^^^^^^^^^^
[INFO] [stdout] ...
[INFO] [stdout] 44 |     async fn mount_auth_with_config(
[INFO] [stdout]    |              ^^^^^^^^^^^^^^^^^^^^^^
[INFO] [stdout]    |
[INFO] [stdout]    = note: `#[warn(dead_code)]` on by default
[INFO] [stdout] 
[INFO] [stdout] 
[INFO] [stderr]     Finished `test` profile [unoptimized + debuginfo] target(s) in 53.15s
[INFO] running `Command { std: "docker" "inspect" "a97f1386c7444f879e77fd34b39772c4dc2912d533924c7ecd03b3bcf77036f7", kill_on_drop: false }`
[INFO] running `Command { std: "docker" "rm" "-f" "a97f1386c7444f879e77fd34b39772c4dc2912d533924c7ecd03b3bcf77036f7", kill_on_drop: false }`
[INFO] [stdout] a97f1386c7444f879e77fd34b39772c4dc2912d533924c7ecd03b3bcf77036f7
[INFO] running `Command { std: "docker" "create" "-v" "/var/lib/crater-agent-workspace/builds/worker-7-tc1/target:/opt/rustwide/target:rw,Z" "-v" "/var/lib/crater-agent-workspace/builds/worker-7-tc1/source:/opt/rustwide/workdir:ro,Z" "-v" "/var/lib/crater-agent-workspace/cargo-home:/opt/rustwide/cargo-home:ro,Z" "-v" "/var/lib/crater-agent-workspace/rustup-home:/opt/rustwide/rustup-home:ro,Z" "-e" "SOURCE_DIR=/opt/rustwide/workdir" "-e" "CARGO_TARGET_DIR=/opt/rustwide/target" "-e" "CARGO_INCREMENTAL=0" "-e" "RUST_BACKTRACE=full" "-e" "RUSTFLAGS=--cap-lints=warn" "-e" "RUSTDOCFLAGS=--cap-lints=warn" "-e" "CARGO_HOME=/opt/rustwide/cargo-home" "-e" "RUSTUP_HOME=/opt/rustwide/rustup-home" "-w" "/opt/rustwide/workdir" "-m" "1610612736" "--user" "0:0" "--network" "none" "ghcr.io/rust-lang/crates-build-env/linux@sha256:f3a9d4ad9d972b27faf3965f35b62e55ba32bbce8f20bc8fe909558a86702fde" "/opt/rustwide/cargo-home/bin/cargo" "+1.83.0" "test" "--frozen", kill_on_drop: false }`
[INFO] [stdout] eaea1b2da304fe6fc44bf2b5a63e89442c91fa30ecd669b2775ba9036da50ef1
[INFO] running `Command { std: "docker" "start" "-a" "eaea1b2da304fe6fc44bf2b5a63e89442c91fa30ecd669b2775ba9036da50ef1", kill_on_drop: false }`
[INFO] [stderr] warning: methods `mount_secret_with_config` and `mount_auth_with_config` are never used
[INFO] [stderr]   --> tests/common.rs:26:14
[INFO] [stderr]    |
[INFO] [stderr] 15 | pub trait VaultServerHelper {
[INFO] [stderr]    |           ----------------- methods in this trait
[INFO] [stderr] ...
[INFO] [stderr] 26 |     async fn mount_secret_with_config(
[INFO] [stderr]    |              ^^^^^^^^^^^^^^^^^^^^^^^^
[INFO] [stderr] ...
[INFO] [stderr] 44 |     async fn mount_auth_with_config(
[INFO] [stderr]    |              ^^^^^^^^^^^^^^^^^^^^^^
[INFO] [stderr]    |
[INFO] [stderr]    = note: `#[warn(dead_code)]` on by default
[INFO] [stderr] 
[INFO] [stderr] warning: `vaultssh` (test "integration") generated 1 warning
[INFO] [stderr]     Finished `test` profile [unoptimized + debuginfo] target(s) in 0.27s
[INFO] [stderr]      Running unittests src/main.rs (/opt/rustwide/target/debug/deps/vssh-91f1b715a10c1d04)
[INFO] [stdout] 
[INFO] [stdout] running 12 tests
[INFO] [stdout] test login::tests::test_login ... ok
[INFO] [stdout] test login::tests::test_login_approle ... ok
[INFO] [stdout] test error::tests::test_try_api_error ... ok
[INFO] [stdout] test login::tests::test_choose_method ... ok
[INFO] [stdout] test login::tests::test_login_userpass ... ok
[INFO] [stdout] test error::tests::test_handle_login_error ... ok
[INFO] [stdout] test config::tests::test_merge ... ok
[INFO] [stdout] test ssh::tests::test_cert_from_private ... ok
[INFO] [stdout] test ssh::tests::test_is_valid ... ok
[INFO] [stdout] test ssh::tests::test_public_from_private ... ok
[INFO] [stdout] test config::tests::test_merge_option ... ok
[INFO] [stdout] test login::tests::test_login_oidc ... ok
[INFO] [stdout] 
[INFO] [stdout] test result: ok. 12 passed; 0 failed; 0 ignored; 0 measured; 0 filtered out; finished in 0.01s
[INFO] [stdout] 
[INFO] [stderr]      Running tests/common.rs (/opt/rustwide/target/debug/deps/common-3522d20ef0ec9aaa)
[INFO] [stdout] 
[INFO] [stdout] running 0 tests
[INFO] [stdout] 
[INFO] [stdout] test result: ok. 0 passed; 0 failed; 0 ignored; 0 measured; 0 filtered out; finished in 0.00s
[INFO] [stdout] 
[INFO] [stderr]      Running tests/integration.rs (/opt/rustwide/target/debug/deps/integration-0a2714071cb757c3)
[INFO] [stdout] 
[INFO] [stdout] running 1 test
[INFO] [stdout] test test_with_login ... FAILED
[INFO] [stdout] 
[INFO] [stdout] failures:
[INFO] [stdout] 
[INFO] [stdout] ---- test_with_login stdout ----
[INFO] [stdout] thread 'test_with_login' panicked at /opt/rustwide/cargo-home/registry/src/index.crates.io-6f17d22bba15001f/dockertest-0.2.1/src/dockertest.rs:228:17:
[INFO] [stdout] startup condition not fulfilled `creating docker network failed: error trying to connect: No such file or directory (os error 2)`
[INFO] [stdout] stack backtrace:
[INFO] [stdout]    0:     0x5e6f0ae0943a - std::backtrace_rs::backtrace::libunwind::trace::h5a5b8284f2d0c266
[INFO] [stdout]                                at /rustc/90b35a6239c3d8bdabc530a6a0816f7ff89a0aaf/library/std/src/../../backtrace/src/backtrace/libunwind.rs:116:5
[INFO] [stdout]    1:     0x5e6f0ae0943a - std::backtrace_rs::backtrace::trace_unsynchronized::h76d4f1c9b0b875e3
[INFO] [stdout]                                at /rustc/90b35a6239c3d8bdabc530a6a0816f7ff89a0aaf/library/std/src/../../backtrace/src/backtrace/mod.rs:66:5
[INFO] [stdout]    2:     0x5e6f0ae0943a - std::sys::backtrace::_print_fmt::hc4546b8364a537c6
[INFO] [stdout]                                at /rustc/90b35a6239c3d8bdabc530a6a0816f7ff89a0aaf/library/std/src/sys/backtrace.rs:66:9
[INFO] [stdout]    3:     0x5e6f0ae0943a - <std::sys::backtrace::BacktraceLock::print::DisplayBacktrace as core::fmt::Display>::fmt::h5b6bd5631a6d1f6b
[INFO] [stdout]                                at /rustc/90b35a6239c3d8bdabc530a6a0816f7ff89a0aaf/library/std/src/sys/backtrace.rs:39:26
[INFO] [stdout]    4:     0x5e6f0ae33853 - core::fmt::rt::Argument::fmt::h270f6602a2b96f62
[INFO] [stdout]                                at /rustc/90b35a6239c3d8bdabc530a6a0816f7ff89a0aaf/library/core/src/fmt/rt.rs:177:76
[INFO] [stdout]    5:     0x5e6f0ae33853 - core::fmt::write::h7550c97b06c86515
[INFO] [stdout]                                at /rustc/90b35a6239c3d8bdabc530a6a0816f7ff89a0aaf/library/core/src/fmt/mod.rs:1186:21
[INFO] [stdout]    6:     0x5e6f0ae05513 - std::io::Write::write_fmt::h509ff860e5956e5e
[INFO] [stdout]                                at /rustc/90b35a6239c3d8bdabc530a6a0816f7ff89a0aaf/library/std/src/io/mod.rs:1839:15
[INFO] [stdout]    7:     0x5e6f0ae09282 - std::sys::backtrace::BacktraceLock::print::h2395ccd2c84ba3aa
[INFO] [stdout]                                at /rustc/90b35a6239c3d8bdabc530a6a0816f7ff89a0aaf/library/std/src/sys/backtrace.rs:42:9
[INFO] [stdout]    8:     0x5e6f0ae0a89a - std::panicking::default_hook::{{closure}}::he19d4c7230e07961
[INFO] [stdout]                                at /rustc/90b35a6239c3d8bdabc530a6a0816f7ff89a0aaf/library/std/src/panicking.rs:268:22
[INFO] [stdout]    9:     0x5e6f0ae0a6a4 - std::panicking::default_hook::hf614597d3c67bbdb
[INFO] [stdout]                                at /rustc/90b35a6239c3d8bdabc530a6a0816f7ff89a0aaf/library/std/src/panicking.rs:292:9
[INFO] [stdout]   10:     0x5e6f0a376969 - <alloc::boxed::Box<F,A> as core::ops::function::Fn<Args>>::call::h39b51ce4599c23d1
[INFO] [stdout]                                at /rustc/90b35a6239c3d8bdabc530a6a0816f7ff89a0aaf/library/alloc/src/boxed.rs:2468:9
[INFO] [stdout]   11:     0x5e6f0a376969 - test::test_main::{{closure}}::he977ae839a582784
[INFO] [stdout]                                at /rustc/90b35a6239c3d8bdabc530a6a0816f7ff89a0aaf/library/test/src/lib.rs:133:21
[INFO] [stdout]   12:     0x5e6f0ae0af38 - <alloc::boxed::Box<F,A> as core::ops::function::Fn<Args>>::call::h9455091b6b06f9fb
[INFO] [stdout]                                at /rustc/90b35a6239c3d8bdabc530a6a0816f7ff89a0aaf/library/alloc/src/boxed.rs:2468:9
[INFO] [stdout]   13:     0x5e6f0ae0af38 - std::panicking::rust_panic_with_hook::h8942133a8b252070
[INFO] [stdout]                                at /rustc/90b35a6239c3d8bdabc530a6a0816f7ff89a0aaf/library/std/src/panicking.rs:809:13
[INFO] [stdout]   14:     0x5e6f0a622d3b - std::panicking::begin_panic::{{closure}}::h7a892798a9138d3f
[INFO] [stdout]                                at /rustc/90b35a6239c3d8bdabc530a6a0816f7ff89a0aaf/library/std/src/panicking.rs:738:9
[INFO] [stdout]   15:     0x5e6f0a61d9ba - std::sys::backtrace::__rust_end_short_backtrace::h93dd407df0499afb
[INFO] [stdout]                                at /rustc/90b35a6239c3d8bdabc530a6a0816f7ff89a0aaf/library/std/src/sys/backtrace.rs:170:18
[INFO] [stdout]   16:     0x5e6f0a622cd2 - std::panicking::begin_panic::h0e7f9c37d8af7b66
[INFO] [stdout]                                at /rustc/90b35a6239c3d8bdabc530a6a0816f7ff89a0aaf/library/std/src/panicking.rs:737:5
[INFO] [stdout]   17:     0x5e6f0a28d135 - dockertest::dockertest::DockerTest::run::h9508a8f256efbbc4
[INFO] [stdout]                                at /opt/rustwide/cargo-home/registry/src/index.crates.io-6f17d22bba15001f/dockertest-0.2.1/src/dockertest.rs:228:17
[INFO] [stdout]   18:     0x5e6f0a3378ea - vaultrs_test::docker::TestInstance::run::h1494ee03c6481a8a
[INFO] [stdout]                                at /opt/rustwide/cargo-home/registry/src/index.crates.io-6f17d22bba15001f/vaultrs-test-0.2.2/src/docker.rs:66:9
[INFO] [stdout]   19:     0x5e6f0a2fa930 - integration::test_with_login::h04cc6ab915003d3f
[INFO] [stdout]                                at /opt/rustwide/workdir/tests/integration.rs:24:5
[INFO] [stdout]   20:     0x5e6f0a2fa837 - integration::test_with_login::{{closure}}::hb7be08d11a1e5f03
[INFO] [stdout]                                at /opt/rustwide/workdir/tests/integration.rs:20:21
[INFO] [stdout]   21:     0x5e6f0a25cf56 - core::ops::function::FnOnce::call_once::h6cda881c011970d3
[INFO] [stdout]                                at /rustc/90b35a6239c3d8bdabc530a6a0816f7ff89a0aaf/library/core/src/ops/function.rs:250:5
[INFO] [stdout]   22:     0x5e6f0a37b32b - core::ops::function::FnOnce::call_once::h109cf8051a59b34e
[INFO] [stdout]                                at /rustc/90b35a6239c3d8bdabc530a6a0816f7ff89a0aaf/library/core/src/ops/function.rs:250:5
[INFO] [stdout]   23:     0x5e6f0a37b32b - test::__rust_begin_short_backtrace::hf4fff89d377446ba
[INFO] [stdout]                                at /rustc/90b35a6239c3d8bdabc530a6a0816f7ff89a0aaf/library/test/src/lib.rs:621:18
[INFO] [stdout]   24:     0x5e6f0a37ab67 - test::run_test_in_process::{{closure}}::h0e39181dd7ee5a43
[INFO] [stdout]                                at /rustc/90b35a6239c3d8bdabc530a6a0816f7ff89a0aaf/library/test/src/lib.rs:644:60
[INFO] [stdout]   25:     0x5e6f0a37ab67 - <core::panic::unwind_safe::AssertUnwindSafe<F> as core::ops::function::FnOnce<()>>::call_once::hc5a66a30f0bdfd1f
[INFO] [stdout]                                at /rustc/90b35a6239c3d8bdabc530a6a0816f7ff89a0aaf/library/core/src/panic/unwind_safe.rs:272:9
[INFO] [stdout]   26:     0x5e6f0a37ab67 - std::panicking::try::do_call::h873b7cf639554a5e
[INFO] [stdout]                                at /rustc/90b35a6239c3d8bdabc530a6a0816f7ff89a0aaf/library/std/src/panicking.rs:557:40
[INFO] [stdout]   27:     0x5e6f0a37ab67 - std::panicking::try::hdb19862fad9c8bd1
[INFO] [stdout]                                at /rustc/90b35a6239c3d8bdabc530a6a0816f7ff89a0aaf/library/std/src/panicking.rs:520:19
[INFO] [stdout]   28:     0x5e6f0a37ab67 - std::panic::catch_unwind::h281fe732d236d260
[INFO] [stdout]                                at /rustc/90b35a6239c3d8bdabc530a6a0816f7ff89a0aaf/library/std/src/panic.rs:358:14
[INFO] [stdout]   29:     0x5e6f0a37ab67 - test::run_test_in_process::h949b6df8457ed338
[INFO] [stdout]                                at /rustc/90b35a6239c3d8bdabc530a6a0816f7ff89a0aaf/library/test/src/lib.rs:644:27
[INFO] [stdout]   30:     0x5e6f0a37ab67 - test::run_test::{{closure}}::h52c556a6d4740e10
[INFO] [stdout]                                at /rustc/90b35a6239c3d8bdabc530a6a0816f7ff89a0aaf/library/test/src/lib.rs:565:43
[INFO] [stdout]   31:     0x5e6f0a33fe44 - test::run_test::{{closure}}::h4237f6381c45ccb9
[INFO] [stdout]                                at /rustc/90b35a6239c3d8bdabc530a6a0816f7ff89a0aaf/library/test/src/lib.rs:595:41
[INFO] [stdout]   32:     0x5e6f0a33fe44 - std::sys::backtrace::__rust_begin_short_backtrace::h505c97a579eca628
[INFO] [stdout]                                at /rustc/90b35a6239c3d8bdabc530a6a0816f7ff89a0aaf/library/std/src/sys/backtrace.rs:154:18
[INFO] [stdout]   33:     0x5e6f0a34350e - std::thread::Builder::spawn_unchecked_::{{closure}}::{{closure}}::h9e86b2e2bc107ea3
[INFO] [stdout]                                at /rustc/90b35a6239c3d8bdabc530a6a0816f7ff89a0aaf/library/std/src/thread/mod.rs:538:17
[INFO] [stdout]   34:     0x5e6f0a34350e - <core::panic::unwind_safe::AssertUnwindSafe<F> as core::ops::function::FnOnce<()>>::call_once::h8b06ddb275ff4a25
[INFO] [stdout]                                at /rustc/90b35a6239c3d8bdabc530a6a0816f7ff89a0aaf/library/core/src/panic/unwind_safe.rs:272:9
[INFO] [stdout]   35:     0x5e6f0a34350e - std::panicking::try::do_call::hb26ecd7cd9a9355d
[INFO] [stdout]                                at /rustc/90b35a6239c3d8bdabc530a6a0816f7ff89a0aaf/library/std/src/panicking.rs:557:40
[INFO] [stdout]   36:     0x5e6f0a34350e - std::panicking::try::h8ddeca9d705f9069
[INFO] [stdout]                                at /rustc/90b35a6239c3d8bdabc530a6a0816f7ff89a0aaf/library/std/src/panicking.rs:520:19
[INFO] [stdout]   37:     0x5e6f0a34350e - std::panic::catch_unwind::h49e1c33078844c46
[INFO] [stdout]                                at /rustc/90b35a6239c3d8bdabc530a6a0816f7ff89a0aaf/library/std/src/panic.rs:358:14
[INFO] [stdout]   38:     0x5e6f0a34350e - std::thread::Builder::spawn_unchecked_::{{closure}}::h6073db6ff56ad35d
[INFO] [stdout]                                at /rustc/90b35a6239c3d8bdabc530a6a0816f7ff89a0aaf/library/std/src/thread/mod.rs:537:30
[INFO] [stdout]   39:     0x5e6f0a34350e - core::ops::function::FnOnce::call_once{{vtable.shim}}::h2c5a5f3779c774f1
[INFO] [stdout]                                at /rustc/90b35a6239c3d8bdabc530a6a0816f7ff89a0aaf/library/core/src/ops/function.rs:250:5
[INFO] [stdout]   40:     0x5e6f0ae1051b - <alloc::boxed::Box<F,A> as core::ops::function::FnOnce<Args>>::call_once::hf75717d9f28faebf
[INFO] [stdout]                                at /rustc/90b35a6239c3d8bdabc530a6a0816f7ff89a0aaf/library/alloc/src/boxed.rs:2454:9
[INFO] [stdout]   41:     0x5e6f0ae1051b - <alloc::boxed::Box<F,A> as core::ops::function::FnOnce<Args>>::call_once::h7bd883a5f3c5f3c1
[INFO] [stdout]                                at /rustc/90b35a6239c3d8bdabc530a6a0816f7ff89a0aaf/library/alloc/src/boxed.rs:2454:9
[INFO] [stdout]   42:     0x5e6f0ae1051b - std::sys::pal::unix::thread::Thread::new::thread_start::hcc78f3943333fa94
[INFO] [stdout]                                at /rustc/90b35a6239c3d8bdabc530a6a0816f7ff89a0aaf/library/std/src/sys/pal/unix/thread.rs:105:17
[INFO] [stdout]   43:     0x7eb2cee01ac3 - <unknown>
[INFO] [stdout]   44:     0x7eb2cee92a04 - clone
[INFO] [stdout]   45:                0x0 - <unknown>
[INFO] [stdout] 
[INFO] [stdout] 
[INFO] [stdout] failures:
[INFO] [stdout]     test_with_login
[INFO] [stdout] 
[INFO] [stdout] test result: FAILED. 0 passed; 1 failed; 0 ignored; 0 measured; 0 filtered out; finished in 0.15s
[INFO] [stdout] 
[INFO] [stderr] error: test failed, to rerun pass `--test integration`
[INFO] running `Command { std: "docker" "inspect" "eaea1b2da304fe6fc44bf2b5a63e89442c91fa30ecd669b2775ba9036da50ef1", kill_on_drop: false }`
[INFO] running `Command { std: "docker" "rm" "-f" "eaea1b2da304fe6fc44bf2b5a63e89442c91fa30ecd669b2775ba9036da50ef1", kill_on_drop: false }`
[INFO] [stdout] eaea1b2da304fe6fc44bf2b5a63e89442c91fa30ecd669b2775ba9036da50ef1
