[INFO] cloning repository https://github.com/jlgerber/pkmake
[INFO] running `Command { std: "git" "-c" "credential.helper=" "-c" "credential.helper=/workspace/cargo-home/bin/git-credential-null" "clone" "--bare" "https://github.com/jlgerber/pkmake" "/workspace/cache/git-repos/https%3A%2F%2Fgithub.com%2Fjlgerber%2Fpkmake", kill_on_drop: false }`
[INFO] [stderr] Cloning into bare repository '/workspace/cache/git-repos/https%3A%2F%2Fgithub.com%2Fjlgerber%2Fpkmake'...
[INFO] running `Command { std: "git" "rev-parse" "HEAD", kill_on_drop: false }`
[INFO] [stdout] 8f4e7726b4920fb76c640d8d49cdf992a271523b
[INFO] testing jlgerber/pkmake against 1.83.0 for beta-1.84.0-4-retry
[INFO] running `Command { std: "git" "clone" "/workspace/cache/git-repos/https%3A%2F%2Fgithub.com%2Fjlgerber%2Fpkmake" "/workspace/builds/worker-1-tc1/source", kill_on_drop: false }`
[INFO] [stderr] Cloning into '/workspace/builds/worker-1-tc1/source'...
[INFO] [stderr] done.
[INFO] validating manifest of git repo https://github.com/jlgerber/pkmake on toolchain 1.83.0
[INFO] running `Command { std: CARGO_HOME="/workspace/cargo-home" RUSTUP_HOME="/workspace/rustup-home" "/workspace/cargo-home/bin/cargo" "+1.83.0" "metadata" "--manifest-path" "Cargo.toml" "--no-deps", kill_on_drop: false }`
[INFO] started tweaking git repo https://github.com/jlgerber/pkmake
[INFO] finished tweaking git repo https://github.com/jlgerber/pkmake
[INFO] tweaked toml for git repo https://github.com/jlgerber/pkmake written to /workspace/builds/worker-1-tc1/source/Cargo.toml
[INFO] crate git repo https://github.com/jlgerber/pkmake already has a lockfile, it will not be regenerated
[INFO] running `Command { std: CARGO_HOME="/workspace/cargo-home" RUSTUP_HOME="/workspace/rustup-home" "/workspace/cargo-home/bin/cargo" "+1.83.0" "fetch" "--manifest-path" "Cargo.toml", kill_on_drop: false }`
[INFO] [stderr]     Updating crates.io index
[INFO] [stderr]  Downloading crates ...
[INFO] [stderr]   Downloaded darling v0.8.6
[INFO] [stderr]   Downloaded serial_test v0.4.0
[INFO] [stderr]   Downloaded shellfn-attribute v0.1.1
[INFO] [stderr]   Downloaded shellfn-core v0.1.1
[INFO] [stderr]   Downloaded serial_test_derive v0.4.0
[INFO] [stderr]   Downloaded darling_core v0.8.6
[INFO] [stderr]   Downloaded serde_yaml v0.8.13
[INFO] [stderr]   Downloaded shellfn v0.1.1
[INFO] [stderr]   Downloaded subprocess v0.2.4
[INFO] [stderr]   Downloaded darling_macro v0.8.6
[INFO] running `Command { std: "docker" "create" "-v" "/var/lib/crater-agent-workspace/builds/worker-1-tc1/target:/opt/rustwide/target:rw,Z" "-v" "/var/lib/crater-agent-workspace/builds/worker-1-tc1/source:/opt/rustwide/workdir:ro,Z" "-v" "/var/lib/crater-agent-workspace/cargo-home:/opt/rustwide/cargo-home:ro,Z" "-v" "/var/lib/crater-agent-workspace/rustup-home:/opt/rustwide/rustup-home:ro,Z" "-e" "SOURCE_DIR=/opt/rustwide/workdir" "-e" "CARGO_TARGET_DIR=/opt/rustwide/target" "-e" "CARGO_HOME=/opt/rustwide/cargo-home" "-e" "RUSTUP_HOME=/opt/rustwide/rustup-home" "-w" "/opt/rustwide/workdir" "-m" "1610612736" "--user" "0:0" "--network" "none" "ghcr.io/rust-lang/crates-build-env/linux@sha256:f3a9d4ad9d972b27faf3965f35b62e55ba32bbce8f20bc8fe909558a86702fde" "/opt/rustwide/cargo-home/bin/cargo" "+1.83.0" "metadata" "--no-deps" "--format-version=1", kill_on_drop: false }`
[INFO] [stdout] 2ff80fc57fec3f7273d5d44ddc5e323e8edea5d9dc6c17bc5225d6187ae654ac
[INFO] running `Command { std: "docker" "start" "-a" "2ff80fc57fec3f7273d5d44ddc5e323e8edea5d9dc6c17bc5225d6187ae654ac", kill_on_drop: false }`
[INFO] running `Command { std: "docker" "inspect" "2ff80fc57fec3f7273d5d44ddc5e323e8edea5d9dc6c17bc5225d6187ae654ac", kill_on_drop: false }`
[INFO] running `Command { std: "docker" "rm" "-f" "2ff80fc57fec3f7273d5d44ddc5e323e8edea5d9dc6c17bc5225d6187ae654ac", kill_on_drop: false }`
[INFO] [stdout] 2ff80fc57fec3f7273d5d44ddc5e323e8edea5d9dc6c17bc5225d6187ae654ac
[INFO] running `Command { std: "docker" "create" "-v" "/var/lib/crater-agent-workspace/builds/worker-1-tc1/target:/opt/rustwide/target:rw,Z" "-v" "/var/lib/crater-agent-workspace/builds/worker-1-tc1/source:/opt/rustwide/workdir:ro,Z" "-v" "/var/lib/crater-agent-workspace/cargo-home:/opt/rustwide/cargo-home:ro,Z" "-v" "/var/lib/crater-agent-workspace/rustup-home:/opt/rustwide/rustup-home:ro,Z" "-e" "SOURCE_DIR=/opt/rustwide/workdir" "-e" "CARGO_TARGET_DIR=/opt/rustwide/target" "-e" "CARGO_INCREMENTAL=0" "-e" "RUST_BACKTRACE=full" "-e" "RUSTFLAGS=--cap-lints=warn" "-e" "RUSTDOCFLAGS=--cap-lints=warn" "-e" "CARGO_HOME=/opt/rustwide/cargo-home" "-e" "RUSTUP_HOME=/opt/rustwide/rustup-home" "-w" "/opt/rustwide/workdir" "-m" "1610612736" "--user" "0:0" "--network" "none" "ghcr.io/rust-lang/crates-build-env/linux@sha256:f3a9d4ad9d972b27faf3965f35b62e55ba32bbce8f20bc8fe909558a86702fde" "/opt/rustwide/cargo-home/bin/cargo" "+1.83.0" "build" "--frozen" "--message-format=json", kill_on_drop: false }`
[INFO] [stdout] 232892ed7c9afdd385172d4de1b1d22fe0548bafdf439e887e6348101afaf170
[INFO] running `Command { std: "docker" "start" "-a" "232892ed7c9afdd385172d4de1b1d22fe0548bafdf439e887e6348101afaf170", kill_on_drop: false }`
[INFO] [stderr]    Compiling proc-macro2 v1.0.19
[INFO] [stderr]    Compiling unicode-xid v0.2.1
[INFO] [stderr]    Compiling syn v1.0.36
[INFO] [stderr]    Compiling libc v0.2.73
[INFO] [stderr]    Compiling memchr v2.3.3
[INFO] [stderr]    Compiling lazy_static v1.4.0
[INFO] [stderr]    Compiling proc-macro2 v0.4.30
[INFO] [stderr]    Compiling version_check v0.9.2
[INFO] [stderr]    Compiling unicode-xid v0.1.0
[INFO] [stderr]    Compiling byteorder v1.3.4
[INFO] [stderr]    Compiling serde_derive v1.0.114
[INFO] [stderr]    Compiling syn v0.15.44
[INFO] [stderr]    Compiling serde v1.0.114
[INFO] [stderr]    Compiling autocfg v1.0.0
[INFO] [stderr]    Compiling proc-macro-error-attr v1.0.3
[INFO] [stderr]    Compiling ident_case v1.0.1
[INFO] [stderr]    Compiling fnv v1.0.7
[INFO] [stderr]    Compiling aho-corasick v0.7.13
[INFO] [stderr]    Compiling proc-macro-error v1.0.3
[INFO] [stderr]    Compiling thread_local v1.0.1
[INFO] [stderr]    Compiling regex-syntax v0.6.18
[INFO] [stderr]    Compiling quote v0.6.13
[INFO] [stderr]    Compiling quote v1.0.7
[INFO] [stderr]    Compiling bitflags v1.2.1
[INFO] [stderr]    Compiling ryu v1.0.5
[INFO] [stderr]    Compiling either v1.5.3
[INFO] [stderr]    Compiling unicode-width v0.1.8
[INFO] [stderr]    Compiling itertools v0.8.2
[INFO] [stderr]    Compiling atty v0.2.14
[INFO] [stderr]    Compiling regex-automata v0.1.9
[INFO] [stderr]    Compiling hashbrown v0.8.1
[INFO] [stderr]    Compiling unicode-segmentation v1.6.0
[INFO] [stderr]    Compiling scopeguard v1.1.0
[INFO] [stderr]    Compiling cfg-if v0.1.10
[INFO] [stderr]    Compiling smallvec v1.4.1
[INFO] [stderr]    Compiling lock_api v0.3.4
[INFO] [stderr]    Compiling heck v0.3.1
[INFO] [stderr]    Compiling shellfn-core v0.1.1
[INFO] [stderr]    Compiling textwrap v0.11.0
[INFO] [stderr]    Compiling parking_lot_core v0.7.2
[INFO] [stderr]    Compiling dirs v1.0.5
[INFO] [stderr]    Compiling indexmap v1.5.0
[INFO] [stderr]    Compiling csv-core v0.1.10
[INFO] [stderr]    Compiling ansi_term v0.11.0
[INFO] [stderr]    Compiling linked-hash-map v0.5.3
[INFO] [stderr]    Compiling anyhow v1.0.32
[INFO] [stderr]    Compiling itoa v0.4.6
[INFO] [stderr]    Compiling vec_map v0.8.2
[INFO] [stderr]    Compiling strsim v0.8.0
[INFO] [stderr]    Compiling yaml-rust v0.4.4
[INFO] [stderr]    Compiling parking_lot v0.10.2
[INFO] [stderr]    Compiling term v0.5.2
[INFO] [stderr]    Compiling clap v2.33.1
[INFO] [stderr]    Compiling dtoa v0.4.6
[INFO] [stderr]    Compiling regex v1.3.9
[INFO] [stderr]    Compiling encode_unicode v0.3.6
[INFO] [stderr]    Compiling subprocess v0.2.4
[INFO] [stderr]    Compiling syn-mid v0.5.0
[INFO] [stderr]    Compiling shellwords v1.1.0
[INFO] [stderr]    Compiling darling_core v0.8.6
[INFO] [stderr]    Compiling serial_test_derive v0.4.0
[INFO] [stderr]    Compiling thiserror-impl v1.0.20
[INFO] [stderr]    Compiling serial_test v0.4.0
[INFO] [stderr]    Compiling structopt-derive v0.4.8
[INFO] [stderr]    Compiling thiserror v1.0.20
[INFO] [stderr]    Compiling darling_macro v0.8.6
[INFO] [stderr]    Compiling structopt v0.3.15
[INFO] [stderr]    Compiling darling v0.8.6
[INFO] [stderr]    Compiling shellfn-attribute v0.1.1
[INFO] [stderr]    Compiling shellfn v0.1.1
[INFO] [stderr]    Compiling bstr v0.2.13
[INFO] [stderr]    Compiling serde_yaml v0.8.13
[INFO] [stderr]    Compiling csv v1.1.3
[INFO] [stderr]    Compiling prettytable-rs v0.8.0
[INFO] [stderr]    Compiling pk-make v0.1.0 (/opt/rustwide/workdir)
[INFO] [stderr]     Finished `dev` profile [unoptimized + debuginfo] target(s) in 59.67s
[INFO] running `Command { std: "docker" "inspect" "232892ed7c9afdd385172d4de1b1d22fe0548bafdf439e887e6348101afaf170", kill_on_drop: false }`
[INFO] running `Command { std: "docker" "rm" "-f" "232892ed7c9afdd385172d4de1b1d22fe0548bafdf439e887e6348101afaf170", kill_on_drop: false }`
[INFO] [stdout] 232892ed7c9afdd385172d4de1b1d22fe0548bafdf439e887e6348101afaf170
[INFO] running `Command { std: "docker" "create" "-v" "/var/lib/crater-agent-workspace/builds/worker-1-tc1/target:/opt/rustwide/target:rw,Z" "-v" "/var/lib/crater-agent-workspace/builds/worker-1-tc1/source:/opt/rustwide/workdir:ro,Z" "-v" "/var/lib/crater-agent-workspace/cargo-home:/opt/rustwide/cargo-home:ro,Z" "-v" "/var/lib/crater-agent-workspace/rustup-home:/opt/rustwide/rustup-home:ro,Z" "-e" "SOURCE_DIR=/opt/rustwide/workdir" "-e" "CARGO_TARGET_DIR=/opt/rustwide/target" "-e" "CARGO_INCREMENTAL=0" "-e" "RUST_BACKTRACE=full" "-e" "RUSTFLAGS=--cap-lints=warn" "-e" "RUSTDOCFLAGS=--cap-lints=warn" "-e" "CARGO_HOME=/opt/rustwide/cargo-home" "-e" "RUSTUP_HOME=/opt/rustwide/rustup-home" "-w" "/opt/rustwide/workdir" "-m" "1610612736" "--user" "0:0" "--network" "none" "ghcr.io/rust-lang/crates-build-env/linux@sha256:f3a9d4ad9d972b27faf3965f35b62e55ba32bbce8f20bc8fe909558a86702fde" "/opt/rustwide/cargo-home/bin/cargo" "+1.83.0" "test" "--frozen" "--no-run" "--message-format=json", kill_on_drop: false }`
[INFO] [stdout] 98126903ad905d06d08f702cc0f7a3769f53e2b1797af85a86c192e55e905f59
[INFO] running `Command { std: "docker" "start" "-a" "98126903ad905d06d08f702cc0f7a3769f53e2b1797af85a86c192e55e905f59", kill_on_drop: false }`
[INFO] [stderr]    Compiling pk-make v0.1.0 (/opt/rustwide/workdir)
[INFO] [stderr]     Finished `test` profile [unoptimized + debuginfo] target(s) in 5.15s
[INFO] running `Command { std: "docker" "inspect" "98126903ad905d06d08f702cc0f7a3769f53e2b1797af85a86c192e55e905f59", kill_on_drop: false }`
[INFO] running `Command { std: "docker" "rm" "-f" "98126903ad905d06d08f702cc0f7a3769f53e2b1797af85a86c192e55e905f59", kill_on_drop: false }`
[INFO] [stdout] 98126903ad905d06d08f702cc0f7a3769f53e2b1797af85a86c192e55e905f59
[INFO] running `Command { std: "docker" "create" "-v" "/var/lib/crater-agent-workspace/builds/worker-1-tc1/target:/opt/rustwide/target:rw,Z" "-v" "/var/lib/crater-agent-workspace/builds/worker-1-tc1/source:/opt/rustwide/workdir:ro,Z" "-v" "/var/lib/crater-agent-workspace/cargo-home:/opt/rustwide/cargo-home:ro,Z" "-v" "/var/lib/crater-agent-workspace/rustup-home:/opt/rustwide/rustup-home:ro,Z" "-e" "SOURCE_DIR=/opt/rustwide/workdir" "-e" "CARGO_TARGET_DIR=/opt/rustwide/target" "-e" "CARGO_INCREMENTAL=0" "-e" "RUST_BACKTRACE=full" "-e" "RUSTFLAGS=--cap-lints=warn" "-e" "RUSTDOCFLAGS=--cap-lints=warn" "-e" "CARGO_HOME=/opt/rustwide/cargo-home" "-e" "RUSTUP_HOME=/opt/rustwide/rustup-home" "-w" "/opt/rustwide/workdir" "-m" "1610612736" "--user" "0:0" "--network" "none" "ghcr.io/rust-lang/crates-build-env/linux@sha256:f3a9d4ad9d972b27faf3965f35b62e55ba32bbce8f20bc8fe909558a86702fde" "/opt/rustwide/cargo-home/bin/cargo" "+1.83.0" "test" "--frozen", kill_on_drop: false }`
[INFO] [stdout] 0e8c3fe19b8d0817eb5a1787f8351040508f9ed9e3a9e8c2244bfaf5d274cb1a
[INFO] running `Command { std: "docker" "start" "-a" "0e8c3fe19b8d0817eb5a1787f8351040508f9ed9e3a9e8c2244bfaf5d274cb1a", kill_on_drop: false }`
[INFO] [stderr]     Finished `test` profile [unoptimized + debuginfo] target(s) in 0.15s
[INFO] [stderr]      Running unittests src/lib.rs (/opt/rustwide/target/debug/deps/pk_make-34b1f39cfdaada8c)
[INFO] [stdout] 
[INFO] [stdout] running 123 tests
[INFO] [stdout] test context::context_test::other_inputs_will_error ... ok
[INFO] [stdout] test context::context_test::can_build_from_shared_str ... ok
[INFO] [stdout] test flavor::flavor_test::from_given_invalid_str_is_err ... ok
[INFO] [stdout] test flavor::flavor_test::from_named ... ok
[INFO] [stdout] test flavor::flavor_test::from_vanilla ... ok
[INFO] [stdout] test context::context_test::can_build_from_facility_str ... ok
[INFO] [stdout] test context::context_test::can_build_from_user ... ok
[INFO] [stdout] test context::context_test::from_invalid_str_returns_error ... ok
[INFO] [stdout] test context::context_test::from_valid_str ... ok
[INFO] [stdout] test manifest_info::manifest_info_test::can_make_manifest_info_frm_mani_without_flavors ... ok
[INFO] [stdout] test flavor::flavor_test::fails ... ok
[INFO] [stdout] test flavor::flavor_test::from_from_trait ... ok
[INFO] [stdout] test named_site::named_site_test::err_from_bad_str ... ok
[INFO] [stdout] test named_site::named_site_test::instance_from_str ... ok
[INFO] [stdout] test override_pair::override_pair_test::can_get_name_and_version ... ok
[INFO] [stdout] test platform::platform_test::from_cent7 ... ok
[INFO] [stdout] test manifest_info::manifest_info_test::can_read_manifest_with_flavors ... ok
[INFO] [stdout] test platform::platform_test::from_cent6 ... ok
[INFO] [stdout] test platform::platform_test::from_trait_impl ... ok
[INFO] [stdout] test platform::platform_test::from_win10 ... ok
[INFO] [stdout] test platform::platform_test::from_cent8 ... ok
[INFO] [stdout] test platform::platform_test::from_win7 ... ok
[INFO] [stdout] test platform::platform_test::invalid_strs ... ok
[INFO] [stdout] test site::site_test::can_build_all ... ok
[INFO] [stdout] test site::site_test::can_build_local ... ok
[INFO] [stdout] test site::site_test::can_build_named ... ok
[INFO] [stdout] test site::site_test::errors_when_invalid_chars_used ... ok
[INFO] [stdout] test named_site::named_site_test::instance_from ... ok
[INFO] [stdout] test override_pair::override_pair_test::none_set_correctly ... ok
[INFO] [stdout] test named_site::named_site_test::instance_from_bad_input ... ok
[INFO] [stdout] test targets::build::build_test::build_cmd_given_clean_distdir_flavor ... ok
[INFO] [stdout] test targets::build::build_test::build_cmd_given_clean ... ok
[INFO] [stdout] test targets::build::build_test::build_cmd_given_clean_distdir ... ok
[INFO] [stdout] test targets::build::build_test::build_cmd_given_clean_distdir_flavors_platforms_showlevel ... ok
[INFO] [stdout] test targets::build::build_test::build_cmd_given_clean_distdir_flavors_platforms_worklevel ... ok
[INFO] [stdout] test targets::build::build_test::build_cmd_given_clean_distdir_flavors_platforms_worklevel_overrides ... ok
[INFO] [stdout] test targets::build::build_test::build_cmd_given_clean_distdir_flavors_platforms ... ok
[INFO] [stdout] test manifest_info::manifest_info_test::can_read_manifest_without_flavors ... ok
[INFO] [stdout] test manifest_info::manifest_info_test::can_make_manifest_info_frm_mani_with_flavors ... ok
[INFO] [stdout] test targets::build::build_test::build_cmd_given_clean_distdir_flavors_platforms_worklevel_overrides_defines ... ok
[INFO] [stdout] test targets::build::build_test::build_cmd_given_clean_distdir_flavors_platforms_worklevel_overrides_defines_verbose ... ok
[INFO] [stdout] test targets::build::build_test::build_cmd_given_clean_platforms ... ok
[INFO] [stdout] test targets::build::build_test::build_cmd_given_clean_distdir_flavors_platforms_showlevel_metadataonly ... ok
[INFO] [stdout] test targets::build::build_test::build_cmd_given_clean_distdir_flavors_platforms_worklevel_overrides_defines_verbose_work ... ok
[INFO] [stdout] test targets::build::build_test::build_cmd_given_default ... ok
[INFO] [stdout] test targets::build::build_test::build_cmd_given_defines ... ok
[INFO] [stdout] test targets::build::build_test::build_cmd_given_distdir ... ok
[INFO] [stdout] test targets::build::build_test::build_cmd_given_metadataonly ... ok
[INFO] [stdout] test targets::build::build_test::build_cmd_given_verbose ... ok
[INFO] [stdout] test targets::build::build_test::build_given_mut_ref_to_self_produces_owned_instance ... ok
[INFO] [stdout] test targets::build::build_test::build_cmd_given_flavor ... ok
[INFO] [stdout] test targets::build::build_test::build_cmd_given_work ... ok
[INFO] [stdout] test targets::build::build_test::build_cmd_given_overrides ... ok
[INFO] [stdout] test targets::build::build_test::build_cmd_given_worklevel ... ok
[INFO] [stdout] test targets::build::build_test::can_set_with_docs ... ok
[INFO] [stdout] test targets::build::build_test::default_produces_instance_with_expected_state ... ok
[INFO] [stdout] test targets::build::build_test::defines_given_vec_str_updates_state ... ok
[INFO] [stdout] test targets::build::build_test::defines_given_vec_string_updates_state ... ok
[INFO] [stdout] test targets::build::build_test::dist_dir_given_some_str_updates_state ... ok
[INFO] [stdout] test targets::build::build_test::dry_run_given_bool_sets_state ... ok
[INFO] [stdout] test targets::build::build_test::dist_dir_given_some_string_updates_state ... ok
[INFO] [stdout] test targets::build::build_test::flavors_given_none_sets_state_to_none ... ok
[INFO] [stdout] test targets::build::build_test::platforms_given_some_vec_str_updates_state ... ok
[INFO] [stdout] test targets::build::build_test::verbose_given_bool_updates_state ... ok
[INFO] [stdout] test targets::build::build_test::flavors_given_some_vec_flavor_updates_state ... ok
[INFO] [stdout] test targets::docs::docs_test::build_cmp_given_distdir ... ok
[INFO] [stdout] test targets::docs::docs_test::build_cmp_given_platforms ... ok
[INFO] [stdout] test targets::docs::docs_test::build_cmp_given_packageroot ... ok
[INFO] [stdout] test targets::docs::docs_test::can_build_default ... ok
[INFO] [stdout] test targets::docs::docs_test::can_update_build ... ok
[INFO] [stdout] test targets::install::install_test::build_cmd_given_clean ... ok
[INFO] [stdout] test targets::docs::docs_test::build_cmp_given_verbose ... ok
[INFO] [stdout] test targets::build::build_test::platforms_given_some_vec_platform_updates_state ... ok
[INFO] [stdout] test targets::install::install_test::build_cmd_given_default ... ok
[INFO] [stdout] test targets::build::build_test::build_cmd_given_showlevel ... ok
[INFO] [stdout] test targets::install::install_test::build_cmd_given_clean_platforms ... ok
[INFO] [stdout] test targets::install::install_test::build_cmd_given_defines ... ok
[INFO] [stdout] test targets::install::install_test::build_cmd_given_defines_show_and_context ... ok
[INFO] [stdout] test targets::docs::docs_test::build_cmp_given_flavors ... ok
[INFO] [stdout] test targets::install::install_test::build_cmd_given_flavors ... ok
[INFO] [stdout] test targets::install::install_test::build_cmd_given_facility_level_git ... FAILED
[INFO] [stdout] test targets::install::install_test::build_cmd_given_distdir ... ok
[INFO] [stdout] test targets::install::install_test::build_cmd_given_facility_level_both_explicit_svn ... ok
[INFO] [stdout] test targets::install::install_test::build_cmd_given_facility_level_svn ... ok
[INFO] [stdout] test targets::install::install_test::build_given_context_and_level_fails ... ok
[INFO] [stdout] test targets::install::install_test::build_cmd_given_verbose ... ok
[INFO] [stdout] test targets::install::install_test::build_given_context_and_show ... ok
[INFO] [stdout] test targets::install::install_test::build_given_level ... ok
[INFO] [stdout] test targets::install::install_test::build_given_level_and_context_fails ... ok
[INFO] [stdout] test targets::install::install_test::can_construct_default ... ok
[INFO] [stdout] test targets::install::install_test::vcs_given_str ... ok
[INFO] [stdout] test targets::install::install_test::build_cmd_given_overrides ... ok
[INFO] [stdout] test targets::install::install_test::build_cmd_given_showlevel ... ok
[INFO] [stdout] test targets::docs::docs_test::build_cmp_given_defines ... ok
[INFO] [stdout] test targets::install::install_test::build_cmd_given_worklevel ... ok
[INFO] [stdout] test targets::run::run_test::can_build_default ... ok
[INFO] [stdout] test targets::run::run_test::doit_errors_if_first_vars_is_a_flag ... ok
[INFO] [stdout] test targets::install::install_test::build_cmd_given_work ... ok
[INFO] [stdout] test targets::run::run_test::build_cmd_given_build_target_and_additional_vars ... ok
[INFO] [stdout] test targets::run::run_test::build_cmd_given_default ... ok
[INFO] [stdout] test targets::run::run_test::build_cmd_given_vars_starting_with_flag ... ok
[INFO] [stdout] test targets::run::run_test::can_update_build ... ok
[INFO] [stdout] test targets::install::install_test::build_cmd_given_facility_level_both_set_git ... FAILED
[INFO] [stdout] test targets::run::run_test::propagates_verbose_to_struct_if_set_in_vars_as_short_flags ... ok
[INFO] [stdout] test targets::test::test_test::build_cmp ... ok
[INFO] [stdout] test targets::run::run_test::propagates_dry_run_and_verbose_to_vars_if_set ... ok
[INFO] [stdout] test targets::run::run_test::build_cmd_given_build_target ... ok
[INFO] [stdout] test targets::run::run_test::doit_errors_if_vars_is_empty ... ok
[INFO] [stdout] test targets::run::run_test::propagates_dry_run_and_verbose_to_struct_if_set_in_vars ... ok
[INFO] [stdout] test targets::run::run_test::propagates_dry_run_to_struct_if_set_in_vars_as_short_flags ... ok
[INFO] [stdout] test targets::run::run_test::propagates_dry_run_and_verbose_to_struct_if_set_in_vars_as_short_flags ... ok
[INFO] [stdout] test targets::test::test_test::build_cmp_given_distdir ... ok
[INFO] [stdout] test targets::test::test_test::build_cmp_given_verbose ... ok
[INFO] [stdout] test targets::test::test_test::build_cmp_given_flavors ... ok
[INFO] [stdout] test targets::test::test_test::build_cmp_given_dry_run ... ok
[INFO] [stdout] test targets::test::test_test::build_cmp_given_defines ... ok
[INFO] [stdout] test targets::test::test_test::can_construct_default ... ok
[INFO] [stdout] test targets::test::test_test::can_modify_and_build ... ok
[INFO] [stdout] test vcs::vcs_test::can_convert_from_str ... ok
[INFO] [stdout] test vcs::vcs_test::is_both_true ... ok
[INFO] [stdout] test vcs::vcs_test::is_both_false ... ok
[INFO] [stdout] test targets::test::test_test::build_cmp_given_packageroot ... ok
[INFO] [stdout] test targets::test::test_test::build_cmp_given_platforms ... ok
[INFO] [stdout] 
[INFO] [stdout] failures:
[INFO] [stderr] error: test failed, to rerun pass `--lib`
[INFO] [stdout] 
[INFO] [stdout] ---- targets::install::install_test::build_cmd_given_facility_level_git stdout ----
[INFO] [stdout] thread 'targets::install::install_test::build_cmd_given_facility_level_git' panicked at src/targets/./install_test.rs:516:23:
[INFO] [stdout] called `Result::unwrap()` on an `Err` value: Unrecognized vcs for context: facility and build_env.vcs: None
[INFO] [stdout] stack backtrace:
[INFO] [stdout]    0:     0x65382bd8e70a - std::backtrace_rs::backtrace::libunwind::trace::h5a5b8284f2d0c266
[INFO] [stdout]                                at /rustc/90b35a6239c3d8bdabc530a6a0816f7ff89a0aaf/library/std/src/../../backtrace/src/backtrace/libunwind.rs:116:5
[INFO] [stdout]    1:     0x65382bd8e70a - std::backtrace_rs::backtrace::trace_unsynchronized::h76d4f1c9b0b875e3
[INFO] [stdout]                                at /rustc/90b35a6239c3d8bdabc530a6a0816f7ff89a0aaf/library/std/src/../../backtrace/src/backtrace/mod.rs:66:5
[INFO] [stdout]    2:     0x65382bd8e70a - std::sys::backtrace::_print_fmt::hc4546b8364a537c6
[INFO] [stdout]                                at /rustc/90b35a6239c3d8bdabc530a6a0816f7ff89a0aaf/library/std/src/sys/backtrace.rs:66:9
[INFO] [stdout]    3:     0x65382bd8e70a - <std::sys::backtrace::BacktraceLock::print::DisplayBacktrace as core::fmt::Display>::fmt::h5b6bd5631a6d1f6b
[INFO] [stdout]                                at /rustc/90b35a6239c3d8bdabc530a6a0816f7ff89a0aaf/library/std/src/sys/backtrace.rs:39:26
[INFO] [stdout]    4:     0x65382bdb5eb3 - core::fmt::rt::Argument::fmt::h270f6602a2b96f62
[INFO] [stdout]                                at /rustc/90b35a6239c3d8bdabc530a6a0816f7ff89a0aaf/library/core/src/fmt/rt.rs:177:76
[INFO] [stdout]    5:     0x65382bdb5eb3 - core::fmt::write::h7550c97b06c86515
[INFO] [stdout]                                at /rustc/90b35a6239c3d8bdabc530a6a0816f7ff89a0aaf/library/core/src/fmt/mod.rs:1186:21
[INFO] [stdout]    6:     0x65382bd8b883 - std::io::Write::write_fmt::h509ff860e5956e5e
[INFO] [stdout]                                at /rustc/90b35a6239c3d8bdabc530a6a0816f7ff89a0aaf/library/std/src/io/mod.rs:1839:15
[INFO] [stdout]    7:     0x65382bd8e552 - std::sys::backtrace::BacktraceLock::print::h2395ccd2c84ba3aa
[INFO] [stdout]                                at /rustc/90b35a6239c3d8bdabc530a6a0816f7ff89a0aaf/library/std/src/sys/backtrace.rs:42:9
[INFO] [stdout]    8:     0x65382bd8fb6a - std::panicking::default_hook::{{closure}}::he19d4c7230e07961
[INFO] [stdout]                                at /rustc/90b35a6239c3d8bdabc530a6a0816f7ff89a0aaf/library/std/src/panicking.rs:268:22
[INFO] [stdout]    9:     0x65382bd8f974 - std::panicking::default_hook::hf614597d3c67bbdb
[INFO] [stdout]                                at /rustc/90b35a6239c3d8bdabc530a6a0816f7ff89a0aaf/library/std/src/panicking.rs:292:9
[INFO] [stdout]   10:     0x65382bcde609 - <alloc::boxed::Box<F,A> as core::ops::function::Fn<Args>>::call::h39b51ce4599c23d1
[INFO] [stdout]                                at /rustc/90b35a6239c3d8bdabc530a6a0816f7ff89a0aaf/library/alloc/src/boxed.rs:2468:9
[INFO] [stdout]   11:     0x65382bcde609 - test::test_main::{{closure}}::he977ae839a582784
[INFO] [stdout]                                at /rustc/90b35a6239c3d8bdabc530a6a0816f7ff89a0aaf/library/test/src/lib.rs:133:21
[INFO] [stdout]   12:     0x65382bd90208 - <alloc::boxed::Box<F,A> as core::ops::function::Fn<Args>>::call::h9455091b6b06f9fb
[INFO] [stdout]                                at /rustc/90b35a6239c3d8bdabc530a6a0816f7ff89a0aaf/library/alloc/src/boxed.rs:2468:9
[INFO] [stdout]   13:     0x65382bd90208 - std::panicking::rust_panic_with_hook::h8942133a8b252070
[INFO] [stdout]                                at /rustc/90b35a6239c3d8bdabc530a6a0816f7ff89a0aaf/library/std/src/panicking.rs:809:13
[INFO] [stdout]   14:     0x65382bd8ffca - std::panicking::begin_panic_handler::{{closure}}::hb5f5963570096b29
[INFO] [stdout]                                at /rustc/90b35a6239c3d8bdabc530a6a0816f7ff89a0aaf/library/std/src/panicking.rs:674:13
[INFO] [stdout]   15:     0x65382bd8ebe9 - std::sys::backtrace::__rust_end_short_backtrace::h6208cedc1922feda
[INFO] [stdout]                                at /rustc/90b35a6239c3d8bdabc530a6a0816f7ff89a0aaf/library/std/src/sys/backtrace.rs:170:18
[INFO] [stdout]   16:     0x65382bd8fc5c - rust_begin_unwind
[INFO] [stdout]                                at /rustc/90b35a6239c3d8bdabc530a6a0816f7ff89a0aaf/library/std/src/panicking.rs:665:5
[INFO] [stdout]   17:     0x65382bbd5c60 - core::panicking::panic_fmt::h0c3082644d1bf418
[INFO] [stdout]                                at /rustc/90b35a6239c3d8bdabc530a6a0816f7ff89a0aaf/library/core/src/panicking.rs:74:14
[INFO] [stdout]   18:     0x65382bbd60e6 - core::result::unwrap_failed::hd20b4aa073bda1e2
[INFO] [stdout]                                at /rustc/90b35a6239c3d8bdabc530a6a0816f7ff89a0aaf/library/core/src/result.rs:1700:5
[INFO] [stdout]   19:     0x65382bc141a9 - core::result::Result<T,E>::unwrap::hafedf8488127aef3
[INFO] [stdout]                                at /rustc/90b35a6239c3d8bdabc530a6a0816f7ff89a0aaf/library/core/src/result.rs:1104:23
[INFO] [stdout]   20:     0x65382bc141a9 - pk_make::targets::install::install_test::build_cmd_given_facility_level_git::{{closure}}::hc5a6cb68e3994521
[INFO] [stdout]                                at /opt/rustwide/workdir/src/targets/./install_test.rs:516:16
[INFO] [stdout]   21:     0x65382bc3dafe - core::ops::function::FnOnce::call_once::ha963009c5a4a1b5e
[INFO] [stdout]                                at /rustc/90b35a6239c3d8bdabc530a6a0816f7ff89a0aaf/library/core/src/ops/function.rs:250:5
[INFO] [stdout]   22:     0x65382bd0cb77 - serial_test::serial_core::ha3efa662d581b7a2
[INFO] [stdout]                                at /opt/rustwide/cargo-home/registry/src/index.crates.io-6f17d22bba15001f/serial_test-0.4.0/src/lib.rs:64:5
[INFO] [stdout]   23:     0x65382bc13b37 - pk_make::targets::install::install_test::build_cmd_given_facility_level_git::ha119cec4031a666b
[INFO] [stdout]                                at /opt/rustwide/workdir/src/targets/./install_test.rs:485:1
[INFO] [stdout]   24:     0x65382bc13b07 - pk_make::targets::install::install_test::build_cmd_given_facility_level_git::{{closure}}::hf3c147b5e5f7bf59
[INFO] [stdout]                                at /opt/rustwide/workdir/src/targets/./install_test.rs:486:40
[INFO] [stdout]   25:     0x65382bc3cf26 - core::ops::function::FnOnce::call_once::h69545613f3625b41
[INFO] [stdout]                                at /rustc/90b35a6239c3d8bdabc530a6a0816f7ff89a0aaf/library/core/src/ops/function.rs:250:5
[INFO] [stdout]   26:     0x65382bce2fcb - core::ops::function::FnOnce::call_once::h109cf8051a59b34e
[INFO] [stdout]                                at /rustc/90b35a6239c3d8bdabc530a6a0816f7ff89a0aaf/library/core/src/ops/function.rs:250:5
[INFO] [stdout]   27:     0x65382bce2fcb - test::__rust_begin_short_backtrace::hf4fff89d377446ba
[INFO] [stdout]                                at /rustc/90b35a6239c3d8bdabc530a6a0816f7ff89a0aaf/library/test/src/lib.rs:621:18
[INFO] [stdout]   28:     0x65382bce2807 - test::run_test_in_process::{{closure}}::h0e39181dd7ee5a43
[INFO] [stdout]                                at /rustc/90b35a6239c3d8bdabc530a6a0816f7ff89a0aaf/library/test/src/lib.rs:644:60
[INFO] [stdout]   29:     0x65382bce2807 - <core::panic::unwind_safe::AssertUnwindSafe<F> as core::ops::function::FnOnce<()>>::call_once::hc5a66a30f0bdfd1f
[INFO] [stdout]                                at /rustc/90b35a6239c3d8bdabc530a6a0816f7ff89a0aaf/library/core/src/panic/unwind_safe.rs:272:9
[INFO] [stdout]   30:     0x65382bce2807 - std::panicking::try::do_call::h873b7cf639554a5e
[INFO] [stdout]                                at /rustc/90b35a6239c3d8bdabc530a6a0816f7ff89a0aaf/library/std/src/panicking.rs:557:40
[INFO] [stdout]   31:     0x65382bce2807 - std::panicking::try::hdb19862fad9c8bd1
[INFO] [stdout]                                at /rustc/90b35a6239c3d8bdabc530a6a0816f7ff89a0aaf/library/std/src/panicking.rs:520:19
[INFO] [stdout]   32:     0x65382bce2807 - std::panic::catch_unwind::h281fe732d236d260
[INFO] [stdout]                                at /rustc/90b35a6239c3d8bdabc530a6a0816f7ff89a0aaf/library/std/src/panic.rs:358:14
[INFO] [stdout]   33:     0x65382bce2807 - test::run_test_in_process::h949b6df8457ed338
[INFO] [stdout]                                at /rustc/90b35a6239c3d8bdabc530a6a0816f7ff89a0aaf/library/test/src/lib.rs:644:27
[INFO] [stdout]   34:     0x65382bce2807 - test::run_test::{{closure}}::h52c556a6d4740e10
[INFO] [stdout]                                at /rustc/90b35a6239c3d8bdabc530a6a0816f7ff89a0aaf/library/test/src/lib.rs:565:43
[INFO] [stdout]   35:     0x65382bca7ae4 - test::run_test::{{closure}}::h4237f6381c45ccb9
[INFO] [stdout]                                at /rustc/90b35a6239c3d8bdabc530a6a0816f7ff89a0aaf/library/test/src/lib.rs:595:41
[INFO] [stdout]   36:     0x65382bca7ae4 - std::sys::backtrace::__rust_begin_short_backtrace::h505c97a579eca628
[INFO] [stdout]                                at /rustc/90b35a6239c3d8bdabc530a6a0816f7ff89a0aaf/library/std/src/sys/backtrace.rs:154:18
[INFO] [stdout]   37:     0x65382bcab1ae - std::thread::Builder::spawn_unchecked_::{{closure}}::{{closure}}::h9e86b2e2bc107ea3
[INFO] [stdout]                                at /rustc/90b35a6239c3d8bdabc530a6a0816f7ff89a0aaf/library/std/src/thread/mod.rs:538:17
[INFO] [stdout]   38:     0x65382bcab1ae - <core::panic::unwind_safe::AssertUnwindSafe<F> as core::ops::function::FnOnce<()>>::call_once::h8b06ddb275ff4a25
[INFO] [stdout]                                at /rustc/90b35a6239c3d8bdabc530a6a0816f7ff89a0aaf/library/core/src/panic/unwind_safe.rs:272:9
[INFO] [stdout]   39:     0x65382bcab1ae - std::panicking::try::do_call::hb26ecd7cd9a9355d
[INFO] [stdout]                                at /rustc/90b35a6239c3d8bdabc530a6a0816f7ff89a0aaf/library/std/src/panicking.rs:557:40
[INFO] [stdout]   40:     0x65382bcab1ae - std::panicking::try::h8ddeca9d705f9069
[INFO] [stdout]                                at /rustc/90b35a6239c3d8bdabc530a6a0816f7ff89a0aaf/library/std/src/panicking.rs:520:19
[INFO] [stdout]   41:     0x65382bcab1ae - std::panic::catch_unwind::h49e1c33078844c46
[INFO] [stdout]                                at /rustc/90b35a6239c3d8bdabc530a6a0816f7ff89a0aaf/library/std/src/panic.rs:358:14
[INFO] [stdout]   42:     0x65382bcab1ae - std::thread::Builder::spawn_unchecked_::{{closure}}::h6073db6ff56ad35d
[INFO] [stdout]                                at /rustc/90b35a6239c3d8bdabc530a6a0816f7ff89a0aaf/library/std/src/thread/mod.rs:537:30
[INFO] [stdout]   43:     0x65382bcab1ae - core::ops::function::FnOnce::call_once{{vtable.shim}}::h2c5a5f3779c774f1
[INFO] [stdout]                                at /rustc/90b35a6239c3d8bdabc530a6a0816f7ff89a0aaf/library/core/src/ops/function.rs:250:5
[INFO] [stdout]   44:     0x65382bd9452b - <alloc::boxed::Box<F,A> as core::ops::function::FnOnce<Args>>::call_once::hf75717d9f28faebf
[INFO] [stdout]                                at /rustc/90b35a6239c3d8bdabc530a6a0816f7ff89a0aaf/library/alloc/src/boxed.rs:2454:9
[INFO] [stdout]   45:     0x65382bd9452b - <alloc::boxed::Box<F,A> as core::ops::function::FnOnce<Args>>::call_once::h7bd883a5f3c5f3c1
[INFO] [stdout]                                at /rustc/90b35a6239c3d8bdabc530a6a0816f7ff89a0aaf/library/alloc/src/boxed.rs:2454:9
[INFO] [stdout]   46:     0x65382bd9452b - std::sys::pal::unix::thread::Thread::new::thread_start::hcc78f3943333fa94
[INFO] [stdout]                                at /rustc/90b35a6239c3d8bdabc530a6a0816f7ff89a0aaf/library/std/src/sys/pal/unix/thread.rs:105:17
[INFO] [stdout]   47:     0x7b475e0faac3 - <unknown>
[INFO] [stdout]   48:     0x7b475e18ba04 - clone
[INFO] [stdout]   49:                0x0 - <unknown>
[INFO] [stdout] 
[INFO] [stdout] ---- targets::install::install_test::build_cmd_given_facility_level_both_set_git stdout ----
[INFO] [stdout] thread 'targets::install::install_test::build_cmd_given_facility_level_both_set_git' panicked at src/targets/./install_test.rs:597:5:
[INFO] [stdout] assertion `left == right` failed
[INFO] [stdout]   left: ["svn-tag create"]
[INFO] [stdout]  right: ["git-tag create --protect"]
[INFO] [stdout] stack backtrace:
[INFO] [stdout]    0:     0x65382bd8e70a - std::backtrace_rs::backtrace::libunwind::trace::h5a5b8284f2d0c266
[INFO] [stdout]                                at /rustc/90b35a6239c3d8bdabc530a6a0816f7ff89a0aaf/library/std/src/../../backtrace/src/backtrace/libunwind.rs:116:5
[INFO] [stdout]    1:     0x65382bd8e70a - std::backtrace_rs::backtrace::trace_unsynchronized::h76d4f1c9b0b875e3
[INFO] [stdout]                                at /rustc/90b35a6239c3d8bdabc530a6a0816f7ff89a0aaf/library/std/src/../../backtrace/src/backtrace/mod.rs:66:5
[INFO] [stdout]    2:     0x65382bd8e70a - std::sys::backtrace::_print_fmt::hc4546b8364a537c6
[INFO] [stdout]                                at /rustc/90b35a6239c3d8bdabc530a6a0816f7ff89a0aaf/library/std/src/sys/backtrace.rs:66:9
[INFO] [stdout]    3:     0x65382bd8e70a - <std::sys::backtrace::BacktraceLock::print::DisplayBacktrace as core::fmt::Display>::fmt::h5b6bd5631a6d1f6b
[INFO] [stdout]                                at /rustc/90b35a6239c3d8bdabc530a6a0816f7ff89a0aaf/library/std/src/sys/backtrace.rs:39:26
[INFO] [stdout]    4:     0x65382bdb5eb3 - core::fmt::rt::Argument::fmt::h270f6602a2b96f62
[INFO] [stdout]                                at /rustc/90b35a6239c3d8bdabc530a6a0816f7ff89a0aaf/library/core/src/fmt/rt.rs:177:76
[INFO] [stdout]    5:     0x65382bdb5eb3 - core::fmt::write::h7550c97b06c86515
[INFO] [stdout]                                at /rustc/90b35a6239c3d8bdabc530a6a0816f7ff89a0aaf/library/core/src/fmt/mod.rs:1186:21
[INFO] [stdout]    6:     0x65382bd8b883 - std::io::Write::write_fmt::h509ff860e5956e5e
[INFO] [stdout]                                at /rustc/90b35a6239c3d8bdabc530a6a0816f7ff89a0aaf/library/std/src/io/mod.rs:1839:15
[INFO] [stdout]    7:     0x65382bd8e552 - std::sys::backtrace::BacktraceLock::print::h2395ccd2c84ba3aa
[INFO] [stdout]                                at /rustc/90b35a6239c3d8bdabc530a6a0816f7ff89a0aaf/library/std/src/sys/backtrace.rs:42:9
[INFO] [stdout]    8:     0x65382bd8fb6a - std::panicking::default_hook::{{closure}}::he19d4c7230e07961
[INFO] [stdout]                                at /rustc/90b35a6239c3d8bdabc530a6a0816f7ff89a0aaf/library/std/src/panicking.rs:268:22
[INFO] [stdout]    9:     0x65382bd8f974 - std::panicking::default_hook::hf614597d3c67bbdb
[INFO] [stdout]                                at /rustc/90b35a6239c3d8bdabc530a6a0816f7ff89a0aaf/library/std/src/panicking.rs:292:9
[INFO] [stdout]   10:     0x65382bcde609 - <alloc::boxed::Box<F,A> as core::ops::function::Fn<Args>>::call::h39b51ce4599c23d1
[INFO] [stdout]                                at /rustc/90b35a6239c3d8bdabc530a6a0816f7ff89a0aaf/library/alloc/src/boxed.rs:2468:9
[INFO] [stdout]   11:     0x65382bcde609 - test::test_main::{{closure}}::he977ae839a582784
[INFO] [stdout]                                at /rustc/90b35a6239c3d8bdabc530a6a0816f7ff89a0aaf/library/test/src/lib.rs:133:21
[INFO] [stdout]   12:     0x65382bd90208 - <alloc::boxed::Box<F,A> as core::ops::function::Fn<Args>>::call::h9455091b6b06f9fb
[INFO] [stdout]                                at /rustc/90b35a6239c3d8bdabc530a6a0816f7ff89a0aaf/library/alloc/src/boxed.rs:2468:9
[INFO] [stdout]   13:     0x65382bd90208 - std::panicking::rust_panic_with_hook::h8942133a8b252070
[INFO] [stdout]                                at /rustc/90b35a6239c3d8bdabc530a6a0816f7ff89a0aaf/library/std/src/panicking.rs:809:13
[INFO] [stdout]   14:     0x65382bd8ffca - std::panicking::begin_panic_handler::{{closure}}::hb5f5963570096b29
[INFO] [stdout]                                at /rustc/90b35a6239c3d8bdabc530a6a0816f7ff89a0aaf/library/std/src/panicking.rs:674:13
[INFO] [stdout]   15:     0x65382bd8ebe9 - std::sys::backtrace::__rust_end_short_backtrace::h6208cedc1922feda
[INFO] [stdout]                                at /rustc/90b35a6239c3d8bdabc530a6a0816f7ff89a0aaf/library/std/src/sys/backtrace.rs:170:18
[INFO] [stdout]   16:     0x65382bd8fc5c - rust_begin_unwind
[INFO] [stdout]                                at /rustc/90b35a6239c3d8bdabc530a6a0816f7ff89a0aaf/library/std/src/panicking.rs:665:5
[INFO] [stdout]   17:     0x65382bbd5c60 - core::panicking::panic_fmt::h0c3082644d1bf418
[INFO] [stdout]                                at /rustc/90b35a6239c3d8bdabc530a6a0816f7ff89a0aaf/library/core/src/panicking.rs:74:14
[INFO] [stdout]   18:     0x65382bbd6064 - core::panicking::assert_failed_inner::h2ddf1fcc067fa858
[INFO] [stdout]   19:     0x65382bc47fff - core::panicking::assert_failed::h825998fd9d9e7aaf
[INFO] [stdout]                                at /rustc/90b35a6239c3d8bdabc530a6a0816f7ff89a0aaf/library/core/src/panicking.rs:367:5
[INFO] [stdout]   20:     0x65382bc15933 - pk_make::targets::install::install_test::build_cmd_given_facility_level_both_set_git::{{closure}}::h6990004fda771f24
[INFO] [stdout]                                at /opt/rustwide/workdir/src/targets/./install_test.rs:597:5
[INFO] [stdout]   21:     0x65382bc3be1e - core::ops::function::FnOnce::call_once::h06e587efe93842f3
[INFO] [stdout]                                at /rustc/90b35a6239c3d8bdabc530a6a0816f7ff89a0aaf/library/core/src/ops/function.rs:250:5
[INFO] [stdout]   22:     0x65382bd0cb77 - serial_test::serial_core::ha3efa662d581b7a2
[INFO] [stdout]                                at /opt/rustwide/cargo-home/registry/src/index.crates.io-6f17d22bba15001f/serial_test-0.4.0/src/lib.rs:64:5
[INFO] [stdout]   23:     0x65382bc15167 - pk_make::targets::install::install_test::build_cmd_given_facility_level_both_set_git::h4564172114adfebc
[INFO] [stdout]                                at /opt/rustwide/workdir/src/targets/./install_test.rs:566:1
[INFO] [stdout]   24:     0x65382bc15137 - pk_make::targets::install::install_test::build_cmd_given_facility_level_both_set_git::{{closure}}::hc8cb27de396993a9
[INFO] [stdout]                                at /opt/rustwide/workdir/src/targets/./install_test.rs:567:49
[INFO] [stdout]   25:     0x65382bc3c2e6 - core::ops::function::FnOnce::call_once::h2597b415d4f93adf
[INFO] [stdout]                                at /rustc/90b35a6239c3d8bdabc530a6a0816f7ff89a0aaf/library/core/src/ops/function.rs:250:5
[INFO] [stdout]   26:     0x65382bce2fcb - core::ops::function::FnOnce::call_once::h109cf8051a59b34e
[INFO] [stdout]                                at /rustc/90b35a6239c3d8bdabc530a6a0816f7ff89a0aaf/library/core/src/ops/function.rs:250:5
[INFO] [stdout]   27:     0x65382bce2fcb - test::__rust_begin_short_backtrace::hf4fff89d377446ba
[INFO] [stdout]                                at /rustc/90b35a6239c3d8bdabc530a6a0816f7ff89a0aaf/library/test/src/lib.rs:621:18
[INFO] [stdout]   28:     0x65382bce2807 - test::run_test_in_process::{{closure}}::h0e39181dd7ee5a43
[INFO] [stdout]                                at /rustc/90b35a6239c3d8bdabc530a6a0816f7ff89a0aaf/library/test/src/lib.rs:644:60
[INFO] [stdout]   29:     0x65382bce2807 - <core::panic::unwind_safe::AssertUnwindSafe<F> as core::ops::function::FnOnce<()>>::call_once::hc5a66a30f0bdfd1f
[INFO] [stdout]                                at /rustc/90b35a6239c3d8bdabc530a6a0816f7ff89a0aaf/library/core/src/panic/unwind_safe.rs:272:9
[INFO] [stdout]   30:     0x65382bce2807 - std::panicking::try::do_call::h873b7cf639554a5e
[INFO] [stdout]                                at /rustc/90b35a6239c3d8bdabc530a6a0816f7ff89a0aaf/library/std/src/panicking.rs:557:40
[INFO] [stdout]   31:     0x65382bce2807 - std::panicking::try::hdb19862fad9c8bd1
[INFO] [stdout]                                at /rustc/90b35a6239c3d8bdabc530a6a0816f7ff89a0aaf/library/std/src/panicking.rs:520:19
[INFO] [stdout]   32:     0x65382bce2807 - std::panic::catch_unwind::h281fe732d236d260
[INFO] [stdout]                                at /rustc/90b35a6239c3d8bdabc530a6a0816f7ff89a0aaf/library/std/src/panic.rs:358:14
[INFO] [stdout]   33:     0x65382bce2807 - test::run_test_in_process::h949b6df8457ed338
[INFO] [stdout]                                at /rustc/90b35a6239c3d8bdabc530a6a0816f7ff89a0aaf/library/test/src/lib.rs:644:27
[INFO] [stdout]   34:     0x65382bce2807 - test::run_test::{{closure}}::h52c556a6d4740e10
[INFO] [stdout]                                at /rustc/90b35a6239c3d8bdabc530a6a0816f7ff89a0aaf/library/test/src/lib.rs:565:43
[INFO] [stdout]   35:     0x65382bca7ae4 - test::run_test::{{closure}}::h4237f6381c45ccb9
[INFO] [stdout]                                at /rustc/90b35a6239c3d8bdabc530a6a0816f7ff89a0aaf/library/test/src/lib.rs:595:41
[INFO] [stdout]   36:     0x65382bca7ae4 - std::sys::backtrace::__rust_begin_short_backtrace::h505c97a579eca628
[INFO] [stdout]                                at /rustc/90b35a6239c3d8bdabc530a6a0816f7ff89a0aaf/library/std/src/sys/backtrace.rs:154:18
[INFO] [stdout]   37:     0x65382bcab1ae - std::thread::Builder::spawn_unchecked_::{{closure}}::{{closure}}::h9e86b2e2bc107ea3
[INFO] [stdout]                                at /rustc/90b35a6239c3d8bdabc530a6a0816f7ff89a0aaf/library/std/src/thread/mod.rs:538:17
[INFO] [stdout]   38:     0x65382bcab1ae - <core::panic::unwind_safe::AssertUnwindSafe<F> as core::ops::function::FnOnce<()>>::call_once::h8b06ddb275ff4a25
[INFO] [stdout]                                at /rustc/90b35a6239c3d8bdabc530a6a0816f7ff89a0aaf/library/core/src/panic/unwind_safe.rs:272:9
[INFO] [stdout]   39:     0x65382bcab1ae - std::panicking::try::do_call::hb26ecd7cd9a9355d
[INFO] [stdout]                                at /rustc/90b35a6239c3d8bdabc530a6a0816f7ff89a0aaf/library/std/src/panicking.rs:557:40
[INFO] [stdout]   40:     0x65382bcab1ae - std::panicking::try::h8ddeca9d705f9069
[INFO] [stdout]                                at /rustc/90b35a6239c3d8bdabc530a6a0816f7ff89a0aaf/library/std/src/panicking.rs:520:19
[INFO] [stdout]   41:     0x65382bcab1ae - std::panic::catch_unwind::h49e1c33078844c46
[INFO] [stdout]                                at /rustc/90b35a6239c3d8bdabc530a6a0816f7ff89a0aaf/library/std/src/panic.rs:358:14
[INFO] [stdout]   42:     0x65382bcab1ae - std::thread::Builder::spawn_unchecked_::{{closure}}::h6073db6ff56ad35d
[INFO] [stdout]                                at /rustc/90b35a6239c3d8bdabc530a6a0816f7ff89a0aaf/library/std/src/thread/mod.rs:537:30
[INFO] [stdout]   43:     0x65382bcab1ae - core::ops::function::FnOnce::call_once{{vtable.shim}}::h2c5a5f3779c774f1
[INFO] [stdout]                                at /rustc/90b35a6239c3d8bdabc530a6a0816f7ff89a0aaf/library/core/src/ops/function.rs:250:5
[INFO] [stdout]   44:     0x65382bd9452b - <alloc::boxed::Box<F,A> as core::ops::function::FnOnce<Args>>::call_once::hf75717d9f28faebf
[INFO] [stdout]                                at /rustc/90b35a6239c3d8bdabc530a6a0816f7ff89a0aaf/library/alloc/src/boxed.rs:2454:9
[INFO] [stdout]   45:     0x65382bd9452b - <alloc::boxed::Box<F,A> as core::ops::function::FnOnce<Args>>::call_once::h7bd883a5f3c5f3c1
[INFO] [stdout]                                at /rustc/90b35a6239c3d8bdabc530a6a0816f7ff89a0aaf/library/alloc/src/boxed.rs:2454:9
[INFO] [stdout]   46:     0x65382bd9452b - std::sys::pal::unix::thread::Thread::new::thread_start::hcc78f3943333fa94
[INFO] [stdout]                                at /rustc/90b35a6239c3d8bdabc530a6a0816f7ff89a0aaf/library/std/src/sys/pal/unix/thread.rs:105:17
[INFO] [stdout]   47:     0x7b475e0faac3 - <unknown>
[INFO] [stdout]   48:     0x7b475e18ba04 - clone
[INFO] [stdout]   49:                0x0 - <unknown>
[INFO] [stdout] 
[INFO] [stdout] 
[INFO] [stdout] failures:
[INFO] [stdout]     targets::install::install_test::build_cmd_given_facility_level_both_set_git
[INFO] [stdout]     targets::install::install_test::build_cmd_given_facility_level_git
[INFO] [stdout] 
[INFO] [stdout] test result: FAILED. 121 passed; 2 failed; 0 ignored; 0 measured; 0 filtered out; finished in 0.12s
[INFO] [stdout] 
[INFO] running `Command { std: "docker" "inspect" "0e8c3fe19b8d0817eb5a1787f8351040508f9ed9e3a9e8c2244bfaf5d274cb1a", kill_on_drop: false }`
[INFO] running `Command { std: "docker" "rm" "-f" "0e8c3fe19b8d0817eb5a1787f8351040508f9ed9e3a9e8c2244bfaf5d274cb1a", kill_on_drop: false }`
[INFO] [stdout] 0e8c3fe19b8d0817eb5a1787f8351040508f9ed9e3a9e8c2244bfaf5d274cb1a
