[INFO] cloning repository https://github.com/jimjkelly/rytest
[INFO] running `Command { std: "git" "-c" "credential.helper=" "-c" "credential.helper=/workspace/cargo-home/bin/git-credential-null" "clone" "--bare" "https://github.com/jimjkelly/rytest" "/workspace/cache/git-repos/https%3A%2F%2Fgithub.com%2Fjimjkelly%2Frytest", kill_on_drop: false }`
[INFO] [stderr] Cloning into bare repository '/workspace/cache/git-repos/https%3A%2F%2Fgithub.com%2Fjimjkelly%2Frytest'...
[INFO] running `Command { std: "git" "rev-parse" "HEAD", kill_on_drop: false }`
[INFO] [stdout] 174bc51850f4f0164d30ae878f855f8f321e34c6
[INFO] testing jimjkelly/rytest against 1.83.0 for beta-1.84.0-4-retry
[INFO] running `Command { std: "git" "clone" "/workspace/cache/git-repos/https%3A%2F%2Fgithub.com%2Fjimjkelly%2Frytest" "/workspace/builds/worker-4-tc1/source", kill_on_drop: false }`
[INFO] [stderr] Cloning into '/workspace/builds/worker-4-tc1/source'...
[INFO] [stderr] done.
[INFO] validating manifest of git repo https://github.com/jimjkelly/rytest on toolchain 1.83.0
[INFO] running `Command { std: CARGO_HOME="/workspace/cargo-home" RUSTUP_HOME="/workspace/rustup-home" "/workspace/cargo-home/bin/cargo" "+1.83.0" "metadata" "--manifest-path" "Cargo.toml" "--no-deps", kill_on_drop: false }`
[INFO] removed /workspace/builds/worker-4-tc1/source/.cargo/config.toml
[INFO] started tweaking git repo https://github.com/jimjkelly/rytest
[INFO] finished tweaking git repo https://github.com/jimjkelly/rytest
[INFO] tweaked toml for git repo https://github.com/jimjkelly/rytest written to /workspace/builds/worker-4-tc1/source/Cargo.toml
[INFO] crate git repo https://github.com/jimjkelly/rytest already has a lockfile, it will not be regenerated
[INFO] running `Command { std: CARGO_HOME="/workspace/cargo-home" RUSTUP_HOME="/workspace/rustup-home" "/workspace/cargo-home/bin/cargo" "+1.83.0" "fetch" "--manifest-path" "Cargo.toml", kill_on_drop: false }`
[INFO] [stderr]     Updating crates.io index
[INFO] [stderr]  Downloading crates ...
[INFO] [stderr]   Downloaded fontdb v0.12.0
[INFO] [stderr]   Downloaded svgtypes v0.9.0
[INFO] [stderr]   Downloaded usvg v0.29.0
[INFO] [stderr]   Downloaded pyo3-macros v0.22.6
[INFO] [stderr]   Downloaded rosvgtree v0.1.0
[INFO] [stderr]   Downloaded insta-cmd v0.6.0
[INFO] [stderr]   Downloaded pyo3-build-config v0.22.6
[INFO] [stderr]   Downloaded pyo3-ffi v0.22.6
[INFO] [stderr]   Downloaded rustpython-ast v0.3.1
[INFO] [stderr]   Downloaded resvg v0.29.0
[INFO] [stderr]   Downloaded usvg-text-layout v0.29.0
[INFO] [stderr]   Downloaded pyo3-macros-backend v0.22.6
[INFO] [stderr]   Downloaded poloto v19.1.2
[INFO] [stderr]   Downloaded rustpython-parser-vendored v0.3.1
[INFO] [stderr]   Downloaded tagu v0.1.6
[INFO] [stderr]   Downloaded rustpython-parser-core v0.3.1
[INFO] [stderr]   Downloaded rustpython-parser v0.3.1
[INFO] [stderr]   Downloaded pyo3 v0.22.6
[INFO] running `Command { std: "docker" "create" "-v" "/var/lib/crater-agent-workspace/builds/worker-4-tc1/target:/opt/rustwide/target:rw,Z" "-v" "/var/lib/crater-agent-workspace/builds/worker-4-tc1/source:/opt/rustwide/workdir:ro,Z" "-v" "/var/lib/crater-agent-workspace/cargo-home:/opt/rustwide/cargo-home:ro,Z" "-v" "/var/lib/crater-agent-workspace/rustup-home:/opt/rustwide/rustup-home:ro,Z" "-e" "SOURCE_DIR=/opt/rustwide/workdir" "-e" "CARGO_TARGET_DIR=/opt/rustwide/target" "-e" "CARGO_HOME=/opt/rustwide/cargo-home" "-e" "RUSTUP_HOME=/opt/rustwide/rustup-home" "-w" "/opt/rustwide/workdir" "-m" "1610612736" "--user" "0:0" "--network" "none" "ghcr.io/rust-lang/crates-build-env/linux@sha256:f3a9d4ad9d972b27faf3965f35b62e55ba32bbce8f20bc8fe909558a86702fde" "/opt/rustwide/cargo-home/bin/cargo" "+1.83.0" "metadata" "--no-deps" "--format-version=1", kill_on_drop: false }`
[INFO] [stdout] 01b69051a4d6defcfa34dc6bb89ed098a466e99dc137f2a15b3736e93dcfb4de
[INFO] running `Command { std: "docker" "start" "-a" "01b69051a4d6defcfa34dc6bb89ed098a466e99dc137f2a15b3736e93dcfb4de", kill_on_drop: false }`
[INFO] running `Command { std: "docker" "inspect" "01b69051a4d6defcfa34dc6bb89ed098a466e99dc137f2a15b3736e93dcfb4de", kill_on_drop: false }`
[INFO] running `Command { std: "docker" "rm" "-f" "01b69051a4d6defcfa34dc6bb89ed098a466e99dc137f2a15b3736e93dcfb4de", kill_on_drop: false }`
[INFO] [stdout] 01b69051a4d6defcfa34dc6bb89ed098a466e99dc137f2a15b3736e93dcfb4de
[INFO] running `Command { std: "docker" "create" "-v" "/var/lib/crater-agent-workspace/builds/worker-4-tc1/target:/opt/rustwide/target:rw,Z" "-v" "/var/lib/crater-agent-workspace/builds/worker-4-tc1/source:/opt/rustwide/workdir:ro,Z" "-v" "/var/lib/crater-agent-workspace/cargo-home:/opt/rustwide/cargo-home:ro,Z" "-v" "/var/lib/crater-agent-workspace/rustup-home:/opt/rustwide/rustup-home:ro,Z" "-e" "SOURCE_DIR=/opt/rustwide/workdir" "-e" "CARGO_TARGET_DIR=/opt/rustwide/target" "-e" "CARGO_INCREMENTAL=0" "-e" "RUST_BACKTRACE=full" "-e" "RUSTFLAGS=--cap-lints=warn" "-e" "RUSTDOCFLAGS=--cap-lints=warn" "-e" "CARGO_HOME=/opt/rustwide/cargo-home" "-e" "RUSTUP_HOME=/opt/rustwide/rustup-home" "-w" "/opt/rustwide/workdir" "-m" "1610612736" "--user" "0:0" "--network" "none" "ghcr.io/rust-lang/crates-build-env/linux@sha256:f3a9d4ad9d972b27faf3965f35b62e55ba32bbce8f20bc8fe909558a86702fde" "/opt/rustwide/cargo-home/bin/cargo" "+1.83.0" "build" "--frozen" "--message-format=json", kill_on_drop: false }`
[INFO] [stdout] 1e19655304ab1ea93416f5be3b6c6bf463d114fa64bd11ba130857ce8d6d9ae9
[INFO] running `Command { std: "docker" "start" "-a" "1e19655304ab1ea93416f5be3b6c6bf463d114fa64bd11ba130857ce8d6d9ae9", kill_on_drop: false }`
[INFO] [stderr]    Compiling cfg-if v1.0.0
[INFO] [stderr]    Compiling proc-macro2 v1.0.92
[INFO] [stderr]    Compiling unicode-ident v1.0.14
[INFO] [stderr]    Compiling once_cell v1.20.2
[INFO] [stderr]    Compiling siphasher v0.3.11
[INFO] [stderr]    Compiling autocfg v1.4.0
[INFO] [stderr]    Compiling target-lexicon v0.12.16
[INFO] [stderr]    Compiling libc v0.2.167
[INFO] [stderr]    Compiling log v0.4.22
[INFO] [stderr]    Compiling byteorder v1.5.0
[INFO] [stderr]    Compiling version_check v0.9.5
[INFO] [stderr]    Compiling heck v0.5.0
[INFO] [stderr]    Compiling ryu v1.0.18
[INFO] [stderr]    Compiling zerocopy v0.7.35
[INFO] [stderr]    Compiling libm v0.2.11
[INFO] [stderr]    Compiling arrayvec v0.7.6
[INFO] [stderr]    Compiling bitflags v1.3.2
[INFO] [stderr]    Compiling either v1.13.0
[INFO] [stderr]    Compiling ahash v0.8.11
[INFO] [stderr]    Compiling phf_shared v0.11.2
[INFO] [stderr]    Compiling itertools v0.11.0
[INFO] [stderr]    Compiling simd-adler32 v0.3.7
[INFO] [stderr]    Compiling malachite-nz v0.4.16
[INFO] [stderr]    Compiling adler2 v2.0.0
[INFO] [stderr]    Compiling anyhow v1.0.93
[INFO] [stderr]    Compiling crunchy v0.2.2
[INFO] [stderr]    Compiling unicode-width v0.1.14
[INFO] [stderr]    Compiling rustix v0.38.41
[INFO] [stderr]    Compiling bytemuck v1.20.0
[INFO] [stderr]    Compiling float-cmp v0.9.0
[INFO] [stderr]    Compiling memchr v2.7.4
[INFO] [stderr]    Compiling miniz_oxide v0.8.0
[INFO] [stderr]    Compiling num-traits v0.2.19
[INFO] [stderr]    Compiling crc32fast v1.4.2
[INFO] [stderr]    Compiling hashbrown v0.14.5
[INFO] [stderr]    Compiling linux-raw-sys v0.4.14
[INFO] [stderr]    Compiling pyo3-build-config v0.22.6
[INFO] [stderr]    Compiling utf8parse v0.2.2
[INFO] [stderr]    Compiling getopts v0.2.21
[INFO] [stderr]    Compiling bitflags v2.6.0
[INFO] [stderr]    Compiling quote v1.0.37
[INFO] [stderr]    Compiling tiny-keccak v2.0.2
[INFO] [stderr]    Compiling paste v1.0.15
[INFO] [stderr]    Compiling flate2 v1.0.35
[INFO] [stderr]    Compiling syn v2.0.89
[INFO] [stderr]    Compiling getrandom v0.2.15
[INFO] [stderr]    Compiling anstyle-parse v0.2.6
[INFO] [stderr]    Compiling strict-num v0.1.1
[INFO] [stderr]    Compiling kurbo v0.8.3
[INFO] [stderr]    Compiling anstyle-query v1.1.2
[INFO] [stderr]    Compiling convert_case v0.4.0
[INFO] [stderr]    Compiling rand_core v0.6.4
[INFO] [stderr]    Compiling anstyle v1.0.10
[INFO] [stderr]    Compiling xmlparser v0.13.6
[INFO] [stderr]    Compiling colorchoice v1.0.3
[INFO] [stderr]    Compiling unic-char-range v0.9.0
[INFO] [stderr]    Compiling crossbeam-utils v0.8.20
[INFO] [stderr]    Compiling unicode-general-category v0.6.0
[INFO] [stderr]    Compiling unic-common v0.9.0
[INFO] [stderr]    Compiling is_terminal_polyfill v1.70.1
[INFO] [stderr]    Compiling malachite-base v0.4.16
[INFO] [stderr]    Compiling anstream v0.6.18
[INFO] [stderr]    Compiling roxmltree v0.18.1
[INFO] [stderr]    Compiling unic-ucd-version v0.9.0
[INFO] [stderr]    Compiling terminal_size v0.4.0
[INFO] [stderr]    Compiling num-integer v0.1.46
[INFO] [stderr]    Compiling unic-char-property v0.9.0
[INFO] [stderr]    Compiling svgtypes v0.9.0
[INFO] [stderr]    Compiling rustpython-parser-vendored v0.3.1
[INFO] [stderr]    Compiling memoffset v0.9.1
[INFO] [stderr]    Compiling kurbo v0.9.5
[INFO] [stderr]    Compiling simplecss v0.2.1
[INFO] [stderr]    Compiling roxmltree v0.20.0
[INFO] [stderr]    Compiling ttf-parser v0.18.1
[INFO] [stderr]    Compiling clap_lex v0.7.3
[INFO] [stderr]    Compiling strsim v0.11.1
[INFO] [stderr]    Compiling phf v0.11.2
[INFO] [stderr]    Compiling inotify-sys v0.1.5
[INFO] [stderr]    Compiling rosvgtree v0.1.0
[INFO] [stderr]    Compiling clap_builder v4.5.21
[INFO] [stderr]    Compiling memmap2 v0.5.10
[INFO] [stderr]    Compiling fdeflate v0.3.6
[INFO] [stderr]    Compiling imagesize v0.11.0
[INFO] [stderr]    Compiling base64 v0.21.7
[INFO] [stderr]    Compiling data-url v0.2.0
[INFO] [stderr]    Compiling smallvec v1.13.2
[INFO] [stderr]    Compiling serde v1.0.215
[INFO] [stderr]    Compiling rctree v0.5.0
[INFO] [stderr]    Compiling fontconfig-parser v0.5.7
[INFO] [stderr]    Compiling unicode-ccc v0.1.2
[INFO] [stderr]    Compiling unicode-bidi-mirroring v0.1.0
[INFO] [stderr]    Compiling pyo3-macros-backend v0.22.6
[INFO] [stderr]    Compiling pyo3-ffi v0.22.6
[INFO] [stderr]    Compiling pyo3 v0.22.6
[INFO] [stderr]    Compiling unicode-script v0.5.7
[INFO] [stderr]    Compiling same-file v1.0.6
[INFO] [stderr]    Compiling static_assertions v1.1.0
[INFO] [stderr]    Compiling arrayref v0.3.9
[INFO] [stderr]    Compiling walkdir v2.5.0
[INFO] [stderr]    Compiling tiny-skia-path v0.8.4
[INFO] [stderr]    Compiling png v0.17.14
[INFO] [stderr]    Compiling usvg v0.29.0
[INFO] [stderr]    Compiling crossbeam-channel v0.5.13
[INFO] [stderr]    Compiling inotify v0.9.6
[INFO] [stderr]    Compiling unic-ucd-ident v0.9.0
[INFO] [stderr]    Compiling unic-emoji-char v0.9.0
[INFO] [stderr]    Compiling filetime v0.2.25
[INFO] [stderr]    Compiling mio v0.8.11
[INFO] [stderr]    Compiling rgb v0.8.50
[INFO] [stderr]    Compiling fs-err v2.11.0
[INFO] [stderr]    Compiling unindent v0.2.3
[INFO] [stderr]    Compiling lalrpop-util v0.20.2
[INFO] [stderr]    Compiling rustc-hash v1.1.0
[INFO] [stderr]    Compiling unicode-bidi v0.3.17
[INFO] [stderr]    Compiling indoc v2.0.5
[INFO] [stderr]    Compiling color_quant v1.1.0
[INFO] [stderr]    Compiling unicode-vo v0.1.0
[INFO] [stderr]    Compiling serde_json v1.0.133
[INFO] [stderr]    Compiling weezl v0.1.8
[INFO] [stderr]    Compiling tiny-skia v0.8.4
[INFO] [stderr]    Compiling notify v6.1.1
[INFO] [stderr]    Compiling svgfilters v0.4.0
[INFO] [stderr]    Compiling svgtypes v0.10.0
[INFO] [stderr]    Compiling pico-args v0.5.0
[INFO] [stderr]    Compiling itoa v1.0.14
[INFO] [stderr]    Compiling fontdb v0.12.0
[INFO] [stderr]    Compiling rustybuzz v0.7.0
[INFO] [stderr]    Compiling gif v0.12.0
[INFO] [stderr]    Compiling tagu v0.1.6
[INFO] [stderr]    Compiling jpeg-decoder v0.3.1
[INFO] [stderr]    Compiling poloto v19.1.2
[INFO] [stderr]    Compiling zerocopy-derive v0.7.35
[INFO] [stderr]    Compiling is-macro v0.3.7
[INFO] [stderr]    Compiling derive_more v0.99.18
[INFO] [stderr]    Compiling clap_derive v4.5.18
[INFO] [stderr]    Compiling serde_derive v1.0.215
[INFO] [stderr]    Compiling usvg-text-layout v0.29.0
[INFO] [stderr]    Compiling rustpython-parser-core v0.3.1
[INFO] [stderr]    Compiling resvg v0.29.0
[INFO] [stderr]    Compiling clap v4.5.21
[INFO] [stderr]    Compiling ppv-lite86 v0.2.20
[INFO] [stderr]    Compiling pyo3-macros v0.22.6
[INFO] [stderr]    Compiling rand_chacha v0.3.1
[INFO] [stderr]    Compiling rand v0.8.5
[INFO] [stderr]    Compiling phf_generator v0.11.2
[INFO] [stderr]    Compiling phf_codegen v0.11.2
[INFO] [stderr]    Compiling unicode_names2_generator v1.3.0
[INFO] [stderr]    Compiling rustpython-parser v0.3.1
[INFO] [stderr]    Compiling unicode_names2 v1.3.0
[INFO] [stderr]    Compiling rytest-render-benchmark v0.1.0 (/opt/rustwide/workdir/crates/rytest-render-benchmark)
[INFO] [stderr]    Compiling malachite-q v0.4.16
[INFO] [stderr]    Compiling malachite v0.4.16
[INFO] [stderr]    Compiling malachite-bigint v0.2.0
[INFO] [stderr]    Compiling rustpython-ast v0.3.1
[INFO] [stderr]    Compiling rytest v0.1.0 (/opt/rustwide/workdir/crates/rytest)
[INFO] [stderr]     Finished `dev` profile [unoptimized + debuginfo] target(s) in 1m 14s
[INFO] running `Command { std: "docker" "inspect" "1e19655304ab1ea93416f5be3b6c6bf463d114fa64bd11ba130857ce8d6d9ae9", kill_on_drop: false }`
[INFO] running `Command { std: "docker" "rm" "-f" "1e19655304ab1ea93416f5be3b6c6bf463d114fa64bd11ba130857ce8d6d9ae9", kill_on_drop: false }`
[INFO] [stdout] 1e19655304ab1ea93416f5be3b6c6bf463d114fa64bd11ba130857ce8d6d9ae9
[INFO] running `Command { std: "docker" "create" "-v" "/var/lib/crater-agent-workspace/builds/worker-4-tc1/target:/opt/rustwide/target:rw,Z" "-v" "/var/lib/crater-agent-workspace/builds/worker-4-tc1/source:/opt/rustwide/workdir:ro,Z" "-v" "/var/lib/crater-agent-workspace/cargo-home:/opt/rustwide/cargo-home:ro,Z" "-v" "/var/lib/crater-agent-workspace/rustup-home:/opt/rustwide/rustup-home:ro,Z" "-e" "SOURCE_DIR=/opt/rustwide/workdir" "-e" "CARGO_TARGET_DIR=/opt/rustwide/target" "-e" "CARGO_INCREMENTAL=0" "-e" "RUST_BACKTRACE=full" "-e" "RUSTFLAGS=--cap-lints=warn" "-e" "RUSTDOCFLAGS=--cap-lints=warn" "-e" "CARGO_HOME=/opt/rustwide/cargo-home" "-e" "RUSTUP_HOME=/opt/rustwide/rustup-home" "-w" "/opt/rustwide/workdir" "-m" "1610612736" "--user" "0:0" "--network" "none" "ghcr.io/rust-lang/crates-build-env/linux@sha256:f3a9d4ad9d972b27faf3965f35b62e55ba32bbce8f20bc8fe909558a86702fde" "/opt/rustwide/cargo-home/bin/cargo" "+1.83.0" "test" "--frozen" "--no-run" "--message-format=json", kill_on_drop: false }`
[INFO] [stdout] cb570370eb028704e365c79ab025865979edead6909e21672912dd097dc5f4f3
[INFO] running `Command { std: "docker" "start" "-a" "cb570370eb028704e365c79ab025865979edead6909e21672912dd097dc5f4f3", kill_on_drop: false }`
[INFO] [stderr]    Compiling float-cmp v0.9.0
[INFO] [stderr]    Compiling aho-corasick v1.1.3
[INFO] [stderr]    Compiling regex-syntax v0.8.5
[INFO] [stderr]    Compiling lazy_static v1.5.0
[INFO] [stderr]    Compiling similar v2.6.0
[INFO] [stderr]    Compiling linked-hash-map v0.5.6
[INFO] [stderr]    Compiling itertools v0.10.5
[INFO] [stderr]    Compiling diff v0.1.13
[INFO] [stderr]    Compiling yansi v1.0.1
[INFO] [stderr]    Compiling normalize-line-endings v0.3.0
[INFO] [stderr]    Compiling predicates-core v1.0.8
[INFO] [stderr]    Compiling difflib v0.4.0
[INFO] [stderr]    Compiling console v0.15.8
[INFO] [stderr]    Compiling strict-num v0.1.1
[INFO] [stderr]    Compiling svgfilters v0.4.0
[INFO] [stderr]    Compiling usvg v0.29.0
[INFO] [stderr]    Compiling tiny-skia-path v0.8.4
[INFO] [stderr]    Compiling pretty_assertions v1.4.1
[INFO] [stderr]    Compiling tiny-skia v0.8.4
[INFO] [stderr]    Compiling usvg-text-layout v0.29.0
[INFO] [stderr]    Compiling regex-automata v0.4.9
[INFO] [stderr]    Compiling resvg v0.29.0
[INFO] [stderr]    Compiling rytest-render-benchmark v0.1.0 (/opt/rustwide/workdir/crates/rytest-render-benchmark)
[INFO] [stderr]    Compiling regex v1.11.1
[INFO] [stderr]    Compiling insta v1.41.1
[INFO] [stderr]    Compiling predicates v2.1.5
[INFO] [stderr]    Compiling insta-cmd v0.6.0
[INFO] [stderr]    Compiling rytest v0.1.0 (/opt/rustwide/workdir/crates/rytest)
[INFO] [stderr]     Finished `test` profile [unoptimized + debuginfo] target(s) in 23.73s
[INFO] running `Command { std: "docker" "inspect" "cb570370eb028704e365c79ab025865979edead6909e21672912dd097dc5f4f3", kill_on_drop: false }`
[INFO] running `Command { std: "docker" "rm" "-f" "cb570370eb028704e365c79ab025865979edead6909e21672912dd097dc5f4f3", kill_on_drop: false }`
[INFO] [stdout] cb570370eb028704e365c79ab025865979edead6909e21672912dd097dc5f4f3
[INFO] running `Command { std: "docker" "create" "-v" "/var/lib/crater-agent-workspace/builds/worker-4-tc1/target:/opt/rustwide/target:rw,Z" "-v" "/var/lib/crater-agent-workspace/builds/worker-4-tc1/source:/opt/rustwide/workdir:ro,Z" "-v" "/var/lib/crater-agent-workspace/cargo-home:/opt/rustwide/cargo-home:ro,Z" "-v" "/var/lib/crater-agent-workspace/rustup-home:/opt/rustwide/rustup-home:ro,Z" "-e" "SOURCE_DIR=/opt/rustwide/workdir" "-e" "CARGO_TARGET_DIR=/opt/rustwide/target" "-e" "CARGO_INCREMENTAL=0" "-e" "RUST_BACKTRACE=full" "-e" "RUSTFLAGS=--cap-lints=warn" "-e" "RUSTDOCFLAGS=--cap-lints=warn" "-e" "CARGO_HOME=/opt/rustwide/cargo-home" "-e" "RUSTUP_HOME=/opt/rustwide/rustup-home" "-w" "/opt/rustwide/workdir" "-m" "1610612736" "--user" "0:0" "--network" "none" "ghcr.io/rust-lang/crates-build-env/linux@sha256:f3a9d4ad9d972b27faf3965f35b62e55ba32bbce8f20bc8fe909558a86702fde" "/opt/rustwide/cargo-home/bin/cargo" "+1.83.0" "test" "--frozen", kill_on_drop: false }`
[INFO] [stdout] b3f080e538023a31db13f94ba6ac8836a995c00dd68044214ccf2b1478c39b25
[INFO] running `Command { std: "docker" "start" "-a" "b3f080e538023a31db13f94ba6ac8836a995c00dd68044214ccf2b1478c39b25", kill_on_drop: false }`
[INFO] [stderr]     Finished `test` profile [unoptimized + debuginfo] target(s) in 0.23s
[INFO] [stderr]      Running unittests src/lib.rs (/opt/rustwide/target/debug/deps/rytest-0d75acc4d76f56e4)
[INFO] [stdout] 
[INFO] [stdout] running 23 tests
[INFO] [stdout] test phases::collection::tests::test_find_files_ignore_folder ... ok
[INFO] [stdout] test phases::collection::tests::test_find_files_ignore_file ... ok
[INFO] [stdout] test phases::collection::tests::test_find_files ... ok
[INFO] [stdout] test phases::collection::tests::test_find_files_no_dir ... ok
[INFO] [stdout] test phases::collection::tests::test_find_files_specific_dir ... ok
[INFO] [stdout] test phases::collection::tests::test_find_files_two_dirs ... ok
[INFO] [stdout] test phases::collection::tests::test_find_unittest_base_false ... ok
[INFO] [stdout] test phases::collection::tests::test_find_files_this_dir ... ok
[INFO] [stdout] test phases::collection::tests::test_find_unittest_class_cases ... ok
[INFO] [stdout] test phases::collection::tests::test_find_unittest_base_false_no_attribute_expr ... ok
[INFO] [stdout] test phases::collection::tests::test_find_unittest_class_cases_empty ... ok
[INFO] [stdout] test phases::collectors::ignore_skip::tests::it_works_with_no_decorator ... ok
[INFO] [stdout] test phases::collectors::ignore_test::tests::it_works_with_fixtures_with_pytest_decorator ... ok
[INFO] [stdout] test phases::collection::tests::test_find_unittest_base ... ok
[INFO] [stdout] test phases::collectors::ignore_test::tests::it_works_with_fixtures_with_pytest_decorator_as_called ... ok
[INFO] [stdout] test phases::collectors::ignore_skip::tests::it_works_with_mark_called_with_reason ... ok
[INFO] [stdout] test phases::collectors::parametrize::tests::it_works_with_non_parameterized_test ... ok
[INFO] [stdout] test phases::collectors::ignore_skip::tests::it_works_with_mark_without_reason ... ok
[INFO] [stdout] test phases::collectors::parametrize::tests::it_doesnt_blow_up_on_weird_stuff ... ok
[INFO] [stdout] test phases::collectors::parametrize::tests::it_works_with_single_parameterized_test ... ok
[INFO] [stdout] test phases::collectors::parametrize::tests::it_works_with_single_parameterized_test_multiple_args_tuple ... ok
[INFO] [stdout] test phases::collectors::parametrize::tests::it_works_with_single_parameterized_test_multiple_args ... ok
[INFO] [stdout] test phases::collectors::ignore_test::tests::it_works_with_non_fixtures ... ok
[INFO] [stdout] 
[INFO] [stdout] test result: ok. 23 passed; 0 failed; 0 ignored; 0 measured; 0 filtered out; finished in 0.03s
[INFO] [stdout] 
[INFO] [stderr]      Running unittests src/main.rs (/opt/rustwide/target/debug/deps/rytest-badbfc687340c066)
[INFO] [stdout] 
[INFO] [stdout] running 0 tests
[INFO] [stdout] 
[INFO] [stdout] test result: ok. 0 passed; 0 failed; 0 ignored; 0 measured; 0 filtered out; finished in 0.00s
[INFO] [stdout] 
[INFO] [stderr]      Running tests/cli.rs (/opt/rustwide/target/debug/deps/cli-a5f95c19666b494b)
[INFO] [stdout] 
[INFO] [stdout] running 6 tests
[INFO] [stdout] test collect_error ... ok
[INFO] [stdout] test help ... ok
[INFO] [stdout] test collect ... ok
[INFO] [stdout] test test ... FAILED
[INFO] [stdout] test collect_ignore_folder ... FAILED
[INFO] [stdout] test collect_errors ... FAILED
[INFO] [stdout] 
[INFO] [stdout] failures:
[INFO] [stdout] 
[INFO] [stdout] ---- test stdout ----
[INFO] [stdout] ━━━━━━━━━━━━━━━━━━━━━━━━━━━━━━━ Snapshot Summary ━━━━━━━━━━━━━━━━━━━━━━━━━━━━━━━
[INFO] [stdout] Snapshot: test
[INFO] [stdout] Source: crates/rytest/tests/cli.rs:182
[INFO] [stdout] ────────────────────────────────────────────────────────────────────────────────
[INFO] [stdout] program: rytest
[INFO] [stdout] args:
[INFO] [stdout]   - tests/input/good
[INFO] [stdout]   - "-v"
[INFO] [stdout] ────────────────────────────────────────────────────────────────────────────────
[INFO] [stdout] -old snapshot
[INFO] [stdout] +new results
[INFO] [stdout] ────────────┬───────────────────────────────────────────────────────────────────
[INFO] [stdout]     0     0 │ success: true
[INFO] [stdout]     1     1 │ exit_code: 0
[INFO] [stdout]     2     2 │ ----- stdout -----
[INFO] [stdout]     3       │-tests/input/good/test_success.py::test_success - PASSED
[INFO] [stdout]     4       │-tests/input/good/test_success.py::test_more_success - PASSED
[INFO] [stdout]     5       │-tests/input/good/test_success.py::test_using_fixture - PASSED
[INFO] [stdout]     6       │-3 passed, 0 failed in <TIME>s
[INFO] [stdout]           3 │+tests/input/good/test_success.py::test_success - FAILED
[INFO] [stdout]           4 │+ModuleNotFoundError: No module named 'pytest'
[INFO] [stdout]           5 │+tests/input/good/test_success.py::test_more_success - FAILED
[INFO] [stdout]           6 │+ModuleNotFoundError: No module named 'pytest'
[INFO] [stdout]           7 │+tests/input/good/test_success.py::test_using_fixture - FAILED
[INFO] [stdout]           8 │+ModuleNotFoundError: No module named 'pytest'
[INFO] [stdout]           9 │+0 passed, 3 failed in <TIME>s
[INFO] [stdout]     7    10 │ 
[INFO] [stdout]     8    11 │ ----- stderr -----
[INFO] [stdout] ────────────┴───────────────────────────────────────────────────────────────────
[INFO] [stdout] thread 'test' panicked at crates/rytest/tests/cli.rs:182:9:
[INFO] [stdout] called `Result::unwrap()` on an `Err` value: Os { code: 30, kind: ReadOnlyFilesystem, message: "Read-only file system" }
[INFO] [stdout] stack backtrace:
[INFO] [stdout]    0:     0x567bb809ac0a - std::backtrace_rs::backtrace::libunwind::trace::h5a5b8284f2d0c266
[INFO] [stdout]                                at /rustc/90b35a6239c3d8bdabc530a6a0816f7ff89a0aaf/library/std/src/../../backtrace/src/backtrace/libunwind.rs:116:5
[INFO] [stdout]    1:     0x567bb809ac0a - std::backtrace_rs::backtrace::trace_unsynchronized::h76d4f1c9b0b875e3
[INFO] [stdout]                                at /rustc/90b35a6239c3d8bdabc530a6a0816f7ff89a0aaf/library/std/src/../../backtrace/src/backtrace/mod.rs:66:5
[INFO] [stdout]    2:     0x567bb809ac0a - std::sys::backtrace::_print_fmt::hc4546b8364a537c6
[INFO] [stdout]                                at /rustc/90b35a6239c3d8bdabc530a6a0816f7ff89a0aaf/library/std/src/sys/backtrace.rs:66:9
[INFO] [stdout]    3:     0x567bb809ac0a - <std::sys::backtrace::BacktraceLock::print::DisplayBacktrace as core::fmt::Display>::fmt::h5b6bd5631a6d1f6b
[INFO] [stdout]                                at /rustc/90b35a6239c3d8bdabc530a6a0816f7ff89a0aaf/library/std/src/sys/backtrace.rs:39:26
[INFO] [stdout]    4:     0x567bb80c3943 - core::fmt::rt::Argument::fmt::h270f6602a2b96f62
[INFO] [stdout]                                at /rustc/90b35a6239c3d8bdabc530a6a0816f7ff89a0aaf/library/core/src/fmt/rt.rs:177:76
[INFO] [stdout]    5:     0x567bb80c3943 - core::fmt::write::h7550c97b06c86515
[INFO] [stdout]                                at /rustc/90b35a6239c3d8bdabc530a6a0816f7ff89a0aaf/library/core/src/fmt/mod.rs:1186:21
[INFO] [stdout]    6:     0x567bb8096bf3 - std::io::Write::write_fmt::h509ff860e5956e5e
[INFO] [stdout]                                at /rustc/90b35a6239c3d8bdabc530a6a0816f7ff89a0aaf/library/std/src/io/mod.rs:1839:15
[INFO] [stdout]    7:     0x567bb809aa52 - std::sys::backtrace::BacktraceLock::print::h2395ccd2c84ba3aa
[INFO] [stdout]                                at /rustc/90b35a6239c3d8bdabc530a6a0816f7ff89a0aaf/library/std/src/sys/backtrace.rs:42:9
[INFO] [stdout]    8:     0x567bb809c0ba - std::panicking::default_hook::{{closure}}::he19d4c7230e07961
[INFO] [stdout]                                at /rustc/90b35a6239c3d8bdabc530a6a0816f7ff89a0aaf/library/std/src/panicking.rs:268:22
[INFO] [stdout]    9:     0x567bb809bec4 - std::panicking::default_hook::hf614597d3c67bbdb
[INFO] [stdout]                                at /rustc/90b35a6239c3d8bdabc530a6a0816f7ff89a0aaf/library/std/src/panicking.rs:292:9
[INFO] [stdout]   10:     0x567bb7d0bf89 - <alloc::boxed::Box<F,A> as core::ops::function::Fn<Args>>::call::h39b51ce4599c23d1
[INFO] [stdout]                                at /rustc/90b35a6239c3d8bdabc530a6a0816f7ff89a0aaf/library/alloc/src/boxed.rs:2468:9
[INFO] [stdout]   11:     0x567bb7d0bf89 - test::test_main::{{closure}}::he977ae839a582784
[INFO] [stdout]                                at /rustc/90b35a6239c3d8bdabc530a6a0816f7ff89a0aaf/library/test/src/lib.rs:133:21
[INFO] [stdout]   12:     0x567bb809c758 - <alloc::boxed::Box<F,A> as core::ops::function::Fn<Args>>::call::h9455091b6b06f9fb
[INFO] [stdout]                                at /rustc/90b35a6239c3d8bdabc530a6a0816f7ff89a0aaf/library/alloc/src/boxed.rs:2468:9
[INFO] [stdout]   13:     0x567bb809c758 - std::panicking::rust_panic_with_hook::h8942133a8b252070
[INFO] [stdout]                                at /rustc/90b35a6239c3d8bdabc530a6a0816f7ff89a0aaf/library/std/src/panicking.rs:809:13
[INFO] [stdout]   14:     0x567bb809c51a - std::panicking::begin_panic_handler::{{closure}}::hb5f5963570096b29
[INFO] [stdout]                                at /rustc/90b35a6239c3d8bdabc530a6a0816f7ff89a0aaf/library/std/src/panicking.rs:674:13
[INFO] [stdout]   15:     0x567bb809b0e9 - std::sys::backtrace::__rust_end_short_backtrace::h6208cedc1922feda
[INFO] [stdout]                                at /rustc/90b35a6239c3d8bdabc530a6a0816f7ff89a0aaf/library/std/src/sys/backtrace.rs:170:18
[INFO] [stdout]   16:     0x567bb809c1ac - rust_begin_unwind
[INFO] [stdout]                                at /rustc/90b35a6239c3d8bdabc530a6a0816f7ff89a0aaf/library/std/src/panicking.rs:665:5
[INFO] [stdout]   17:     0x567bb7cc6710 - core::panicking::panic_fmt::h0c3082644d1bf418
[INFO] [stdout]                                at /rustc/90b35a6239c3d8bdabc530a6a0816f7ff89a0aaf/library/core/src/panicking.rs:74:14
[INFO] [stdout]   18:     0x567bb7cc6b96 - core::result::unwrap_failed::hd20b4aa073bda1e2
[INFO] [stdout]                                at /rustc/90b35a6239c3d8bdabc530a6a0816f7ff89a0aaf/library/core/src/result.rs:1700:5
[INFO] [stdout]   19:     0x567bb7cd3a87 - core::result::Result<T,E>::unwrap::hc2aceab4a7ba2144
[INFO] [stdout]                                at /rustc/90b35a6239c3d8bdabc530a6a0816f7ff89a0aaf/library/core/src/result.rs:1104:23
[INFO] [stdout]   20:     0x567bb7cd3a87 - cli::test::{{closure}}::{{closure}}::{{closure}}::h4ffc5f3ea6deae35
[INFO] [stdout]                                at /opt/rustwide/cargo-home/registry/src/index.crates.io-6f17d22bba15001f/insta-cmd-0.6.0/src/macros.rs:29:13
[INFO] [stdout]   21:     0x567bb7cd3664 - cli::test::{{closure}}::{{closure}}::habf9f0ef6675e51f
[INFO] [stdout]                                at /opt/rustwide/cargo-home/registry/src/index.crates.io-6f17d22bba15001f/insta-cmd-0.6.0/src/macros.rs:11:13
[INFO] [stdout]   22:     0x567bb7ccaeff - insta::settings::Settings::bind::hf26356efff34c660
[INFO] [stdout]                                at /opt/rustwide/cargo-home/registry/src/index.crates.io-6f17d22bba15001f/insta-1.41.1/src/settings.rs:510:9
[INFO] [stdout]   23:     0x567bb7cd31d7 - cli::test::{{closure}}::he041acfaaf4bf3b8
[INFO] [stdout]                                at /opt/rustwide/workdir/crates/rytest/tests/cli.rs:182:9
[INFO] [stdout]   24:     0x567bb7cca999 - insta::settings::Settings::bind::h3d075a4895535ec6
[INFO] [stdout]                                at /opt/rustwide/cargo-home/registry/src/index.crates.io-6f17d22bba15001f/insta-1.41.1/src/settings.rs:510:9
[INFO] [stdout]   25:     0x567bb7cd2f45 - cli::test::h3f0a2bb2e5f1f733
[INFO] [stdout]                                at /opt/rustwide/workdir/crates/rytest/tests/cli.rs:181:5
[INFO] [stdout]   26:     0x567bb7cd2f17 - cli::test::{{closure}}::h63a93c1af5bc3666
[INFO] [stdout]                                at /opt/rustwide/workdir/crates/rytest/tests/cli.rs:178:10
[INFO] [stdout]   27:     0x567bb7cc7ac6 - core::ops::function::FnOnce::call_once::hccd5e7f765a38397
[INFO] [stdout]                                at /rustc/90b35a6239c3d8bdabc530a6a0816f7ff89a0aaf/library/core/src/ops/function.rs:250:5
[INFO] [stdout]   28:     0x567bb7d1094b - core::ops::function::FnOnce::call_once::h109cf8051a59b34e
[INFO] [stdout]                                at /rustc/90b35a6239c3d8bdabc530a6a0816f7ff89a0aaf/library/core/src/ops/function.rs:250:5
[INFO] [stdout]   29:     0x567bb7d1094b - test::__rust_begin_short_backtrace::hf4fff89d377446ba
[INFO] [stdout]                                at /rustc/90b35a6239c3d8bdabc530a6a0816f7ff89a0aaf/library/test/src/lib.rs:621:18
[INFO] [stdout]   30:     0x567bb7d10187 - test::run_test_in_process::{{closure}}::h0e39181dd7ee5a43
[INFO] [stdout]                                at /rustc/90b35a6239c3d8bdabc530a6a0816f7ff89a0aaf/library/test/src/lib.rs:644:60
[INFO] [stdout]   31:     0x567bb7d10187 - <core::panic::unwind_safe::AssertUnwindSafe<F> as core::ops::function::FnOnce<()>>::call_once::hc5a66a30f0bdfd1f
[INFO] [stdout]                                at /rustc/90b35a6239c3d8bdabc530a6a0816f7ff89a0aaf/library/core/src/panic/unwind_safe.rs:272:9
[INFO] [stdout]   32:     0x567bb7d10187 - std::panicking::try::do_call::h873b7cf639554a5e
[INFO] [stdout]                                at /rustc/90b35a6239c3d8bdabc530a6a0816f7ff89a0aaf/library/std/src/panicking.rs:557:40
[INFO] [stdout]   33:     0x567bb7d10187 - std::panicking::try::hdb19862fad9c8bd1
[INFO] [stdout]                                at /rustc/90b35a6239c3d8bdabc530a6a0816f7ff89a0aaf/library/std/src/panicking.rs:520:19
[INFO] [stdout]   34:     0x567bb7d10187 - std::panic::catch_unwind::h281fe732d236d260
[INFO] [stdout]                                at /rustc/90b35a6239c3d8bdabc530a6a0816f7ff89a0aaf/library/std/src/panic.rs:358:14
[INFO] [stdout]   35:     0x567bb7d10187 - test::run_test_in_process::h949b6df8457ed338
[INFO] [stdout]                                at /rustc/90b35a6239c3d8bdabc530a6a0816f7ff89a0aaf/library/test/src/lib.rs:644:27
[INFO] [stdout]   36:     0x567bb7d10187 - test::run_test::{{closure}}::h52c556a6d4740e10
[INFO] [stdout]                                at /rustc/90b35a6239c3d8bdabc530a6a0816f7ff89a0aaf/library/test/src/lib.rs:565:43
[INFO] [stdout]   37:     0x567bb7cd5464 - test::run_test::{{closure}}::h4237f6381c45ccb9
[INFO] [stdout]                                at /rustc/90b35a6239c3d8bdabc530a6a0816f7ff89a0aaf/library/test/src/lib.rs:595:41
[INFO] [stdout]   38:     0x567bb7cd5464 - std::sys::backtrace::__rust_begin_short_backtrace::h505c97a579eca628
[INFO] [stdout]                                at /rustc/90b35a6239c3d8bdabc530a6a0816f7ff89a0aaf/library/std/src/sys/backtrace.rs:154:18
[INFO] [stdout]   39:     0x567bb7cd8b2e - std::thread::Builder::spawn_unchecked_::{{closure}}::{{closure}}::h9e86b2e2bc107ea3
[INFO] [stdout]                                at /rustc/90b35a6239c3d8bdabc530a6a0816f7ff89a0aaf/library/std/src/thread/mod.rs:538:17
[INFO] [stdout]   40:     0x567bb7cd8b2e - <core::panic::unwind_safe::AssertUnwindSafe<F> as core::ops::function::FnOnce<()>>::call_once::h8b06ddb275ff4a25
[INFO] [stdout]                                at /rustc/90b35a6239c3d8bdabc530a6a0816f7ff89a0aaf/library/core/src/panic/unwind_safe.rs:272:9
[INFO] [stdout]   41:     0x567bb7cd8b2e - std::panicking::try::do_call::hb26ecd7cd9a9355d
[INFO] [stdout]                                at /rustc/90b35a6239c3d8bdabc530a6a0816f7ff89a0aaf/library/std/src/panicking.rs:557:40
[INFO] [stdout]   42:     0x567bb7cd8b2e - std::panicking::try::h8ddeca9d705f9069
[INFO] [stdout]                                at /rustc/90b35a6239c3d8bdabc530a6a0816f7ff89a0aaf/library/std/src/panicking.rs:520:19
[INFO] [stdout]   43:     0x567bb7cd8b2e - std::panic::catch_unwind::h49e1c33078844c46
[INFO] [stdout]                                at /rustc/90b35a6239c3d8bdabc530a6a0816f7ff89a0aaf/library/std/src/panic.rs:358:14
[INFO] [stdout]   44:     0x567bb7cd8b2e - std::thread::Builder::spawn_unchecked_::{{closure}}::h6073db6ff56ad35d
[INFO] [stdout]                                at /rustc/90b35a6239c3d8bdabc530a6a0816f7ff89a0aaf/library/std/src/thread/mod.rs:537:30
[INFO] [stdout]   45:     0x567bb7cd8b2e - core::ops::function::FnOnce::call_once{{vtable.shim}}::h2c5a5f3779c774f1
[INFO] [stdout]                                at /rustc/90b35a6239c3d8bdabc530a6a0816f7ff89a0aaf/library/core/src/ops/function.rs:250:5
[INFO] [stdout]   46:     0x567bb80a0efb - <alloc::boxed::Box<F,A> as core::ops::function::FnOnce<Args>>::call_once::hf75717d9f28faebf
[INFO] [stdout]                                at /rustc/90b35a6239c3d8bdabc530a6a0816f7ff89a0aaf/library/alloc/src/boxed.rs:2454:9
[INFO] [stdout]   47:     0x567bb80a0efb - <alloc::boxed::Box<F,A> as core::ops::function::FnOnce<Args>>::call_once::h7bd883a5f3c5f3c1
[INFO] [stdout]                                at /rustc/90b35a6239c3d8bdabc530a6a0816f7ff89a0aaf/library/alloc/src/boxed.rs:2454:9
[INFO] [stdout]   48:     0x567bb80a0efb - std::sys::pal::unix::thread::Thread::new::thread_start::hcc78f3943333fa94
[INFO] [stdout]                                at /rustc/90b35a6239c3d8bdabc530a6a0816f7ff89a0aaf/library/std/src/sys/pal/unix/thread.rs:105:17
[INFO] [stdout]   49:     0x721145b88ac3 - <unknown>
[INFO] [stdout]   50:     0x721145c19a04 - clone
[INFO] [stdout]   51:                0x0 - <unknown>
[INFO] [stdout] 
[INFO] [stdout] ---- collect_ignore_folder stdout ----
[INFO] [stdout] ━━━━━━━━━━━━━━━━━━━━━━━━━━━━━━━ Snapshot Summary ━━━━━━━━━━━━━━━━━━━━━━━━━━━━━━━
[INFO] [stdout] Snapshot: collect_ignore_folder
[INFO] [stdout] Source: crates/rytest/tests/cli.rs:119
[INFO] [stdout] ────────────────────────────────────────────────────────────────────────────────
[INFO] [stdout] program: rytest
[INFO] [stdout] args:
[INFO] [stdout]   - tests/input
[INFO] [stdout]   - "--collect-only"
[INFO] [stdout]   - "--ignore"
[INFO] [stdout]   - tests/input/bad
[INFO] [stdout] ────────────────────────────────────────────────────────────────────────────────
[INFO] [stdout] -old snapshot
[INFO] [stdout] +new results
[INFO] [stdout] ────────────┬───────────────────────────────────────────────────────────────────
[INFO] [stdout]    10    10 │ tests/input/good/test_success.py::test_using_fixture
[INFO] [stdout]    11    11 │ ERROR tests/input/test_bad_file.py
[INFO] [stdout]    12    12 │ tests/input/test_file.py::test_function_passes
[INFO] [stdout]    13    13 │ tests/input/test_file.py::test_function_fails
[INFO] [stdout]    14       │-tests/input/test_file.py::test_parameterized[1]
[INFO] [stdout]    15       │-tests/input/test_file.py::test_parameterized[2]
[INFO] [stdout]    16       │-tests/input/test_file.py::test_parameterized[3]
[INFO] [stdout]    17       │-tests/input/test_file.py::test_parameterized_tuple[1-2]
[INFO] [stdout]    18       │-tests/input/test_file.py::test_parameterized_tuple[3-4]
[INFO] [stdout]    19       │-tests/input/test_file.py::test_parameterized_nested[a-1-2]
[INFO] [stdout]    20       │-tests/input/test_file.py::test_parameterized_nested[a-3-4]
[INFO] [stdout]    21       │-tests/input/test_file.py::test_parameterized_nested[c-1-2]
[INFO] [stdout]    22       │-tests/input/test_file.py::test_parameterized_nested[c-3-4]
[INFO] [stdout]    23       │-tests/input/test_file.py::test_parameterized_expression[0]
[INFO] [stdout]    24       │-tests/input/test_file.py::test_parameterized_expression[1]
[INFO] [stdout]    25       │-tests/input/test_file.py::test_parameterized_expression[2]
[INFO] [stdout]    26       │-tests/input/test_file.py::test_parameterized_functions[round]
[INFO] [stdout]    27       │-tests/input/test_file.py::test_parameterized_functions[sum]
[INFO] [stdout]    28       │-tests/input/test_file.py::test_parameterized_functions[int]
[INFO] [stdout]    29       │-tests/input/test_file.py::test_parameterized_functions[float]
[INFO] [stdout]          14 │+ERROR tests/input/test_file.py::test_parameterized
[INFO] [stdout]          15 │+ERROR tests/input/test_file.py::test_parameterized_tuple
[INFO] [stdout]          16 │+ERROR tests/input/test_file.py::test_parameterized_nested
[INFO] [stdout]          17 │+ERROR tests/input/test_file.py::test_parameterized_expression
[INFO] [stdout]          18 │+ERROR tests/input/test_file.py::test_parameterized_functions
[INFO] [stdout]    30    19 │ tests/input/test_fixtures.py::test_fixture
[INFO] [stdout]    31       │-27 tests collected, 1 error in <TIME>s
[INFO] [stdout]          20 │+11 tests collected, 6 errors in <TIME>s
[INFO] [stdout]    32    21 │ 
[INFO] [stdout]    33    22 │ ----- stderr -----
[INFO] [stdout] ────────────┴───────────────────────────────────────────────────────────────────
[INFO] [stdout] thread 'collect_ignore_folder' panicked at crates/rytest/tests/cli.rs:119:9:
[INFO] [stdout] called `Result::unwrap()` on an `Err` value: Os { code: 30, kind: ReadOnlyFilesystem, message: "Read-only file system" }
[INFO] [stdout] stack backtrace:
[INFO] [stdout]    0:     0x567bb809ac0a - std::backtrace_rs::backtrace::libunwind::trace::h5a5b8284f2d0c266
[INFO] [stdout]                                at /rustc/90b35a6239c3d8bdabc530a6a0816f7ff89a0aaf/library/std/src/../../backtrace/src/backtrace/libunwind.rs:116:5
[INFO] [stdout]    1:     0x567bb809ac0a - std::backtrace_rs::backtrace::trace_unsynchronized::h76d4f1c9b0b875e3
[INFO] [stdout]                                at /rustc/90b35a6239c3d8bdabc530a6a0816f7ff89a0aaf/library/std/src/../../backtrace/src/backtrace/mod.rs:66:5
[INFO] [stdout]    2:     0x567bb809ac0a - std::sys::backtrace::_print_fmt::hc4546b8364a537c6
[INFO] [stdout]                                at /rustc/90b35a6239c3d8bdabc530a6a0816f7ff89a0aaf/library/std/src/sys/backtrace.rs:66:9
[INFO] [stdout]    3:     0x567bb809ac0a - <std::sys::backtrace::BacktraceLock::print::DisplayBacktrace as core::fmt::Display>::fmt::h5b6bd5631a6d1f6b
[INFO] [stdout]                                at /rustc/90b35a6239c3d8bdabc530a6a0816f7ff89a0aaf/library/std/src/sys/backtrace.rs:39:26
[INFO] [stdout]    4:     0x567bb80c3943 - core::fmt::rt::Argument::fmt::h270f6602a2b96f62
[INFO] [stdout]                                at /rustc/90b35a6239c3d8bdabc530a6a0816f7ff89a0aaf/library/core/src/fmt/rt.rs:177:76
[INFO] [stdout]    5:     0x567bb80c3943 - core::fmt::write::h7550c97b06c86515
[INFO] [stdout]                                at /rustc/90b35a6239c3d8bdabc530a6a0816f7ff89a0aaf/library/core/src/fmt/mod.rs:1186:21
[INFO] [stdout]    6:     0x567bb8096bf3 - std::io::Write::write_fmt::h509ff860e5956e5e
[INFO] [stdout]                                at /rustc/90b35a6239c3d8bdabc530a6a0816f7ff89a0aaf/library/std/src/io/mod.rs:1839:15
[INFO] [stdout]    7:     0x567bb809aa52 - std::sys::backtrace::BacktraceLock::print::h2395ccd2c84ba3aa
[INFO] [stdout]                                at /rustc/90b35a6239c3d8bdabc530a6a0816f7ff89a0aaf/library/std/src/sys/backtrace.rs:42:9
[INFO] [stdout]    8:     0x567bb809c0ba - std::panicking::default_hook::{{closure}}::he19d4c7230e07961
[INFO] [stdout]                                at /rustc/90b35a6239c3d8bdabc530a6a0816f7ff89a0aaf/library/std/src/panicking.rs:268:22
[INFO] [stdout]    9:     0x567bb809bec4 - std::panicking::default_hook::hf614597d3c67bbdb
[INFO] [stdout]                                at /rustc/90b35a6239c3d8bdabc530a6a0816f7ff89a0aaf/library/std/src/panicking.rs:292:9
[INFO] [stdout]   10:     0x567bb7d0bf89 - <alloc::boxed::Box<F,A> as core::ops::function::Fn<Args>>::call::h39b51ce4599c23d1
[INFO] [stdout]                                at /rustc/90b35a6239c3d8bdabc530a6a0816f7ff89a0aaf/library/alloc/src/boxed.rs:2468:9
[INFO] [stdout]   11:     0x567bb7d0bf89 - test::test_main::{{closure}}::he977ae839a582784
[INFO] [stdout]                                at /rustc/90b35a6239c3d8bdabc530a6a0816f7ff89a0aaf/library/test/src/lib.rs:133:21
[INFO] [stdout]   12:     0x567bb809c758 - <alloc::boxed::Box<F,A> as core::ops::function::Fn<Args>>::call::h9455091b6b06f9fb
[INFO] [stdout]                                at /rustc/90b35a6239c3d8bdabc530a6a0816f7ff89a0aaf/library/alloc/src/boxed.rs:2468:9
[INFO] [stdout]   13:     0x567bb809c758 - std::panicking::rust_panic_with_hook::h8942133a8b252070
[INFO] [stdout]                                at /rustc/90b35a6239c3d8bdabc530a6a0816f7ff89a0aaf/library/std/src/panicking.rs:809:13
[INFO] [stdout]   14:     0x567bb809c51a - std::panicking::begin_panic_handler::{{closure}}::hb5f5963570096b29
[INFO] [stdout]                                at /rustc/90b35a6239c3d8bdabc530a6a0816f7ff89a0aaf/library/std/src/panicking.rs:674:13
[INFO] [stdout]   15:     0x567bb809b0e9 - std::sys::backtrace::__rust_end_short_backtrace::h6208cedc1922feda
[INFO] [stdout]                                at /rustc/90b35a6239c3d8bdabc530a6a0816f7ff89a0aaf/library/std/src/sys/backtrace.rs:170:18
[INFO] [stdout]   16:     0x567bb809c1ac - rust_begin_unwind
[INFO] [stdout]                                at /rustc/90b35a6239c3d8bdabc530a6a0816f7ff89a0aaf/library/std/src/panicking.rs:665:5
[INFO] [stdout]   17:     0x567bb7cc6710 - core::panicking::panic_fmt::h0c3082644d1bf418
[INFO] [stdout]                                at /rustc/90b35a6239c3d8bdabc530a6a0816f7ff89a0aaf/library/core/src/panicking.rs:74:14
[INFO] [stdout]   18:     0x567bb7cc6b96 - core::result::unwrap_failed::hd20b4aa073bda1e2
[INFO] [stdout]                                at /rustc/90b35a6239c3d8bdabc530a6a0816f7ff89a0aaf/library/core/src/result.rs:1700:5
[INFO] [stdout]   19:     0x567bb7cd1f87 - core::result::Result<T,E>::unwrap::hc2aceab4a7ba2144
[INFO] [stdout]                                at /rustc/90b35a6239c3d8bdabc530a6a0816f7ff89a0aaf/library/core/src/result.rs:1104:23
[INFO] [stdout]   20:     0x567bb7cd1f87 - cli::collect_ignore_folder::{{closure}}::{{closure}}::{{closure}}::h3ddab00a54ea43a9
[INFO] [stdout]                                at /opt/rustwide/cargo-home/registry/src/index.crates.io-6f17d22bba15001f/insta-cmd-0.6.0/src/macros.rs:29:13
[INFO] [stdout]   21:     0x567bb7cd1b64 - cli::collect_ignore_folder::{{closure}}::{{closure}}::hcd98c38b1e299dca
[INFO] [stdout]                                at /opt/rustwide/cargo-home/registry/src/index.crates.io-6f17d22bba15001f/insta-cmd-0.6.0/src/macros.rs:11:13
[INFO] [stdout]   22:     0x567bb7cca7df - insta::settings::Settings::bind::h2ee1a12b554fba0d
[INFO] [stdout]                                at /opt/rustwide/cargo-home/registry/src/index.crates.io-6f17d22bba15001f/insta-1.41.1/src/settings.rs:510:9
[INFO] [stdout]   23:     0x567bb7cd16dc - cli::collect_ignore_folder::{{closure}}::h665d930db225d67c
[INFO] [stdout]                                at /opt/rustwide/workdir/crates/rytest/tests/cli.rs:119:9
[INFO] [stdout]   24:     0x567bb7ccaa29 - insta::settings::Settings::bind::h596cbd562b65cd4d
[INFO] [stdout]                                at /opt/rustwide/cargo-home/registry/src/index.crates.io-6f17d22bba15001f/insta-1.41.1/src/settings.rs:510:9
[INFO] [stdout]   25:     0x567bb7cd1405 - cli::collect_ignore_folder::h18d2951088e36850
[INFO] [stdout]                                at /opt/rustwide/workdir/crates/rytest/tests/cli.rs:118:5
[INFO] [stdout]   26:     0x567bb7cd13d7 - cli::collect_ignore_folder::{{closure}}::ha5443dd033c2e159
[INFO] [stdout]                                at /opt/rustwide/workdir/crates/rytest/tests/cli.rs:115:27
[INFO] [stdout]   27:     0x567bb7cc79c6 - core::ops::function::FnOnce::call_once::h55477611c81faf74
[INFO] [stdout]                                at /rustc/90b35a6239c3d8bdabc530a6a0816f7ff89a0aaf/library/core/src/ops/function.rs:250:5
[INFO] [stdout]   28:     0x567bb7d1094b - core::ops::function::FnOnce::call_once::h109cf8051a59b34e
[INFO] [stdout]                                at /rustc/90b35a6239c3d8bdabc530a6a0816f7ff89a0aaf/library/core/src/ops/function.rs:250:5
[INFO] [stdout]   29:     0x567bb7d1094b - test::__rust_begin_short_backtrace::hf4fff89d377446ba
[INFO] [stdout]                                at /rustc/90b35a6239c3d8bdabc530a6a0816f7ff89a0aaf/library/test/src/lib.rs:621:18
[INFO] [stdout]   30:     0x567bb7d10187 - test::run_test_in_process::{{closure}}::h0e39181dd7ee5a43
[INFO] [stdout]                                at /rustc/90b35a6239c3d8bdabc530a6a0816f7ff89a0aaf/library/test/src/lib.rs:644:60
[INFO] [stdout]   31:     0x567bb7d10187 - <core::panic::unwind_safe::AssertUnwindSafe<F> as core::ops::function::FnOnce<()>>::call_once::hc5a66a30f0bdfd1f
[INFO] [stdout]                                at /rustc/90b35a6239c3d8bdabc530a6a0816f7ff89a0aaf/library/core/src/panic/unwind_safe.rs:272:9
[INFO] [stdout]   32:     0x567bb7d10187 - std::panicking::try::do_call::h873b7cf639554a5e
[INFO] [stdout]                                at /rustc/90b35a6239c3d8bdabc530a6a0816f7ff89a0aaf/library/std/src/panicking.rs:557:40
[INFO] [stdout]   33:     0x567bb7d10187 - std::panicking::try::hdb19862fad9c8bd1
[INFO] [stdout]                                at /rustc/90b35a6239c3d8bdabc530a6a0816f7ff89a0aaf/library/std/src/panicking.rs:520:19
[INFO] [stdout]   34:     0x567bb7d10187 - std::panic::catch_unwind::h281fe732d236d260
[INFO] [stdout]                                at /rustc/90b35a6239c3d8bdabc530a6a0816f7ff89a0aaf/library/std/src/panic.rs:358:14
[INFO] [stdout]   35:     0x567bb7d10187 - test::run_test_in_process::h949b6df8457ed338
[INFO] [stdout]                                at /rustc/90b35a6239c3d8bdabc530a6a0816f7ff89a0aaf/library/test/src/lib.rs:644:27
[INFO] [stdout]   36:     0x567bb7d10187 - test::run_test::{{closure}}::h52c556a6d4740e10
[INFO] [stdout]                                at /rustc/90b35a6239c3d8bdabc530a6a0816f7ff89a0aaf/library/test/src/lib.rs:565:43
[INFO] [stdout]   37:     0x567bb7cd5464 - test::run_test::{{closure}}::h4237f6381c45ccb9
[INFO] [stdout]                                at /rustc/90b35a6239c3d8bdabc530a6a0816f7ff89a0aaf/library/test/src/lib.rs:595:41
[INFO] [stdout]   38:     0x567bb7cd5464 - std::sys::backtrace::__rust_begin_short_backtrace::h505c97a579eca628
[INFO] [stdout]                                at /rustc/90b35a6239c3d8bdabc530a6a0816f7ff89a0aaf/library/std/src/sys/backtrace.rs:154:18
[INFO] [stdout]   39:     0x567bb7cd8b2e - std::thread::Builder::spawn_unchecked_::{{closure}}::{{closure}}::h9e86b2e2bc107ea3
[INFO] [stdout]                                at /rustc/90b35a6239c3d8bdabc530a6a0816f7ff89a0aaf/library/std/src/thread/mod.rs:538:17
[INFO] [stdout]   40:     0x567bb7cd8b2e - <core::panic::unwind_safe::AssertUnwindSafe<F> as core::ops::function::FnOnce<()>>::call_once::h8b06ddb275ff4a25
[INFO] [stdout]                                at /rustc/90b35a6239c3d8bdabc530a6a0816f7ff89a0aaf/library/core/src/panic/unwind_safe.rs:272:9
[INFO] [stdout]   41:     0x567bb7cd8b2e - std::panicking::try::do_call::hb26ecd7cd9a9355d
[INFO] [stdout]                                at /rustc/90b35a6239c3d8bdabc530a6a0816f7ff89a0aaf/library/std/src/panicking.rs:557:40
[INFO] [stdout]   42:     0x567bb7cd8b2e - std::panicking::try::h8ddeca9d705f9069
[INFO] [stdout]                                at /rustc/90b35a6239c3d8bdabc530a6a0816f7ff89a0aaf/library/std/src/panicking.rs:520:19
[INFO] [stdout]   43:     0x567bb7cd8b2e - std::panic::catch_unwind::h49e1c33078844c46
[INFO] [stdout]                                at /rustc/90b35a6239c3d8bdabc530a6a0816f7ff89a0aaf/library/std/src/panic.rs:358:14
[INFO] [stdout]   44:     0x567bb7cd8b2e - std::thread::Builder::spawn_unchecked_::{{closure}}::h6073db6ff56ad35d
[INFO] [stdout]                                at /rustc/90b35a6239c3d8bdabc530a6a0816f7ff89a0aaf/library/std/src/thread/mod.rs:537:30
[INFO] [stdout]   45:     0x567bb7cd8b2e - core::ops::function::FnOnce::call_once{{vtable.shim}}::h2c5a5f3779c774f1
[INFO] [stdout]                                at /rustc/90b35a6239c3d8bdabc530a6a0816f7ff89a0aaf/library/core/src/ops/function.rs:250:5
[INFO] [stdout]   46:     0x567bb80a0efb - <alloc::boxed::Box<F,A> as core::ops::function::FnOnce<Args>>::call_once::hf75717d9f28faebf
[INFO] [stdout]                                at /rustc/90b35a6239c3d8bdabc530a6a0816f7ff89a0aaf/library/alloc/src/boxed.rs:2454:9
[INFO] [stdout]   47:     0x567bb80a0efb - <alloc::boxed::Box<F,A> as core::ops::function::FnOnce<Args>>::call_once::h7bd883a5f3c5f3c1
[INFO] [stdout]                                at /rustc/90b35a6239c3d8bdabc530a6a0816f7ff89a0aaf/library/alloc/src/boxed.rs:2454:9
[INFO] [stdout]   48:     0x567bb80a0efb - std::sys::pal::unix::thread::Thread::new::thread_start::hcc78f3943333fa94
[INFO] [stdout]                                at /rustc/90b35a6239c3d8bdabc530a6a0816f7ff89a0aaf/library/std/src/sys/pal/unix/thread.rs:105:17
[INFO] [stdout]   49:     0x721145b88ac3 - <unknown>
[INFO] [stdout]   50:     0x721145c19a04 - clone
[INFO] [stdout]   51:                0x0 - <unknown>
[INFO] [stdout] 
[INFO] [stdout] ---- collect_errors stdout ----
[INFO] [stdout] ━━━━━━━━━━━━━━━━━━━━━━━━━━━━━━━ Snapshot Summary ━━━━━━━━━━━━━━━━━━━━━━━━━━━━━━━
[INFO] [stdout] Snapshot: collect_errors
[INFO] [stdout] Source: crates/rytest/tests/cli.rs:53
[INFO] [stdout] ────────────────────────────────────────────────────────────────────────────────
[INFO] [stdout] program: rytest
[INFO] [stdout] args:
[INFO] [stdout]   - tests
[INFO] [stdout]   - "--collect-only"
[INFO] [stdout] ────────────────────────────────────────────────────────────────────────────────
[INFO] [stdout] -old snapshot
[INFO] [stdout] +new results
[INFO] [stdout] ────────────┬───────────────────────────────────────────────────────────────────
[INFO] [stdout]    13    13 │ tests/input/good/test_success.py::test_using_fixture
[INFO] [stdout]    14    14 │ ERROR tests/input/test_bad_file.py
[INFO] [stdout]    15    15 │ tests/input/test_file.py::test_function_passes
[INFO] [stdout]    16    16 │ tests/input/test_file.py::test_function_fails
[INFO] [stdout]    17       │-tests/input/test_file.py::test_parameterized[1]
[INFO] [stdout]    18       │-tests/input/test_file.py::test_parameterized[2]
[INFO] [stdout]    19       │-tests/input/test_file.py::test_parameterized[3]
[INFO] [stdout]    20       │-tests/input/test_file.py::test_parameterized_tuple[1-2]
[INFO] [stdout]    21       │-tests/input/test_file.py::test_parameterized_tuple[3-4]
[INFO] [stdout]    22       │-tests/input/test_file.py::test_parameterized_nested[a-1-2]
[INFO] [stdout]    23       │-tests/input/test_file.py::test_parameterized_nested[a-3-4]
[INFO] [stdout]    24       │-tests/input/test_file.py::test_parameterized_nested[c-1-2]
[INFO] [stdout]    25       │-tests/input/test_file.py::test_parameterized_nested[c-3-4]
[INFO] [stdout]    26       │-tests/input/test_file.py::test_parameterized_expression[0]
[INFO] [stdout]    27       │-tests/input/test_file.py::test_parameterized_expression[1]
[INFO] [stdout]    28       │-tests/input/test_file.py::test_parameterized_expression[2]
[INFO] [stdout]    29       │-tests/input/test_file.py::test_parameterized_functions[round]
[INFO] [stdout]    30       │-tests/input/test_file.py::test_parameterized_functions[sum]
[INFO] [stdout]    31       │-tests/input/test_file.py::test_parameterized_functions[int]
[INFO] [stdout]    32       │-tests/input/test_file.py::test_parameterized_functions[float]
[INFO] [stdout]          17 │+ERROR tests/input/test_file.py::test_parameterized
[INFO] [stdout]          18 │+ERROR tests/input/test_file.py::test_parameterized_tuple
[INFO] [stdout]          19 │+ERROR tests/input/test_file.py::test_parameterized_nested
[INFO] [stdout]          20 │+ERROR tests/input/test_file.py::test_parameterized_expression
[INFO] [stdout]          21 │+ERROR tests/input/test_file.py::test_parameterized_functions
[INFO] [stdout]    33    22 │ tests/input/test_fixtures.py::test_fixture
[INFO] [stdout]    34       │-29 tests collected, 2 errors in <TIME>s
[INFO] [stdout]          23 │+13 tests collected, 7 errors in <TIME>s
[INFO] [stdout]    35    24 │ 
[INFO] [stdout]    36    25 │ ----- stderr -----
[INFO] [stdout] ────────────┴───────────────────────────────────────────────────────────────────
[INFO] [stdout] thread 'collect_errors' panicked at crates/rytest/tests/cli.rs:53:9:
[INFO] [stdout] called `Result::unwrap()` on an `Err` value: Os { code: 30, kind: ReadOnlyFilesystem, message: "Read-only file system" }
[INFO] [stdout] stack backtrace:
[INFO] [stdout]    0:     0x567bb809ac0a - std::backtrace_rs::backtrace::libunwind::trace::h5a5b8284f2d0c266
[INFO] [stdout]                                at /rustc/90b35a6239c3d8bdabc530a6a0816f7ff89a0aaf/library/std/src/../../backtrace/src/backtrace/libunwind.rs:116:5
[INFO] [stdout]    1:     0x567bb809ac0a - std::backtrace_rs::backtrace::trace_unsynchronized::h76d4f1c9b0b875e3
[INFO] [stdout]                                at /rustc/90b35a6239c3d8bdabc530a6a0816f7ff89a0aaf/library/std/src/../../backtrace/src/backtrace/mod.rs:66:5
[INFO] [stdout]    2:     0x567bb809ac0a - std::sys::backtrace::_print_fmt::hc4546b8364a537c6
[INFO] [stdout]                                at /rustc/90b35a6239c3d8bdabc530a6a0816f7ff89a0aaf/library/std/src/sys/backtrace.rs:66:9
[INFO] [stdout]    3:     0x567bb809ac0a - <std::sys::backtrace::BacktraceLock::print::DisplayBacktrace as core::fmt::Display>::fmt::h5b6bd5631a6d1f6b
[INFO] [stdout]                                at /rustc/90b35a6239c3d8bdabc530a6a0816f7ff89a0aaf/library/std/src/sys/backtrace.rs:39:26
[INFO] [stdout]    4:     0x567bb80c3943 - core::fmt::rt::Argument::fmt::h270f6602a2b96f62
[INFO] [stdout]                                at /rustc/90b35a6239c3d8bdabc530a6a0816f7ff89a0aaf/library/core/src/fmt/rt.rs:177:76
[INFO] [stdout]    5:     0x567bb80c3943 - core::fmt::write::h7550c97b06c86515
[INFO] [stdout]                                at /rustc/90b35a6239c3d8bdabc530a6a0816f7ff89a0aaf/library/core/src/fmt/mod.rs:1186:21
[INFO] [stdout]    6:     0x567bb8096bf3 - std::io::Write::write_fmt::h509ff860e5956e5e
[INFO] [stdout]                                at /rustc/90b35a6239c3d8bdabc530a6a0816f7ff89a0aaf/library/std/src/io/mod.rs:1839:15
[INFO] [stdout]    7:     0x567bb809aa52 - std::sys::backtrace::BacktraceLock::print::h2395ccd2c84ba3aa
[INFO] [stdout]                                at /rustc/90b35a6239c3d8bdabc530a6a0816f7ff89a0aaf/library/std/src/sys/backtrace.rs:42:9
[INFO] [stdout]    8:     0x567bb809c0ba - std::panicking::default_hook::{{closure}}::he19d4c7230e07961
[INFO] [stdout]                                at /rustc/90b35a6239c3d8bdabc530a6a0816f7ff89a0aaf/library/std/src/panicking.rs:268:22
[INFO] [stdout]    9:     0x567bb809bec4 - std::panicking::default_hook::hf614597d3c67bbdb
[INFO] [stdout]                                at /rustc/90b35a6239c3d8bdabc530a6a0816f7ff89a0aaf/library/std/src/panicking.rs:292:9
[INFO] [stdout]   10:     0x567bb7d0bf89 - <alloc::boxed::Box<F,A> as core::ops::function::Fn<Args>>::call::h39b51ce4599c23d1
[INFO] [stdout]                                at /rustc/90b35a6239c3d8bdabc530a6a0816f7ff89a0aaf/library/alloc/src/boxed.rs:2468:9
[INFO] [stdout]   11:     0x567bb7d0bf89 - test::test_main::{{closure}}::he977ae839a582784
[INFO] [stdout]                                at /rustc/90b35a6239c3d8bdabc530a6a0816f7ff89a0aaf/library/test/src/lib.rs:133:21
[INFO] [stdout]   12:     0x567bb809c758 - <alloc::boxed::Box<F,A> as core::ops::function::Fn<Args>>::call::h9455091b6b06f9fb
[INFO] [stdout]                                at /rustc/90b35a6239c3d8bdabc530a6a0816f7ff89a0aaf/library/alloc/src/boxed.rs:2468:9
[INFO] [stdout]   13:     0x567bb809c758 - std::panicking::rust_panic_with_hook::h8942133a8b252070
[INFO] [stdout]                                at /rustc/90b35a6239c3d8bdabc530a6a0816f7ff89a0aaf/library/std/src/panicking.rs:809:13
[INFO] [stdout]   14:     0x567bb809c51a - std::panicking::begin_panic_handler::{{closure}}::hb5f5963570096b29
[INFO] [stdout]                                at /rustc/90b35a6239c3d8bdabc530a6a0816f7ff89a0aaf/library/std/src/panicking.rs:674:13
[INFO] [stdout]   15:     0x567bb809b0e9 - std::sys::backtrace::__rust_end_short_backtrace::h6208cedc1922feda
[INFO] [stdout]                                at /rustc/90b35a6239c3d8bdabc530a6a0816f7ff89a0aaf/library/std/src/sys/backtrace.rs:170:18
[INFO] [stdout]   16:     0x567bb809c1ac - rust_begin_unwind
[INFO] [stdout]                                at /rustc/90b35a6239c3d8bdabc530a6a0816f7ff89a0aaf/library/std/src/panicking.rs:665:5
[INFO] [stdout]   17:     0x567bb7cc6710 - core::panicking::panic_fmt::h0c3082644d1bf418
[INFO] [stdout]                                at /rustc/90b35a6239c3d8bdabc530a6a0816f7ff89a0aaf/library/core/src/panicking.rs:74:14
[INFO] [stdout]   18:     0x567bb7cc6b96 - core::result::unwrap_failed::hd20b4aa073bda1e2
[INFO] [stdout]                                at /rustc/90b35a6239c3d8bdabc530a6a0816f7ff89a0aaf/library/core/src/result.rs:1700:5
[INFO] [stdout]   19:     0x567bb7cd0447 - core::result::Result<T,E>::unwrap::hc2aceab4a7ba2144
[INFO] [stdout]                                at /rustc/90b35a6239c3d8bdabc530a6a0816f7ff89a0aaf/library/core/src/result.rs:1104:23
[INFO] [stdout]   20:     0x567bb7cd0447 - cli::collect_errors::{{closure}}::{{closure}}::{{closure}}::h46adf10081b34ef5
[INFO] [stdout]                                at /opt/rustwide/cargo-home/registry/src/index.crates.io-6f17d22bba15001f/insta-cmd-0.6.0/src/macros.rs:29:13
[INFO] [stdout]   21:     0x567bb7cd0024 - cli::collect_errors::{{closure}}::{{closure}}::ha73138e1fc0431cc
[INFO] [stdout]                                at /opt/rustwide/cargo-home/registry/src/index.crates.io-6f17d22bba15001f/insta-cmd-0.6.0/src/macros.rs:11:13
[INFO] [stdout]   22:     0x567bb7ccad1f - insta::settings::Settings::bind::h8833040ffc74c22b
[INFO] [stdout]                                at /opt/rustwide/cargo-home/registry/src/index.crates.io-6f17d22bba15001f/insta-1.41.1/src/settings.rs:510:9
[INFO] [stdout]   23:     0x567bb7ccfb97 - cli::collect_errors::{{closure}}::hd35b6651cf3292a1
[INFO] [stdout]                                at /opt/rustwide/workdir/crates/rytest/tests/cli.rs:53:9
[INFO] [stdout]   24:     0x567bb7cca879 - insta::settings::Settings::bind::h33e1c311075cf38f
[INFO] [stdout]                                at /opt/rustwide/cargo-home/registry/src/index.crates.io-6f17d22bba15001f/insta-1.41.1/src/settings.rs:510:9
[INFO] [stdout]   25:     0x567bb7ccf905 - cli::collect_errors::h8e49ca58dfc74696
[INFO] [stdout]                                at /opt/rustwide/workdir/crates/rytest/tests/cli.rs:52:5
[INFO] [stdout]   26:     0x567bb7ccf8d7 - cli::collect_errors::{{closure}}::hd01847c25c392459
[INFO] [stdout]                                at /opt/rustwide/workdir/crates/rytest/tests/cli.rs:49:20
[INFO] [stdout]   27:     0x567bb7cc7b06 - core::ops::function::FnOnce::call_once::hd99fe81397e51acb
[INFO] [stdout]                                at /rustc/90b35a6239c3d8bdabc530a6a0816f7ff89a0aaf/library/core/src/ops/function.rs:250:5
[INFO] [stdout]   28:     0x567bb7d1094b - core::ops::function::FnOnce::call_once::h109cf8051a59b34e
[INFO] [stdout]                                at /rustc/90b35a6239c3d8bdabc530a6a0816f7ff89a0aaf/library/core/src/ops/function.rs:250:5
[INFO] [stdout]   29:     0x567bb7d1094b - test::__rust_begin_short_backtrace::hf4fff89d377446ba
[INFO] [stdout]                                at /rustc/90b35a6239c3d8bdabc530a6a0816f7ff89a0aaf/library/test/src/lib.rs:621:18
[INFO] [stdout]   30:     0x567bb7d10187 - test::run_test_in_process::{{closure}}::h0e39181dd7ee5a43
[INFO] [stdout]                                at /rustc/90b35a6239c3d8bdabc530a6a0816f7ff89a0aaf/library/test/src/lib.rs:644:60
[INFO] [stdout]   31:     0x567bb7d10187 - <core::panic::unwind_safe::AssertUnwindSafe<F> as core::ops::function::FnOnce<()>>::call_once::hc5a66a30f0bdfd1f
[INFO] [stdout]                                at /rustc/90b35a6239c3d8bdabc530a6a0816f7ff89a0aaf/library/core/src/panic/unwind_safe.rs:272:9
[INFO] [stdout]   32:     0x567bb7d10187 - std::panicking::try::do_call::h873b7cf639554a5e
[INFO] [stdout]                                at /rustc/90b35a6239c3d8bdabc530a6a0816f7ff89a0aaf/library/std/src/panicking.rs:557:40
[INFO] [stdout]   33:     0x567bb7d10187 - std::panicking::try::hdb19862fad9c8bd1
[INFO] [stdout]                                at /rustc/90b35a6239c3d8bdabc530a6a0816f7ff89a0aaf/library/std/src/panicking.rs:520:19
[INFO] [stdout]   34:     0x567bb7d10187 - std::panic::catch_unwind::h281fe732d236d260
[INFO] [stdout]                                at /rustc/90b35a6239c3d8bdabc530a6a0816f7ff89a0aaf/library/std/src/panic.rs:358:14
[INFO] [stdout]   35:     0x567bb7d10187 - test::run_test_in_process::h949b6df8457ed338
[INFO] [stdout]                                at /rustc/90b35a6239c3d8bdabc530a6a0816f7ff89a0aaf/library/test/src/lib.rs:644:27
[INFO] [stdout]   36:     0x567bb7d10187 - test::run_test::{{closure}}::h52c556a6d4740e10
[INFO] [stdout]                                at /rustc/90b35a6239c3d8bdabc530a6a0816f7ff89a0aaf/library/test/src/lib.rs:565:43
[INFO] [stdout]   37:     0x567bb7cd5464 - test::run_test::{{closure}}::h4237f6381c45ccb9
[INFO] [stdout]                                at /rustc/90b35a6239c3d8bdabc530a6a0816f7ff89a0aaf/library/test/src/lib.rs:595:41
[INFO] [stdout]   38:     0x567bb7cd5464 - std::sys::backtrace::__rust_begin_short_backtrace::h505c97a579eca628
[INFO] [stdout]                                at /rustc/90b35a6239c3d8bdabc530a6a0816f7ff89a0aaf/library/std/src/sys/backtrace.rs:154:18
[INFO] [stdout]   39:     0x567bb7cd8b2e - std::thread::Builder::spawn_unchecked_::{{closure}}::{{closure}}::h9e86b2e2bc107ea3
[INFO] [stdout]                                at /rustc/90b35a6239c3d8bdabc530a6a0816f7ff89a0aaf/library/std/src/thread/mod.rs:538:17
[INFO] [stdout]   40:     0x567bb7cd8b2e - <core::panic::unwind_safe::AssertUnwindSafe<F> as core::ops::function::FnOnce<()>>::call_once::h8b06ddb275ff4a25
[INFO] [stdout]                                at /rustc/90b35a6239c3d8bdabc530a6a0816f7ff89a0aaf/library/core/src/panic/unwind_safe.rs:272:9
[INFO] [stdout]   41:     0x567bb7cd8b2e - std::panicking::try::do_call::hb26ecd7cd9a9355d
[INFO] [stdout]                                at /rustc/90b35a6239c3d8bdabc530a6a0816f7ff89a0aaf/library/std/src/panicking.rs:557:40
[INFO] [stdout]   42:     0x567bb7cd8b2e - std::panicking::try::h8ddeca9d705f9069
[INFO] [stdout]                                at /rustc/90b35a6239c3d8bdabc530a6a0816f7ff89a0aaf/library/std/src/panicking.rs:520:19
[INFO] [stdout]   43:     0x567bb7cd8b2e - std::panic::catch_unwind::h49e1c33078844c46
[INFO] [stdout]                                at /rustc/90b35a6239c3d8bdabc530a6a0816f7ff89a0aaf/library/std/src/panic.rs:358:14
[INFO] [stdout]   44:     0x567bb7cd8b2e - std::thread::Builder::spawn_unchecked_::{{closure}}::h6073db6ff56ad35d
[INFO] [stdout]                                at /rustc/90b35a6239c3d8bdabc530a6a0816f7ff89a0aaf/library/std/src/thread/mod.rs:537:30
[INFO] [stdout]   45:     0x567bb7cd8b2e - core::ops::function::FnOnce::call_once{{vtable.shim}}::h2c5a5f3779c774f1
[INFO] [stdout]                                at /rustc/90b35a6239c3d8bdabc530a6a0816f7ff89a0aaf/library/core/src/ops/function.rs:250:5
[INFO] [stdout]   46:     0x567bb80a0efb - <alloc::boxed::Box<F,A> as core::ops::function::FnOnce<Args>>::call_once::hf75717d9f28faebf
[INFO] [stdout]                                at /rustc/90b35a6239c3d8bdabc530a6a0816f7ff89a0aaf/library/alloc/src/boxed.rs:2454:9
[INFO] [stdout]   47:     0x567bb80a0efb - <alloc::boxed::Box<F,A> as core::ops::function::FnOnce<Args>>::call_once::h7bd883a5f3c5f3c1
[INFO] [stdout]                                at /rustc/90b35a6239c3d8bdabc530a6a0816f7ff89a0aaf/library/alloc/src/boxed.rs:2454:9
[INFO] [stdout]   48:     0x567bb80a0efb - std::sys::pal::unix::thread::Thread::new::thread_start::hcc78f3943333fa94
[INFO] [stdout]                                at /rustc/90b35a6239c3d8bdabc530a6a0816f7ff89a0aaf/library/std/src/sys/pal/unix/thread.rs:105:17
[INFO] [stdout]   49:     0x721145b88ac3 - <unknown>
[INFO] [stdout]   50:     0x721145c19a04 - clone
[INFO] [stdout]   51:                0x0 - <unknown>
[INFO] [stdout] 
[INFO] [stdout] 
[INFO] [stdout] failures:
[INFO] [stdout]     collect_errors
[INFO] [stdout]     collect_ignore_folder
[INFO] [stdout]     test
[INFO] [stdout] 
[INFO] [stdout] test result: FAILED. 3 passed; 3 failed; 0 ignored; 0 measured; 0 filtered out; finished in 0.19s
[INFO] [stdout] 
[INFO] [stderr] error: test failed, to rerun pass `-p rytest --test cli`
[INFO] running `Command { std: "docker" "inspect" "b3f080e538023a31db13f94ba6ac8836a995c00dd68044214ccf2b1478c39b25", kill_on_drop: false }`
[INFO] running `Command { std: "docker" "rm" "-f" "b3f080e538023a31db13f94ba6ac8836a995c00dd68044214ccf2b1478c39b25", kill_on_drop: false }`
[INFO] [stdout] b3f080e538023a31db13f94ba6ac8836a995c00dd68044214ccf2b1478c39b25
