[INFO] cloning repository https://github.com/jhrcook/advent-of-code-2024-rust
[INFO] running `Command { std: "git" "-c" "credential.helper=" "-c" "credential.helper=/workspace/cargo-home/bin/git-credential-null" "clone" "--bare" "https://github.com/jhrcook/advent-of-code-2024-rust" "/workspace/cache/git-repos/https%3A%2F%2Fgithub.com%2Fjhrcook%2Fadvent-of-code-2024-rust", kill_on_drop: false }`
[INFO] [stderr] Cloning into bare repository '/workspace/cache/git-repos/https%3A%2F%2Fgithub.com%2Fjhrcook%2Fadvent-of-code-2024-rust'...
[INFO] running `Command { std: "git" "rev-parse" "HEAD", kill_on_drop: false }`
[INFO] [stdout] 9ac6a52fb2f354d60f1a3eb3875b036a66f59f51
[INFO] testing jhrcook/advent-of-code-2024-rust against beta-2024-12-08 for beta-1.84.0-4-retry
[INFO] running `Command { std: "git" "clone" "/workspace/cache/git-repos/https%3A%2F%2Fgithub.com%2Fjhrcook%2Fadvent-of-code-2024-rust" "/workspace/builds/worker-5-tc2/source", kill_on_drop: false }`
[INFO] [stderr] Cloning into '/workspace/builds/worker-5-tc2/source'...
[INFO] [stderr] done.
[INFO] validating manifest of git repo https://github.com/jhrcook/advent-of-code-2024-rust on toolchain beta-2024-12-08
[INFO] running `Command { std: CARGO_HOME="/workspace/cargo-home" RUSTUP_HOME="/workspace/rustup-home" "/workspace/cargo-home/bin/cargo" "+beta-2024-12-08" "metadata" "--manifest-path" "Cargo.toml" "--no-deps", kill_on_drop: false }`
[INFO] started tweaking git repo https://github.com/jhrcook/advent-of-code-2024-rust
[INFO] finished tweaking git repo https://github.com/jhrcook/advent-of-code-2024-rust
[INFO] tweaked toml for git repo https://github.com/jhrcook/advent-of-code-2024-rust written to /workspace/builds/worker-5-tc2/source/Cargo.toml
[INFO] crate git repo https://github.com/jhrcook/advent-of-code-2024-rust already has a lockfile, it will not be regenerated
[INFO] running `Command { std: CARGO_HOME="/workspace/cargo-home" RUSTUP_HOME="/workspace/rustup-home" "/workspace/cargo-home/bin/cargo" "+beta-2024-12-08" "fetch" "--manifest-path" "Cargo.toml", kill_on_drop: false }`
[INFO] [stderr]     Blocking waiting for file lock on package cache
[INFO] running `Command { std: "docker" "create" "-v" "/var/lib/crater-agent-workspace/builds/worker-5-tc2/target:/opt/rustwide/target:rw,Z" "-v" "/var/lib/crater-agent-workspace/builds/worker-5-tc2/source:/opt/rustwide/workdir:ro,Z" "-v" "/var/lib/crater-agent-workspace/cargo-home:/opt/rustwide/cargo-home:ro,Z" "-v" "/var/lib/crater-agent-workspace/rustup-home:/opt/rustwide/rustup-home:ro,Z" "-e" "SOURCE_DIR=/opt/rustwide/workdir" "-e" "CARGO_TARGET_DIR=/opt/rustwide/target" "-e" "CARGO_HOME=/opt/rustwide/cargo-home" "-e" "RUSTUP_HOME=/opt/rustwide/rustup-home" "-w" "/opt/rustwide/workdir" "-m" "1610612736" "--user" "0:0" "--network" "none" "ghcr.io/rust-lang/crates-build-env/linux@sha256:f3a9d4ad9d972b27faf3965f35b62e55ba32bbce8f20bc8fe909558a86702fde" "/opt/rustwide/cargo-home/bin/cargo" "+beta-2024-12-08" "metadata" "--no-deps" "--format-version=1", kill_on_drop: false }`
[INFO] [stdout] 9c1843f9f67069676a899c50fceed06c73f0a20ab3884436b2da7ba69b2377f7
[INFO] running `Command { std: "docker" "start" "-a" "9c1843f9f67069676a899c50fceed06c73f0a20ab3884436b2da7ba69b2377f7", kill_on_drop: false }`
[INFO] running `Command { std: "docker" "inspect" "9c1843f9f67069676a899c50fceed06c73f0a20ab3884436b2da7ba69b2377f7", kill_on_drop: false }`
[INFO] running `Command { std: "docker" "rm" "-f" "9c1843f9f67069676a899c50fceed06c73f0a20ab3884436b2da7ba69b2377f7", kill_on_drop: false }`
[INFO] [stdout] 9c1843f9f67069676a899c50fceed06c73f0a20ab3884436b2da7ba69b2377f7
[INFO] running `Command { std: "docker" "create" "-v" "/var/lib/crater-agent-workspace/builds/worker-5-tc2/target:/opt/rustwide/target:rw,Z" "-v" "/var/lib/crater-agent-workspace/builds/worker-5-tc2/source:/opt/rustwide/workdir:ro,Z" "-v" "/var/lib/crater-agent-workspace/cargo-home:/opt/rustwide/cargo-home:ro,Z" "-v" "/var/lib/crater-agent-workspace/rustup-home:/opt/rustwide/rustup-home:ro,Z" "-e" "SOURCE_DIR=/opt/rustwide/workdir" "-e" "CARGO_TARGET_DIR=/opt/rustwide/target" "-e" "CARGO_INCREMENTAL=0" "-e" "RUST_BACKTRACE=full" "-e" "RUSTFLAGS=--cap-lints=warn" "-e" "RUSTDOCFLAGS=--cap-lints=warn" "-e" "CARGO_HOME=/opt/rustwide/cargo-home" "-e" "RUSTUP_HOME=/opt/rustwide/rustup-home" "-w" "/opt/rustwide/workdir" "-m" "1610612736" "--user" "0:0" "--network" "none" "ghcr.io/rust-lang/crates-build-env/linux@sha256:f3a9d4ad9d972b27faf3965f35b62e55ba32bbce8f20bc8fe909558a86702fde" "/opt/rustwide/cargo-home/bin/cargo" "+beta-2024-12-08" "build" "--frozen" "--message-format=json", kill_on_drop: false }`
[INFO] [stdout] aca036c0157f97f05a850554757e0fdb2ad42da8e98d19c0851af3ebf627d68a
[INFO] running `Command { std: "docker" "start" "-a" "aca036c0157f97f05a850554757e0fdb2ad42da8e98d19c0851af3ebf627d68a", kill_on_drop: false }`
[INFO] [stderr]    Compiling proc-macro2 v1.0.92
[INFO] [stderr]    Compiling unicode-ident v1.0.14
[INFO] [stderr]    Compiling memchr v2.7.4
[INFO] [stderr]    Compiling utf8parse v0.2.2
[INFO] [stderr]    Compiling is_terminal_polyfill v1.70.1
[INFO] [stderr]    Compiling anstyle v1.0.10
[INFO] [stderr]    Compiling anstyle-query v1.1.2
[INFO] [stderr]    Compiling colorchoice v1.0.3
[INFO] [stderr]    Compiling regex-syntax v0.8.5
[INFO] [stderr]    Compiling log v0.4.22
[INFO] [stderr]    Compiling clap_lex v0.7.4
[INFO] [stderr]    Compiling heck v0.5.0
[INFO] [stderr]    Compiling strsim v0.11.1
[INFO] [stderr]    Compiling thiserror v2.0.4
[INFO] [stderr]    Compiling humantime v2.1.0
[INFO] [stderr]    Compiling either v1.13.0
[INFO] [stderr]    Compiling anstyle-parse v0.2.6
[INFO] [stderr]    Compiling itertools v0.13.0
[INFO] [stderr]    Compiling anstream v0.6.18
[INFO] [stderr]    Compiling clap_builder v4.5.23
[INFO] [stderr]    Compiling aho-corasick v1.1.3
[INFO] [stderr]    Compiling quote v1.0.37
[INFO] [stderr]    Compiling syn v2.0.90
[INFO] [stderr]    Compiling regex-automata v0.4.9
[INFO] [stderr]    Compiling thiserror-impl v2.0.4
[INFO] [stderr]    Compiling clap_derive v4.5.18
[INFO] [stderr]    Compiling regex v1.11.1
[INFO] [stderr]    Compiling env_filter v0.1.2
[INFO] [stderr]    Compiling env_logger v0.11.5
[INFO] [stderr]    Compiling clap v4.5.23
[INFO] [stderr]    Compiling aoc24 v0.1.0 (/opt/rustwide/workdir)
[INFO] [stdout] warning: unused imports: `max` and `min`
[INFO] [stdout]  --> src/days/day02.rs:1:16
[INFO] [stdout]   |
[INFO] [stdout] 1 | use std::cmp::{max, min};
[INFO] [stdout]   |                ^^^  ^^^
[INFO] [stdout]   |
[INFO] [stdout]   = note: `#[warn(unused_imports)]` on by default
[INFO] [stdout] 
[INFO] [stdout] 
[INFO] [stdout] warning: unnecessary parentheses around `if` condition
[INFO] [stdout]   --> src/days/day02.rs:52:12
[INFO] [stdout]    |
[INFO] [stdout] 52 |         if (diffs.iter().all(|x| x > &0) || diffs.iter().all(|x| x < &0)) {
[INFO] [stdout]    |            ^                                                            ^
[INFO] [stdout]    |
[INFO] [stdout]    = note: `#[warn(unused_parens)]` on by default
[INFO] [stdout] help: remove these parentheses
[INFO] [stdout]    |
[INFO] [stdout] 52 -         if (diffs.iter().all(|x| x > &0) || diffs.iter().all(|x| x < &0)) {
[INFO] [stdout] 52 +         if diffs.iter().all(|x| x > &0) || diffs.iter().all(|x| x < &0) {
[INFO] [stdout]    |
[INFO] [stdout] 
[INFO] [stdout] 
[INFO] [stdout] warning: variable does not need to be mutable
[INFO] [stdout]   --> src/days/day01.rs:55:9
[INFO] [stdout]    |
[INFO] [stdout] 55 |     let mut lists = parse_location_lists(input_data);
[INFO] [stdout]    |         ----^^^^^
[INFO] [stdout]    |         |
[INFO] [stdout]    |         help: remove this `mut`
[INFO] [stdout]    |
[INFO] [stdout]    = note: `#[warn(unused_mut)]` on by default
[INFO] [stdout] 
[INFO] [stdout] 
[INFO] [stdout] warning: unused variable: `input_data`
[INFO] [stdout]   --> src/days/day02.rs:79:17
[INFO] [stdout]    |
[INFO] [stdout] 79 | pub fn puzzle_2(input_data: &str) -> Result<isize, PuzzleErr> {
[INFO] [stdout]    |                 ^^^^^^^^^^ help: if this is intentional, prefix it with an underscore: `_input_data`
[INFO] [stdout]    |
[INFO] [stdout]    = note: `#[warn(unused_variables)]` on by default
[INFO] [stdout] 
[INFO] [stdout] 
[INFO] [stdout] warning: enum `Safety` is never used
[INFO] [stdout]   --> src/days/day02.rs:13:6
[INFO] [stdout]    |
[INFO] [stdout] 13 | enum Safety {
[INFO] [stdout]    |      ^^^^^^
[INFO] [stdout]    |
[INFO] [stdout]    = note: `#[warn(dead_code)]` on by default
[INFO] [stdout] 
[INFO] [stdout] 
[INFO] [stderr]     Finished `dev` profile [unoptimized + debuginfo] target(s) in 17.58s
[INFO] running `Command { std: "docker" "inspect" "aca036c0157f97f05a850554757e0fdb2ad42da8e98d19c0851af3ebf627d68a", kill_on_drop: false }`
[INFO] running `Command { std: "docker" "rm" "-f" "aca036c0157f97f05a850554757e0fdb2ad42da8e98d19c0851af3ebf627d68a", kill_on_drop: false }`
[INFO] [stdout] aca036c0157f97f05a850554757e0fdb2ad42da8e98d19c0851af3ebf627d68a
[INFO] running `Command { std: "docker" "create" "-v" "/var/lib/crater-agent-workspace/builds/worker-5-tc2/target:/opt/rustwide/target:rw,Z" "-v" "/var/lib/crater-agent-workspace/builds/worker-5-tc2/source:/opt/rustwide/workdir:ro,Z" "-v" "/var/lib/crater-agent-workspace/cargo-home:/opt/rustwide/cargo-home:ro,Z" "-v" "/var/lib/crater-agent-workspace/rustup-home:/opt/rustwide/rustup-home:ro,Z" "-e" "SOURCE_DIR=/opt/rustwide/workdir" "-e" "CARGO_TARGET_DIR=/opt/rustwide/target" "-e" "CARGO_INCREMENTAL=0" "-e" "RUST_BACKTRACE=full" "-e" "RUSTFLAGS=--cap-lints=warn" "-e" "RUSTDOCFLAGS=--cap-lints=warn" "-e" "CARGO_HOME=/opt/rustwide/cargo-home" "-e" "RUSTUP_HOME=/opt/rustwide/rustup-home" "-w" "/opt/rustwide/workdir" "-m" "1610612736" "--user" "0:0" "--network" "none" "ghcr.io/rust-lang/crates-build-env/linux@sha256:f3a9d4ad9d972b27faf3965f35b62e55ba32bbce8f20bc8fe909558a86702fde" "/opt/rustwide/cargo-home/bin/cargo" "+beta-2024-12-08" "test" "--frozen" "--no-run" "--message-format=json", kill_on_drop: false }`
[INFO] [stdout] b76530b1ea9722f04b730e8d2a4d66ba2d09739abfed73b954226461642c8783
[INFO] running `Command { std: "docker" "start" "-a" "b76530b1ea9722f04b730e8d2a4d66ba2d09739abfed73b954226461642c8783", kill_on_drop: false }`
[INFO] [stderr]    Compiling aoc24 v0.1.0 (/opt/rustwide/workdir)
[INFO] [stdout] warning: unused imports: `max` and `min`
[INFO] [stdout]  --> src/days/day02.rs:1:16
[INFO] [stdout]   |
[INFO] [stdout] 1 | use std::cmp::{max, min};
[INFO] [stdout]   |                ^^^  ^^^
[INFO] [stdout]   |
[INFO] [stdout]   = note: `#[warn(unused_imports)]` on by default
[INFO] [stdout] 
[INFO] [stdout] 
[INFO] [stdout] warning: unnecessary parentheses around `if` condition
[INFO] [stdout]   --> src/days/day02.rs:52:12
[INFO] [stdout]    |
[INFO] [stdout] 52 |         if (diffs.iter().all(|x| x > &0) || diffs.iter().all(|x| x < &0)) {
[INFO] [stdout]    |            ^                                                            ^
[INFO] [stdout]    |
[INFO] [stdout]    = note: `#[warn(unused_parens)]` on by default
[INFO] [stdout] help: remove these parentheses
[INFO] [stdout]    |
[INFO] [stdout] 52 -         if (diffs.iter().all(|x| x > &0) || diffs.iter().all(|x| x < &0)) {
[INFO] [stdout] 52 +         if diffs.iter().all(|x| x > &0) || diffs.iter().all(|x| x < &0) {
[INFO] [stdout]    |
[INFO] [stdout] 
[INFO] [stdout] 
[INFO] [stdout] warning: variable does not need to be mutable
[INFO] [stdout]   --> src/days/day01.rs:55:9
[INFO] [stdout]    |
[INFO] [stdout] 55 |     let mut lists = parse_location_lists(input_data);
[INFO] [stdout]    |         ----^^^^^
[INFO] [stdout]    |         |
[INFO] [stdout]    |         help: remove this `mut`
[INFO] [stdout]    |
[INFO] [stdout]    = note: `#[warn(unused_mut)]` on by default
[INFO] [stdout] 
[INFO] [stdout] 
[INFO] [stdout] warning: unused variable: `input_data`
[INFO] [stdout]   --> src/days/day02.rs:79:17
[INFO] [stdout]    |
[INFO] [stdout] 79 | pub fn puzzle_2(input_data: &str) -> Result<isize, PuzzleErr> {
[INFO] [stdout]    |                 ^^^^^^^^^^ help: if this is intentional, prefix it with an underscore: `_input_data`
[INFO] [stdout]    |
[INFO] [stdout]    = note: `#[warn(unused_variables)]` on by default
[INFO] [stdout] 
[INFO] [stdout] 
[INFO] [stdout] warning: enum `Safety` is never used
[INFO] [stdout]   --> src/days/day02.rs:13:6
[INFO] [stdout]    |
[INFO] [stdout] 13 | enum Safety {
[INFO] [stdout]    |      ^^^^^^
[INFO] [stdout]    |
[INFO] [stdout]    = note: `#[warn(dead_code)]` on by default
[INFO] [stdout] 
[INFO] [stdout] 
[INFO] [stdout] warning: unused imports: `max` and `min`
[INFO] [stdout]  --> src/days/day02.rs:1:16
[INFO] [stdout]   |
[INFO] [stdout] 1 | use std::cmp::{max, min};
[INFO] [stdout]   |                ^^^  ^^^
[INFO] [stdout]   |
[INFO] [stdout]   = note: `#[warn(unused_imports)]` on by default
[INFO] [stdout] 
[INFO] [stdout] 
[INFO] [stdout] warning: unnecessary parentheses around `if` condition
[INFO] [stdout]   --> src/days/day02.rs:52:12
[INFO] [stdout]    |
[INFO] [stdout] 52 |         if (diffs.iter().all(|x| x > &0) || diffs.iter().all(|x| x < &0)) {
[INFO] [stdout]    |            ^                                                            ^
[INFO] [stdout]    |
[INFO] [stdout]    = note: `#[warn(unused_parens)]` on by default
[INFO] [stdout] help: remove these parentheses
[INFO] [stdout]    |
[INFO] [stdout] 52 -         if (diffs.iter().all(|x| x > &0) || diffs.iter().all(|x| x < &0)) {
[INFO] [stdout] 52 +         if diffs.iter().all(|x| x > &0) || diffs.iter().all(|x| x < &0) {
[INFO] [stdout]    |
[INFO] [stdout] 
[INFO] [stdout] 
[INFO] [stdout] warning: variable does not need to be mutable
[INFO] [stdout]   --> src/days/day01.rs:55:9
[INFO] [stdout]    |
[INFO] [stdout] 55 |     let mut lists = parse_location_lists(input_data);
[INFO] [stdout]    |         ----^^^^^
[INFO] [stdout]    |         |
[INFO] [stdout]    |         help: remove this `mut`
[INFO] [stdout]    |
[INFO] [stdout]    = note: `#[warn(unused_mut)]` on by default
[INFO] [stdout] 
[INFO] [stdout] 
[INFO] [stdout] warning: unused variable: `input_data`
[INFO] [stdout]   --> src/days/day02.rs:79:17
[INFO] [stdout]    |
[INFO] [stdout] 79 | pub fn puzzle_2(input_data: &str) -> Result<isize, PuzzleErr> {
[INFO] [stdout]    |                 ^^^^^^^^^^ help: if this is intentional, prefix it with an underscore: `_input_data`
[INFO] [stdout]    |
[INFO] [stdout]    = note: `#[warn(unused_variables)]` on by default
[INFO] [stdout] 
[INFO] [stdout] 
[INFO] [stdout] warning: enum `Safety` is never used
[INFO] [stdout]   --> src/days/day02.rs:13:6
[INFO] [stdout]    |
[INFO] [stdout] 13 | enum Safety {
[INFO] [stdout]    |      ^^^^^^
[INFO] [stdout]    |
[INFO] [stdout]    = note: `#[warn(dead_code)]` on by default
[INFO] [stdout] 
[INFO] [stdout] 
[INFO] [stderr]     Finished `test` profile [unoptimized + debuginfo] target(s) in 1.97s
[INFO] running `Command { std: "docker" "inspect" "b76530b1ea9722f04b730e8d2a4d66ba2d09739abfed73b954226461642c8783", kill_on_drop: false }`
[INFO] running `Command { std: "docker" "rm" "-f" "b76530b1ea9722f04b730e8d2a4d66ba2d09739abfed73b954226461642c8783", kill_on_drop: false }`
[INFO] [stdout] b76530b1ea9722f04b730e8d2a4d66ba2d09739abfed73b954226461642c8783
[INFO] running `Command { std: "docker" "create" "-v" "/var/lib/crater-agent-workspace/builds/worker-5-tc2/target:/opt/rustwide/target:rw,Z" "-v" "/var/lib/crater-agent-workspace/builds/worker-5-tc2/source:/opt/rustwide/workdir:ro,Z" "-v" "/var/lib/crater-agent-workspace/cargo-home:/opt/rustwide/cargo-home:ro,Z" "-v" "/var/lib/crater-agent-workspace/rustup-home:/opt/rustwide/rustup-home:ro,Z" "-e" "SOURCE_DIR=/opt/rustwide/workdir" "-e" "CARGO_TARGET_DIR=/opt/rustwide/target" "-e" "CARGO_INCREMENTAL=0" "-e" "RUST_BACKTRACE=full" "-e" "RUSTFLAGS=--cap-lints=warn" "-e" "RUSTDOCFLAGS=--cap-lints=warn" "-e" "CARGO_HOME=/opt/rustwide/cargo-home" "-e" "RUSTUP_HOME=/opt/rustwide/rustup-home" "-w" "/opt/rustwide/workdir" "-m" "1610612736" "--user" "0:0" "--network" "none" "ghcr.io/rust-lang/crates-build-env/linux@sha256:f3a9d4ad9d972b27faf3965f35b62e55ba32bbce8f20bc8fe909558a86702fde" "/opt/rustwide/cargo-home/bin/cargo" "+beta-2024-12-08" "test" "--frozen", kill_on_drop: false }`
[INFO] [stdout] 050da5312a882fa1a5df0aba1df877b783d50605a8841a800cc8182cca139638
[INFO] running `Command { std: "docker" "start" "-a" "050da5312a882fa1a5df0aba1df877b783d50605a8841a800cc8182cca139638", kill_on_drop: false }`
[INFO] [stderr] warning: unused imports: `max` and `min`
[INFO] [stderr]  --> src/days/day02.rs:1:16
[INFO] [stderr]   |
[INFO] [stderr] 1 | use std::cmp::{max, min};
[INFO] [stderr]   |                ^^^  ^^^
[INFO] [stderr]   |
[INFO] [stderr]   = note: `#[warn(unused_imports)]` on by default
[INFO] [stderr] 
[INFO] [stderr] warning: unnecessary parentheses around `if` condition
[INFO] [stderr]   --> src/days/day02.rs:52:12
[INFO] [stderr]    |
[INFO] [stderr] 52 |         if (diffs.iter().all(|x| x > &0) || diffs.iter().all(|x| x < &0)) {
[INFO] [stderr]    |            ^                                                            ^
[INFO] [stderr]    |
[INFO] [stderr]    = note: `#[warn(unused_parens)]` on by default
[INFO] [stderr] help: remove these parentheses
[INFO] [stderr]    |
[INFO] [stderr] 52 -         if (diffs.iter().all(|x| x > &0) || diffs.iter().all(|x| x < &0)) {
[INFO] [stderr] 52 +         if diffs.iter().all(|x| x > &0) || diffs.iter().all(|x| x < &0) {
[INFO] [stderr]    |
[INFO] [stderr] 
[INFO] [stderr] warning: variable does not need to be mutable
[INFO] [stderr]   --> src/days/day01.rs:55:9
[INFO] [stderr]    |
[INFO] [stderr] 55 |     let mut lists = parse_location_lists(input_data);
[INFO] [stderr]    |         ----^^^^^
[INFO] [stderr]    |         |
[INFO] [stderr]    |         help: remove this `mut`
[INFO] [stderr]    |
[INFO] [stderr]    = note: `#[warn(unused_mut)]` on by default
[INFO] [stderr] 
[INFO] [stderr] warning: unused variable: `input_data`
[INFO] [stderr]   --> src/days/day02.rs:79:17
[INFO] [stderr]    |
[INFO] [stderr] 79 | pub fn puzzle_2(input_data: &str) -> Result<isize, PuzzleErr> {
[INFO] [stderr]    |                 ^^^^^^^^^^ help: if this is intentional, prefix it with an underscore: `_input_data`
[INFO] [stderr]    |
[INFO] [stderr]    = note: `#[warn(unused_variables)]` on by default
[INFO] [stderr] 
[INFO] [stderr] warning: enum `Safety` is never used
[INFO] [stderr]   --> src/days/day02.rs:13:6
[INFO] [stderr]    |
[INFO] [stderr] 13 | enum Safety {
[INFO] [stderr]    |      ^^^^^^
[INFO] [stderr]    |
[INFO] [stderr]    = note: `#[warn(dead_code)]` on by default
[INFO] [stderr] 
[INFO] [stderr] warning: `aoc24` (lib) generated 5 warnings (run `cargo fix --lib -p aoc24` to apply 3 suggestions)
[INFO] [stderr] warning: `aoc24` (lib test) generated 5 warnings (5 duplicates)
[INFO] [stderr]     Finished `test` profile [unoptimized + debuginfo] target(s) in 0.07s
[INFO] [stderr]      Running unittests src/lib.rs (/opt/rustwide/target/debug/deps/aoc24-f25b955a1ef922f4)
[INFO] [stdout] 
[INFO] [stdout] running 0 tests
[INFO] [stdout] 
[INFO] [stdout] test result: ok. 0 passed; 0 failed; 0 ignored; 0 measured; 0 filtered out; finished in 0.00s
[INFO] [stdout] 
[INFO] [stderr]      Running unittests src/main.rs (/opt/rustwide/target/debug/deps/aoc24-9ad4a114e6db4590)
[INFO] [stdout] 
[INFO] [stdout] running 0 tests
[INFO] [stdout] 
[INFO] [stderr]      Running tests/test_day01.rs (/opt/rustwide/target/debug/deps/test_day01-cbe4c3dde391fe1e)
[INFO] [stdout] test result: ok. 0 passed; 0 failed; 0 ignored; 0 measured; 0 filtered out; finished in 0.00s
[INFO] [stdout] 
[INFO] [stdout] 
[INFO] [stdout] running 2 tests
[INFO] [stdout] test d01_p2_t1 ... ok
[INFO] [stdout] test d01_p1_t1 ... ok
[INFO] [stdout] 
[INFO] [stdout] test result: ok. 2 passed; 0 failed; 0 ignored; 0 measured; 0 filtered out; finished in 0.00s
[INFO] [stdout] 
[INFO] [stderr]      Running tests/test_day02.rs (/opt/rustwide/target/debug/deps/test_day02-d6cd2b0c260c850b)
[INFO] [stdout] 
[INFO] [stdout] running 3 tests
[INFO] [stdout] test d02_p1_t2 ... ok
[INFO] [stdout] test d02_p1_t1 ... ok
[INFO] [stdout] test d02_p2_t1 ... FAILED
[INFO] [stdout] 
[INFO] [stdout] failures:
[INFO] [stdout] 
[INFO] [stdout] ---- d02_p2_t1 stdout ----
[INFO] [stdout] thread 'd02_p2_t1' panicked at tests/test_day02.rs:31:5:
[INFO] [stdout] assertion `left == right` failed
[INFO] [stdout]   left: Ok(0)
[INFO] [stdout]  right: Ok(4)
[INFO] [stdout] stack backtrace:
[INFO] [stdout]    0:     0x5e3d0205670a - std::backtrace_rs::backtrace::libunwind::trace::h8810477743020387
[INFO] [stdout]                                at /rustc/202008a1b8de96d2e5b6bc02d379db03a877d34d/library/std/src/../../backtrace/src/backtrace/libunwind.rs:116:5
[INFO] [stdout]    1:     0x5e3d0205670a - std::backtrace_rs::backtrace::trace_unsynchronized::h3aa55355dd6c54a6
[INFO] [stdout]                                at /rustc/202008a1b8de96d2e5b6bc02d379db03a877d34d/library/std/src/../../backtrace/src/backtrace/mod.rs:66:5
[INFO] [stdout]    2:     0x5e3d0205670a - std::sys::backtrace::_print_fmt::h8588b0f62410823f
[INFO] [stdout]                                at /rustc/202008a1b8de96d2e5b6bc02d379db03a877d34d/library/std/src/sys/backtrace.rs:66:9
[INFO] [stdout]    3:     0x5e3d0205670a - <std::sys::backtrace::BacktraceLock::print::DisplayBacktrace as core::fmt::Display>::fmt::h98c26ac25ffe89bb
[INFO] [stdout]                                at /rustc/202008a1b8de96d2e5b6bc02d379db03a877d34d/library/std/src/sys/backtrace.rs:39:26
[INFO] [stdout]    4:     0x5e3d0207c663 - core::fmt::rt::Argument::fmt::hf95377f4aebd453b
[INFO] [stdout]                                at /rustc/202008a1b8de96d2e5b6bc02d379db03a877d34d/library/core/src/fmt/rt.rs:177:76
[INFO] [stdout]    5:     0x5e3d0207c663 - core::fmt::write::h0dd5f6e2238c7982
[INFO] [stdout]                                at /rustc/202008a1b8de96d2e5b6bc02d379db03a877d34d/library/core/src/fmt/mod.rs:1189:21
[INFO] [stdout]    6:     0x5e3d020538a3 - std::io::Write::write_fmt::h03bb0ca26e6faf8c
[INFO] [stdout]                                at /rustc/202008a1b8de96d2e5b6bc02d379db03a877d34d/library/std/src/io/mod.rs:1884:15
[INFO] [stdout]    7:     0x5e3d02056552 - std::sys::backtrace::BacktraceLock::print::h5c19c1c038ee186d
[INFO] [stdout]                                at /rustc/202008a1b8de96d2e5b6bc02d379db03a877d34d/library/std/src/sys/backtrace.rs:42:9
[INFO] [stdout]    8:     0x5e3d02057b8d - std::panicking::default_hook::{{closure}}::h77172f079a1fcb13
[INFO] [stdout]                                at /rustc/202008a1b8de96d2e5b6bc02d379db03a877d34d/library/std/src/panicking.rs:268:22
[INFO] [stdout]    9:     0x5e3d02057997 - std::panicking::default_hook::he5f8e3b203ccddba
[INFO] [stdout]                                at /rustc/202008a1b8de96d2e5b6bc02d379db03a877d34d/library/std/src/panicking.rs:292:9
[INFO] [stdout]   10:     0x5e3d02014f17 - <alloc::boxed::Box<F,A> as core::ops::function::Fn<Args>>::call::h7a3c7b4a1ae77f2f
[INFO] [stdout]                                at /rustc/202008a1b8de96d2e5b6bc02d379db03a877d34d/library/alloc/src/boxed.rs:1986:9
[INFO] [stdout]   11:     0x5e3d02014f17 - test::test_main::{{closure}}::hf0d3b69ae9b353d1
[INFO] [stdout]                                at /rustc/202008a1b8de96d2e5b6bc02d379db03a877d34d/library/test/src/lib.rs:134:21
[INFO] [stdout]   12:     0x5e3d02058238 - <alloc::boxed::Box<F,A> as core::ops::function::Fn<Args>>::call::h6332e82e7b189abd
[INFO] [stdout]                                at /rustc/202008a1b8de96d2e5b6bc02d379db03a877d34d/library/alloc/src/boxed.rs:1986:9
[INFO] [stdout]   13:     0x5e3d02058238 - std::panicking::rust_panic_with_hook::h53863d4e9018df39
[INFO] [stdout]                                at /rustc/202008a1b8de96d2e5b6bc02d379db03a877d34d/library/std/src/panicking.rs:809:13
[INFO] [stdout]   14:     0x5e3d02057ffa - std::panicking::begin_panic_handler::{{closure}}::h67280e6fa0757873
[INFO] [stdout]                                at /rustc/202008a1b8de96d2e5b6bc02d379db03a877d34d/library/std/src/panicking.rs:674:13
[INFO] [stdout]   15:     0x5e3d02056be9 - std::sys::backtrace::__rust_end_short_backtrace::h1dac3f54d6fbbeb2
[INFO] [stdout]                                at /rustc/202008a1b8de96d2e5b6bc02d379db03a877d34d/library/std/src/sys/backtrace.rs:170:18
[INFO] [stdout]   16:     0x5e3d02057c8c - rust_begin_unwind
[INFO] [stdout]                                at /rustc/202008a1b8de96d2e5b6bc02d379db03a877d34d/library/std/src/panicking.rs:665:5
[INFO] [stdout]   17:     0x5e3d01d2b180 - core::panicking::panic_fmt::h6792bd1b2bf01041
[INFO] [stdout]                                at /rustc/202008a1b8de96d2e5b6bc02d379db03a877d34d/library/core/src/panicking.rs:76:14
[INFO] [stdout]   18:     0x5e3d01d2b584 - core::panicking::assert_failed_inner::hf2c17e6d30928787
[INFO] [stdout]   19:     0x5e3d01d2bd9e - core::panicking::assert_failed::h21f59877e7a09835
[INFO] [stdout]                                at /rustc/202008a1b8de96d2e5b6bc02d379db03a877d34d/library/core/src/panicking.rs:373:5
[INFO] [stdout]   20:     0x5e3d01d2c304 - test_day02::d02_p2_t1::ha0e6292b407d659c
[INFO] [stdout]                                at /opt/rustwide/workdir/tests/test_day02.rs:31:5
[INFO] [stdout]   21:     0x5e3d01d2c277 - test_day02::d02_p2_t1::{{closure}}::hec060b405c31f5c2
[INFO] [stdout]                                at /opt/rustwide/workdir/tests/test_day02.rs:30:15
[INFO] [stdout]   22:     0x5e3d01d2bca6 - core::ops::function::FnOnce::call_once::h4f2ba71cf84aded2
[INFO] [stdout]                                at /rustc/202008a1b8de96d2e5b6bc02d379db03a877d34d/library/core/src/ops/function.rs:250:5
[INFO] [stdout]   23:     0x5e3d02019a3b - core::ops::function::FnOnce::call_once::h871bf86719ec9aa4
[INFO] [stdout]                                at /rustc/202008a1b8de96d2e5b6bc02d379db03a877d34d/library/core/src/ops/function.rs:250:5
[INFO] [stdout]   24:     0x5e3d02019a3b - test::__rust_begin_short_backtrace::h2167df1e2b7d76fd
[INFO] [stdout]                                at /rustc/202008a1b8de96d2e5b6bc02d379db03a877d34d/library/test/src/lib.rs:632:18
[INFO] [stdout]   25:     0x5e3d02019428 - test::run_test_in_process::{{closure}}::h15d92f75a3adfb79
[INFO] [stdout]                                at /rustc/202008a1b8de96d2e5b6bc02d379db03a877d34d/library/test/src/lib.rs:655:60
[INFO] [stdout]   26:     0x5e3d02019428 - <core::panic::unwind_safe::AssertUnwindSafe<F> as core::ops::function::FnOnce<()>>::call_once::hb6c8955835a8dbbb
[INFO] [stdout]                                at /rustc/202008a1b8de96d2e5b6bc02d379db03a877d34d/library/core/src/panic/unwind_safe.rs:272:9
[INFO] [stdout]   27:     0x5e3d02019428 - std::panicking::try::do_call::hc79d0fc888a0bd30
[INFO] [stdout]                                at /rustc/202008a1b8de96d2e5b6bc02d379db03a877d34d/library/std/src/panicking.rs:557:40
[INFO] [stdout]   28:     0x5e3d02019428 - std::panicking::try::hb8a7878e3a8589d6
[INFO] [stdout]                                at /rustc/202008a1b8de96d2e5b6bc02d379db03a877d34d/library/std/src/panicking.rs:520:19
[INFO] [stdout]   29:     0x5e3d02019428 - std::panic::catch_unwind::hb8e4600ff0ff5cfa
[INFO] [stdout]                                at /rustc/202008a1b8de96d2e5b6bc02d379db03a877d34d/library/std/src/panic.rs:358:14
[INFO] [stdout]   30:     0x5e3d02019428 - test::run_test_in_process::hc2900b0b18688dd6
[INFO] [stdout]                                at /rustc/202008a1b8de96d2e5b6bc02d379db03a877d34d/library/test/src/lib.rs:655:27
[INFO] [stdout]   31:     0x5e3d02019428 - test::run_test::{{closure}}::hac2a9cb07be3d48d
[INFO] [stdout]                                at /rustc/202008a1b8de96d2e5b6bc02d379db03a877d34d/library/test/src/lib.rs:576:43
[INFO] [stdout]   32:     0x5e3d01fdceca - test::run_test::{{closure}}::h4a5b729e66a38cd8
[INFO] [stdout]                                at /rustc/202008a1b8de96d2e5b6bc02d379db03a877d34d/library/test/src/lib.rs:606:41
[INFO] [stdout]   33:     0x5e3d01fdceca - std::sys::backtrace::__rust_begin_short_backtrace::h0496fb742492f573
[INFO] [stdout]                                at /rustc/202008a1b8de96d2e5b6bc02d379db03a877d34d/library/std/src/sys/backtrace.rs:154:18
[INFO] [stdout]   34:     0x5e3d01fe0844 - std::thread::Builder::spawn_unchecked_::{{closure}}::{{closure}}::hbb6d257c550a54bd
[INFO] [stdout]                                at /rustc/202008a1b8de96d2e5b6bc02d379db03a877d34d/library/std/src/thread/mod.rs:561:17
[INFO] [stdout]   35:     0x5e3d01fe0844 - <core::panic::unwind_safe::AssertUnwindSafe<F> as core::ops::function::FnOnce<()>>::call_once::h46696fe4a6832328
[INFO] [stdout]                                at /rustc/202008a1b8de96d2e5b6bc02d379db03a877d34d/library/core/src/panic/unwind_safe.rs:272:9
[INFO] [stdout]   36:     0x5e3d01fe0844 - std::panicking::try::do_call::h2625a51b667bfb64
[INFO] [stdout]                                at /rustc/202008a1b8de96d2e5b6bc02d379db03a877d34d/library/std/src/panicking.rs:557:40
[INFO] [stdout]   37:     0x5e3d01fe0844 - std::panicking::try::hb956a59a1973aa4c
[INFO] [stdout]                                at /rustc/202008a1b8de96d2e5b6bc02d379db03a877d34d/library/std/src/panicking.rs:520:19
[INFO] [stdout]   38:     0x5e3d01fe0844 - std::panic::catch_unwind::h64f3b9d1067ef6a0
[INFO] [stdout]                                at /rustc/202008a1b8de96d2e5b6bc02d379db03a877d34d/library/std/src/panic.rs:358:14
[INFO] [stdout]   39:     0x5e3d01fe0844 - std::thread::Builder::spawn_unchecked_::{{closure}}::h42b2841295b6c0b2
[INFO] [stdout]                                at /rustc/202008a1b8de96d2e5b6bc02d379db03a877d34d/library/std/src/thread/mod.rs:559:30
[INFO] [stdout]   40:     0x5e3d01fe0844 - core::ops::function::FnOnce::call_once{{vtable.shim}}::h6127de71b8124639
[INFO] [stdout]                                at /rustc/202008a1b8de96d2e5b6bc02d379db03a877d34d/library/core/src/ops/function.rs:250:5
[INFO] [stdout]   41:     0x5e3d0205c17b - <alloc::boxed::Box<F,A> as core::ops::function::FnOnce<Args>>::call_once::h42f0ba71002a1b2c
[INFO] [stdout]                                at /rustc/202008a1b8de96d2e5b6bc02d379db03a877d34d/library/alloc/src/boxed.rs:1972:9
[INFO] [stdout]   42:     0x5e3d0205c17b - <alloc::boxed::Box<F,A> as core::ops::function::FnOnce<Args>>::call_once::had9e47d7a3dcecb8
[INFO] [stdout]                                at /rustc/202008a1b8de96d2e5b6bc02d379db03a877d34d/library/alloc/src/boxed.rs:1972:9
[INFO] [stdout]   43:     0x5e3d0205c17b - std::sys::pal::unix::thread::Thread::new::thread_start::h48cf765408f6f5f2
[INFO] [stdout]                                at /rustc/202008a1b8de96d2e5b6bc02d379db03a877d34d/library/std/src/sys/pal/unix/thread.rs:105:17
[INFO] [stdout]   44:     0x708700480ac3 - <unknown>
[INFO] [stdout]   45:     0x708700511a04 - clone
[INFO] [stdout]   46:                0x0 - <unknown>
[INFO] [stdout] 
[INFO] [stdout] 
[INFO] [stdout] failures:
[INFO] [stdout]     d02_p2_t1
[INFO] [stdout] 
[INFO] [stdout] test result: FAILED. 2 passed; 1 failed; 0 ignored; 0 measured; 0 filtered out; finished in 0.05s
[INFO] [stdout] 
[INFO] [stderr] error: test failed, to rerun pass `--test test_day02`
[INFO] running `Command { std: "docker" "inspect" "050da5312a882fa1a5df0aba1df877b783d50605a8841a800cc8182cca139638", kill_on_drop: false }`
[INFO] running `Command { std: "docker" "rm" "-f" "050da5312a882fa1a5df0aba1df877b783d50605a8841a800cc8182cca139638", kill_on_drop: false }`
[INFO] [stdout] 050da5312a882fa1a5df0aba1df877b783d50605a8841a800cc8182cca139638
