[INFO] cloning repository https://github.com/jeroenbakker-atmind/rs-audio-engine
[INFO] running `Command { std: "git" "-c" "credential.helper=" "-c" "credential.helper=/workspace/cargo-home/bin/git-credential-null" "clone" "--bare" "https://github.com/jeroenbakker-atmind/rs-audio-engine" "/workspace/cache/git-repos/https%3A%2F%2Fgithub.com%2Fjeroenbakker-atmind%2Frs-audio-engine", kill_on_drop: false }`
[INFO] [stderr] Cloning into bare repository '/workspace/cache/git-repos/https%3A%2F%2Fgithub.com%2Fjeroenbakker-atmind%2Frs-audio-engine'...
[INFO] running `Command { std: "git" "rev-parse" "HEAD", kill_on_drop: false }`
[INFO] [stdout] be66705668afee2f375269f29d81de887b90ce0e
[INFO] testing jeroenbakker-atmind/rs-audio-engine against beta-2024-12-08 for beta-1.84.0-4-retry
[INFO] running `Command { std: "git" "clone" "/workspace/cache/git-repos/https%3A%2F%2Fgithub.com%2Fjeroenbakker-atmind%2Frs-audio-engine" "/workspace/builds/worker-1-tc2/source", kill_on_drop: false }`
[INFO] [stderr] Cloning into '/workspace/builds/worker-1-tc2/source'...
[INFO] [stderr] done.
[INFO] validating manifest of git repo https://github.com/jeroenbakker-atmind/rs-audio-engine on toolchain beta-2024-12-08
[INFO] running `Command { std: CARGO_HOME="/workspace/cargo-home" RUSTUP_HOME="/workspace/rustup-home" "/workspace/cargo-home/bin/cargo" "+beta-2024-12-08" "metadata" "--manifest-path" "Cargo.toml" "--no-deps", kill_on_drop: false }`
[INFO] removed /workspace/builds/worker-1-tc2/source/.cargo/config.toml
[INFO] started tweaking git repo https://github.com/jeroenbakker-atmind/rs-audio-engine
[INFO] finished tweaking git repo https://github.com/jeroenbakker-atmind/rs-audio-engine
[INFO] tweaked toml for git repo https://github.com/jeroenbakker-atmind/rs-audio-engine written to /workspace/builds/worker-1-tc2/source/Cargo.toml
[INFO] crate git repo https://github.com/jeroenbakker-atmind/rs-audio-engine already has a lockfile, it will not be regenerated
[INFO] running `Command { std: CARGO_HOME="/workspace/cargo-home" RUSTUP_HOME="/workspace/rustup-home" "/workspace/cargo-home/bin/cargo" "+beta-2024-12-08" "fetch" "--manifest-path" "Cargo.toml", kill_on_drop: false }`
[INFO] running `Command { std: "docker" "create" "-v" "/var/lib/crater-agent-workspace/builds/worker-1-tc2/target:/opt/rustwide/target:rw,Z" "-v" "/var/lib/crater-agent-workspace/builds/worker-1-tc2/source:/opt/rustwide/workdir:ro,Z" "-v" "/var/lib/crater-agent-workspace/cargo-home:/opt/rustwide/cargo-home:ro,Z" "-v" "/var/lib/crater-agent-workspace/rustup-home:/opt/rustwide/rustup-home:ro,Z" "-e" "SOURCE_DIR=/opt/rustwide/workdir" "-e" "CARGO_TARGET_DIR=/opt/rustwide/target" "-e" "CARGO_HOME=/opt/rustwide/cargo-home" "-e" "RUSTUP_HOME=/opt/rustwide/rustup-home" "-w" "/opt/rustwide/workdir" "-m" "1610612736" "--user" "0:0" "--network" "none" "ghcr.io/rust-lang/crates-build-env/linux@sha256:f3a9d4ad9d972b27faf3965f35b62e55ba32bbce8f20bc8fe909558a86702fde" "/opt/rustwide/cargo-home/bin/cargo" "+beta-2024-12-08" "metadata" "--no-deps" "--format-version=1", kill_on_drop: false }`
[INFO] [stdout] 01cfa8e4e15fbee53fafc9eb95f570b84fba8871676948d448fd6910ffd99add
[INFO] running `Command { std: "docker" "start" "-a" "01cfa8e4e15fbee53fafc9eb95f570b84fba8871676948d448fd6910ffd99add", kill_on_drop: false }`
[INFO] running `Command { std: "docker" "inspect" "01cfa8e4e15fbee53fafc9eb95f570b84fba8871676948d448fd6910ffd99add", kill_on_drop: false }`
[INFO] running `Command { std: "docker" "rm" "-f" "01cfa8e4e15fbee53fafc9eb95f570b84fba8871676948d448fd6910ffd99add", kill_on_drop: false }`
[INFO] [stdout] 01cfa8e4e15fbee53fafc9eb95f570b84fba8871676948d448fd6910ffd99add
[INFO] running `Command { std: "docker" "create" "-v" "/var/lib/crater-agent-workspace/builds/worker-1-tc2/target:/opt/rustwide/target:rw,Z" "-v" "/var/lib/crater-agent-workspace/builds/worker-1-tc2/source:/opt/rustwide/workdir:ro,Z" "-v" "/var/lib/crater-agent-workspace/cargo-home:/opt/rustwide/cargo-home:ro,Z" "-v" "/var/lib/crater-agent-workspace/rustup-home:/opt/rustwide/rustup-home:ro,Z" "-e" "SOURCE_DIR=/opt/rustwide/workdir" "-e" "CARGO_TARGET_DIR=/opt/rustwide/target" "-e" "CARGO_INCREMENTAL=0" "-e" "RUST_BACKTRACE=full" "-e" "RUSTFLAGS=--cap-lints=warn" "-e" "RUSTDOCFLAGS=--cap-lints=warn" "-e" "CARGO_HOME=/opt/rustwide/cargo-home" "-e" "RUSTUP_HOME=/opt/rustwide/rustup-home" "-w" "/opt/rustwide/workdir" "-m" "1610612736" "--user" "0:0" "--network" "none" "ghcr.io/rust-lang/crates-build-env/linux@sha256:f3a9d4ad9d972b27faf3965f35b62e55ba32bbce8f20bc8fe909558a86702fde" "/opt/rustwide/cargo-home/bin/cargo" "+beta-2024-12-08" "build" "--frozen" "--message-format=json", kill_on_drop: false }`
[INFO] [stdout] 26d18c50ab7813f6eed1ffe210c1780b3f318ea4e0f4b05ab8e3b193523df418
[INFO] running `Command { std: "docker" "start" "-a" "26d18c50ab7813f6eed1ffe210c1780b3f318ea4e0f4b05ab8e3b193523df418", kill_on_drop: false }`
[INFO] [stderr]    Compiling cfg-if v1.0.0
[INFO] [stderr]    Compiling proc-macro2 v1.0.70
[INFO] [stderr]    Compiling unicode-ident v1.0.12
[INFO] [stderr]    Compiling bitflags v1.3.2
[INFO] [stderr]    Compiling simd-adler32 v0.3.7
[INFO] [stderr]    Compiling crc32fast v1.3.2
[INFO] [stderr]    Compiling libc v0.2.150
[INFO] [stderr]    Compiling adler v1.0.2
[INFO] [stderr]    Compiling autocfg v1.1.0
[INFO] [stderr]    Compiling pkg-config v0.3.27
[INFO] [stderr]    Compiling parking_lot_core v0.9.9
[INFO] [stderr]    Compiling miniz_oxide v0.7.1
[INFO] [stderr]    Compiling fdeflate v0.3.1
[INFO] [stderr]    Compiling version_check v0.9.4
[INFO] [stderr]    Compiling lock_api v0.4.11
[INFO] [stderr]    Compiling smallvec v1.11.2
[INFO] [stderr]    Compiling flate2 v1.0.28
[INFO] [stderr]    Compiling alsa-sys v0.3.1
[INFO] [stderr]    Compiling scopeguard v1.2.0
[INFO] [stderr]    Compiling cpal v0.15.2
[INFO] [stderr]    Compiling proc-macro-error-attr v1.0.4
[INFO] [stderr]    Compiling dasp_sample v0.11.0
[INFO] [stderr]    Compiling quote v1.0.33
[INFO] [stderr]    Compiling png v0.17.10
[INFO] [stderr]    Compiling syn v1.0.109
[INFO] [stderr]    Compiling proc-macro-error v1.0.4
[INFO] [stderr]    Compiling audio-engine-notes v0.1.0 (/opt/rustwide/workdir/audio-engine-notes)
[INFO] [stderr]    Compiling syn v2.0.39
[INFO] [stderr]    Compiling either v1.9.0
[INFO] [stderr]    Compiling include_dir_macros v0.7.3
[INFO] [stderr]    Compiling itertools v0.10.5
[INFO] [stderr]    Compiling utf8parse v0.2.1
[INFO] [stderr]    Compiling audio-engine-discrete-time v0.1.0 (/opt/rustwide/workdir/audio-engine-discrete-time)
[INFO] [stderr]    Compiling anstyle-parse v0.2.3
[INFO] [stderr]    Compiling colorchoice v1.0.0
[INFO] [stderr]    Compiling include_dir v0.7.3
[INFO] [stderr]    Compiling anstyle v1.0.4
[INFO] [stderr]    Compiling anstyle-query v1.0.2
[INFO] [stderr]    Compiling heck v0.4.1
[INFO] [stderr]    Compiling audio-engine-common v0.1.0 (/opt/rustwide/workdir/audio-engine-common)
[INFO] [stderr]    Compiling nix v0.24.3
[INFO] [stderr]    Compiling audio-engine-instrument-bowed-string v0.1.0 (/opt/rustwide/workdir/audio-engine-instrument-bowed-string)
[INFO] [stderr]    Compiling audio-engine-effect v0.1.0 (/opt/rustwide/workdir/audio-engine-effect)
[INFO] [stderr]    Compiling anstream v0.6.5
[INFO] [stderr]    Compiling parking_lot v0.12.1
[INFO] [stderr]    Compiling alsa v0.7.1
[INFO] [stderr]    Compiling clap_lex v0.6.0
[INFO] [stderr]    Compiling strsim v0.10.0
[INFO] [stderr]    Compiling audio-engine-effect-distortion v0.1.0 (/opt/rustwide/workdir/audio-engine-effect-distortion)
[INFO] [stderr]    Compiling audio-engine-effect-delay v0.1.0 (/opt/rustwide/workdir/audio-engine-effect-delay)
[INFO] [stderr]    Compiling clap_builder v4.4.12
[INFO] [stderr]    Compiling audio-engine-player v0.1.0 (/opt/rustwide/workdir/audio-engine-player)
[INFO] [stderr]    Compiling riff v1.0.1
[INFO] [stderr]    Compiling hex v0.4.3
[INFO] [stderr]    Compiling wav v1.0.0
[INFO] [stderr]    Compiling audio-engine-fourier v0.1.0 (/opt/rustwide/workdir/audio-engine-fourier)
[INFO] [stderr]    Compiling audio-engine-instrument-piano v0.1.0 (/opt/rustwide/workdir/audio-engine-instrument-piano)
[INFO] [stderr]    Compiling audio-engine-instrument-sample v0.1.0 (/opt/rustwide/workdir/audio-engine-instrument-sample)
[INFO] [stdout] warning: variable does not need to be mutable
[INFO] [stdout]   --> audio-engine-instrument-piano/src/piano2/mod.rs:61:13
[INFO] [stdout]    |
[INFO] [stdout] 61 |         let mut result = Piano {
[INFO] [stdout]    |             ----^^^^^^
[INFO] [stdout]    |             |
[INFO] [stdout]    |             help: remove this `mut`
[INFO] [stdout]    |
[INFO] [stdout]    = note: `#[warn(unused_mut)]` on by default
[INFO] [stdout] 
[INFO] [stdout] 
[INFO] [stderr]    Compiling aquamarine v0.4.0
[INFO] [stderr]    Compiling clap_derive v4.4.7
[INFO] [stderr]    Compiling audio-engine-instrument-fm v0.1.0 (/opt/rustwide/workdir/audio-engine-instrument-fm)
[INFO] [stderr]    Compiling audio-engine-sequencer v0.1.0 (/opt/rustwide/workdir/audio-engine-sequencer)
[INFO] [stderr]    Compiling audio-engine-instruments v0.1.0 (/opt/rustwide/workdir/audio-engine-instruments)
[INFO] [stderr]    Compiling clap v4.4.12
[INFO] [stderr]    Compiling wav2rs v0.1.0 (/opt/rustwide/workdir/tools/wav2rs)
[INFO] [stderr]    Compiling tuner v0.1.0 (/opt/rustwide/workdir/tools/tuner)
[INFO] [stderr]    Compiling audio-engine-tracker v0.1.0 (/opt/rustwide/workdir/audio-engine-tracker)
[INFO] [stderr]    Compiling sample2fm v0.1.0 (/opt/rustwide/workdir/tools/sample2fm)
[INFO] [stdout] warning: unreachable expression
[INFO] [stdout]    --> audio-engine-tracker/src/song.rs:156:9
[INFO] [stdout]     |
[INFO] [stdout] 155 |         todo!("Can tracker call this function?");
[INFO] [stdout]     |         ---------------------------------------- any code following this expression is unreachable
[INFO] [stdout] 156 |         0.0
[INFO] [stdout]     |         ^^^ unreachable expression
[INFO] [stdout]     |
[INFO] [stdout]     = note: `#[warn(unreachable_code)]` on by default
[INFO] [stdout] 
[INFO] [stdout] 
[INFO] [stdout] warning: unused variable: `parameters`
[INFO] [stdout]    --> audio-engine-tracker/src/song.rs:154:22
[INFO] [stdout]     |
[INFO] [stdout] 154 |     fn sample(&self, parameters: &Self::Parameters, state: &mut Self::SoundState) -> f32 {
[INFO] [stdout]     |                      ^^^^^^^^^^ help: if this is intentional, prefix it with an underscore: `_parameters`
[INFO] [stdout]     |
[INFO] [stdout]     = note: `#[warn(unused_variables)]` on by default
[INFO] [stdout] 
[INFO] [stdout] 
[INFO] [stdout] warning: unused variable: `state`
[INFO] [stdout]    --> audio-engine-tracker/src/song.rs:154:53
[INFO] [stdout]     |
[INFO] [stdout] 154 |     fn sample(&self, parameters: &Self::Parameters, state: &mut Self::SoundState) -> f32 {
[INFO] [stdout]     |                                                     ^^^^^ help: if this is intentional, prefix it with an underscore: `_state`
[INFO] [stdout] 
[INFO] [stdout] 
[INFO] [stderr]    Compiling audio-engine-tracker-songs v0.1.0 (/opt/rustwide/workdir/audio-engine-tracker-songs)
[INFO] [stderr]     Finished `dev` profile [unoptimized + debuginfo] target(s) in 39.98s
[INFO] running `Command { std: "docker" "inspect" "26d18c50ab7813f6eed1ffe210c1780b3f318ea4e0f4b05ab8e3b193523df418", kill_on_drop: false }`
[INFO] running `Command { std: "docker" "rm" "-f" "26d18c50ab7813f6eed1ffe210c1780b3f318ea4e0f4b05ab8e3b193523df418", kill_on_drop: false }`
[INFO] [stdout] 26d18c50ab7813f6eed1ffe210c1780b3f318ea4e0f4b05ab8e3b193523df418
[INFO] running `Command { std: "docker" "create" "-v" "/var/lib/crater-agent-workspace/builds/worker-1-tc2/target:/opt/rustwide/target:rw,Z" "-v" "/var/lib/crater-agent-workspace/builds/worker-1-tc2/source:/opt/rustwide/workdir:ro,Z" "-v" "/var/lib/crater-agent-workspace/cargo-home:/opt/rustwide/cargo-home:ro,Z" "-v" "/var/lib/crater-agent-workspace/rustup-home:/opt/rustwide/rustup-home:ro,Z" "-e" "SOURCE_DIR=/opt/rustwide/workdir" "-e" "CARGO_TARGET_DIR=/opt/rustwide/target" "-e" "CARGO_INCREMENTAL=0" "-e" "RUST_BACKTRACE=full" "-e" "RUSTFLAGS=--cap-lints=warn" "-e" "RUSTDOCFLAGS=--cap-lints=warn" "-e" "CARGO_HOME=/opt/rustwide/cargo-home" "-e" "RUSTUP_HOME=/opt/rustwide/rustup-home" "-w" "/opt/rustwide/workdir" "-m" "1610612736" "--user" "0:0" "--network" "none" "ghcr.io/rust-lang/crates-build-env/linux@sha256:f3a9d4ad9d972b27faf3965f35b62e55ba32bbce8f20bc8fe909558a86702fde" "/opt/rustwide/cargo-home/bin/cargo" "+beta-2024-12-08" "test" "--frozen" "--no-run" "--message-format=json", kill_on_drop: false }`
[INFO] [stdout] 819bc57143a9e284b1bb0c9e9e973c774842afb8de0f22d6f5f9db7bfd5e74bb
[INFO] running `Command { std: "docker" "start" "-a" "819bc57143a9e284b1bb0c9e9e973c774842afb8de0f22d6f5f9db7bfd5e74bb", kill_on_drop: false }`
[INFO] [stdout] warning: variable does not need to be mutable
[INFO] [stdout]   --> audio-engine-instrument-piano/src/piano2/mod.rs:61:13
[INFO] [stdout]    |
[INFO] [stdout] 61 |         let mut result = Piano {
[INFO] [stdout]    |             ----^^^^^^
[INFO] [stdout]    |             |
[INFO] [stdout]    |             help: remove this `mut`
[INFO] [stdout]    |
[INFO] [stdout]    = note: `#[warn(unused_mut)]` on by default
[INFO] [stdout] 
[INFO] [stdout] 
[INFO] [stderr]    Compiling audio-engine-instrument-fm v0.1.0 (/opt/rustwide/workdir/audio-engine-instrument-fm)
[INFO] [stderr]    Compiling audio-engine-instrument-bowed-string v0.1.0 (/opt/rustwide/workdir/audio-engine-instrument-bowed-string)
[INFO] [stderr]    Compiling audio-engine-sequencer v0.1.0 (/opt/rustwide/workdir/audio-engine-sequencer)
[INFO] [stderr]    Compiling audio-engine-effect-distortion v0.1.0 (/opt/rustwide/workdir/audio-engine-effect-distortion)
[INFO] [stderr]    Compiling wav2rs v0.1.0 (/opt/rustwide/workdir/tools/wav2rs)
[INFO] [stderr]    Compiling audio-engine-tracker v0.1.0 (/opt/rustwide/workdir/audio-engine-tracker)
[INFO] [stdout] warning: unreachable expression
[INFO] [stdout]    --> audio-engine-tracker/src/song.rs:156:9
[INFO] [stdout]     |
[INFO] [stdout] 155 |         todo!("Can tracker call this function?");
[INFO] [stdout]     |         ---------------------------------------- any code following this expression is unreachable
[INFO] [stdout] 156 |         0.0
[INFO] [stdout]     |         ^^^ unreachable expression
[INFO] [stdout]     |
[INFO] [stdout]     = note: `#[warn(unreachable_code)]` on by default
[INFO] [stdout] 
[INFO] [stdout] 
[INFO] [stdout] warning: unused variable: `parameters`
[INFO] [stdout]    --> audio-engine-tracker/src/song.rs:154:22
[INFO] [stdout]     |
[INFO] [stdout] 154 |     fn sample(&self, parameters: &Self::Parameters, state: &mut Self::SoundState) -> f32 {
[INFO] [stdout]     |                      ^^^^^^^^^^ help: if this is intentional, prefix it with an underscore: `_parameters`
[INFO] [stdout]     |
[INFO] [stdout]     = note: `#[warn(unused_variables)]` on by default
[INFO] [stdout] 
[INFO] [stdout] 
[INFO] [stderr]    Compiling audio-engine-tracker-songs v0.1.0 (/opt/rustwide/workdir/audio-engine-tracker-songs)
[INFO] [stdout] warning: unused variable: `state`
[INFO] [stdout]    --> audio-engine-tracker/src/song.rs:154:53
[INFO] [stdout]     |
[INFO] [stdout] 154 |     fn sample(&self, parameters: &Self::Parameters, state: &mut Self::SoundState) -> f32 {
[INFO] [stdout]     |                                                     ^^^^^ help: if this is intentional, prefix it with an underscore: `_state`
[INFO] [stdout] 
[INFO] [stdout] 
[INFO] [stdout] warning: unreachable expression
[INFO] [stdout]    --> audio-engine-tracker/src/song.rs:156:9
[INFO] [stdout]     |
[INFO] [stdout] 155 |         todo!("Can tracker call this function?");
[INFO] [stdout]     |         ---------------------------------------- any code following this expression is unreachable
[INFO] [stdout] 156 |         0.0
[INFO] [stdout]     |         ^^^ unreachable expression
[INFO] [stdout]     |
[INFO] [stdout]     = note: `#[warn(unreachable_code)]` on by default
[INFO] [stdout] 
[INFO] [stdout] 
[INFO] [stdout] warning: unused variable: `parameters`
[INFO] [stdout]    --> audio-engine-tracker/src/song.rs:154:22
[INFO] [stdout]     |
[INFO] [stdout] 154 |     fn sample(&self, parameters: &Self::Parameters, state: &mut Self::SoundState) -> f32 {
[INFO] [stdout]     |                      ^^^^^^^^^^ help: if this is intentional, prefix it with an underscore: `_parameters`
[INFO] [stdout]     |
[INFO] [stdout]     = note: `#[warn(unused_variables)]` on by default
[INFO] [stdout] 
[INFO] [stdout] 
[INFO] [stdout] warning: unused variable: `state`
[INFO] [stdout]    --> audio-engine-tracker/src/song.rs:154:53
[INFO] [stdout]     |
[INFO] [stdout] 154 |     fn sample(&self, parameters: &Self::Parameters, state: &mut Self::SoundState) -> f32 {
[INFO] [stdout]     |                                                     ^^^^^ help: if this is intentional, prefix it with an underscore: `_state`
[INFO] [stdout] 
[INFO] [stdout] 
[INFO] [stderr]    Compiling sample2fm v0.1.0 (/opt/rustwide/workdir/tools/sample2fm)
[INFO] [stderr]    Compiling tuner v0.1.0 (/opt/rustwide/workdir/tools/tuner)
[INFO] [stderr]    Compiling audio-engine-instruments v0.1.0 (/opt/rustwide/workdir/audio-engine-instruments)
[INFO] [stderr]    Compiling audio-engine-instrument-piano v0.1.0 (/opt/rustwide/workdir/audio-engine-instrument-piano)
[INFO] [stderr]    Compiling audio-engine-instrument-sample v0.1.0 (/opt/rustwide/workdir/audio-engine-instrument-sample)
[INFO] [stderr]    Compiling audio-engine-effect-delay v0.1.0 (/opt/rustwide/workdir/audio-engine-effect-delay)
[INFO] [stderr]    Compiling audio-engine-effect v0.1.0 (/opt/rustwide/workdir/audio-engine-effect)
[INFO] [stderr]    Compiling audio-engine-common v0.1.0 (/opt/rustwide/workdir/audio-engine-common)
[INFO] [stderr]    Compiling audio-engine-player v0.1.0 (/opt/rustwide/workdir/audio-engine-player)
[INFO] [stdout] warning: variable does not need to be mutable
[INFO] [stdout]   --> audio-engine-instrument-piano/src/piano2/mod.rs:61:13
[INFO] [stdout]    |
[INFO] [stdout] 61 |         let mut result = Piano {
[INFO] [stdout]    |             ----^^^^^^
[INFO] [stdout]    |             |
[INFO] [stdout]    |             help: remove this `mut`
[INFO] [stdout]    |
[INFO] [stdout]    = note: `#[warn(unused_mut)]` on by default
[INFO] [stdout] 
[INFO] [stdout] 
[INFO] [stdout] warning: unused variable: `i`
[INFO] [stdout]    --> audio-engine-instrument-piano/src/piano2/mod.rs:278:9
[INFO] [stdout]     |
[INFO] [stdout] 278 |     for i in 0..10000 {
[INFO] [stdout]     |         ^ help: if this is intentional, prefix it with an underscore: `_i`
[INFO] [stdout]     |
[INFO] [stdout]     = note: `#[warn(unused_variables)]` on by default
[INFO] [stdout] 
[INFO] [stdout] 
[INFO] [stderr]    Compiling audio-engine-notes v0.1.0 (/opt/rustwide/workdir/audio-engine-notes)
[INFO] [stderr]    Compiling audio-engine-fourier v0.1.0 (/opt/rustwide/workdir/audio-engine-fourier)
[INFO] [stderr]    Compiling audio-engine-discrete-time v0.1.0 (/opt/rustwide/workdir/audio-engine-discrete-time)
[INFO] [stderr]     Finished `test` profile [unoptimized + debuginfo] target(s) in 13.10s
[INFO] running `Command { std: "docker" "inspect" "819bc57143a9e284b1bb0c9e9e973c774842afb8de0f22d6f5f9db7bfd5e74bb", kill_on_drop: false }`
[INFO] running `Command { std: "docker" "rm" "-f" "819bc57143a9e284b1bb0c9e9e973c774842afb8de0f22d6f5f9db7bfd5e74bb", kill_on_drop: false }`
[INFO] [stdout] 819bc57143a9e284b1bb0c9e9e973c774842afb8de0f22d6f5f9db7bfd5e74bb
[INFO] running `Command { std: "docker" "create" "-v" "/var/lib/crater-agent-workspace/builds/worker-1-tc2/target:/opt/rustwide/target:rw,Z" "-v" "/var/lib/crater-agent-workspace/builds/worker-1-tc2/source:/opt/rustwide/workdir:ro,Z" "-v" "/var/lib/crater-agent-workspace/cargo-home:/opt/rustwide/cargo-home:ro,Z" "-v" "/var/lib/crater-agent-workspace/rustup-home:/opt/rustwide/rustup-home:ro,Z" "-e" "SOURCE_DIR=/opt/rustwide/workdir" "-e" "CARGO_TARGET_DIR=/opt/rustwide/target" "-e" "CARGO_INCREMENTAL=0" "-e" "RUST_BACKTRACE=full" "-e" "RUSTFLAGS=--cap-lints=warn" "-e" "RUSTDOCFLAGS=--cap-lints=warn" "-e" "CARGO_HOME=/opt/rustwide/cargo-home" "-e" "RUSTUP_HOME=/opt/rustwide/rustup-home" "-w" "/opt/rustwide/workdir" "-m" "1610612736" "--user" "0:0" "--network" "none" "ghcr.io/rust-lang/crates-build-env/linux@sha256:f3a9d4ad9d972b27faf3965f35b62e55ba32bbce8f20bc8fe909558a86702fde" "/opt/rustwide/cargo-home/bin/cargo" "+beta-2024-12-08" "test" "--frozen", kill_on_drop: false }`
[INFO] [stdout] 55b30f9181a94192881a45a0499799bfc33eadced2e2f182ba358c72dd973954
[INFO] running `Command { std: "docker" "start" "-a" "55b30f9181a94192881a45a0499799bfc33eadced2e2f182ba358c72dd973954", kill_on_drop: false }`
[INFO] [stderr] warning: variable does not need to be mutable
[INFO] [stderr]   --> audio-engine-instrument-piano/src/piano2/mod.rs:61:13
[INFO] [stderr]    |
[INFO] [stderr] 61 |         let mut result = Piano {
[INFO] [stderr]    |             ----^^^^^^
[INFO] [stderr]    |             |
[INFO] [stderr]    |             help: remove this `mut`
[INFO] [stderr]    |
[INFO] [stderr]    = note: `#[warn(unused_mut)]` on by default
[INFO] [stderr] 
[INFO] [stderr] warning: `audio-engine-instrument-piano` (lib) generated 1 warning (run `cargo fix --lib -p audio-engine-instrument-piano` to apply 1 suggestion)
[INFO] [stderr] warning: unreachable expression
[INFO] [stderr]    --> audio-engine-tracker/src/song.rs:156:9
[INFO] [stderr]     |
[INFO] [stderr] 155 |         todo!("Can tracker call this function?");
[INFO] [stderr]     |         ---------------------------------------- any code following this expression is unreachable
[INFO] [stderr] 156 |         0.0
[INFO] [stderr]     |         ^^^ unreachable expression
[INFO] [stderr]     |
[INFO] [stderr]     = note: `#[warn(unreachable_code)]` on by default
[INFO] [stderr] 
[INFO] [stderr] warning: unused variable: `parameters`
[INFO] [stderr]    --> audio-engine-tracker/src/song.rs:154:22
[INFO] [stderr]     |
[INFO] [stderr] 154 |     fn sample(&self, parameters: &Self::Parameters, state: &mut Self::SoundState) -> f32 {
[INFO] [stderr]     |                      ^^^^^^^^^^ help: if this is intentional, prefix it with an underscore: `_parameters`
[INFO] [stderr]     |
[INFO] [stderr]     = note: `#[warn(unused_variables)]` on by default
[INFO] [stderr] 
[INFO] [stderr] warning: unused variable: `state`
[INFO] [stderr]    --> audio-engine-tracker/src/song.rs:154:53
[INFO] [stderr]     |
[INFO] [stderr] 154 |     fn sample(&self, parameters: &Self::Parameters, state: &mut Self::SoundState) -> f32 {
[INFO] [stderr]     |                                                     ^^^^^ help: if this is intentional, prefix it with an underscore: `_state`
[INFO] [stderr] 
[INFO] [stderr] warning: unused variable: `i`
[INFO] [stderr]    --> audio-engine-instrument-piano/src/piano2/mod.rs:278:9
[INFO] [stderr]     |
[INFO] [stderr] 278 |     for i in 0..10000 {
[INFO] [stderr]     |         ^ help: if this is intentional, prefix it with an underscore: `_i`
[INFO] [stderr]     |
[INFO] [stderr]     = note: `#[warn(unused_variables)]` on by default
[INFO] [stderr] 
[INFO] [stderr] warning: `audio-engine-tracker` (lib) generated 3 warnings
[INFO] [stderr] warning: `audio-engine-tracker` (lib test) generated 3 warnings (3 duplicates)
[INFO] [stderr] warning: `audio-engine-instrument-piano` (lib test) generated 2 warnings (1 duplicate)
[INFO] [stderr]     Finished `test` profile [unoptimized + debuginfo] target(s) in 0.16s
[INFO] [stderr]      Running unittests src/lib.rs (/opt/rustwide/target/debug/deps/audio_engine_common-be1d79364cd1c060)
[INFO] [stdout] 
[INFO] [stdout] running 13 tests
[INFO] [stdout] test buffer::ring_buffer::test::pop_or_default ... ok
[INFO] [stdout] test convolve::test::convolve_f64 ... ok
[INFO] [stdout] test convolve::test::convolve_f64_neg ... ok
[INFO] [stdout] test convolve::test::convolve_f64_no_mirror ... ok
[INFO] [stdout] test waveform::shape::saw::test::test_saw_harmonics ... ok
[INFO] [stdout] test waveform::shape::sine::test::test_sine_harmonics ... ok
[INFO] [stdout] test waveform::shape::triangle::test::test_triangle_harmonics ... ok
[INFO] [stdout] test buffer::ring_buffer::test::pop_0 ... ok
[INFO] [stdout] test buffer::ring_buffer::test::pop_0_multiple ... ok
[INFO] [stdout] test convolve::test::convolve_f32 ... ok
[INFO] [stdout] test buffer::ring_buffer::test::pop_3 ... ok
[INFO] [stdout] test waveform::shape::square::test::test_square_harmonics ... ok
[INFO] [stdout] test digital_sound::benchmark::test_benchmark ... ok
[INFO] [stdout] 
[INFO] [stdout] test result: ok. 13 passed; 0 failed; 0 ignored; 0 measured; 0 filtered out; finished in 0.08s
[INFO] [stdout] 
[INFO] [stderr]      Running unittests src/lib.rs (/opt/rustwide/target/debug/deps/audio_engine_discrete_time-80c3f49e55d40739)
[INFO] [stdout] 
[INFO] [stdout] running 15 tests
[INFO] [stdout] test transfer_function_test::test_dl1 ... ok
[INFO] [stdout] test transfer_function_test::test_h3 ... ok
[INFO] [stdout] test transfer_function_test::test_h1 ... ok
[INFO] [stdout] test transfer_function_test::test_h2 ... ok
[INFO] [stdout] test transfer_function_test::test_hd ... ok
[INFO] [stdout] test transfer_function_test::test_hfd1 ... ok
[INFO] [stdout] test transfer_function_test::test_hd_pow ... ok
[INFO] [stdout] test transfer_function_test::test_hl ... ok
[INFO] [stdout] test transfer_function_test::test_z ... ok
[INFO] [stdout] test transfer_function_test::test_dw3 ... ok
[INFO] [stdout] test transfer_function_test::test_hfd3 ... ok
[INFO] [stdout] test transfer_function_test::test_dw2 ... ok
[INFO] [stdout] test transfer_function_test::test_dl2 ... ok
[INFO] [stdout] test transfer_function_test::test_hfd2 ... ok
[INFO] [stdout] test transfer_function_test::test_dw1 ... ok
[INFO] [stdout] 
[INFO] [stdout] test result: ok. 15 passed; 0 failed; 0 ignored; 0 measured; 0 filtered out; finished in 0.04s
[INFO] [stdout] 
[INFO] [stderr]      Running unittests src/lib.rs (/opt/rustwide/target/debug/deps/audio_engine_effect-16a73a914bfd00aa)
[INFO] [stdout] 
[INFO] [stdout] running 0 tests
[INFO] [stdout] 
[INFO] [stdout] test result: ok. 0 passed; 0 failed; 0 ignored; 0 measured; 0 filtered out; finished in 0.00s
[INFO] [stdout] 
[INFO] [stderr]      Running unittests src/lib.rs (/opt/rustwide/target/debug/deps/audio_engine_effect_delay-832483be539249f3)
[INFO] [stdout] 
[INFO] [stdout] running 2 tests
[INFO] [stdout] test delay::test::delay_large_input ... ok
[INFO] [stdout] test delay::test::delay_small_input ... ok
[INFO] [stdout] 
[INFO] [stdout] test result: ok. 2 passed; 0 failed; 0 ignored; 0 measured; 0 filtered out; finished in 0.00s
[INFO] [stdout] 
[INFO] [stderr]      Running unittests src/lib.rs (/opt/rustwide/target/debug/deps/audio_engine_effect_distortion-599b3a9865e6ec6d)
[INFO] [stdout] 
[INFO] [stdout] running 0 tests
[INFO] [stdout] 
[INFO] [stderr]      Running unittests src/lib.rs (/opt/rustwide/target/debug/deps/audio_engine_fourier-fcaee125833f7998)
[INFO] [stdout] test result: ok. 0 passed; 0 failed; 0 ignored; 0 measured; 0 filtered out; finished in 0.00s
[INFO] [stdout] 
[INFO] [stdout] 
[INFO] [stdout] running 4 tests
[INFO] [stdout] test test::time_to_frequency ... ok
[INFO] [stdout] test test::frequency_to_time ... ok
[INFO] [stdout] test test::time_to_frequency_to_time ... ok
[INFO] [stdout] test test::frequency_range ... ok
[INFO] [stdout] 
[INFO] [stdout] test result: ok. 4 passed; 0 failed; 0 ignored; 0 measured; 0 filtered out; finished in 1.30s
[INFO] [stdout] 
[INFO] [stdout] 
[INFO] [stdout] running 4 tests
[INFO] [stderr]      Running unittests src/lib.rs (/opt/rustwide/target/debug/deps/audio_engine_instrument_bowed_string-163d118c791edbc2)
[INFO] [stdout] test string::hand_position_pitch ... ok
[INFO] [stdout] test processor::test::validation::validate_optimized_modal_processor ... ok
[INFO] [stdout] test processor::test::validation::validate_modal_processor ... ok
[INFO] [stdout] test processor::test::string_processor ... ok
[INFO] [stdout] 
[INFO] [stdout] test result: ok. 4 passed; 0 failed; 0 ignored; 0 measured; 0 filtered out; finished in 0.47s
[INFO] [stdout] 
[INFO] [stderr]      Running unittests src/lib.rs (/opt/rustwide/target/debug/deps/audio_engine_instrument_fm-ea4f16fe2b158fee)
[INFO] [stdout] 
[INFO] [stdout] running 1 test
[INFO] [stdout] test algorithm::preset::dx7::test::compile_dx7_algorithms ... ok
[INFO] [stdout] 
[INFO] [stdout] test result: ok. 1 passed; 0 failed; 0 ignored; 0 measured; 0 filtered out; finished in 0.00s
[INFO] [stdout] 
[INFO] [stdout] 
[INFO] [stdout] running 4 tests
[INFO] [stderr]      Running unittests src/lib.rs (/opt/rustwide/target/debug/deps/audio_engine_instrument_piano-df9740d0292745c0)
[INFO] [stdout] test piano2::test::test_52326hz_10ms ... FAILED
[INFO] [stdout] test piano2::piano ... ok
[INFO] [stdout] test piano::test::generate_c4 ... ok
[INFO] [stderr] error: test failed, to rerun pass `-p audio-engine-instrument-piano --lib`
[INFO] [stdout] test piano2::test::test_52325hz_10ms ... ok
[INFO] [stdout] 
[INFO] [stdout] failures:
[INFO] [stdout] 
[INFO] [stdout] ---- piano2::test::test_52326hz_10ms stdout ----
[INFO] [stdout] 523.26Hz, 10m/s
[INFO] [stdout] thread 'piano2::test::test_52326hz_10ms' panicked at audio-engine-instrument-piano/src/piano2/test.rs:12:9:
[INFO] [stdout] assertion failed: sample.abs() < 10.0
[INFO] [stdout] stack backtrace:
[INFO] [stdout]    0:     0x591584754baa - std::backtrace_rs::backtrace::libunwind::trace::h8810477743020387
[INFO] [stdout]                                at /rustc/202008a1b8de96d2e5b6bc02d379db03a877d34d/library/std/src/../../backtrace/src/backtrace/libunwind.rs:116:5
[INFO] [stdout]    1:     0x591584754baa - std::backtrace_rs::backtrace::trace_unsynchronized::h3aa55355dd6c54a6
[INFO] [stdout]                                at /rustc/202008a1b8de96d2e5b6bc02d379db03a877d34d/library/std/src/../../backtrace/src/backtrace/mod.rs:66:5
[INFO] [stdout]    2:     0x591584754baa - std::sys::backtrace::_print_fmt::h8588b0f62410823f
[INFO] [stdout]                                at /rustc/202008a1b8de96d2e5b6bc02d379db03a877d34d/library/std/src/sys/backtrace.rs:66:9
[INFO] [stdout]    3:     0x591584754baa - <std::sys::backtrace::BacktraceLock::print::DisplayBacktrace as core::fmt::Display>::fmt::h98c26ac25ffe89bb
[INFO] [stdout]                                at /rustc/202008a1b8de96d2e5b6bc02d379db03a877d34d/library/std/src/sys/backtrace.rs:39:26
[INFO] [stdout]    4:     0x59158477b3b3 - core::fmt::rt::Argument::fmt::hf95377f4aebd453b
[INFO] [stdout]                                at /rustc/202008a1b8de96d2e5b6bc02d379db03a877d34d/library/core/src/fmt/rt.rs:177:76
[INFO] [stdout]    5:     0x59158477b3b3 - core::fmt::write::h0dd5f6e2238c7982
[INFO] [stdout]                                at /rustc/202008a1b8de96d2e5b6bc02d379db03a877d34d/library/core/src/fmt/mod.rs:1189:21
[INFO] [stdout]    6:     0x591584751d43 - std::io::Write::write_fmt::h03bb0ca26e6faf8c
[INFO] [stdout]                                at /rustc/202008a1b8de96d2e5b6bc02d379db03a877d34d/library/std/src/io/mod.rs:1884:15
[INFO] [stdout]    7:     0x5915847549f2 - std::sys::backtrace::BacktraceLock::print::h5c19c1c038ee186d
[INFO] [stdout]                                at /rustc/202008a1b8de96d2e5b6bc02d379db03a877d34d/library/std/src/sys/backtrace.rs:42:9
[INFO] [stdout]    8:     0x59158475602d - std::panicking::default_hook::{{closure}}::h77172f079a1fcb13
[INFO] [stdout]                                at /rustc/202008a1b8de96d2e5b6bc02d379db03a877d34d/library/std/src/panicking.rs:268:22
[INFO] [stdout]    9:     0x591584755e37 - std::panicking::default_hook::he5f8e3b203ccddba
[INFO] [stdout]                                at /rustc/202008a1b8de96d2e5b6bc02d379db03a877d34d/library/std/src/panicking.rs:292:9
[INFO] [stdout]   10:     0x591584719a57 - <alloc::boxed::Box<F,A> as core::ops::function::Fn<Args>>::call::h7a3c7b4a1ae77f2f
[INFO] [stdout]                                at /rustc/202008a1b8de96d2e5b6bc02d379db03a877d34d/library/alloc/src/boxed.rs:1986:9
[INFO] [stdout]   11:     0x591584719a57 - test::test_main::{{closure}}::hf0d3b69ae9b353d1
[INFO] [stdout]                                at /rustc/202008a1b8de96d2e5b6bc02d379db03a877d34d/library/test/src/lib.rs:134:21
[INFO] [stdout]   12:     0x5915847566d8 - <alloc::boxed::Box<F,A> as core::ops::function::Fn<Args>>::call::h6332e82e7b189abd
[INFO] [stdout]                                at /rustc/202008a1b8de96d2e5b6bc02d379db03a877d34d/library/alloc/src/boxed.rs:1986:9
[INFO] [stdout]   13:     0x5915847566d8 - std::panicking::rust_panic_with_hook::h53863d4e9018df39
[INFO] [stdout]                                at /rustc/202008a1b8de96d2e5b6bc02d379db03a877d34d/library/std/src/panicking.rs:809:13
[INFO] [stdout]   14:     0x591584756466 - std::panicking::begin_panic_handler::{{closure}}::h67280e6fa0757873
[INFO] [stdout]                                at /rustc/202008a1b8de96d2e5b6bc02d379db03a877d34d/library/std/src/panicking.rs:667:13
[INFO] [stdout]   15:     0x591584755089 - std::sys::backtrace::__rust_end_short_backtrace::h1dac3f54d6fbbeb2
[INFO] [stdout]                                at /rustc/202008a1b8de96d2e5b6bc02d379db03a877d34d/library/std/src/sys/backtrace.rs:170:18
[INFO] [stdout]   16:     0x59158475612c - rust_begin_unwind
[INFO] [stdout]                                at /rustc/202008a1b8de96d2e5b6bc02d379db03a877d34d/library/std/src/panicking.rs:665:5
[INFO] [stdout]   17:     0x5915846c7af0 - core::panicking::panic_fmt::h6792bd1b2bf01041
[INFO] [stdout]                                at /rustc/202008a1b8de96d2e5b6bc02d379db03a877d34d/library/core/src/panicking.rs:76:14
[INFO] [stdout]   18:     0x5915846c7b7c - core::panicking::panic::hbb5c236a846c507c
[INFO] [stdout]                                at /rustc/202008a1b8de96d2e5b6bc02d379db03a877d34d/library/core/src/panicking.rs:148:5
[INFO] [stdout]   19:     0x5915846d4f42 - audio_engine_instrument_piano::piano2::test::test_52326hz_10ms::hd29409d019944d8f
[INFO] [stdout]                                at /opt/rustwide/workdir/audio-engine-instrument-piano/src/piano2/test.rs:12:9
[INFO] [stdout]   20:     0x5915846d4d07 - audio_engine_instrument_piano::piano2::test::test_52326hz_10ms::{{closure}}::h5d3bc9a158bcfd08
[INFO] [stdout]                                at /opt/rustwide/workdir/audio-engine-instrument-piano/src/piano2/test.rs:4:23
[INFO] [stdout]   21:     0x5915846d1ae6 - core::ops::function::FnOnce::call_once::h484ad60be543fbe4
[INFO] [stdout]                                at /rustc/202008a1b8de96d2e5b6bc02d379db03a877d34d/library/core/src/ops/function.rs:250:5
[INFO] [stdout]   22:     0x59158471e57b - core::ops::function::FnOnce::call_once::h871bf86719ec9aa4
[INFO] [stdout]                                at /rustc/202008a1b8de96d2e5b6bc02d379db03a877d34d/library/core/src/ops/function.rs:250:5
[INFO] [stdout]   23:     0x59158471e57b - test::__rust_begin_short_backtrace::h2167df1e2b7d76fd
[INFO] [stdout]                                at /rustc/202008a1b8de96d2e5b6bc02d379db03a877d34d/library/test/src/lib.rs:632:18
[INFO] [stdout]   24:     0x59158471df68 - test::run_test_in_process::{{closure}}::h15d92f75a3adfb79
[INFO] [stdout]                                at /rustc/202008a1b8de96d2e5b6bc02d379db03a877d34d/library/test/src/lib.rs:655:60
[INFO] [stdout]   25:     0x59158471df68 - <core::panic::unwind_safe::AssertUnwindSafe<F> as core::ops::function::FnOnce<()>>::call_once::hb6c8955835a8dbbb
[INFO] [stdout]                                at /rustc/202008a1b8de96d2e5b6bc02d379db03a877d34d/library/core/src/panic/unwind_safe.rs:272:9
[INFO] [stdout]   26:     0x59158471df68 - std::panicking::try::do_call::hc79d0fc888a0bd30
[INFO] [stdout]                                at /rustc/202008a1b8de96d2e5b6bc02d379db03a877d34d/library/std/src/panicking.rs:557:40
[INFO] [stdout]   27:     0x59158471df68 - std::panicking::try::hb8a7878e3a8589d6
[INFO] [stdout]                                at /rustc/202008a1b8de96d2e5b6bc02d379db03a877d34d/library/std/src/panicking.rs:520:19
[INFO] [stdout]   28:     0x59158471df68 - std::panic::catch_unwind::hb8e4600ff0ff5cfa
[INFO] [stdout]                                at /rustc/202008a1b8de96d2e5b6bc02d379db03a877d34d/library/std/src/panic.rs:358:14
[INFO] [stdout]   29:     0x59158471df68 - test::run_test_in_process::hc2900b0b18688dd6
[INFO] [stdout]                                at /rustc/202008a1b8de96d2e5b6bc02d379db03a877d34d/library/test/src/lib.rs:655:27
[INFO] [stdout]   30:     0x59158471df68 - test::run_test::{{closure}}::hac2a9cb07be3d48d
[INFO] [stdout]                                at /rustc/202008a1b8de96d2e5b6bc02d379db03a877d34d/library/test/src/lib.rs:576:43
[INFO] [stdout]   31:     0x5915846e1a0a - test::run_test::{{closure}}::h4a5b729e66a38cd8
[INFO] [stdout]                                at /rustc/202008a1b8de96d2e5b6bc02d379db03a877d34d/library/test/src/lib.rs:606:41
[INFO] [stdout]   32:     0x5915846e1a0a - std::sys::backtrace::__rust_begin_short_backtrace::h0496fb742492f573
[INFO] [stdout]                                at /rustc/202008a1b8de96d2e5b6bc02d379db03a877d34d/library/std/src/sys/backtrace.rs:154:18
[INFO] [stdout]   33:     0x5915846e5384 - std::thread::Builder::spawn_unchecked_::{{closure}}::{{closure}}::hbb6d257c550a54bd
[INFO] [stdout]                                at /rustc/202008a1b8de96d2e5b6bc02d379db03a877d34d/library/std/src/thread/mod.rs:561:17
[INFO] [stdout]   34:     0x5915846e5384 - <core::panic::unwind_safe::AssertUnwindSafe<F> as core::ops::function::FnOnce<()>>::call_once::h46696fe4a6832328
[INFO] [stdout]                                at /rustc/202008a1b8de96d2e5b6bc02d379db03a877d34d/library/core/src/panic/unwind_safe.rs:272:9
[INFO] [stdout]   35:     0x5915846e5384 - std::panicking::try::do_call::h2625a51b667bfb64
[INFO] [stdout]                                at /rustc/202008a1b8de96d2e5b6bc02d379db03a877d34d/library/std/src/panicking.rs:557:40
[INFO] [stdout]   36:     0x5915846e5384 - std::panicking::try::hb956a59a1973aa4c
[INFO] [stdout]                                at /rustc/202008a1b8de96d2e5b6bc02d379db03a877d34d/library/std/src/panicking.rs:520:19
[INFO] [stdout]   37:     0x5915846e5384 - std::panic::catch_unwind::h64f3b9d1067ef6a0
[INFO] [stdout]                                at /rustc/202008a1b8de96d2e5b6bc02d379db03a877d34d/library/std/src/panic.rs:358:14
[INFO] [stdout]   38:     0x5915846e5384 - std::thread::Builder::spawn_unchecked_::{{closure}}::h42b2841295b6c0b2
[INFO] [stdout]                                at /rustc/202008a1b8de96d2e5b6bc02d379db03a877d34d/library/std/src/thread/mod.rs:559:30
[INFO] [stdout]   39:     0x5915846e5384 - core::ops::function::FnOnce::call_once{{vtable.shim}}::h6127de71b8124639
[INFO] [stdout]                                at /rustc/202008a1b8de96d2e5b6bc02d379db03a877d34d/library/core/src/ops/function.rs:250:5
[INFO] [stdout]   40:     0x59158475a61b - <alloc::boxed::Box<F,A> as core::ops::function::FnOnce<Args>>::call_once::h42f0ba71002a1b2c
[INFO] [stdout]                                at /rustc/202008a1b8de96d2e5b6bc02d379db03a877d34d/library/alloc/src/boxed.rs:1972:9
[INFO] [stdout]   41:     0x59158475a61b - <alloc::boxed::Box<F,A> as core::ops::function::FnOnce<Args>>::call_once::had9e47d7a3dcecb8
[INFO] [stdout]                                at /rustc/202008a1b8de96d2e5b6bc02d379db03a877d34d/library/alloc/src/boxed.rs:1972:9
[INFO] [stdout]   42:     0x59158475a61b - std::sys::pal::unix::thread::Thread::new::thread_start::h48cf765408f6f5f2
[INFO] [stdout]                                at /rustc/202008a1b8de96d2e5b6bc02d379db03a877d34d/library/std/src/sys/pal/unix/thread.rs:105:17
[INFO] [stdout]   43:     0x7d14ed27eac3 - <unknown>
[INFO] [stdout]   44:     0x7d14ed30fa04 - clone
[INFO] [stdout]   45:                0x0 - <unknown>
[INFO] [stdout] 
[INFO] [stdout] 
[INFO] [stdout] failures:
[INFO] [stdout]     piano2::test::test_52326hz_10ms
[INFO] [stdout] 
[INFO] [stdout] test result: FAILED. 3 passed; 1 failed; 0 ignored; 0 measured; 0 filtered out; finished in 11.40s
[INFO] [stdout] 
[INFO] running `Command { std: "docker" "inspect" "55b30f9181a94192881a45a0499799bfc33eadced2e2f182ba358c72dd973954", kill_on_drop: false }`
[INFO] running `Command { std: "docker" "rm" "-f" "55b30f9181a94192881a45a0499799bfc33eadced2e2f182ba358c72dd973954", kill_on_drop: false }`
[INFO] [stdout] 55b30f9181a94192881a45a0499799bfc33eadced2e2f182ba358c72dd973954
