[INFO] cloning repository https://github.com/jelmer/valhalla-client-rs
[INFO] running `Command { std: "git" "-c" "credential.helper=" "-c" "credential.helper=/workspace/cargo-home/bin/git-credential-null" "clone" "--bare" "https://github.com/jelmer/valhalla-client-rs" "/workspace/cache/git-repos/https%3A%2F%2Fgithub.com%2Fjelmer%2Fvalhalla-client-rs", kill_on_drop: false }`
[INFO] [stderr] Cloning into bare repository '/workspace/cache/git-repos/https%3A%2F%2Fgithub.com%2Fjelmer%2Fvalhalla-client-rs'...
[INFO] running `Command { std: "git" "rev-parse" "HEAD", kill_on_drop: false }`
[INFO] [stdout] 7658f35469728de53bcb670d1f8b6b400f855241
[INFO] testing jelmer/valhalla-client-rs against beta-2024-12-08 for beta-1.84.0-4-retry
[INFO] running `Command { std: "git" "clone" "/workspace/cache/git-repos/https%3A%2F%2Fgithub.com%2Fjelmer%2Fvalhalla-client-rs" "/workspace/builds/worker-4-tc2/source", kill_on_drop: false }`
[INFO] [stderr] Cloning into '/workspace/builds/worker-4-tc2/source'...
[INFO] [stderr] done.
[INFO] validating manifest of git repo https://github.com/jelmer/valhalla-client-rs on toolchain beta-2024-12-08
[INFO] running `Command { std: CARGO_HOME="/workspace/cargo-home" RUSTUP_HOME="/workspace/rustup-home" "/workspace/cargo-home/bin/cargo" "+beta-2024-12-08" "metadata" "--manifest-path" "Cargo.toml" "--no-deps", kill_on_drop: false }`
[INFO] started tweaking git repo https://github.com/jelmer/valhalla-client-rs
[INFO] finished tweaking git repo https://github.com/jelmer/valhalla-client-rs
[INFO] tweaked toml for git repo https://github.com/jelmer/valhalla-client-rs written to /workspace/builds/worker-4-tc2/source/Cargo.toml
[INFO] crate git repo https://github.com/jelmer/valhalla-client-rs already has a lockfile, it will not be regenerated
[INFO] running `Command { std: CARGO_HOME="/workspace/cargo-home" RUSTUP_HOME="/workspace/rustup-home" "/workspace/cargo-home/bin/cargo" "+beta-2024-12-08" "fetch" "--manifest-path" "Cargo.toml", kill_on_drop: false }`
[INFO] running `Command { std: "docker" "create" "-v" "/var/lib/crater-agent-workspace/builds/worker-4-tc2/target:/opt/rustwide/target:rw,Z" "-v" "/var/lib/crater-agent-workspace/builds/worker-4-tc2/source:/opt/rustwide/workdir:ro,Z" "-v" "/var/lib/crater-agent-workspace/cargo-home:/opt/rustwide/cargo-home:ro,Z" "-v" "/var/lib/crater-agent-workspace/rustup-home:/opt/rustwide/rustup-home:ro,Z" "-e" "SOURCE_DIR=/opt/rustwide/workdir" "-e" "CARGO_TARGET_DIR=/opt/rustwide/target" "-e" "CARGO_HOME=/opt/rustwide/cargo-home" "-e" "RUSTUP_HOME=/opt/rustwide/rustup-home" "-w" "/opt/rustwide/workdir" "-m" "1610612736" "--user" "0:0" "--network" "none" "ghcr.io/rust-lang/crates-build-env/linux@sha256:f3a9d4ad9d972b27faf3965f35b62e55ba32bbce8f20bc8fe909558a86702fde" "/opt/rustwide/cargo-home/bin/cargo" "+beta-2024-12-08" "metadata" "--no-deps" "--format-version=1", kill_on_drop: false }`
[INFO] [stdout] 1564027129f14b4c6ac7f4db2a8c1dac3b23edc9e0358754279ef4d92ced5d3e
[INFO] running `Command { std: "docker" "start" "-a" "1564027129f14b4c6ac7f4db2a8c1dac3b23edc9e0358754279ef4d92ced5d3e", kill_on_drop: false }`
[INFO] running `Command { std: "docker" "inspect" "1564027129f14b4c6ac7f4db2a8c1dac3b23edc9e0358754279ef4d92ced5d3e", kill_on_drop: false }`
[INFO] running `Command { std: "docker" "rm" "-f" "1564027129f14b4c6ac7f4db2a8c1dac3b23edc9e0358754279ef4d92ced5d3e", kill_on_drop: false }`
[INFO] [stdout] 1564027129f14b4c6ac7f4db2a8c1dac3b23edc9e0358754279ef4d92ced5d3e
[INFO] running `Command { std: "docker" "create" "-v" "/var/lib/crater-agent-workspace/builds/worker-4-tc2/target:/opt/rustwide/target:rw,Z" "-v" "/var/lib/crater-agent-workspace/builds/worker-4-tc2/source:/opt/rustwide/workdir:ro,Z" "-v" "/var/lib/crater-agent-workspace/cargo-home:/opt/rustwide/cargo-home:ro,Z" "-v" "/var/lib/crater-agent-workspace/rustup-home:/opt/rustwide/rustup-home:ro,Z" "-e" "SOURCE_DIR=/opt/rustwide/workdir" "-e" "CARGO_TARGET_DIR=/opt/rustwide/target" "-e" "CARGO_INCREMENTAL=0" "-e" "RUST_BACKTRACE=full" "-e" "RUSTFLAGS=--cap-lints=warn" "-e" "RUSTDOCFLAGS=--cap-lints=warn" "-e" "CARGO_HOME=/opt/rustwide/cargo-home" "-e" "RUSTUP_HOME=/opt/rustwide/rustup-home" "-w" "/opt/rustwide/workdir" "-m" "1610612736" "--user" "0:0" "--network" "none" "ghcr.io/rust-lang/crates-build-env/linux@sha256:f3a9d4ad9d972b27faf3965f35b62e55ba32bbce8f20bc8fe909558a86702fde" "/opt/rustwide/cargo-home/bin/cargo" "+beta-2024-12-08" "build" "--frozen" "--message-format=json", kill_on_drop: false }`
[INFO] [stdout] 7110b63f346c66bf1376bd2ec1f7616c662c0b86f53c5b8d6db58ac0704b0606
[INFO] running `Command { std: "docker" "start" "-a" "7110b63f346c66bf1376bd2ec1f7616c662c0b86f53c5b8d6db58ac0704b0606", kill_on_drop: false }`
[INFO] [stderr]    Compiling proc-macro2 v1.0.86
[INFO] [stderr]    Compiling unicode-ident v1.0.12
[INFO] [stderr]    Compiling autocfg v1.3.0
[INFO] [stderr]    Compiling libc v0.2.155
[INFO] [stderr]    Compiling stable_deref_trait v1.2.0
[INFO] [stderr]    Compiling fnv v1.0.7
[INFO] [stderr]    Compiling bytes v1.7.1
[INFO] [stderr]    Compiling itoa v1.0.11
[INFO] [stderr]    Compiling pin-project-lite v0.2.14
[INFO] [stderr]    Compiling futures-core v0.3.30
[INFO] [stderr]    Compiling cc v1.1.10
[INFO] [stderr]    Compiling pkg-config v0.3.30
[INFO] [stderr]    Compiling vcpkg v0.2.15
[INFO] [stderr]    Compiling futures-sink v0.3.30
[INFO] [stderr]    Compiling once_cell v1.19.0
[INFO] [stderr]    Compiling litemap v0.7.3
[INFO] [stderr]    Compiling writeable v0.5.5
[INFO] [stderr]    Compiling smallvec v1.13.2
[INFO] [stderr]    Compiling memchr v2.7.4
[INFO] [stderr]    Compiling pin-utils v0.1.0
[INFO] [stderr]    Compiling futures-io v0.3.30
[INFO] [stderr]    Compiling serde v1.0.215
[INFO] [stderr]    Compiling futures-task v0.3.30
[INFO] [stderr]    Compiling icu_locid_transform_data v1.5.0
[INFO] [stderr]    Compiling tracing-core v0.1.32
[INFO] [stderr]    Compiling icu_properties_data v1.5.0
[INFO] [stderr]    Compiling foreign-types-shared v0.1.1
[INFO] [stderr]    Compiling httparse v1.9.4
[INFO] [stderr]    Compiling cfg-if v1.0.0
[INFO] [stderr]    Compiling equivalent v1.0.1
[INFO] [stderr]    Compiling openssl v0.10.66
[INFO] [stderr]    Compiling hashbrown v0.14.5
[INFO] [stderr]    Compiling libm v0.2.8
[INFO] [stderr]    Compiling tracing v0.1.40
[INFO] [stderr]    Compiling foreign-types v0.3.2
[INFO] [stderr]    Compiling http v1.1.0
[INFO] [stderr]    Compiling bitflags v2.6.0
[INFO] [stderr]    Compiling slab v0.4.9
[INFO] [stderr]    Compiling num-traits v0.2.19
[INFO] [stderr]    Compiling ident_case v1.0.1
[INFO] [stderr]    Compiling mio v1.0.2
[INFO] [stderr]    Compiling socket2 v0.5.7
[INFO] [stderr]    Compiling write16 v1.0.0
[INFO] [stderr]    Compiling atomic-waker v1.1.2
[INFO] [stderr]    Compiling try-lock v0.2.5
[INFO] [stderr]    Compiling utf8_iter v1.0.4
[INFO] [stderr]    Compiling strsim v0.11.1
[INFO] [stderr]    Compiling quote v1.0.36
[INFO] [stderr]    Compiling utf16_iter v1.0.5
[INFO] [stderr]    Compiling icu_normalizer_data v1.5.0
[INFO] [stderr]    Compiling native-tls v0.2.12
[INFO] [stderr]    Compiling want v0.3.1
[INFO] [stderr]    Compiling futures-channel v0.3.30
[INFO] [stderr]    Compiling futures-util v0.3.30
[INFO] [stderr]    Compiling indexmap v2.3.0
[INFO] [stderr]    Compiling syn v2.0.85
[INFO] [stderr]    Compiling tower-service v0.3.2
[INFO] [stderr]    Compiling tower-layer v0.3.2
[INFO] [stderr]    Compiling percent-encoding v2.3.1
[INFO] [stderr]    Compiling openssl-probe v0.1.5
[INFO] [stderr]    Compiling log v0.4.22
[INFO] [stderr]    Compiling tokio v1.39.2
[INFO] [stderr]    Compiling serde_json v1.0.133
[INFO] [stderr]    Compiling form_urlencoded v1.2.1
[INFO] [stderr]    Compiling ryu v1.0.18
[INFO] [stderr]    Compiling thiserror v1.0.63
[INFO] [stderr]    Compiling powerfmt v0.2.0
[INFO] [stderr]    Compiling time-core v0.1.2
[INFO] [stderr]    Compiling num-conv v0.1.0
[INFO] [stderr]    Compiling base64 v0.22.1
[INFO] [stderr]    Compiling rustls-pki-types v1.8.0
[INFO] [stderr]    Compiling encoding_rs v0.8.34
[INFO] [stderr]    Compiling sync_wrapper v1.0.1
[INFO] [stderr]    Compiling mime v0.3.17
[INFO] [stderr]    Compiling deranged v0.3.11
[INFO] [stderr]    Compiling http-body v1.0.1
[INFO] [stderr]    Compiling iana-time-zone v0.1.61
[INFO] [stderr]    Compiling ipnet v2.9.0
[INFO] [stderr]    Compiling xml-rs v0.8.21
[INFO] [stderr]    Compiling rustls-pemfile v2.1.3
[INFO] [stderr]    Compiling openssl-sys v0.9.103
[INFO] [stderr]    Compiling time v0.3.36
[INFO] [stderr]    Compiling geo-types v0.7.14
[INFO] [stderr]    Compiling http-body-util v0.1.2
[INFO] [stderr]    Compiling tokio-util v0.7.11
[INFO] [stderr]    Compiling synstructure v0.13.1
[INFO] [stderr]    Compiling darling_core v0.20.10
[INFO] [stderr]    Compiling h2 v0.4.5
[INFO] [stderr]    Compiling zerofrom-derive v0.1.4
[INFO] [stderr]    Compiling yoke-derive v0.7.4
[INFO] [stderr]    Compiling zerovec-derive v0.10.3
[INFO] [stderr]    Compiling displaydoc v0.2.5
[INFO] [stderr]    Compiling icu_provider_macros v1.5.0
[INFO] [stderr]    Compiling serde_derive v1.0.215
[INFO] [stderr]    Compiling openssl-macros v0.1.1
[INFO] [stderr]    Compiling pin-project-internal v1.1.5
[INFO] [stderr]    Compiling thiserror-impl v1.0.63
[INFO] [stderr]    Compiling serde_repr v0.1.19
[INFO] [stderr]    Compiling darling_macro v0.20.10
[INFO] [stderr]    Compiling zerofrom v0.1.4
[INFO] [stderr]    Compiling gpx v0.10.0
[INFO] [stderr]    Compiling yoke v0.7.4
[INFO] [stderr]    Compiling zerovec v0.10.4
[INFO] [stderr]    Compiling pin-project v1.1.5
[INFO] [stderr]    Compiling tower v0.4.13
[INFO] [stderr]    Compiling darling v0.20.10
[INFO] [stderr]    Compiling serde_with_macros v3.11.0
[INFO] [stderr]    Compiling hyper v1.4.1
[INFO] [stderr]    Compiling tinystr v0.7.6
[INFO] [stderr]    Compiling icu_collections v1.5.0
[INFO] [stderr]    Compiling icu_locid v1.5.0
[INFO] [stderr]    Compiling icu_provider v1.5.0
[INFO] [stderr]    Compiling hyper-util v0.1.7
[INFO] [stderr]    Compiling icu_locid_transform v1.5.0
[INFO] [stderr]    Compiling tokio-native-tls v0.3.1
[INFO] [stderr]    Compiling hyper-tls v0.6.0
[INFO] [stderr]    Compiling icu_properties v1.5.1
[INFO] [stderr]    Compiling serde_urlencoded v0.7.1
[INFO] [stderr]    Compiling chrono v0.4.39
[INFO] [stderr]    Compiling serde_with v3.11.0
[INFO] [stderr]    Compiling icu_normalizer v1.5.0
[INFO] [stderr]    Compiling idna_adapter v1.2.0
[INFO] [stderr]    Compiling idna v1.0.3
[INFO] [stderr]    Compiling url v2.5.4
[INFO] [stderr]    Compiling reqwest v0.12.9
[INFO] [stderr]    Compiling valhalla-client v0.2.0 (/opt/rustwide/workdir)
[INFO] [stderr]     Finished `dev` profile [unoptimized + debuginfo] target(s) in 29.67s
[INFO] running `Command { std: "docker" "inspect" "7110b63f346c66bf1376bd2ec1f7616c662c0b86f53c5b8d6db58ac0704b0606", kill_on_drop: false }`
[INFO] running `Command { std: "docker" "rm" "-f" "7110b63f346c66bf1376bd2ec1f7616c662c0b86f53c5b8d6db58ac0704b0606", kill_on_drop: false }`
[INFO] [stdout] 7110b63f346c66bf1376bd2ec1f7616c662c0b86f53c5b8d6db58ac0704b0606
[INFO] running `Command { std: "docker" "create" "-v" "/var/lib/crater-agent-workspace/builds/worker-4-tc2/target:/opt/rustwide/target:rw,Z" "-v" "/var/lib/crater-agent-workspace/builds/worker-4-tc2/source:/opt/rustwide/workdir:ro,Z" "-v" "/var/lib/crater-agent-workspace/cargo-home:/opt/rustwide/cargo-home:ro,Z" "-v" "/var/lib/crater-agent-workspace/rustup-home:/opt/rustwide/rustup-home:ro,Z" "-e" "SOURCE_DIR=/opt/rustwide/workdir" "-e" "CARGO_TARGET_DIR=/opt/rustwide/target" "-e" "CARGO_INCREMENTAL=0" "-e" "RUST_BACKTRACE=full" "-e" "RUSTFLAGS=--cap-lints=warn" "-e" "RUSTDOCFLAGS=--cap-lints=warn" "-e" "CARGO_HOME=/opt/rustwide/cargo-home" "-e" "RUSTUP_HOME=/opt/rustwide/rustup-home" "-w" "/opt/rustwide/workdir" "-m" "1610612736" "--user" "0:0" "--network" "none" "ghcr.io/rust-lang/crates-build-env/linux@sha256:f3a9d4ad9d972b27faf3965f35b62e55ba32bbce8f20bc8fe909558a86702fde" "/opt/rustwide/cargo-home/bin/cargo" "+beta-2024-12-08" "test" "--frozen" "--no-run" "--message-format=json", kill_on_drop: false }`
[INFO] [stdout] ec8e5a88515351c2a24ddf2a1b595a553e3c13fd415bb27e2f213370b0478b9b
[INFO] running `Command { std: "docker" "start" "-a" "ec8e5a88515351c2a24ddf2a1b595a553e3c13fd415bb27e2f213370b0478b9b", kill_on_drop: false }`
[INFO] [stderr]    Compiling valhalla-client v0.2.0 (/opt/rustwide/workdir)
[INFO] [stderr]     Finished `test` profile [unoptimized + debuginfo] target(s) in 4.82s
[INFO] running `Command { std: "docker" "inspect" "ec8e5a88515351c2a24ddf2a1b595a553e3c13fd415bb27e2f213370b0478b9b", kill_on_drop: false }`
[INFO] running `Command { std: "docker" "rm" "-f" "ec8e5a88515351c2a24ddf2a1b595a553e3c13fd415bb27e2f213370b0478b9b", kill_on_drop: false }`
[INFO] [stdout] ec8e5a88515351c2a24ddf2a1b595a553e3c13fd415bb27e2f213370b0478b9b
[INFO] running `Command { std: "docker" "create" "-v" "/var/lib/crater-agent-workspace/builds/worker-4-tc2/target:/opt/rustwide/target:rw,Z" "-v" "/var/lib/crater-agent-workspace/builds/worker-4-tc2/source:/opt/rustwide/workdir:ro,Z" "-v" "/var/lib/crater-agent-workspace/cargo-home:/opt/rustwide/cargo-home:ro,Z" "-v" "/var/lib/crater-agent-workspace/rustup-home:/opt/rustwide/rustup-home:ro,Z" "-e" "SOURCE_DIR=/opt/rustwide/workdir" "-e" "CARGO_TARGET_DIR=/opt/rustwide/target" "-e" "CARGO_INCREMENTAL=0" "-e" "RUST_BACKTRACE=full" "-e" "RUSTFLAGS=--cap-lints=warn" "-e" "RUSTDOCFLAGS=--cap-lints=warn" "-e" "CARGO_HOME=/opt/rustwide/cargo-home" "-e" "RUSTUP_HOME=/opt/rustwide/rustup-home" "-w" "/opt/rustwide/workdir" "-m" "1610612736" "--user" "0:0" "--network" "none" "ghcr.io/rust-lang/crates-build-env/linux@sha256:f3a9d4ad9d972b27faf3965f35b62e55ba32bbce8f20bc8fe909558a86702fde" "/opt/rustwide/cargo-home/bin/cargo" "+beta-2024-12-08" "test" "--frozen", kill_on_drop: false }`
[INFO] [stdout] 0cc9e538385abbfa6c9643275192935c8dc4f2d153ad3e967e5bb02189a38867
[INFO] running `Command { std: "docker" "start" "-a" "0cc9e538385abbfa6c9643275192935c8dc4f2d153ad3e967e5bb02189a38867", kill_on_drop: false }`
[INFO] [stderr]     Finished `test` profile [unoptimized + debuginfo] target(s) in 0.18s
[INFO] [stderr]      Running unittests src/lib.rs (/opt/rustwide/target/debug/deps/valhalla_client-a2172c56c0ea35c9)
[INFO] [stdout] 
[INFO] [stdout] running 10 tests
[INFO] [stdout] test costing::auto::test::serialisation ... ok
[INFO] [stdout] test costing::bicycle::test::serialisation ... ok
[INFO] [stdout] test costing::motor_scooter::test::serialisation ... ok
[INFO] [stdout] test costing::motorcycle::test::serialisation ... ok
[INFO] [stdout] test costing::test::serialisation ... ok
[INFO] [stdout] test costing::truck::test::serialisation ... ok
[INFO] [stdout] test costing::transit::test::serialisation ... ok
[INFO] [stderr]    Doc-tests valhalla_client
[INFO] [stdout] test route::test::serialisation ... ok
[INFO] [stdout] test costing::pedestrian::test::serialisation ... ok
[INFO] [stdout] test costing::multimodal::test::serialisation ... ok
[INFO] [stdout] 
[INFO] [stdout] test result: ok. 10 passed; 0 failed; 0 ignored; 0 measured; 0 filtered out; finished in 0.01s
[INFO] [stdout] 
[INFO] [stdout] 
[INFO] [stdout] running 4 tests
[INFO] [stdout] test src/route.rs - route::Manifest::exclude_polygon (line 573) - compile ... ok
[INFO] [stdout] test src/route.rs - route::Manifest::exclude_polygons (line 532) - compile ... ok
[INFO] [stdout] test src/lib.rs - Valhalla::matrix (line 141) - compile ... ok
[INFO] [stdout] test src/lib.rs - (line 19) ... FAILED
[INFO] [stdout] 
[INFO] [stdout] failures:
[INFO] [stdout] 
[INFO] [stdout] ---- src/lib.rs - (line 19) stdout ----
[INFO] [stdout] Test executable failed (exit status: 101).
[INFO] [stdout] 
[INFO] [stdout] stderr:
[INFO] [stdout] thread 'main' panicked at src/lib.rs:15:41:
[INFO] [stdout] called `Result::unwrap()` on an `Err` value: Reqwest(reqwest::Error { kind: Request, url: "https://valhalla1.openstreetmap.de/route", source: hyper_util::client::legacy::Error(Connect, ConnectError("dns error", Custom { kind: Uncategorized, error: "failed to lookup address information: Temporary failure in name resolution" })) })
[INFO] [stdout] stack backtrace:
[INFO] [stdout]    0:     0x6162becae02a - std::backtrace_rs::backtrace::libunwind::trace::h8810477743020387
[INFO] [stdout]                                at /rustc/202008a1b8de96d2e5b6bc02d379db03a877d34d/library/std/src/../../backtrace/src/backtrace/libunwind.rs:116:5
[INFO] [stdout]    1:     0x6162becae02a - std::backtrace_rs::backtrace::trace_unsynchronized::h3aa55355dd6c54a6
[INFO] [stdout]                                at /rustc/202008a1b8de96d2e5b6bc02d379db03a877d34d/library/std/src/../../backtrace/src/backtrace/mod.rs:66:5
[INFO] [stdout]    2:     0x6162becae02a - std::sys::backtrace::_print_fmt::h8588b0f62410823f
[INFO] [stdout]                                at /rustc/202008a1b8de96d2e5b6bc02d379db03a877d34d/library/std/src/sys/backtrace.rs:66:9
[INFO] [stdout]    3:     0x6162becae02a - <std::sys::backtrace::BacktraceLock::print::DisplayBacktrace as core::fmt::Display>::fmt::h98c26ac25ffe89bb
[INFO] [stdout]                                at /rustc/202008a1b8de96d2e5b6bc02d379db03a877d34d/library/std/src/sys/backtrace.rs:39:26
[INFO] [stdout]    4:     0x6162becd2743 - core::fmt::rt::Argument::fmt::hf95377f4aebd453b
[INFO] [stdout]                                at /rustc/202008a1b8de96d2e5b6bc02d379db03a877d34d/library/core/src/fmt/rt.rs:177:76
[INFO] [stdout]    5:     0x6162becd2743 - core::fmt::write::h0dd5f6e2238c7982
[INFO] [stdout]                                at /rustc/202008a1b8de96d2e5b6bc02d379db03a877d34d/library/core/src/fmt/mod.rs:1189:21
[INFO] [stdout]    6:     0x6162becaafc3 - std::io::Write::write_fmt::hc00bff0a88e08857
[INFO] [stdout]                                at /rustc/202008a1b8de96d2e5b6bc02d379db03a877d34d/library/std/src/io/mod.rs:1884:15
[INFO] [stdout]    7:     0x6162becade72 - std::sys::backtrace::BacktraceLock::print::h5c19c1c038ee186d
[INFO] [stdout]                                at /rustc/202008a1b8de96d2e5b6bc02d379db03a877d34d/library/std/src/sys/backtrace.rs:42:9
[INFO] [stdout]    8:     0x6162becaee3c - std::panicking::default_hook::{{closure}}::h77172f079a1fcb13
[INFO] [stdout]                                at /rustc/202008a1b8de96d2e5b6bc02d379db03a877d34d/library/std/src/panicking.rs:268:22
[INFO] [stdout]    9:     0x6162becaec82 - std::panicking::default_hook::he5f8e3b203ccddba
[INFO] [stdout]                                at /rustc/202008a1b8de96d2e5b6bc02d379db03a877d34d/library/std/src/panicking.rs:295:9
[INFO] [stdout]   10:     0x6162becaf417 - std::panicking::rust_panic_with_hook::h53863d4e9018df39
[INFO] [stdout]                                at /rustc/202008a1b8de96d2e5b6bc02d379db03a877d34d/library/std/src/panicking.rs:801:13
[INFO] [stdout]   11:     0x6162becaf2aa - std::panicking::begin_panic_handler::{{closure}}::h67280e6fa0757873
[INFO] [stdout]                                at /rustc/202008a1b8de96d2e5b6bc02d379db03a877d34d/library/std/src/panicking.rs:674:13
[INFO] [stdout]   12:     0x6162becae509 - std::sys::backtrace::__rust_end_short_backtrace::h1dac3f54d6fbbeb2
[INFO] [stdout]                                at /rustc/202008a1b8de96d2e5b6bc02d379db03a877d34d/library/std/src/sys/backtrace.rs:170:18
[INFO] [stdout]   13:     0x6162becaef3c - rust_begin_unwind
[INFO] [stdout]                                at /rustc/202008a1b8de96d2e5b6bc02d379db03a877d34d/library/std/src/panicking.rs:665:5
[INFO] [stdout]   14:     0x6162be81dd90 - core::panicking::panic_fmt::h6792bd1b2bf01041
[INFO] [stdout]                                at /rustc/202008a1b8de96d2e5b6bc02d379db03a877d34d/library/core/src/panicking.rs:76:14
[INFO] [stdout]   15:     0x6162be81e216 - core::result::unwrap_failed::h05e0602ed34287c5
[INFO] [stdout]                                at /rustc/202008a1b8de96d2e5b6bc02d379db03a877d34d/library/core/src/result.rs:1699:5
[INFO] [stdout]   16:     0x6162be822378 - rust_out::main::_doctest_main_src_lib_rs_19_0::h03986f7b6a1336fa
[INFO] [stdout]   17:     0x6162be822036 - rust_out::main::h57eefffa92e38ed0
[INFO] [stdout]   18:     0x6162be81f453 - core::ops::function::FnOnce::call_once::hcb3872443a25b5b7
[INFO] [stdout]   19:     0x6162be81eb46 - std::sys::backtrace::__rust_begin_short_backtrace::hb8f53f53663d2e9e
[INFO] [stdout]   20:     0x6162be81eb29 - std::rt::lang_start::{{closure}}::h0d6bdb8cb611c7e9
[INFO] [stdout]   21:     0x6162beca79d7 - core::ops::function::impls::<impl core::ops::function::FnOnce<A> for &F>::call_once::hba2470d01d3f5e41
[INFO] [stdout]                                at /rustc/202008a1b8de96d2e5b6bc02d379db03a877d34d/library/core/src/ops/function.rs:284:13
[INFO] [stdout]   22:     0x6162beca79d7 - std::panicking::try::do_call::hc063fb73159aab72
[INFO] [stdout]                                at /rustc/202008a1b8de96d2e5b6bc02d379db03a877d34d/library/std/src/panicking.rs:557:40
[INFO] [stdout]   23:     0x6162beca79d7 - std::panicking::try::h2767c6d245d3a3bb
[INFO] [stdout]                                at /rustc/202008a1b8de96d2e5b6bc02d379db03a877d34d/library/std/src/panicking.rs:520:19
[INFO] [stdout]   24:     0x6162beca79d7 - std::panic::catch_unwind::h061c6ef75790da63
[INFO] [stdout]                                at /rustc/202008a1b8de96d2e5b6bc02d379db03a877d34d/library/std/src/panic.rs:358:14
[INFO] [stdout]   25:     0x6162beca79d7 - std::rt::lang_start_internal::{{closure}}::h5c5e35b11a4b8c4e
[INFO] [stdout]                                at /rustc/202008a1b8de96d2e5b6bc02d379db03a877d34d/library/std/src/rt.rs:174:48
[INFO] [stdout]   26:     0x6162beca79d7 - std::panicking::try::do_call::h705e99690a8109cc
[INFO] [stdout]                                at /rustc/202008a1b8de96d2e5b6bc02d379db03a877d34d/library/std/src/panicking.rs:557:40
[INFO] [stdout]   27:     0x6162beca79d7 - std::panicking::try::he5f4452754ed9a34
[INFO] [stdout]                                at /rustc/202008a1b8de96d2e5b6bc02d379db03a877d34d/library/std/src/panicking.rs:520:19
[INFO] [stdout]   28:     0x6162beca79d7 - std::panic::catch_unwind::h5db61b3bcbe883e5
[INFO] [stdout]                                at /rustc/202008a1b8de96d2e5b6bc02d379db03a877d34d/library/std/src/panic.rs:358:14
[INFO] [stdout]   29:     0x6162beca79d7 - std::rt::lang_start_internal::h81da9b59bab665c6
[INFO] [stdout]                                at /rustc/202008a1b8de96d2e5b6bc02d379db03a877d34d/library/std/src/rt.rs:174:20
[INFO] [stdout]   30:     0x6162be81eb07 - std::rt::lang_start::h2798034e47ddebf9
[INFO] [stdout]   31:     0x6162be8225e5 - main
[INFO] [stdout]   32:     0x72b58459cd90 - <unknown>
[INFO] [stdout]   33:     0x72b58459ce40 - __libc_start_main
[INFO] [stdout]   34:     0x6162be81e6f5 - _start
[INFO] [stdout]   35:                0x0 - <unknown>
[INFO] [stdout] 
[INFO] [stdout] 
[INFO] [stdout] 
[INFO] [stdout] failures:
[INFO] [stdout]     src/lib.rs - (line 19)
[INFO] [stdout] 
[INFO] [stdout] test result: FAILED. 3 passed; 1 failed; 0 ignored; 0 measured; 0 filtered out; finished in 4.06s
[INFO] [stdout] 
[INFO] [stderr] error: doctest failed, to rerun pass `--doc`
[INFO] running `Command { std: "docker" "inspect" "0cc9e538385abbfa6c9643275192935c8dc4f2d153ad3e967e5bb02189a38867", kill_on_drop: false }`
[INFO] running `Command { std: "docker" "rm" "-f" "0cc9e538385abbfa6c9643275192935c8dc4f2d153ad3e967e5bb02189a38867", kill_on_drop: false }`
[INFO] [stdout] 0cc9e538385abbfa6c9643275192935c8dc4f2d153ad3e967e5bb02189a38867
