[INFO] cloning repository https://github.com/jeffreylean/mini-lsm
[INFO] running `Command { std: "git" "-c" "credential.helper=" "-c" "credential.helper=/workspace/cargo-home/bin/git-credential-null" "clone" "--bare" "https://github.com/jeffreylean/mini-lsm" "/workspace/cache/git-repos/https%3A%2F%2Fgithub.com%2Fjeffreylean%2Fmini-lsm", kill_on_drop: false }`
[INFO] [stderr] Cloning into bare repository '/workspace/cache/git-repos/https%3A%2F%2Fgithub.com%2Fjeffreylean%2Fmini-lsm'...
[INFO] running `Command { std: "git" "rev-parse" "HEAD", kill_on_drop: false }`
[INFO] [stdout] 8c98119c1d95b6b46469f8e3d78283bb2b10f38f
[INFO] testing jeffreylean/mini-lsm against beta-2024-12-08 for beta-1.84.0-4-retry
[INFO] running `Command { std: "git" "clone" "/workspace/cache/git-repos/https%3A%2F%2Fgithub.com%2Fjeffreylean%2Fmini-lsm" "/workspace/builds/worker-6-tc2/source", kill_on_drop: false }`
[INFO] [stderr] Cloning into '/workspace/builds/worker-6-tc2/source'...
[INFO] [stderr] done.
[INFO] validating manifest of git repo https://github.com/jeffreylean/mini-lsm on toolchain beta-2024-12-08
[INFO] running `Command { std: CARGO_HOME="/workspace/cargo-home" RUSTUP_HOME="/workspace/rustup-home" "/workspace/cargo-home/bin/cargo" "+beta-2024-12-08" "metadata" "--manifest-path" "Cargo.toml" "--no-deps", kill_on_drop: false }`
[INFO] removed /workspace/builds/worker-6-tc2/source/.cargo/config.toml
[INFO] removed /workspace/builds/worker-6-tc2/source/rust-toolchain.toml
[INFO] started tweaking git repo https://github.com/jeffreylean/mini-lsm
[INFO] finished tweaking git repo https://github.com/jeffreylean/mini-lsm
[INFO] tweaked toml for git repo https://github.com/jeffreylean/mini-lsm written to /workspace/builds/worker-6-tc2/source/Cargo.toml
[INFO] crate git repo https://github.com/jeffreylean/mini-lsm already has a lockfile, it will not be regenerated
[INFO] running `Command { std: CARGO_HOME="/workspace/cargo-home" RUSTUP_HOME="/workspace/rustup-home" "/workspace/cargo-home/bin/cargo" "+beta-2024-12-08" "fetch" "--manifest-path" "Cargo.toml", kill_on_drop: false }`
[INFO] [stderr]     Blocking waiting for file lock on package cache
[INFO] running `Command { std: "docker" "create" "-v" "/var/lib/crater-agent-workspace/builds/worker-6-tc2/target:/opt/rustwide/target:rw,Z" "-v" "/var/lib/crater-agent-workspace/builds/worker-6-tc2/source:/opt/rustwide/workdir:ro,Z" "-v" "/var/lib/crater-agent-workspace/cargo-home:/opt/rustwide/cargo-home:ro,Z" "-v" "/var/lib/crater-agent-workspace/rustup-home:/opt/rustwide/rustup-home:ro,Z" "-e" "SOURCE_DIR=/opt/rustwide/workdir" "-e" "CARGO_TARGET_DIR=/opt/rustwide/target" "-e" "CARGO_HOME=/opt/rustwide/cargo-home" "-e" "RUSTUP_HOME=/opt/rustwide/rustup-home" "-w" "/opt/rustwide/workdir" "-m" "1610612736" "--user" "0:0" "--network" "none" "ghcr.io/rust-lang/crates-build-env/linux@sha256:f3a9d4ad9d972b27faf3965f35b62e55ba32bbce8f20bc8fe909558a86702fde" "/opt/rustwide/cargo-home/bin/cargo" "+beta-2024-12-08" "metadata" "--no-deps" "--format-version=1", kill_on_drop: false }`
[INFO] [stdout] 1d4ac83e31f351e499be79b9ea715bc0b6d9c1d6ea5af1f553a198c155b4c0c7
[INFO] running `Command { std: "docker" "start" "-a" "1d4ac83e31f351e499be79b9ea715bc0b6d9c1d6ea5af1f553a198c155b4c0c7", kill_on_drop: false }`
[INFO] running `Command { std: "docker" "inspect" "1d4ac83e31f351e499be79b9ea715bc0b6d9c1d6ea5af1f553a198c155b4c0c7", kill_on_drop: false }`
[INFO] running `Command { std: "docker" "rm" "-f" "1d4ac83e31f351e499be79b9ea715bc0b6d9c1d6ea5af1f553a198c155b4c0c7", kill_on_drop: false }`
[INFO] [stdout] 1d4ac83e31f351e499be79b9ea715bc0b6d9c1d6ea5af1f553a198c155b4c0c7
[INFO] running `Command { std: "docker" "create" "-v" "/var/lib/crater-agent-workspace/builds/worker-6-tc2/target:/opt/rustwide/target:rw,Z" "-v" "/var/lib/crater-agent-workspace/builds/worker-6-tc2/source:/opt/rustwide/workdir:ro,Z" "-v" "/var/lib/crater-agent-workspace/cargo-home:/opt/rustwide/cargo-home:ro,Z" "-v" "/var/lib/crater-agent-workspace/rustup-home:/opt/rustwide/rustup-home:ro,Z" "-e" "SOURCE_DIR=/opt/rustwide/workdir" "-e" "CARGO_TARGET_DIR=/opt/rustwide/target" "-e" "CARGO_INCREMENTAL=0" "-e" "RUST_BACKTRACE=full" "-e" "RUSTFLAGS=--cap-lints=warn" "-e" "RUSTDOCFLAGS=--cap-lints=warn" "-e" "CARGO_HOME=/opt/rustwide/cargo-home" "-e" "RUSTUP_HOME=/opt/rustwide/rustup-home" "-w" "/opt/rustwide/workdir" "-m" "1610612736" "--user" "0:0" "--network" "none" "ghcr.io/rust-lang/crates-build-env/linux@sha256:f3a9d4ad9d972b27faf3965f35b62e55ba32bbce8f20bc8fe909558a86702fde" "/opt/rustwide/cargo-home/bin/cargo" "+beta-2024-12-08" "build" "--frozen" "--message-format=json", kill_on_drop: false }`
[INFO] [stdout] c6feb4cf0496096e7a87c23486f657d19da3200efc6dff6cd02a5fc1ea842d7a
[INFO] running `Command { std: "docker" "start" "-a" "c6feb4cf0496096e7a87c23486f657d19da3200efc6dff6cd02a5fc1ea842d7a", kill_on_drop: false }`
[INFO] [stderr]    Compiling libc v0.2.155
[INFO] [stderr]    Compiling proc-macro2 v1.0.86
[INFO] [stderr]    Compiling unicode-ident v1.0.12
[INFO] [stderr]    Compiling cfg-if v1.0.0
[INFO] [stderr]    Compiling smallvec v1.13.2
[INFO] [stderr]    Compiling crossbeam-utils v0.8.20
[INFO] [stderr]    Compiling utf8parse v0.2.2
[INFO] [stderr]    Compiling autocfg v1.3.0
[INFO] [stderr]    Compiling parking_lot_core v0.9.10
[INFO] [stderr]    Compiling version_check v0.9.4
[INFO] [stderr]    Compiling anstyle-parse v0.2.4
[INFO] [stderr]    Compiling colorchoice v1.0.1
[INFO] [stderr]    Compiling rustix v0.38.34
[INFO] [stderr]    Compiling anstyle-query v1.1.0
[INFO] [stderr]    Compiling is_terminal_polyfill v1.70.0
[INFO] [stderr]    Compiling bitflags v2.5.0
[INFO] [stderr]    Compiling once_cell v1.19.0
[INFO] [stderr]    Compiling lock_api v0.4.12
[INFO] [stderr]    Compiling scopeguard v1.2.0
[INFO] [stderr]    Compiling proc-macro2-diagnostics v0.10.1
[INFO] [stderr]    Compiling anstyle v1.0.7
[INFO] [stderr]    Compiling linux-raw-sys v0.4.14
[INFO] [stderr]    Compiling anstream v0.6.14
[INFO] [stderr]    Compiling yansi v1.0.1
[INFO] [stderr]    Compiling thiserror v1.0.61
[INFO] [stderr]    Compiling serde v1.0.203
[INFO] [stderr]    Compiling quote v1.0.36
[INFO] [stderr]    Compiling either v1.12.0
[INFO] [stderr]    Compiling anyhow v1.0.86
[INFO] [stderr]    Compiling unicode-width v0.1.13
[INFO] [stderr]    Compiling heck v0.5.0
[INFO] [stderr]    Compiling clap_lex v0.7.1
[INFO] [stderr]    Compiling bitflags v1.3.2
[INFO] [stderr]    Compiling strsim v0.11.1
[INFO] [stderr]    Compiling raw-cpuid v10.7.0
[INFO] [stderr]    Compiling syn v2.0.67
[INFO] [stderr]    Compiling itertools v0.12.1
[INFO] [stderr]    Compiling clap_builder v4.5.7
[INFO] [stderr]    Compiling crossbeam-epoch v0.9.18
[INFO] [stderr]    Compiling nibble_vec v0.1.0
[INFO] [stderr]    Compiling memchr v2.7.4
[INFO] [stderr]    Compiling ppv-lite86 v0.2.17
[INFO] [stderr]    Compiling getrandom v0.2.15
[INFO] [stderr]    Compiling rand_core v0.6.4
[INFO] [stderr]    Compiling parking_lot v0.12.3
[INFO] [stderr]    Compiling moka v0.9.9
[INFO] [stderr]    Compiling endian-type v0.1.2
[INFO] [stderr]    Compiling serde_json v1.0.117
[INFO] [stderr]    Compiling heck v0.4.1
[INFO] [stderr]    Compiling radix_trie v0.2.1
[INFO] [stderr]    Compiling scheduled-thread-pool v0.2.7
[INFO] [stderr]    Compiling rand_chacha v0.3.1
[INFO] [stderr]    Compiling uuid v1.8.0
[INFO] [stderr]    Compiling quanta v0.11.1
[INFO] [stderr]    Compiling nix v0.27.1
[INFO] [stderr]    Compiling num_cpus v1.16.0
[INFO] [stderr]    Compiling fd-lock v4.0.2
[INFO] [stderr]    Compiling crossbeam-channel v0.5.13
[INFO] [stderr]    Compiling static_assertions v1.1.0
[INFO] [stderr]    Compiling tagptr v0.2.0
[INFO] [stderr]    Compiling minimal-lexical v0.2.1
[INFO] [stderr]    Compiling home v0.5.9
[INFO] [stderr]    Compiling ryu v1.0.18
[INFO] [stderr]    Compiling itoa v1.0.11
[INFO] [stderr]    Compiling unicode-segmentation v1.11.0
[INFO] [stderr]    Compiling aliasable v0.1.3
[INFO] [stderr]    Compiling triomphe v0.1.13
[INFO] [stderr]    Compiling log v0.4.21
[INFO] [stderr]    Compiling nom v7.1.3
[INFO] [stderr]    Compiling rand v0.8.5
[INFO] [stderr]    Compiling crossbeam-skiplist v0.1.3
[INFO] [stderr]    Compiling bytes v1.6.0
[INFO] [stderr]    Compiling arc-swap v1.7.1
[INFO] [stderr]    Compiling farmhash v1.1.5
[INFO] [stderr]    Compiling crc32fast v1.4.2
[INFO] [stderr]    Compiling os_pipe v1.2.0
[INFO] [stderr]    Compiling shared_child v1.0.0
[INFO] [stderr]    Compiling lazy_static v1.5.0
[INFO] [stderr]    Compiling console v0.15.8
[INFO] [stderr]    Compiling duct v0.13.7
[INFO] [stderr]    Compiling rustyline v13.0.0
[INFO] [stderr]    Compiling thiserror-impl v1.0.61
[INFO] [stderr]    Compiling clap_derive v4.5.5
[INFO] [stderr]    Compiling serde_derive v1.0.203
[INFO] [stderr]    Compiling ouroboros_macro v0.18.4
[INFO] [stderr]    Compiling ouroboros v0.18.4
[INFO] [stderr]    Compiling clap v4.5.7
[INFO] [stderr]    Compiling mini-lsm-xtask v0.2.0 (/opt/rustwide/workdir/xtask)
[INFO] [stderr]    Compiling mini-lsm-mvcc v0.2.0 (/opt/rustwide/workdir/mini-lsm-mvcc)
[INFO] [stderr]    Compiling mini-lsm-starter v0.2.0 (/opt/rustwide/workdir/mini-lsm-starter)
[INFO] [stderr]    Compiling mini-lsm v0.2.0 (/opt/rustwide/workdir/mini-lsm)
[INFO] [stdout] warning: unused import: `std::borrow::BorrowMut`
[INFO] [stdout]  --> mini-lsm-starter/src/lsm_storage.rs:3:5
[INFO] [stdout]   |
[INFO] [stdout] 3 | use std::borrow::BorrowMut;
[INFO] [stdout]   |     ^^^^^^^^^^^^^^^^^^^^^^
[INFO] [stdout]   |
[INFO] [stdout]   = note: `#[warn(unused_imports)]` on by default
[INFO] [stdout] 
[INFO] [stdout] 
[INFO] [stderr]     Finished `dev` profile [unoptimized + debuginfo] target(s) in 1m 26s
[INFO] running `Command { std: "docker" "inspect" "c6feb4cf0496096e7a87c23486f657d19da3200efc6dff6cd02a5fc1ea842d7a", kill_on_drop: false }`
[INFO] running `Command { std: "docker" "rm" "-f" "c6feb4cf0496096e7a87c23486f657d19da3200efc6dff6cd02a5fc1ea842d7a", kill_on_drop: false }`
[INFO] [stdout] c6feb4cf0496096e7a87c23486f657d19da3200efc6dff6cd02a5fc1ea842d7a
[INFO] running `Command { std: "docker" "create" "-v" "/var/lib/crater-agent-workspace/builds/worker-6-tc2/target:/opt/rustwide/target:rw,Z" "-v" "/var/lib/crater-agent-workspace/builds/worker-6-tc2/source:/opt/rustwide/workdir:ro,Z" "-v" "/var/lib/crater-agent-workspace/cargo-home:/opt/rustwide/cargo-home:ro,Z" "-v" "/var/lib/crater-agent-workspace/rustup-home:/opt/rustwide/rustup-home:ro,Z" "-e" "SOURCE_DIR=/opt/rustwide/workdir" "-e" "CARGO_TARGET_DIR=/opt/rustwide/target" "-e" "CARGO_INCREMENTAL=0" "-e" "RUST_BACKTRACE=full" "-e" "RUSTFLAGS=--cap-lints=warn" "-e" "RUSTDOCFLAGS=--cap-lints=warn" "-e" "CARGO_HOME=/opt/rustwide/cargo-home" "-e" "RUSTUP_HOME=/opt/rustwide/rustup-home" "-w" "/opt/rustwide/workdir" "-m" "1610612736" "--user" "0:0" "--network" "none" "ghcr.io/rust-lang/crates-build-env/linux@sha256:f3a9d4ad9d972b27faf3965f35b62e55ba32bbce8f20bc8fe909558a86702fde" "/opt/rustwide/cargo-home/bin/cargo" "+beta-2024-12-08" "test" "--frozen" "--no-run" "--message-format=json", kill_on_drop: false }`
[INFO] [stdout] ef24fbc15a99de5137d37bc85712cda101baa27ed9c9ea24e2ee58bdf9272af1
[INFO] running `Command { std: "docker" "start" "-a" "ef24fbc15a99de5137d37bc85712cda101baa27ed9c9ea24e2ee58bdf9272af1", kill_on_drop: false }`
[INFO] [stderr]    Compiling fastrand v2.1.0
[INFO] [stdout] warning: unused import: `std::borrow::BorrowMut`
[INFO] [stdout]  --> mini-lsm-starter/src/lsm_storage.rs:3:5
[INFO] [stdout]   |
[INFO] [stdout] 3 | use std::borrow::BorrowMut;
[INFO] [stdout]   |     ^^^^^^^^^^^^^^^^^^^^^^
[INFO] [stdout]   |
[INFO] [stdout]   = note: `#[warn(unused_imports)]` on by default
[INFO] [stdout] 
[INFO] [stdout] 
[INFO] [stderr]    Compiling mini-lsm-xtask v0.2.0 (/opt/rustwide/workdir/xtask)
[INFO] [stderr]    Compiling tempfile v3.10.1
[INFO] [stderr]    Compiling mini-lsm v0.2.0 (/opt/rustwide/workdir/mini-lsm)
[INFO] [stderr]    Compiling mini-lsm-mvcc v0.2.0 (/opt/rustwide/workdir/mini-lsm-mvcc)
[INFO] [stderr]    Compiling mini-lsm-starter v0.2.0 (/opt/rustwide/workdir/mini-lsm-starter)
[INFO] [stdout] warning: unused import: `std::borrow::BorrowMut`
[INFO] [stdout]  --> mini-lsm-starter/src/lsm_storage.rs:3:5
[INFO] [stdout]   |
[INFO] [stdout] 3 | use std::borrow::BorrowMut;
[INFO] [stdout]   |     ^^^^^^^^^^^^^^^^^^^^^^
[INFO] [stdout]   |
[INFO] [stdout]   = note: `#[warn(unused_imports)]` on by default
[INFO] [stdout] 
[INFO] [stdout] 
[INFO] [stdout] warning: associated functions `new` and `new_with_error` are never used
[INFO] [stdout]   --> mini-lsm-starter/src/tests/harness.rs:28:12
[INFO] [stdout]    |
[INFO] [stdout] 27 | impl MockIterator {
[INFO] [stdout]    | ----------------- associated functions in this implementation
[INFO] [stdout] 28 |     pub fn new(data: Vec<(Bytes, Bytes)>) -> Self {
[INFO] [stdout]    |            ^^^
[INFO] [stdout] ...
[INFO] [stdout] 36 |     pub fn new_with_error(data: Vec<(Bytes, Bytes)>, error_when: usize) -> Self {
[INFO] [stdout]    |            ^^^^^^^^^^^^^^
[INFO] [stdout]    |
[INFO] [stdout]    = note: `#[warn(dead_code)]` on by default
[INFO] [stdout] 
[INFO] [stdout] 
[INFO] [stdout] warning: function `check_iter_result_by_key` is never used
[INFO] [stdout]   --> mini-lsm-starter/src/tests/harness.rs:92:8
[INFO] [stdout]    |
[INFO] [stdout] 92 | pub fn check_iter_result_by_key<I>(iter: &mut I, expected: Vec<(Bytes, Bytes)>)
[INFO] [stdout]    |        ^^^^^^^^^^^^^^^^^^^^^^^^
[INFO] [stdout] 
[INFO] [stdout] 
[INFO] [stdout] warning: function `check_lsm_iter_result_by_key` is never used
[INFO] [stdout]    --> mini-lsm-starter/src/tests/harness.rs:148:8
[INFO] [stdout]     |
[INFO] [stdout] 148 | pub fn check_lsm_iter_result_by_key<I>(iter: &mut I, expected: Vec<(Bytes, Bytes)>)
[INFO] [stdout]     |        ^^^^^^^^^^^^^^^^^^^^^^^^^^^^
[INFO] [stdout] 
[INFO] [stdout] 
[INFO] [stdout] warning: function `expect_iter_error` is never used
[INFO] [stdout]    --> mini-lsm-starter/src/tests/harness.rs:173:8
[INFO] [stdout]     |
[INFO] [stdout] 173 | pub fn expect_iter_error(mut iter: impl StorageIterator) {
[INFO] [stdout]     |        ^^^^^^^^^^^^^^^^^
[INFO] [stdout] 
[INFO] [stdout] 
[INFO] [stdout] warning: function `generate_sst` is never used
[INFO] [stdout]    --> mini-lsm-starter/src/tests/harness.rs:183:8
[INFO] [stdout]     |
[INFO] [stdout] 183 | pub fn generate_sst(
[INFO] [stdout]     |        ^^^^^^^^^^^^
[INFO] [stdout] 
[INFO] [stdout] 
[INFO] [stdout] warning: function `sync` is never used
[INFO] [stdout]    --> mini-lsm-starter/src/tests/harness.rs:213:8
[INFO] [stdout]     |
[INFO] [stdout] 213 | pub fn sync(storage: &LsmStorageInner) {
[INFO] [stdout]     |        ^^^^
[INFO] [stdout] 
[INFO] [stdout] 
[INFO] [stdout] warning: function `compaction_bench` is never used
[INFO] [stdout]    --> mini-lsm-starter/src/tests/harness.rs:220:8
[INFO] [stdout]     |
[INFO] [stdout] 220 | pub fn compaction_bench(storage: Arc<MiniLsm>) {
[INFO] [stdout]     |        ^^^^^^^^^^^^^^^^
[INFO] [stdout] 
[INFO] [stdout] 
[INFO] [stdout] warning: function `check_compaction_ratio` is never used
[INFO] [stdout]    --> mini-lsm-starter/src/tests/harness.rs:282:8
[INFO] [stdout]     |
[INFO] [stdout] 282 | pub fn check_compaction_ratio(storage: Arc<MiniLsm>) {
[INFO] [stdout]     |        ^^^^^^^^^^^^^^^^^^^^^^
[INFO] [stdout] 
[INFO] [stdout] 
[INFO] [stdout] warning: function `dump_files_in_dir` is never used
[INFO] [stdout]    --> mini-lsm-starter/src/tests/harness.rs:411:8
[INFO] [stdout]     |
[INFO] [stdout] 411 | pub fn dump_files_in_dir(path: impl AsRef<Path>) {
[INFO] [stdout]     |        ^^^^^^^^^^^^^^^^^
[INFO] [stdout] 
[INFO] [stdout] 
[INFO] [stdout] warning: function `construct_merge_iterator_over_storage` is never used
[INFO] [stdout]    --> mini-lsm-starter/src/tests/harness.rs:423:8
[INFO] [stdout]     |
[INFO] [stdout] 423 | pub fn construct_merge_iterator_over_storage(
[INFO] [stdout]     |        ^^^^^^^^^^^^^^^^^^^^^^^^^^^^^^^^^^^^^
[INFO] [stdout] 
[INFO] [stdout] 
[INFO] [stderr]     Finished `test` profile [unoptimized + debuginfo] target(s) in 12.18s
[INFO] running `Command { std: "docker" "inspect" "ef24fbc15a99de5137d37bc85712cda101baa27ed9c9ea24e2ee58bdf9272af1", kill_on_drop: false }`
[INFO] running `Command { std: "docker" "rm" "-f" "ef24fbc15a99de5137d37bc85712cda101baa27ed9c9ea24e2ee58bdf9272af1", kill_on_drop: false }`
[INFO] [stdout] ef24fbc15a99de5137d37bc85712cda101baa27ed9c9ea24e2ee58bdf9272af1
[INFO] running `Command { std: "docker" "create" "-v" "/var/lib/crater-agent-workspace/builds/worker-6-tc2/target:/opt/rustwide/target:rw,Z" "-v" "/var/lib/crater-agent-workspace/builds/worker-6-tc2/source:/opt/rustwide/workdir:ro,Z" "-v" "/var/lib/crater-agent-workspace/cargo-home:/opt/rustwide/cargo-home:ro,Z" "-v" "/var/lib/crater-agent-workspace/rustup-home:/opt/rustwide/rustup-home:ro,Z" "-e" "SOURCE_DIR=/opt/rustwide/workdir" "-e" "CARGO_TARGET_DIR=/opt/rustwide/target" "-e" "CARGO_INCREMENTAL=0" "-e" "RUST_BACKTRACE=full" "-e" "RUSTFLAGS=--cap-lints=warn" "-e" "RUSTDOCFLAGS=--cap-lints=warn" "-e" "CARGO_HOME=/opt/rustwide/cargo-home" "-e" "RUSTUP_HOME=/opt/rustwide/rustup-home" "-w" "/opt/rustwide/workdir" "-m" "1610612736" "--user" "0:0" "--network" "none" "ghcr.io/rust-lang/crates-build-env/linux@sha256:f3a9d4ad9d972b27faf3965f35b62e55ba32bbce8f20bc8fe909558a86702fde" "/opt/rustwide/cargo-home/bin/cargo" "+beta-2024-12-08" "test" "--frozen", kill_on_drop: false }`
[INFO] [stdout] 9d936dd11ccc5ad834cd0162e139bf24807e4f0553ca8876adccf3d6005e2435
[INFO] running `Command { std: "docker" "start" "-a" "9d936dd11ccc5ad834cd0162e139bf24807e4f0553ca8876adccf3d6005e2435", kill_on_drop: false }`
[INFO] [stderr] warning: unused import: `std::borrow::BorrowMut`
[INFO] [stderr]  --> mini-lsm-starter/src/lsm_storage.rs:3:5
[INFO] [stderr]   |
[INFO] [stderr] 3 | use std::borrow::BorrowMut;
[INFO] [stderr]   |     ^^^^^^^^^^^^^^^^^^^^^^
[INFO] [stderr]   |
[INFO] [stderr]   = note: `#[warn(unused_imports)]` on by default
[INFO] [stderr] 
[INFO] [stderr] warning: `mini-lsm-starter` (lib) generated 1 warning (run `cargo fix --lib -p mini-lsm-starter` to apply 1 suggestion)
[INFO] [stderr] warning: associated functions `new` and `new_with_error` are never used
[INFO] [stderr]   --> mini-lsm-starter/src/tests/harness.rs:28:12
[INFO] [stderr]    |
[INFO] [stderr] 27 | impl MockIterator {
[INFO] [stderr]    | ----------------- associated functions in this implementation
[INFO] [stderr] 28 |     pub fn new(data: Vec<(Bytes, Bytes)>) -> Self {
[INFO] [stderr]    |            ^^^
[INFO] [stderr] ...
[INFO] [stderr] 36 |     pub fn new_with_error(data: Vec<(Bytes, Bytes)>, error_when: usize) -> Self {
[INFO] [stderr]    |            ^^^^^^^^^^^^^^
[INFO] [stderr]    |
[INFO] [stderr]    = note: `#[warn(dead_code)]` on by default
[INFO] [stderr] 
[INFO] [stderr] warning: function `check_iter_result_by_key` is never used
[INFO] [stderr]   --> mini-lsm-starter/src/tests/harness.rs:92:8
[INFO] [stderr]    |
[INFO] [stderr] 92 | pub fn check_iter_result_by_key<I>(iter: &mut I, expected: Vec<(Bytes, Bytes)>)
[INFO] [stderr]    |        ^^^^^^^^^^^^^^^^^^^^^^^^
[INFO] [stderr] 
[INFO] [stderr] warning: function `check_lsm_iter_result_by_key` is never used
[INFO] [stderr]    --> mini-lsm-starter/src/tests/harness.rs:148:8
[INFO] [stderr]     |
[INFO] [stderr] 148 | pub fn check_lsm_iter_result_by_key<I>(iter: &mut I, expected: Vec<(Bytes, Bytes)>)
[INFO] [stderr]     |        ^^^^^^^^^^^^^^^^^^^^^^^^^^^^
[INFO] [stderr] 
[INFO] [stderr] warning: function `expect_iter_error` is never used
[INFO] [stderr]    --> mini-lsm-starter/src/tests/harness.rs:173:8
[INFO] [stderr]     |
[INFO] [stderr] 173 | pub fn expect_iter_error(mut iter: impl StorageIterator) {
[INFO] [stderr]     |        ^^^^^^^^^^^^^^^^^
[INFO] [stderr] 
[INFO] [stderr] warning: function `generate_sst` is never used
[INFO] [stderr]    --> mini-lsm-starter/src/tests/harness.rs:183:8
[INFO] [stderr]     |
[INFO] [stderr] 183 | pub fn generate_sst(
[INFO] [stderr]     |        ^^^^^^^^^^^^
[INFO] [stderr] 
[INFO] [stderr] warning: function `sync` is never used
[INFO] [stderr]    --> mini-lsm-starter/src/tests/harness.rs:213:8
[INFO] [stderr]     |
[INFO] [stderr] 213 | pub fn sync(storage: &LsmStorageInner) {
[INFO] [stderr]     |        ^^^^
[INFO] [stderr] 
[INFO] [stderr] warning: function `compaction_bench` is never used
[INFO] [stderr]    --> mini-lsm-starter/src/tests/harness.rs:220:8
[INFO] [stderr]     |
[INFO] [stderr] 220 | pub fn compaction_bench(storage: Arc<MiniLsm>) {
[INFO] [stderr]     |        ^^^^^^^^^^^^^^^^
[INFO] [stderr] 
[INFO] [stderr] warning: function `check_compaction_ratio` is never used
[INFO] [stderr]    --> mini-lsm-starter/src/tests/harness.rs:282:8
[INFO] [stderr]     |
[INFO] [stderr] 282 | pub fn check_compaction_ratio(storage: Arc<MiniLsm>) {
[INFO] [stderr]     |        ^^^^^^^^^^^^^^^^^^^^^^
[INFO] [stderr] 
[INFO] [stderr] warning: function `dump_files_in_dir` is never used
[INFO] [stderr]    --> mini-lsm-starter/src/tests/harness.rs:411:8
[INFO] [stderr]     |
[INFO] [stderr] 411 | pub fn dump_files_in_dir(path: impl AsRef<Path>) {
[INFO] [stderr]     |        ^^^^^^^^^^^^^^^^^
[INFO] [stderr] 
[INFO] [stderr] warning: function `construct_merge_iterator_over_storage` is never used
[INFO] [stderr]    --> mini-lsm-starter/src/tests/harness.rs:423:8
[INFO] [stderr]     |
[INFO] [stderr] 423 | pub fn construct_merge_iterator_over_storage(
[INFO] [stderr]     |        ^^^^^^^^^^^^^^^^^^^^^^^^^^^^^^^^^^^^^
[INFO] [stderr] 
[INFO] [stderr] warning: `mini-lsm-starter` (lib test) generated 11 warnings (1 duplicate)
[INFO] [stderr]     Finished `test` profile [unoptimized + debuginfo] target(s) in 0.11s
[INFO] [stderr]      Running unittests src/lib.rs (/opt/rustwide/target/debug/deps/mini_lsm-b17ac522d5b70e2a)
[INFO] [stdout] 
[INFO] [stdout] running 56 tests
[INFO] [stdout] test tests::week1_day1::test_task1_memtable_overwrite ... ok
[INFO] [stdout] test tests::week1_day1::test_task1_memtable_get ... ok
[INFO] [stdout] test tests::week1_day2::test_task1_empty_memtable_iter ... ok
[INFO] [stdout] test tests::week1_day2::test_task2_merge_2 ... ok
[INFO] [stdout] test tests::week1_day2::test_task1_memtable_iter ... ok
[INFO] [stdout] test tests::week1_day2::test_task2_merge_error ... ok
[INFO] [stdout] test tests::week1_day2::test_task3_fused_iterator ... ok
[INFO] [stdout] test tests::week1_day2::test_task2_merge_empty ... ok
[INFO] [stdout] test tests::week1_day2::test_task2_merge_1 ... ok
[INFO] [stdout] test tests::week1_day3::test_block_build_all ... ok
[INFO] [stdout] test tests::week1_day3::test_block_build_full ... ok
[INFO] [stdout] test tests::week1_day3::test_block_build_large_1 ... ok
[INFO] [stdout] test tests::week1_day3::test_block_build_large_2 ... ok
[INFO] [stdout] test tests::week1_day3::test_block_build_single_key ... ok
[INFO] [stdout] test tests::week1_day3::test_block_decode ... ok
[INFO] [stdout] test tests::week1_day3::test_block_encode ... ok
[INFO] [stdout] test tests::week1_day3::test_block_iterator ... ok
[INFO] [stdout] test tests::week1_day3::test_block_seek_key ... ok
[INFO] [stdout] test tests::week1_day4::test_sst_build_all ... ok
[INFO] [stdout] test tests::week1_day1::test_task4_storage_integration ... ok
[INFO] [stdout] test tests::week1_day4::test_sst_build_single_key ... ok
[INFO] [stdout] test tests::week1_day4::test_sst_decode ... ok
[INFO] [stdout] test tests::week1_day4::test_sst_build_two_blocks ... ok
[INFO] [stdout] test tests::week1_day1::test_task3_storage_integration ... ok
[INFO] [stdout] test tests::week1_day2::test_task4_integration ... ok
[INFO] [stdout] test tests::week1_day1::test_task2_storage_integration ... ok
[INFO] [stdout] test tests::week1_day5::test_task1_merge_1 ... ok
[INFO] [stdout] test tests::week1_day5::test_task1_merge_2 ... ok
[INFO] [stdout] test tests::week1_day5::test_task1_merge_4 ... ok
[INFO] [stdout] test tests::week1_day5::test_task1_merge_3 ... ok
[INFO] [stdout] test tests::week1_day5::test_task1_merge_5 ... ok
[INFO] [stdout] test tests::week1_day4::test_sst_iterator ... ok
[INFO] [stdout] test tests::week1_day4::test_sst_seek_key ... ok
[INFO] [stdout] test tests::week1_day7::test_task1_bloom_filter ... ok
[INFO] [stdout] test tests::week1_day1::test_task3_freeze_on_capacity ... ok
[INFO] [stdout] test tests::week1_day5::test_task3_storage_get ... ok
[INFO] [stdout] test tests::week1_day5::test_task2_storage_scan ... ok
[INFO] [stdout] test tests::week1_day7::test_task2_sst_decode ... ok
[INFO] [stdout] test tests::week1_day7::test_task3_block_key_compression ... ok
[INFO] [stdout] test tests::week1_day6::test_task1_storage_scan ... ok
[INFO] [stdout] test tests::week1_day6::test_task1_storage_get ... ok
[INFO] [stdout] test tests::week2_day1::test_task2_concat_iterator ... ok
[INFO] [stdout] test tests::week2_day1::test_task3_integration ... ok
[INFO] [stdout] test tests::week2_day1::test_task1_full_compaction ... ok
[INFO] [stdout] test tests::week2_day5::test_integration_tiered ... ok
[INFO] [stdout] test tests::week2_day5::test_integration_leveled ... ok
[INFO] [stdout] test tests::week2_day5::test_integration_simple ... ok
[INFO] [stdout] test tests::week1_day6::test_task3_sst_filter ... ok
[INFO] [stdout] test tests::week2_day6::test_integration_leveled ... ok
[INFO] [stdout] test tests::week1_day6::test_task2_auto_flush ... ok
[INFO] [stdout] test tests::week2_day6::test_integration_simple ... ok
[INFO] [stdout] test tests::week2_day6::test_integration_tiered ... ok
[INFO] [stdout] test tests::week2_day5::test_multiple_compacted_ssts_leveled ... ok
[INFO] [stdout] test tests::week2_day2::test_integration ... ok
[INFO] [stdout] test tests::week2_day3::test_integration ... ok
[INFO] [stdout] test tests::week2_day4::test_integration ... ok
[INFO] [stdout] 
[INFO] [stdout] test result: ok. 56 passed; 0 failed; 0 ignored; 0 measured; 0 filtered out; finished in 21.54s
[INFO] [stdout] 
[INFO] [stderr]      Running unittests src/bin/compaction-simulator.rs (/opt/rustwide/target/debug/deps/compaction_simulator_ref-3d60c3fa1cb89059)
[INFO] [stdout] 
[INFO] [stdout] running 0 tests
[INFO] [stdout] 
[INFO] [stdout] test result: ok. 0 passed; 0 failed; 0 ignored; 0 measured; 0 filtered out; finished in 0.00s
[INFO] [stdout] 
[INFO] [stderr]      Running unittests src/bin/mini-lsm-cli.rs (/opt/rustwide/target/debug/deps/mini_lsm_cli_ref-0cf77c34c77cff24)
[INFO] [stdout] 
[INFO] [stdout] running 0 tests
[INFO] [stdout] 
[INFO] [stdout] test result: ok. 0 passed; 0 failed; 0 ignored; 0 measured; 0 filtered out; finished in 0.00s
[INFO] [stdout] 
[INFO] [stderr]      Running unittests src/bin/wrapper.rs (/opt/rustwide/target/debug/deps/mini_lsm_wrapper_ref-557f0b21bb208bc7)
[INFO] [stderr]      Running unittests src/lib.rs (/opt/rustwide/target/debug/deps/mini_lsm_mvcc-34a2bfaee0a40a83)
[INFO] [stdout] 
[INFO] [stdout] running 0 tests
[INFO] [stdout] 
[INFO] [stdout] test result: ok. 0 passed; 0 failed; 0 ignored; 0 measured; 0 filtered out; finished in 0.00s
[INFO] [stdout] 
[INFO] [stdout] 
[INFO] [stdout] running 72 tests
[INFO] [stdout] test tests::week1_day1::test_task1_memtable_overwrite ... ok
[INFO] [stdout] test tests::week1_day1::test_task1_memtable_get ... ok
[INFO] [stdout] test tests::week1_day2::test_task1_memtable_iter ... ok
[INFO] [stdout] test tests::week1_day2::test_task1_empty_memtable_iter ... ok
[INFO] [stdout] test tests::week1_day2::test_task2_merge_1 ... ok
[INFO] [stdout] test tests::week1_day2::test_task2_merge_empty ... ok
[INFO] [stdout] test tests::week1_day2::test_task2_merge_2 ... ok
[INFO] [stdout] test tests::week1_day2::test_task2_merge_error ... ok
[INFO] [stdout] test tests::week1_day2::test_task3_fused_iterator ... ok
[INFO] [stdout] test tests::week1_day3::test_block_build_full ... ok
[INFO] [stdout] test tests::week1_day3::test_block_build_large_1 ... ok
[INFO] [stdout] test tests::week1_day3::test_block_build_all ... ok
[INFO] [stdout] test tests::week1_day3::test_block_build_single_key ... ok
[INFO] [stdout] test tests::week1_day3::test_block_build_large_2 ... ok
[INFO] [stdout] test tests::week1_day3::test_block_decode ... ok
[INFO] [stdout] test tests::week1_day3::test_block_encode ... ok
[INFO] [stdout] test tests::week1_day3::test_block_iterator ... ok
[INFO] [stdout] test tests::week1_day3::test_block_seek_key ... ok
[INFO] [stdout] test tests::week1_day4::test_sst_build_all ... ok
[INFO] [stdout] test tests::week1_day1::test_task2_storage_integration ... ok
[INFO] [stdout] test tests::week1_day4::test_sst_build_two_blocks ... ok
[INFO] [stdout] test tests::week1_day1::test_task3_storage_integration ... ok
[INFO] [stdout] test tests::week1_day4::test_sst_decode ... ok
[INFO] [stdout] test tests::week1_day5::test_task1_merge_1 ... ok
[INFO] [stdout] test tests::week1_day5::test_task1_merge_3 ... ok
[INFO] [stdout] test tests::week1_day4::test_sst_build_single_key ... ok
[INFO] [stdout] test tests::week1_day5::test_task1_merge_2 ... ok
[INFO] [stdout] test tests::week1_day4::test_sst_iterator ... ok
[INFO] [stdout] test tests::week1_day5::test_task1_merge_4 ... ok
[INFO] [stdout] test tests::week1_day5::test_task1_merge_5 ... ok
[INFO] [stdout] test tests::week1_day1::test_task4_storage_integration ... ok
[INFO] [stdout] test tests::week1_day2::test_task4_integration ... ok
[INFO] [stdout] test tests::week1_day4::test_sst_seek_key ... ok
[INFO] [stdout] test tests::week1_day7::test_task1_bloom_filter ... ok
[INFO] [stdout] test tests::week1_day5::test_task2_storage_scan ... ok
[INFO] [stdout] test tests::week1_day7::test_task2_sst_decode ... ok
[INFO] [stdout] test tests::week1_day5::test_task3_storage_get ... ok
[INFO] [stdout] test tests::week1_day7::test_task3_block_key_compression ... ok
[INFO] [stdout] test tests::week1_day6::test_task1_storage_scan ... ok
[INFO] [stdout] test tests::week1_day6::test_task1_storage_get ... ok
[INFO] [stdout] test tests::week2_day1::test_task2_concat_iterator ... ok
[INFO] [stdout] test tests::week2_day1::test_task3_integration ... ok
[INFO] [stdout] test tests::week1_day1::test_task3_freeze_on_capacity ... ok
[INFO] [stdout] test tests::week2_day1::test_task1_full_compaction ... ok
[INFO] [stdout] test tests::week2_day5::test_integration_simple ... ok
[INFO] [stdout] test tests::week2_day5::test_integration_leveled ... ok
[INFO] [stdout] test tests::week2_day5::test_integration_tiered ... ok
[INFO] [stdout] test tests::week1_day6::test_task3_sst_filter ... ok
[INFO] [stdout] test tests::week1_day6::test_task2_auto_flush ... FAILED
[INFO] [stdout] test tests::week3_day1::test_sst_build_multi_version_hard ... ok
[INFO] [stdout] test tests::week3_day1::test_sst_build_multi_version_simple ... ok
[INFO] [stdout] test tests::week2_day6::test_integration_simple ... ok
[INFO] [stdout] test tests::week2_day6::test_integration_leveled ... ok
[INFO] [stdout] test tests::week3_day3::test_task2_memtable_mvcc ... ok
[INFO] [stdout] test tests::week3_day3::test_task3_sst_ts ... ok
[INFO] [stdout] test tests::week2_day6::test_integration_tiered ... ok
[INFO] [stdout] test tests::week3_day3::test_task2_lsm_iterator_mvcc ... ok
[INFO] [stdout] test tests::week3_day4::test_task2_snapshot_watermark ... ok
[INFO] [stdout] test tests::week3_day5::test_txn_integration ... ok
[INFO] [stdout] test tests::week3_day4::test_task1_watermark ... ok
[INFO] [stdout] test tests::week3_day6::test_serializable_2 ... ok
[INFO] [stdout] test tests::week3_day6::test_serializable_1 ... ok
[INFO] [stdout] test tests::week3_day6::test_serializable_4_scan ... ok
[INFO] [stdout] test tests::week3_day6::test_serializable_5_read_only ... ok
[INFO] [stdout] test tests::week3_day6::test_serializable_3_ts_range ... ok
[INFO] [stdout] test tests::week3_day4::test_task3_mvcc_compaction ... ok
[INFO] [stdout] test tests::week3_day7::test_task3_mvcc_compaction ... ok
[INFO] [stdout] test tests::week2_day5::test_multiple_compacted_ssts_leveled ... ok
[INFO] [stdout] test tests::week2_day4::test_integration ... ok
[INFO] [stdout] test tests::week2_day2::test_integration ... ok
[INFO] [stdout] test tests::week2_day3::test_integration ... ok
[INFO] [stdout] test tests::week3_day2::test_task3_compaction_integration ... ok
[INFO] [stdout] 
[INFO] [stdout] failures:
[INFO] [stdout] 
[INFO] [stdout] ---- tests::week1_day6::test_task2_auto_flush stdout ----
[INFO] [stdout] thread 'tests::week1_day6::test_task2_auto_flush' panicked at mini-lsm-mvcc/src/tests/week1_day6.rs:136:5:
[INFO] [stdout] assertion failed: !storage.inner.state.read().l0_sstables.is_empty()
[INFO] [stdout] stack backtrace:
[INFO] [stdout]    0:     0x5cdd1a7f297a - std::backtrace_rs::backtrace::libunwind::trace::h8810477743020387
[INFO] [stdout]                                at /rustc/202008a1b8de96d2e5b6bc02d379db03a877d34d/library/std/src/../../backtrace/src/backtrace/libunwind.rs:116:5
[INFO] [stdout]    1:     0x5cdd1a7f297a - std::backtrace_rs::backtrace::trace_unsynchronized::h3aa55355dd6c54a6
[INFO] [stdout]                                at /rustc/202008a1b8de96d2e5b6bc02d379db03a877d34d/library/std/src/../../backtrace/src/backtrace/mod.rs:66:5
[INFO] [stdout]    2:     0x5cdd1a7f297a - std::sys::backtrace::_print_fmt::h8588b0f62410823f
[INFO] [stdout]                                at /rustc/202008a1b8de96d2e5b6bc02d379db03a877d34d/library/std/src/sys/backtrace.rs:66:9
[INFO] [stdout]    3:     0x5cdd1a7f297a - <std::sys::backtrace::BacktraceLock::print::DisplayBacktrace as core::fmt::Display>::fmt::h98c26ac25ffe89bb
[INFO] [stdout]                                at /rustc/202008a1b8de96d2e5b6bc02d379db03a877d34d/library/std/src/sys/backtrace.rs:39:26
[INFO] [stdout]    4:     0x5cdd1a819ac3 - core::fmt::rt::Argument::fmt::hf95377f4aebd453b
[INFO] [stdout]                                at /rustc/202008a1b8de96d2e5b6bc02d379db03a877d34d/library/core/src/fmt/rt.rs:177:76
[INFO] [stdout]    5:     0x5cdd1a819ac3 - core::fmt::write::h0dd5f6e2238c7982
[INFO] [stdout]                                at /rustc/202008a1b8de96d2e5b6bc02d379db03a877d34d/library/core/src/fmt/mod.rs:1189:21
[INFO] [stdout]    6:     0x5cdd1a7ef703 - std::io::Write::write_fmt::h03bb0ca26e6faf8c
[INFO] [stdout]                                at /rustc/202008a1b8de96d2e5b6bc02d379db03a877d34d/library/std/src/io/mod.rs:1884:15
[INFO] [stdout]    7:     0x5cdd1a7f27c2 - std::sys::backtrace::BacktraceLock::print::h5c19c1c038ee186d
[INFO] [stdout]                                at /rustc/202008a1b8de96d2e5b6bc02d379db03a877d34d/library/std/src/sys/backtrace.rs:42:9
[INFO] [stdout]    8:     0x5cdd1a7f3dfd - std::panicking::default_hook::{{closure}}::h77172f079a1fcb13
[INFO] [stdout]                                at /rustc/202008a1b8de96d2e5b6bc02d379db03a877d34d/library/std/src/panicking.rs:268:22
[INFO] [stdout]    9:     0x5cdd1a7f3c07 - std::panicking::default_hook::he5f8e3b203ccddba
[INFO] [stdout]                                at /rustc/202008a1b8de96d2e5b6bc02d379db03a877d34d/library/std/src/panicking.rs:292:9
[INFO] [stdout]   10:     0x5cdd1a76d1b7 - <alloc::boxed::Box<F,A> as core::ops::function::Fn<Args>>::call::h7a3c7b4a1ae77f2f
[INFO] [stdout]                                at /rustc/202008a1b8de96d2e5b6bc02d379db03a877d34d/library/alloc/src/boxed.rs:1986:9
[INFO] [stdout]   11:     0x5cdd1a76d1b7 - test::test_main::{{closure}}::hf0d3b69ae9b353d1
[INFO] [stdout]                                at /rustc/202008a1b8de96d2e5b6bc02d379db03a877d34d/library/test/src/lib.rs:134:21
[INFO] [stdout]   12:     0x5cdd1a7f44a8 - <alloc::boxed::Box<F,A> as core::ops::function::Fn<Args>>::call::h6332e82e7b189abd
[INFO] [stdout]                                at /rustc/202008a1b8de96d2e5b6bc02d379db03a877d34d/library/alloc/src/boxed.rs:1986:9
[INFO] [stdout]   13:     0x5cdd1a7f44a8 - std::panicking::rust_panic_with_hook::h53863d4e9018df39
[INFO] [stdout]                                at /rustc/202008a1b8de96d2e5b6bc02d379db03a877d34d/library/std/src/panicking.rs:809:13
[INFO] [stdout]   14:     0x5cdd1a7f4236 - std::panicking::begin_panic_handler::{{closure}}::h67280e6fa0757873
[INFO] [stdout]                                at /rustc/202008a1b8de96d2e5b6bc02d379db03a877d34d/library/std/src/panicking.rs:667:13
[INFO] [stdout]   15:     0x5cdd1a7f2e59 - std::sys::backtrace::__rust_end_short_backtrace::h1dac3f54d6fbbeb2
[INFO] [stdout]                                at /rustc/202008a1b8de96d2e5b6bc02d379db03a877d34d/library/std/src/sys/backtrace.rs:170:18
[INFO] [stdout]   16:     0x5cdd1a7f3efc - rust_begin_unwind
[INFO] [stdout]                                at /rustc/202008a1b8de96d2e5b6bc02d379db03a877d34d/library/std/src/panicking.rs:665:5
[INFO] [stdout]   17:     0x5cdd1a505260 - core::panicking::panic_fmt::h6792bd1b2bf01041
[INFO] [stdout]                                at /rustc/202008a1b8de96d2e5b6bc02d379db03a877d34d/library/core/src/panicking.rs:76:14
[INFO] [stdout]   18:     0x5cdd1a5052ec - core::panicking::panic::hbb5c236a846c507c
[INFO] [stdout]                                at /rustc/202008a1b8de96d2e5b6bc02d379db03a877d34d/library/core/src/panicking.rs:148:5
[INFO] [stdout]   19:     0x5cdd1a58d4f4 - mini_lsm_mvcc::tests::week1_day6::test_task2_auto_flush::hcdb7f46351ecc19f
[INFO] [stdout]                                at /opt/rustwide/workdir/mini-lsm-mvcc/src/tests/week1_day6.rs:136:5
[INFO] [stdout]   20:     0x5cdd1a58cff7 - mini_lsm_mvcc::tests::week1_day6::test_task2_auto_flush::{{closure}}::hdc5de2f353263770
[INFO] [stdout]                                at /opt/rustwide/workdir/mini-lsm-mvcc/src/tests/week1_day6.rs:121:27
[INFO] [stdout]   21:     0x5cdd1a615746 - core::ops::function::FnOnce::call_once::h910da64caf08d7cc
[INFO] [stdout]                                at /rustc/202008a1b8de96d2e5b6bc02d379db03a877d34d/library/core/src/ops/function.rs:250:5
[INFO] [stdout]   22:     0x5cdd1a771cdb - core::ops::function::FnOnce::call_once::h871bf86719ec9aa4
[INFO] [stdout]                                at /rustc/202008a1b8de96d2e5b6bc02d379db03a877d34d/library/core/src/ops/function.rs:250:5
[INFO] [stdout]   23:     0x5cdd1a771cdb - test::__rust_begin_short_backtrace::h2167df1e2b7d76fd
[INFO] [stdout]                                at /rustc/202008a1b8de96d2e5b6bc02d379db03a877d34d/library/test/src/lib.rs:632:18
[INFO] [stdout]   24:     0x5cdd1a7716c8 - test::run_test_in_process::{{closure}}::h15d92f75a3adfb79
[INFO] [stdout]                                at /rustc/202008a1b8de96d2e5b6bc02d379db03a877d34d/library/test/src/lib.rs:655:60
[INFO] [stdout]   25:     0x5cdd1a7716c8 - <core::panic::unwind_safe::AssertUnwindSafe<F> as core::ops::function::FnOnce<()>>::call_once::hb6c8955835a8dbbb
[INFO] [stdout]                                at /rustc/202008a1b8de96d2e5b6bc02d379db03a877d34d/library/core/src/panic/unwind_safe.rs:272:9
[INFO] [stdout]   26:     0x5cdd1a7716c8 - std::panicking::try::do_call::hc79d0fc888a0bd30
[INFO] [stdout]                                at /rustc/202008a1b8de96d2e5b6bc02d379db03a877d34d/library/std/src/panicking.rs:557:40
[INFO] [stdout]   27:     0x5cdd1a7716c8 - std::panicking::try::hb8a7878e3a8589d6
[INFO] [stdout]                                at /rustc/202008a1b8de96d2e5b6bc02d379db03a877d34d/library/std/src/panicking.rs:520:19
[INFO] [stdout]   28:     0x5cdd1a7716c8 - std::panic::catch_unwind::hb8e4600ff0ff5cfa
[INFO] [stdout]                                at /rustc/202008a1b8de96d2e5b6bc02d379db03a877d34d/library/std/src/panic.rs:358:14
[INFO] [stdout]   29:     0x5cdd1a7716c8 - test::run_test_in_process::hc2900b0b18688dd6
[INFO] [stdout]                                at /rustc/202008a1b8de96d2e5b6bc02d379db03a877d34d/library/test/src/lib.rs:655:27
[INFO] [stdout]   30:     0x5cdd1a7716c8 - test::run_test::{{closure}}::hac2a9cb07be3d48d
[INFO] [stdout]                                at /rustc/202008a1b8de96d2e5b6bc02d379db03a877d34d/library/test/src/lib.rs:576:43
[INFO] [stdout]   31:     0x5cdd1a73516a - test::run_test::{{closure}}::h4a5b729e66a38cd8
[INFO] [stdout]                                at /rustc/202008a1b8de96d2e5b6bc02d379db03a877d34d/library/test/src/lib.rs:606:41
[INFO] [stdout]   32:     0x5cdd1a73516a - std::sys::backtrace::__rust_begin_short_backtrace::h0496fb742492f573
[INFO] [stdout]                                at /rustc/202008a1b8de96d2e5b6bc02d379db03a877d34d/library/std/src/sys/backtrace.rs:154:18
[INFO] [stdout]   33:     0x5cdd1a738ae4 - std::thread::Builder::spawn_unchecked_::{{closure}}::{{closure}}::hbb6d257c550a54bd
[INFO] [stdout]                                at /rustc/202008a1b8de96d2e5b6bc02d379db03a877d34d/library/std/src/thread/mod.rs:561:17
[INFO] [stdout]   34:     0x5cdd1a738ae4 - <core::panic::unwind_safe::AssertUnwindSafe<F> as core::ops::function::FnOnce<()>>::call_once::h46696fe4a6832328
[INFO] [stdout]                                at /rustc/202008a1b8de96d2e5b6bc02d379db03a877d34d/library/core/src/panic/unwind_safe.rs:272:9
[INFO] [stdout]   35:     0x5cdd1a738ae4 - std::panicking::try::do_call::h2625a51b667bfb64
[INFO] [stdout]                                at /rustc/202008a1b8de96d2e5b6bc02d379db03a877d34d/library/std/src/panicking.rs:557:40
[INFO] [stdout]   36:     0x5cdd1a738ae4 - std::panicking::try::hb956a59a1973aa4c
[INFO] [stdout]                                at /rustc/202008a1b8de96d2e5b6bc02d379db03a877d34d/library/std/src/panicking.rs:520:19
[INFO] [stdout]   37:     0x5cdd1a738ae4 - std::panic::catch_unwind::h64f3b9d1067ef6a0
[INFO] [stdout]                                at /rustc/202008a1b8de96d2e5b6bc02d379db03a877d34d/library/std/src/panic.rs:358:14
[INFO] [stdout]   38:     0x5cdd1a738ae4 - std::thread::Builder::spawn_unchecked_::{{closure}}::h42b2841295b6c0b2
[INFO] [stdout]                                at /rustc/202008a1b8de96d2e5b6bc02d379db03a877d34d/library/std/src/thread/mod.rs:559:30
[INFO] [stdout]   39:     0x5cdd1a738ae4 - core::ops::function::FnOnce::call_once{{vtable.shim}}::h6127de71b8124639
[INFO] [stdout]                                at /rustc/202008a1b8de96d2e5b6bc02d379db03a877d34d/library/core/src/ops/function.rs:250:5
[INFO] [stdout]   40:     0x5cdd1a7f934b - <alloc::boxed::Box<F,A> as core::ops::function::FnOnce<Args>>::call_once::h42f0ba71002a1b2c
[INFO] [stdout]                                at /rustc/202008a1b8de96d2e5b6bc02d379db03a877d34d/library/alloc/src/boxed.rs:1972:9
[INFO] [stdout]   41:     0x5cdd1a7f934b - <alloc::boxed::Box<F,A> as core::ops::function::FnOnce<Args>>::call_once::had9e47d7a3dcecb8
[INFO] [stdout]                                at /rustc/202008a1b8de96d2e5b6bc02d379db03a877d34d/library/alloc/src/boxed.rs:1972:9
[INFO] [stdout]   42:     0x5cdd1a7f934b - std::sys::pal::unix::thread::Thread::new::thread_start::h48cf765408f6f5f2
[INFO] [stdout]                                at /rustc/202008a1b8de96d2e5b6bc02d379db03a877d34d/library/std/src/sys/pal/unix/thread.rs:105:17
[INFO] [stdout]   43:     0x7cc1b212dac3 - <unknown>
[INFO] [stdout]   44:     0x7cc1b21bea04 - clone
[INFO] [stdout]   45:                0x0 - <unknown>
[INFO] [stdout] 
[INFO] [stdout] 
[INFO] [stdout] failures:
[INFO] [stdout]     tests::week1_day6::test_task2_auto_flush
[INFO] [stdout] 
[INFO] [stdout] test result: FAILED. 71 passed; 1 failed; 0 ignored; 0 measured; 0 filtered out; finished in 36.08s
[INFO] [stdout] 
[INFO] [stderr] error: test failed, to rerun pass `-p mini-lsm-mvcc --lib`
[INFO] running `Command { std: "docker" "inspect" "9d936dd11ccc5ad834cd0162e139bf24807e4f0553ca8876adccf3d6005e2435", kill_on_drop: false }`
[INFO] running `Command { std: "docker" "rm" "-f" "9d936dd11ccc5ad834cd0162e139bf24807e4f0553ca8876adccf3d6005e2435", kill_on_drop: false }`
[INFO] [stdout] 9d936dd11ccc5ad834cd0162e139bf24807e4f0553ca8876adccf3d6005e2435
