[INFO] cloning repository https://github.com/jczaja/train-helper
[INFO] running `Command { std: "git" "-c" "credential.helper=" "-c" "credential.helper=/workspace/cargo-home/bin/git-credential-null" "clone" "--bare" "https://github.com/jczaja/train-helper" "/workspace/cache/git-repos/https%3A%2F%2Fgithub.com%2Fjczaja%2Ftrain-helper", kill_on_drop: false }`
[INFO] [stderr] Cloning into bare repository '/workspace/cache/git-repos/https%3A%2F%2Fgithub.com%2Fjczaja%2Ftrain-helper'...
[INFO] running `Command { std: "git" "rev-parse" "HEAD", kill_on_drop: false }`
[INFO] [stdout] 22146676937b594512e7604c36c35a4930046455
[INFO] testing jczaja/train-helper against beta-2024-12-08 for beta-1.84.0-4-retry
[INFO] running `Command { std: "git" "clone" "/workspace/cache/git-repos/https%3A%2F%2Fgithub.com%2Fjczaja%2Ftrain-helper" "/workspace/builds/worker-4-tc2/source", kill_on_drop: false }`
[INFO] [stderr] Cloning into '/workspace/builds/worker-4-tc2/source'...
[INFO] [stderr] done.
[INFO] validating manifest of git repo https://github.com/jczaja/train-helper on toolchain beta-2024-12-08
[INFO] running `Command { std: CARGO_HOME="/workspace/cargo-home" RUSTUP_HOME="/workspace/rustup-home" "/workspace/cargo-home/bin/cargo" "+beta-2024-12-08" "metadata" "--manifest-path" "Cargo.toml" "--no-deps", kill_on_drop: false }`
[INFO] started tweaking git repo https://github.com/jczaja/train-helper
[INFO] finished tweaking git repo https://github.com/jczaja/train-helper
[INFO] tweaked toml for git repo https://github.com/jczaja/train-helper written to /workspace/builds/worker-4-tc2/source/Cargo.toml
[INFO] crate git repo https://github.com/jczaja/train-helper already has a lockfile, it will not be regenerated
[INFO] running `Command { std: CARGO_HOME="/workspace/cargo-home" RUSTUP_HOME="/workspace/rustup-home" "/workspace/cargo-home/bin/cargo" "+beta-2024-12-08" "fetch" "--manifest-path" "Cargo.toml", kill_on_drop: false }`
[INFO] running `Command { std: "docker" "create" "-v" "/var/lib/crater-agent-workspace/builds/worker-4-tc2/target:/opt/rustwide/target:rw,Z" "-v" "/var/lib/crater-agent-workspace/builds/worker-4-tc2/source:/opt/rustwide/workdir:ro,Z" "-v" "/var/lib/crater-agent-workspace/cargo-home:/opt/rustwide/cargo-home:ro,Z" "-v" "/var/lib/crater-agent-workspace/rustup-home:/opt/rustwide/rustup-home:ro,Z" "-e" "SOURCE_DIR=/opt/rustwide/workdir" "-e" "CARGO_TARGET_DIR=/opt/rustwide/target" "-e" "CARGO_HOME=/opt/rustwide/cargo-home" "-e" "RUSTUP_HOME=/opt/rustwide/rustup-home" "-w" "/opt/rustwide/workdir" "-m" "1610612736" "--user" "0:0" "--network" "none" "ghcr.io/rust-lang/crates-build-env/linux@sha256:f3a9d4ad9d972b27faf3965f35b62e55ba32bbce8f20bc8fe909558a86702fde" "/opt/rustwide/cargo-home/bin/cargo" "+beta-2024-12-08" "metadata" "--no-deps" "--format-version=1", kill_on_drop: false }`
[INFO] [stdout] 2645d58bdc25f867e91ebae20e1e60924d95c229ac012061be23d75d33faf1f1
[INFO] running `Command { std: "docker" "start" "-a" "2645d58bdc25f867e91ebae20e1e60924d95c229ac012061be23d75d33faf1f1", kill_on_drop: false }`
[INFO] running `Command { std: "docker" "inspect" "2645d58bdc25f867e91ebae20e1e60924d95c229ac012061be23d75d33faf1f1", kill_on_drop: false }`
[INFO] running `Command { std: "docker" "rm" "-f" "2645d58bdc25f867e91ebae20e1e60924d95c229ac012061be23d75d33faf1f1", kill_on_drop: false }`
[INFO] [stdout] 2645d58bdc25f867e91ebae20e1e60924d95c229ac012061be23d75d33faf1f1
[INFO] running `Command { std: "docker" "create" "-v" "/var/lib/crater-agent-workspace/builds/worker-4-tc2/target:/opt/rustwide/target:rw,Z" "-v" "/var/lib/crater-agent-workspace/builds/worker-4-tc2/source:/opt/rustwide/workdir:ro,Z" "-v" "/var/lib/crater-agent-workspace/cargo-home:/opt/rustwide/cargo-home:ro,Z" "-v" "/var/lib/crater-agent-workspace/rustup-home:/opt/rustwide/rustup-home:ro,Z" "-e" "SOURCE_DIR=/opt/rustwide/workdir" "-e" "CARGO_TARGET_DIR=/opt/rustwide/target" "-e" "CARGO_INCREMENTAL=0" "-e" "RUST_BACKTRACE=full" "-e" "RUSTFLAGS=--cap-lints=warn" "-e" "RUSTDOCFLAGS=--cap-lints=warn" "-e" "CARGO_HOME=/opt/rustwide/cargo-home" "-e" "RUSTUP_HOME=/opt/rustwide/rustup-home" "-w" "/opt/rustwide/workdir" "-m" "1610612736" "--user" "0:0" "--network" "none" "ghcr.io/rust-lang/crates-build-env/linux@sha256:f3a9d4ad9d972b27faf3965f35b62e55ba32bbce8f20bc8fe909558a86702fde" "/opt/rustwide/cargo-home/bin/cargo" "+beta-2024-12-08" "build" "--frozen" "--message-format=json", kill_on_drop: false }`
[INFO] [stdout] 61a3a421a9ea786717bedaf78e81650ed6c1b8620cb08c2047fa0d5641e4d2c5
[INFO] running `Command { std: "docker" "start" "-a" "61a3a421a9ea786717bedaf78e81650ed6c1b8620cb08c2047fa0d5641e4d2c5", kill_on_drop: false }`
[INFO] [stderr]    Compiling autocfg v1.1.0
[INFO] [stderr]    Compiling libc v0.2.132
[INFO] [stderr]    Compiling cfg-if v1.0.0
[INFO] [stderr]    Compiling proc-macro2 v1.0.43
[INFO] [stderr]    Compiling quote v1.0.21
[INFO] [stderr]    Compiling unicode-ident v1.0.3
[INFO] [stderr]    Compiling syn v1.0.99
[INFO] [stderr]    Compiling once_cell v1.14.0
[INFO] [stderr]    Compiling memchr v2.5.0
[INFO] [stderr]    Compiling pin-project-lite v0.2.9
[INFO] [stderr]    Compiling log v0.4.17
[INFO] [stderr]    Compiling futures-core v0.3.24
[INFO] [stderr]    Compiling cc v1.0.73
[INFO] [stderr]    Compiling lock_api v0.4.9
[INFO] [stderr]    Compiling parking_lot_core v0.9.3
[INFO] [stderr]    Compiling slab v0.4.7
[INFO] [stderr]    Compiling scopeguard v1.1.0
[INFO] [stderr]    Compiling smallvec v1.9.0
[INFO] [stderr]    Compiling futures-sink v0.3.24
[INFO] [stderr]    Compiling futures-task v0.3.24
[INFO] [stderr]    Compiling futures-channel v0.3.24
[INFO] [stderr]    Compiling bytes v1.2.1
[INFO] [stderr]    Compiling tokio v1.21.0
[INFO] [stderr]    Compiling futures-util v0.3.24
[INFO] [stderr]    Compiling untrusted v0.7.1
[INFO] [stderr]    Compiling spin v0.5.2
[INFO] [stderr]    Compiling itoa v1.0.3
[INFO] [stderr]    Compiling parking_lot v0.12.1
[INFO] [stderr]    Compiling mio v0.8.4
[INFO] [stderr]    Compiling signal-hook-registry v1.4.0
[INFO] [stderr]    Compiling socket2 v0.4.7
[INFO] [stderr]    Compiling ring v0.16.20
[INFO] [stderr]    Compiling num_cpus v1.13.1
[INFO] [stderr]    Compiling num-traits v0.2.15
[INFO] [stderr]    Compiling futures-io v0.3.24
[INFO] [stderr]    Compiling pin-utils v0.1.0
[INFO] [stderr]    Compiling maybe-uninit v2.0.0
[INFO] [stderr]    Compiling num-integer v0.1.45
[INFO] [stderr]    Compiling indexmap v1.9.1
[INFO] [stderr]    Compiling tracing-core v0.1.29
[INFO] [stderr]    Compiling crc32fast v1.3.2
[INFO] [stderr]    Compiling fnv v1.0.7
[INFO] [stderr]    Compiling byteorder v1.4.3
[INFO] [stderr]    Compiling version_check v0.9.4
[INFO] [stderr]    Compiling serde_derive v1.0.144
[INFO] [stderr]    Compiling http v0.2.8
[INFO] [stderr]    Compiling ahash v0.7.6
[INFO] [stderr]    Compiling adler v1.0.2
[INFO] [stderr]    Compiling tracing v0.1.36
[INFO] [stderr]    Compiling rustls v0.20.6
[INFO] [stderr]    Compiling hashbrown v0.12.3
[INFO] [stderr]    Compiling httparse v1.8.0
[INFO] [stderr]    Compiling matches v0.1.9
[INFO] [stderr]    Compiling tinyvec_macros v0.1.0
[INFO] [stderr]    Compiling quad-alsa-sys v0.3.2
[INFO] [stderr]    Compiling serde v1.0.144
[INFO] [stderr]    Compiling tinyvec v1.6.0
[INFO] [stderr]    Compiling miniz_oxide v0.5.4
[INFO] [stderr]    Compiling smallvec v0.6.14
[INFO] [stderr]    Compiling ogg v0.7.1
[INFO] [stderr]    Compiling getrandom v0.2.7
[INFO] [stderr]    Compiling num-rational v0.4.1
[INFO] [stderr]    Compiling dasp_sample v0.11.0
[INFO] [stderr]    Compiling try-lock v0.2.3
[INFO] [stderr]    Compiling percent-encoding v2.1.0
[INFO] [stderr]    Compiling want v0.3.0
[INFO] [stderr]    Compiling unicode-normalization v0.1.21
[INFO] [stderr]    Compiling lewton v0.9.4
[INFO] [stderr]    Compiling form_urlencoded v1.0.1
[INFO] [stderr]    Compiling dasp_frame v0.11.0
[INFO] [stderr]    Compiling flate2 v1.0.24
[INFO] [stderr]    Compiling http-body v0.4.5
[INFO] [stderr]    Compiling quad-snd v0.2.5
[INFO] [stderr]    Compiling encoding_rs v0.8.31
[INFO] [stderr]    Compiling hound v3.4.0
[INFO] [stderr]    Compiling httpdate v1.0.2
[INFO] [stderr]    Compiling unicode-bidi v0.3.8
[INFO] [stderr]    Compiling serde_json v1.0.85
[INFO] [stderr]    Compiling tower-service v0.3.2
[INFO] [stderr]    Compiling bitflags v1.3.2
[INFO] [stderr]    Compiling ryu v1.0.11
[INFO] [stderr]    Compiling miniquad v0.3.13
[INFO] [stderr]    Compiling png v0.17.6
[INFO] [stderr]    Compiling idna v0.2.3
[INFO] [stderr]    Compiling hashbrown v0.11.2
[INFO] [stderr]    Compiling color_quant v1.1.0
[INFO] [stderr]    Compiling webpki v0.22.0
[INFO] [stderr]    Compiling sct v0.7.0
[INFO] [stderr]    Compiling bytemuck v1.12.1
[INFO] [stderr]    Compiling audrey v0.3.0
[INFO] [stderr]    Compiling base64 v0.13.0
[INFO] [stderr]    Compiling ttf-parser v0.15.2
[INFO] [stderr]    Compiling image v0.24.3
[INFO] [stderr]    Compiling rustls-pemfile v1.0.1
[INFO] [stderr]    Compiling webpki-roots v0.22.4
[INFO] [stderr]    Compiling url v2.2.2
[INFO] [stderr]    Compiling fontdue v0.7.2
[INFO] [stderr]    Compiling tokio-macros v1.8.0
[INFO] [stderr]    Compiling futures-macro v0.3.24
[INFO] [stderr]    Compiling aho-corasick v0.7.19
[INFO] [stderr]    Compiling time v0.1.44
[INFO] [stderr]    Compiling ipnet v2.5.0
[INFO] [stderr]    Compiling mime v0.3.16
[INFO] [stderr]    Compiling iana-time-zone v0.1.47
[INFO] [stderr]    Compiling macroquad_macro v0.1.7
[INFO] [stderr]    Compiling glam v0.21.3
[INFO] [stderr]    Compiling quad-rand v0.2.1
[INFO] [stderr]    Compiling lazy_static v1.4.0
[INFO] [stderr]    Compiling regex-syntax v0.6.27
[INFO] [stderr]    Compiling bumpalo v3.11.0
[INFO] [stderr]    Compiling chrono v0.4.22
[INFO] [stderr]    Compiling macroquad v0.3.24
[INFO] [stderr]    Compiling futures-executor v0.3.24
[INFO] [stderr]    Compiling futures v0.3.24
[INFO] [stderr]    Compiling tokio-util v0.7.3
[INFO] [stderr]    Compiling tokio-rustls v0.23.4
[INFO] [stderr]    Compiling regex v1.6.0
[INFO] [stderr]    Compiling h2 v0.3.14
[INFO] [stderr]    Compiling serde_urlencoded v0.7.1
[INFO] [stderr]    Compiling hyper v0.14.20
[INFO] [stderr]    Compiling hyper-rustls v0.23.0
[INFO] [stderr]    Compiling reqwest v0.11.11
[INFO] [stderr]    Compiling train-helper v0.1.0 (/opt/rustwide/workdir)
[INFO] [stdout] warning: unused variable: `departures`
[INFO] [stdout]   --> src/ztm.rs:72:13
[INFO] [stdout]    |
[INFO] [stdout] 72 |             departures: &Vec<(&'a str, Vec<u32>, &'a str)>,
[INFO] [stdout]    |             ^^^^^^^^^^ help: if this is intentional, prefix it with an underscore: `_departures`
[INFO] [stdout]    |
[INFO] [stdout]    = note: `#[warn(unused_variables)]` on by default
[INFO] [stdout] 
[INFO] [stdout] 
[INFO] [stdout] warning: field `proxy` is never read
[INFO] [stdout]  --> src/skm.rs:8:9
[INFO] [stdout]   |
[INFO] [stdout] 6 |     pub struct SKM {
[INFO] [stdout]   |                --- field in this struct
[INFO] [stdout] 7 |         skm_url: String,
[INFO] [stdout] 8 |         proxy: Option<Vec<String>>,
[INFO] [stdout]   |         ^^^^^
[INFO] [stdout]   |
[INFO] [stdout]   = note: `#[warn(dead_code)]` on by default
[INFO] [stdout] 
[INFO] [stdout] 
[INFO] [stdout] warning: field `proxy` is never read
[INFO] [stdout]   --> src/ztm.rs:65:9
[INFO] [stdout]    |
[INFO] [stdout] 62 |     pub struct ZTM<'a> {
[INFO] [stdout]    |                --- field in this struct
[INFO] [stdout] ...
[INFO] [stdout] 65 |         proxy: Option<Vec<String>>,
[INFO] [stdout]    |         ^^^^^
[INFO] [stdout] 
[INFO] [stdout] 
[INFO] [stdout] warning: structure field `lastUpdate` should have a snake case name
[INFO] [stdout]   --> src/ztm.rs:49:9
[INFO] [stdout]    |
[INFO] [stdout] 49 |         lastUpdate: String,
[INFO] [stdout]    |         ^^^^^^^^^^ help: convert the identifier to snake case: `last_update`
[INFO] [stdout]    |
[INFO] [stdout]    = note: `#[warn(non_snake_case)]` on by default
[INFO] [stdout] 
[INFO] [stdout] 
[INFO] [stdout] warning: structure field `delayInSeconds` should have a snake case name
[INFO] [stdout]   --> src/ztm.rs:56:9
[INFO] [stdout]    |
[INFO] [stdout] 56 |         delayInSeconds: Option<i32>,
[INFO] [stdout]    |         ^^^^^^^^^^^^^^ help: convert the identifier to snake case: `delay_in_seconds`
[INFO] [stdout] 
[INFO] [stdout] 
[INFO] [stdout] warning: structure field `estimatedTime` should have a snake case name
[INFO] [stdout]   --> src/ztm.rs:57:9
[INFO] [stdout]    |
[INFO] [stdout] 57 |         estimatedTime: String,
[INFO] [stdout]    |         ^^^^^^^^^^^^^ help: convert the identifier to snake case: `estimated_time`
[INFO] [stdout] 
[INFO] [stdout] 
[INFO] [stdout] warning: structure field `routeId` should have a snake case name
[INFO] [stdout]   --> src/ztm.rs:59:9
[INFO] [stdout]    |
[INFO] [stdout] 59 |         routeId: u32,
[INFO] [stdout]    |         ^^^^^^^ help: convert the identifier to snake case: `route_id`
[INFO] [stdout] 
[INFO] [stdout] 
[INFO] [stderr]     Finished `dev` profile [unoptimized + debuginfo] target(s) in 2m 05s
[INFO] running `Command { std: "docker" "inspect" "61a3a421a9ea786717bedaf78e81650ed6c1b8620cb08c2047fa0d5641e4d2c5", kill_on_drop: false }`
[INFO] running `Command { std: "docker" "rm" "-f" "61a3a421a9ea786717bedaf78e81650ed6c1b8620cb08c2047fa0d5641e4d2c5", kill_on_drop: false }`
[INFO] [stdout] 61a3a421a9ea786717bedaf78e81650ed6c1b8620cb08c2047fa0d5641e4d2c5
[INFO] running `Command { std: "docker" "create" "-v" "/var/lib/crater-agent-workspace/builds/worker-4-tc2/target:/opt/rustwide/target:rw,Z" "-v" "/var/lib/crater-agent-workspace/builds/worker-4-tc2/source:/opt/rustwide/workdir:ro,Z" "-v" "/var/lib/crater-agent-workspace/cargo-home:/opt/rustwide/cargo-home:ro,Z" "-v" "/var/lib/crater-agent-workspace/rustup-home:/opt/rustwide/rustup-home:ro,Z" "-e" "SOURCE_DIR=/opt/rustwide/workdir" "-e" "CARGO_TARGET_DIR=/opt/rustwide/target" "-e" "CARGO_INCREMENTAL=0" "-e" "RUST_BACKTRACE=full" "-e" "RUSTFLAGS=--cap-lints=warn" "-e" "RUSTDOCFLAGS=--cap-lints=warn" "-e" "CARGO_HOME=/opt/rustwide/cargo-home" "-e" "RUSTUP_HOME=/opt/rustwide/rustup-home" "-w" "/opt/rustwide/workdir" "-m" "1610612736" "--user" "0:0" "--network" "none" "ghcr.io/rust-lang/crates-build-env/linux@sha256:f3a9d4ad9d972b27faf3965f35b62e55ba32bbce8f20bc8fe909558a86702fde" "/opt/rustwide/cargo-home/bin/cargo" "+beta-2024-12-08" "test" "--frozen" "--no-run" "--message-format=json", kill_on_drop: false }`
[INFO] [stdout] c8e47323f6e8df3bb79db59cd96c56c50b12962f6a76cfa8cc778a68969235f9
[INFO] running `Command { std: "docker" "start" "-a" "c8e47323f6e8df3bb79db59cd96c56c50b12962f6a76cfa8cc778a68969235f9", kill_on_drop: false }`
[INFO] [stderr]    Compiling crossbeam-utils v0.8.11
[INFO] [stderr]    Compiling memoffset v0.6.5
[INFO] [stderr]    Compiling crossbeam-epoch v0.9.10
[INFO] [stderr]    Compiling rayon-core v1.9.3
[INFO] [stderr]    Compiling either v1.8.0
[INFO] [stderr]    Compiling rayon v1.5.3
[INFO] [stderr]    Compiling unicode-width v0.1.10
[INFO] [stderr]    Compiling regex-automata v0.1.10
[INFO] [stderr]    Compiling plotters-backend v0.3.4
[INFO] [stderr]    Compiling itertools v0.10.5
[INFO] [stderr]    Compiling textwrap v0.11.0
[INFO] [stderr]    Compiling bstr v0.2.17
[INFO] [stderr]    Compiling csv-core v0.1.10
[INFO] [stderr]    Compiling half v1.8.2
[INFO] [stderr]    Compiling plotters-svg v0.3.3
[INFO] [stderr]    Compiling same-file v1.0.6
[INFO] [stderr]    Compiling cast v0.3.0
[INFO] [stderr]    Compiling itoa v0.4.8
[INFO] [stderr]    Compiling plotters v0.3.4
[INFO] [stderr]    Compiling serde_cbor v0.11.2
[INFO] [stderr]    Compiling walkdir v2.3.2
[INFO] [stderr]    Compiling clap v2.34.0
[INFO] [stderr]    Compiling crossbeam-channel v0.5.6
[INFO] [stderr]    Compiling crossbeam-deque v0.8.2
[INFO] [stderr]    Compiling csv v1.1.6
[INFO] [stderr]    Compiling tinytemplate v1.2.1
[INFO] [stderr]    Compiling atty v0.2.14
[INFO] [stderr]    Compiling oorandom v11.1.3
[INFO] [stdout] warning: unused variable: `departures`
[INFO] [stdout]   --> src/ztm.rs:72:13
[INFO] [stdout]    |
[INFO] [stdout] 72 |             departures: &Vec<(&'a str, Vec<u32>, &'a str)>,
[INFO] [stdout]    |             ^^^^^^^^^^ help: if this is intentional, prefix it with an underscore: `_departures`
[INFO] [stdout]    |
[INFO] [stdout]    = note: `#[warn(unused_variables)]` on by default
[INFO] [stdout] 
[INFO] [stdout] 
[INFO] [stdout] warning: field `proxy` is never read
[INFO] [stdout]  --> src/skm.rs:8:9
[INFO] [stdout]   |
[INFO] [stdout] 6 |     pub struct SKM {
[INFO] [stdout]   |                --- field in this struct
[INFO] [stdout] 7 |         skm_url: String,
[INFO] [stdout] 8 |         proxy: Option<Vec<String>>,
[INFO] [stdout]   |         ^^^^^
[INFO] [stdout]   |
[INFO] [stdout]   = note: `#[warn(dead_code)]` on by default
[INFO] [stdout] 
[INFO] [stdout] 
[INFO] [stdout] warning: field `proxy` is never read
[INFO] [stdout]   --> src/ztm.rs:65:9
[INFO] [stdout]    |
[INFO] [stdout] 62 |     pub struct ZTM<'a> {
[INFO] [stdout]    |                --- field in this struct
[INFO] [stdout] ...
[INFO] [stdout] 65 |         proxy: Option<Vec<String>>,
[INFO] [stdout]    |         ^^^^^
[INFO] [stdout] 
[INFO] [stdout] 
[INFO] [stdout] warning: structure field `lastUpdate` should have a snake case name
[INFO] [stdout]   --> src/ztm.rs:49:9
[INFO] [stdout]    |
[INFO] [stdout] 49 |         lastUpdate: String,
[INFO] [stdout]    |         ^^^^^^^^^^ help: convert the identifier to snake case: `last_update`
[INFO] [stdout]    |
[INFO] [stdout]    = note: `#[warn(non_snake_case)]` on by default
[INFO] [stdout] 
[INFO] [stdout] 
[INFO] [stdout] warning: structure field `delayInSeconds` should have a snake case name
[INFO] [stdout]   --> src/ztm.rs:56:9
[INFO] [stdout]    |
[INFO] [stdout] 56 |         delayInSeconds: Option<i32>,
[INFO] [stdout]    |         ^^^^^^^^^^^^^^ help: convert the identifier to snake case: `delay_in_seconds`
[INFO] [stdout] 
[INFO] [stdout] 
[INFO] [stdout] warning: structure field `estimatedTime` should have a snake case name
[INFO] [stdout]   --> src/ztm.rs:57:9
[INFO] [stdout]    |
[INFO] [stdout] 57 |         estimatedTime: String,
[INFO] [stdout]    |         ^^^^^^^^^^^^^ help: convert the identifier to snake case: `estimated_time`
[INFO] [stdout] 
[INFO] [stdout] 
[INFO] [stdout] warning: structure field `routeId` should have a snake case name
[INFO] [stdout]   --> src/ztm.rs:59:9
[INFO] [stdout]    |
[INFO] [stdout] 59 |         routeId: u32,
[INFO] [stdout]    |         ^^^^^^^ help: convert the identifier to snake case: `route_id`
[INFO] [stdout] 
[INFO] [stdout] 
[INFO] [stderr]    Compiling criterion-plot v0.4.5
[INFO] [stderr]    Compiling criterion v0.3.6
[INFO] [stderr]    Compiling train-helper v0.1.0 (/opt/rustwide/workdir)
[INFO] [stdout] warning: unused variable: `departures`
[INFO] [stdout]   --> src/ztm.rs:72:13
[INFO] [stdout]    |
[INFO] [stdout] 72 |             departures: &Vec<(&'a str, Vec<u32>, &'a str)>,
[INFO] [stdout]    |             ^^^^^^^^^^ help: if this is intentional, prefix it with an underscore: `_departures`
[INFO] [stdout]    |
[INFO] [stdout]    = note: `#[warn(unused_variables)]` on by default
[INFO] [stdout] 
[INFO] [stdout] 
[INFO] [stdout] warning: field `proxy` is never read
[INFO] [stdout]  --> src/skm.rs:8:9
[INFO] [stdout]   |
[INFO] [stdout] 6 |     pub struct SKM {
[INFO] [stdout]   |                --- field in this struct
[INFO] [stdout] 7 |         skm_url: String,
[INFO] [stdout] 8 |         proxy: Option<Vec<String>>,
[INFO] [stdout]   |         ^^^^^
[INFO] [stdout]   |
[INFO] [stdout]   = note: `#[warn(dead_code)]` on by default
[INFO] [stdout] 
[INFO] [stdout] 
[INFO] [stdout] warning: field `proxy` is never read
[INFO] [stdout]   --> src/ztm.rs:65:9
[INFO] [stdout]    |
[INFO] [stdout] 62 |     pub struct ZTM<'a> {
[INFO] [stdout]    |                --- field in this struct
[INFO] [stdout] ...
[INFO] [stdout] 65 |         proxy: Option<Vec<String>>,
[INFO] [stdout]    |         ^^^^^
[INFO] [stdout] 
[INFO] [stdout] 
[INFO] [stdout] warning: structure field `lastUpdate` should have a snake case name
[INFO] [stdout]   --> src/ztm.rs:49:9
[INFO] [stdout]    |
[INFO] [stdout] 49 |         lastUpdate: String,
[INFO] [stdout]    |         ^^^^^^^^^^ help: convert the identifier to snake case: `last_update`
[INFO] [stdout]    |
[INFO] [stdout]    = note: `#[warn(non_snake_case)]` on by default
[INFO] [stdout] 
[INFO] [stdout] 
[INFO] [stdout] warning: structure field `delayInSeconds` should have a snake case name
[INFO] [stdout]   --> src/ztm.rs:56:9
[INFO] [stdout]    |
[INFO] [stdout] 56 |         delayInSeconds: Option<i32>,
[INFO] [stdout]    |         ^^^^^^^^^^^^^^ help: convert the identifier to snake case: `delay_in_seconds`
[INFO] [stdout] 
[INFO] [stdout] 
[INFO] [stdout] warning: structure field `estimatedTime` should have a snake case name
[INFO] [stdout]   --> src/ztm.rs:57:9
[INFO] [stdout]    |
[INFO] [stdout] 57 |         estimatedTime: String,
[INFO] [stdout]    |         ^^^^^^^^^^^^^ help: convert the identifier to snake case: `estimated_time`
[INFO] [stdout] 
[INFO] [stdout] 
[INFO] [stdout] warning: structure field `routeId` should have a snake case name
[INFO] [stdout]   --> src/ztm.rs:59:9
[INFO] [stdout]    |
[INFO] [stdout] 59 |         routeId: u32,
[INFO] [stdout]    |         ^^^^^^^ help: convert the identifier to snake case: `route_id`
[INFO] [stdout] 
[INFO] [stdout] 
[INFO] [stderr]     Finished `test` profile [unoptimized + debuginfo] target(s) in 35.52s
[INFO] running `Command { std: "docker" "inspect" "c8e47323f6e8df3bb79db59cd96c56c50b12962f6a76cfa8cc778a68969235f9", kill_on_drop: false }`
[INFO] running `Command { std: "docker" "rm" "-f" "c8e47323f6e8df3bb79db59cd96c56c50b12962f6a76cfa8cc778a68969235f9", kill_on_drop: false }`
[INFO] [stdout] c8e47323f6e8df3bb79db59cd96c56c50b12962f6a76cfa8cc778a68969235f9
[INFO] running `Command { std: "docker" "create" "-v" "/var/lib/crater-agent-workspace/builds/worker-4-tc2/target:/opt/rustwide/target:rw,Z" "-v" "/var/lib/crater-agent-workspace/builds/worker-4-tc2/source:/opt/rustwide/workdir:ro,Z" "-v" "/var/lib/crater-agent-workspace/cargo-home:/opt/rustwide/cargo-home:ro,Z" "-v" "/var/lib/crater-agent-workspace/rustup-home:/opt/rustwide/rustup-home:ro,Z" "-e" "SOURCE_DIR=/opt/rustwide/workdir" "-e" "CARGO_TARGET_DIR=/opt/rustwide/target" "-e" "CARGO_INCREMENTAL=0" "-e" "RUST_BACKTRACE=full" "-e" "RUSTFLAGS=--cap-lints=warn" "-e" "RUSTDOCFLAGS=--cap-lints=warn" "-e" "CARGO_HOME=/opt/rustwide/cargo-home" "-e" "RUSTUP_HOME=/opt/rustwide/rustup-home" "-w" "/opt/rustwide/workdir" "-m" "1610612736" "--user" "0:0" "--network" "none" "ghcr.io/rust-lang/crates-build-env/linux@sha256:f3a9d4ad9d972b27faf3965f35b62e55ba32bbce8f20bc8fe909558a86702fde" "/opt/rustwide/cargo-home/bin/cargo" "+beta-2024-12-08" "test" "--frozen", kill_on_drop: false }`
[INFO] [stdout] bea44cdeee16952f6cf7256e450923b505a751bd17c47fc61e6f5692f15647ab
[INFO] running `Command { std: "docker" "start" "-a" "bea44cdeee16952f6cf7256e450923b505a751bd17c47fc61e6f5692f15647ab", kill_on_drop: false }`
[INFO] [stderr] warning: unused variable: `departures`
[INFO] [stderr]   --> src/ztm.rs:72:13
[INFO] [stderr]    |
[INFO] [stderr] 72 |             departures: &Vec<(&'a str, Vec<u32>, &'a str)>,
[INFO] [stderr]    |             ^^^^^^^^^^ help: if this is intentional, prefix it with an underscore: `_departures`
[INFO] [stderr]    |
[INFO] [stderr]    = note: `#[warn(unused_variables)]` on by default
[INFO] [stderr] 
[INFO] [stderr] warning: field `proxy` is never read
[INFO] [stderr]  --> src/skm.rs:8:9
[INFO] [stderr]   |
[INFO] [stderr] 6 |     pub struct SKM {
[INFO] [stderr]   |                --- field in this struct
[INFO] [stderr] 7 |         skm_url: String,
[INFO] [stderr] 8 |         proxy: Option<Vec<String>>,
[INFO] [stderr]   |         ^^^^^
[INFO] [stderr]   |
[INFO] [stderr]   = note: `#[warn(dead_code)]` on by default
[INFO] [stderr] 
[INFO] [stderr] warning: field `proxy` is never read
[INFO] [stderr]   --> src/ztm.rs:65:9
[INFO] [stderr]    |
[INFO] [stderr] 62 |     pub struct ZTM<'a> {
[INFO] [stderr]    |                --- field in this struct
[INFO] [stderr] ...
[INFO] [stderr] 65 |         proxy: Option<Vec<String>>,
[INFO] [stderr]    |         ^^^^^
[INFO] [stderr] 
[INFO] [stderr] warning: structure field `lastUpdate` should have a snake case name
[INFO] [stderr]   --> src/ztm.rs:49:9
[INFO] [stderr]    |
[INFO] [stderr] 49 |         lastUpdate: String,
[INFO] [stderr]    |         ^^^^^^^^^^ help: convert the identifier to snake case: `last_update`
[INFO] [stderr]    |
[INFO] [stderr]    = note: `#[warn(non_snake_case)]` on by default
[INFO] [stderr] 
[INFO] [stderr] warning: structure field `delayInSeconds` should have a snake case name
[INFO] [stderr]   --> src/ztm.rs:56:9
[INFO] [stderr]    |
[INFO] [stderr] 56 |         delayInSeconds: Option<i32>,
[INFO] [stderr]    |         ^^^^^^^^^^^^^^ help: convert the identifier to snake case: `delay_in_seconds`
[INFO] [stderr] 
[INFO] [stderr] warning: structure field `estimatedTime` should have a snake case name
[INFO] [stderr]   --> src/ztm.rs:57:9
[INFO] [stderr]    |
[INFO] [stderr] 57 |         estimatedTime: String,
[INFO] [stderr]    |         ^^^^^^^^^^^^^ help: convert the identifier to snake case: `estimated_time`
[INFO] [stderr] 
[INFO] [stderr] warning: structure field `routeId` should have a snake case name
[INFO] [stderr]   --> src/ztm.rs:59:9
[INFO] [stderr]    |
[INFO] [stderr] 59 |         routeId: u32,
[INFO] [stderr]    |         ^^^^^^^ help: convert the identifier to snake case: `route_id`
[INFO] [stderr] 
[INFO] [stderr] warning: `train-helper` (lib) generated 7 warnings
[INFO] [stderr] warning: `train-helper` (lib test) generated 7 warnings (7 duplicates)
[INFO] [stderr]     Finished `test` profile [unoptimized + debuginfo] target(s) in 0.36s
[INFO] [stderr]      Running unittests src/lib.rs (/opt/rustwide/target/debug/deps/train_helper_lib-824030671a61c68a)
[INFO] [stdout] 
[INFO] [stdout] running 5 tests
[INFO] [stdout] test skm::skm::tests::test_parsing_message_missing ... ok
[INFO] [stdout] test ztm::ztm::tests::test_parsing_ztm_message ... ok
[INFO] [stdout] test skm::skm::tests::test_skm ... FAILED
[INFO] [stdout] test skm::skm::tests::test_parsing_message ... ok
[INFO] [stdout] test ztm::ztm::tests::test_ztm ... FAILED
[INFO] [stdout] 
[INFO] [stdout] failures:
[INFO] [stdout] 
[INFO] [stdout] ---- skm::skm::tests::test_skm stdout ----
[INFO] [stdout] Error: "Error sending SKM request: error sending request for url (https://skm.trojmiasto.pl/): error trying to connect: dns error: failed to lookup address information: Temporary failure in name resolution"
[INFO] [stdout] 
[INFO] [stdout] ---- ztm::ztm::tests::test_ztm stdout ----
[INFO] [stdout] thread 'ztm::ztm::tests::test_ztm' panicked at src/ztm.rs:160:18:
[INFO] [stdout] Error: fetching ZTM data: reqwest::Error { kind: Request, url: Url { scheme: "https", cannot_be_a_base: false, username: "", password: None, host: Some(Domain("mapa.ztm.gda.pl")), port: None, path: "/departures", query: Some("stopId=1752"), fragment: None }, source: hyper::Error(Connect, ConnectError("dns error", Custom { kind: Uncategorized, error: "failed to lookup address information: Temporary failure in name resolution" })) }
[INFO] [stdout] stack backtrace:
[INFO] [stdout]    0:     0x581c1a80143a - std::backtrace_rs::backtrace::libunwind::trace::h8810477743020387
[INFO] [stdout]                                at /rustc/202008a1b8de96d2e5b6bc02d379db03a877d34d/library/std/src/../../backtrace/src/backtrace/libunwind.rs:116:5
[INFO] [stdout]    1:     0x581c1a80143a - std::backtrace_rs::backtrace::trace_unsynchronized::h3aa55355dd6c54a6
[INFO] [stdout]                                at /rustc/202008a1b8de96d2e5b6bc02d379db03a877d34d/library/std/src/../../backtrace/src/backtrace/mod.rs:66:5
[INFO] [stdout]    2:     0x581c1a80143a - std::sys::backtrace::_print_fmt::h8588b0f62410823f
[INFO] [stdout]                                at /rustc/202008a1b8de96d2e5b6bc02d379db03a877d34d/library/std/src/sys/backtrace.rs:66:9
[INFO] [stdout]    3:     0x581c1a80143a - <std::sys::backtrace::BacktraceLock::print::DisplayBacktrace as core::fmt::Display>::fmt::h98c26ac25ffe89bb
[INFO] [stdout]                                at /rustc/202008a1b8de96d2e5b6bc02d379db03a877d34d/library/std/src/sys/backtrace.rs:39:26
[INFO] [stdout]    4:     0x581c1a82aaa3 - core::fmt::rt::Argument::fmt::hf95377f4aebd453b
[INFO] [stdout]                                at /rustc/202008a1b8de96d2e5b6bc02d379db03a877d34d/library/core/src/fmt/rt.rs:177:76
[INFO] [stdout]    5:     0x581c1a82aaa3 - core::fmt::write::h0dd5f6e2238c7982
[INFO] [stdout]                                at /rustc/202008a1b8de96d2e5b6bc02d379db03a877d34d/library/core/src/fmt/mod.rs:1189:21
[INFO] [stdout]    6:     0x581c1a7fda53 - std::io::Write::write_fmt::h03bb0ca26e6faf8c
[INFO] [stdout]                                at /rustc/202008a1b8de96d2e5b6bc02d379db03a877d34d/library/std/src/io/mod.rs:1884:15
[INFO] [stdout]    7:     0x581c1a801282 - std::sys::backtrace::BacktraceLock::print::h5c19c1c038ee186d
[INFO] [stdout]                                at /rustc/202008a1b8de96d2e5b6bc02d379db03a877d34d/library/std/src/sys/backtrace.rs:42:9
[INFO] [stdout]    8:     0x581c1a8028bd - std::panicking::default_hook::{{closure}}::h77172f079a1fcb13
[INFO] [stdout]                                at /rustc/202008a1b8de96d2e5b6bc02d379db03a877d34d/library/std/src/panicking.rs:268:22
[INFO] [stdout]    9:     0x581c1a8026c7 - std::panicking::default_hook::he5f8e3b203ccddba
[INFO] [stdout]                                at /rustc/202008a1b8de96d2e5b6bc02d379db03a877d34d/library/std/src/panicking.rs:292:9
[INFO] [stdout]   10:     0x581c1a664af7 - <alloc::boxed::Box<F,A> as core::ops::function::Fn<Args>>::call::h7a3c7b4a1ae77f2f
[INFO] [stdout]                                at /rustc/202008a1b8de96d2e5b6bc02d379db03a877d34d/library/alloc/src/boxed.rs:1986:9
[INFO] [stdout]   11:     0x581c1a664af7 - test::test_main::{{closure}}::hf0d3b69ae9b353d1
[INFO] [stdout]                                at /rustc/202008a1b8de96d2e5b6bc02d379db03a877d34d/library/test/src/lib.rs:134:21
[INFO] [stdout]   12:     0x581c1a802f68 - <alloc::boxed::Box<F,A> as core::ops::function::Fn<Args>>::call::h6332e82e7b189abd
[INFO] [stdout]                                at /rustc/202008a1b8de96d2e5b6bc02d379db03a877d34d/library/alloc/src/boxed.rs:1986:9
[INFO] [stdout]   13:     0x581c1a802f68 - std::panicking::rust_panic_with_hook::h53863d4e9018df39
[INFO] [stdout]                                at /rustc/202008a1b8de96d2e5b6bc02d379db03a877d34d/library/std/src/panicking.rs:809:13
[INFO] [stdout]   14:     0x581c1a802d2a - std::panicking::begin_panic_handler::{{closure}}::h67280e6fa0757873
[INFO] [stdout]                                at /rustc/202008a1b8de96d2e5b6bc02d379db03a877d34d/library/std/src/panicking.rs:674:13
[INFO] [stdout]   15:     0x581c1a801919 - std::sys::backtrace::__rust_end_short_backtrace::h1dac3f54d6fbbeb2
[INFO] [stdout]                                at /rustc/202008a1b8de96d2e5b6bc02d379db03a877d34d/library/std/src/sys/backtrace.rs:170:18
[INFO] [stdout]   16:     0x581c1a8029bc - rust_begin_unwind
[INFO] [stdout]                                at /rustc/202008a1b8de96d2e5b6bc02d379db03a877d34d/library/std/src/panicking.rs:665:5
[INFO] [stdout]   17:     0x581c1a0403b0 - core::panicking::panic_fmt::h6792bd1b2bf01041
[INFO] [stdout]                                at /rustc/202008a1b8de96d2e5b6bc02d379db03a877d34d/library/core/src/panicking.rs:76:14
[INFO] [stdout]   18:     0x581c1a040836 - core::result::unwrap_failed::h05e0602ed34287c5
[INFO] [stdout]                                at /rustc/202008a1b8de96d2e5b6bc02d379db03a877d34d/library/core/src/result.rs:1699:5
[INFO] [stdout]   19:     0x581c1a07562f - core::result::Result<T,E>::expect::h06db87f4d5d77463
[INFO] [stdout]                                at /rustc/202008a1b8de96d2e5b6bc02d379db03a877d34d/library/core/src/result.rs:1061:23
[INFO] [stdout]   20:     0x581c1a07f340 - train_helper_lib::ztm::ztm::ZTM::get_info::{{closure}}::hee2af4ddd000859f
[INFO] [stdout]                                at /opt/rustwide/workdir/src/ztm.rs:155:23
[INFO] [stdout]   21:     0x581c1a07a96e - <futures_util::future::maybe_done::MaybeDone<Fut> as core::future::future::Future>::poll::hf34ac7ca7f9850e6
[INFO] [stdout]                                at /opt/rustwide/cargo-home/registry/src/index.crates.io-6f17d22bba15001f/futures-util-0.3.24/src/future/maybe_done.rs:95:38
[INFO] [stdout]   22:     0x581c1a073c9b - <futures_util::future::join_all::JoinAll<F> as core::future::future::Future>::poll::h248e09e40662c1ec
[INFO] [stdout]                                at /opt/rustwide/cargo-home/registry/src/index.crates.io-6f17d22bba15001f/futures-util-0.3.24/src/future/join_all.rs:142:24
[INFO] [stdout]   23:     0x581c1a080033 - train_helper_lib::ztm::ztm::ZTM::submit::{{closure}}::h79820010ee584526
[INFO] [stdout]                                at /opt/rustwide/workdir/src/ztm.rs:193:50
[INFO] [stdout]   24:     0x581c1a05df5b - <core::pin::Pin<P> as core::future::future::Future>::poll::h6a80ef0abf922c2e
[INFO] [stdout]                                at /rustc/202008a1b8de96d2e5b6bc02d379db03a877d34d/library/core/src/future/future.rs:124:9
[INFO] [stdout]   25:     0x581c1a07237e - tokio::runtime::scheduler::current_thread::CoreGuard::block_on::{{closure}}::{{closure}}::{{closure}}::hea9eeccac294ff21
[INFO] [stdout]                                at /opt/rustwide/cargo-home/registry/src/index.crates.io-6f17d22bba15001f/tokio-1.21.0/src/runtime/scheduler/current_thread.rs:525:48
[INFO] [stdout]   26:     0x581c1a07778d - tokio::coop::with_budget::{{closure}}::h6529df777c8e2c48
[INFO] [stdout]                                at /opt/rustwide/cargo-home/registry/src/index.crates.io-6f17d22bba15001f/tokio-1.21.0/src/coop.rs:102:9
[INFO] [stdout]   27:     0x581c1a07ce8a - std::thread::local::LocalKey<T>::try_with::h99f96fecec90a4c9
[INFO] [stdout]                                at /rustc/202008a1b8de96d2e5b6bc02d379db03a877d34d/library/std/src/thread/local.rs:283:12
[INFO] [stdout]   28:     0x581c1a07c40d - std::thread::local::LocalKey<T>::with::h017d76037f39558f
[INFO] [stdout]                                at /rustc/202008a1b8de96d2e5b6bc02d379db03a877d34d/library/std/src/thread/local.rs:260:9
[INFO] [stdout]   29:     0x581c1a072141 - tokio::coop::with_budget::hca087cdd0c914f0a
[INFO] [stdout]                                at /opt/rustwide/cargo-home/registry/src/index.crates.io-6f17d22bba15001f/tokio-1.21.0/src/coop.rs:95:5
[INFO] [stdout]   30:     0x581c1a072141 - tokio::coop::budget::h65460c521e4b17e3
[INFO] [stdout]                                at /opt/rustwide/cargo-home/registry/src/index.crates.io-6f17d22bba15001f/tokio-1.21.0/src/coop.rs:72:5
[INFO] [stdout]   31:     0x581c1a072141 - tokio::runtime::scheduler::current_thread::CoreGuard::block_on::{{closure}}::{{closure}}::h173446bde57468a1
[INFO] [stdout]                                at /opt/rustwide/cargo-home/registry/src/index.crates.io-6f17d22bba15001f/tokio-1.21.0/src/runtime/scheduler/current_thread.rs:525:25
[INFO] [stdout]   32:     0x581c1a06ff2d - tokio::runtime::scheduler::current_thread::Context::enter::hf684ff5e883e7773
[INFO] [stdout]                                at /opt/rustwide/cargo-home/registry/src/index.crates.io-6f17d22bba15001f/tokio-1.21.0/src/runtime/scheduler/current_thread.rs:349:19
[INFO] [stdout]   33:     0x581c1a071047 - tokio::runtime::scheduler::current_thread::CoreGuard::block_on::{{closure}}::h3412d594a59cecc1
[INFO] [stdout]                                at /opt/rustwide/cargo-home/registry/src/index.crates.io-6f17d22bba15001f/tokio-1.21.0/src/runtime/scheduler/current_thread.rs:524:36
[INFO] [stdout]   34:     0x581c1a070cdb - tokio::runtime::scheduler::current_thread::CoreGuard::enter::{{closure}}::hf9c306864fecead3
[INFO] [stdout]                                at /opt/rustwide/cargo-home/registry/src/index.crates.io-6f17d22bba15001f/tokio-1.21.0/src/runtime/scheduler/current_thread.rs:595:57
[INFO] [stdout]   35:     0x581c1a05d94a - tokio::macros::scoped_tls::ScopedKey<T>::set::hf53f0ae958935d73
[INFO] [stdout]                                at /opt/rustwide/cargo-home/registry/src/index.crates.io-6f17d22bba15001f/tokio-1.21.0/src/macros/scoped_tls.rs:61:9
[INFO] [stdout]   36:     0x581c1a0705d6 - tokio::runtime::scheduler::current_thread::CoreGuard::enter::h0faa252cd840ace2
[INFO] [stdout]                                at /opt/rustwide/cargo-home/registry/src/index.crates.io-6f17d22bba15001f/tokio-1.21.0/src/runtime/scheduler/current_thread.rs:595:27
[INFO] [stdout]   37:     0x581c1a070da1 - tokio::runtime::scheduler::current_thread::CoreGuard::block_on::h80a87e3c61ba12ca
[INFO] [stdout]                                at /opt/rustwide/cargo-home/registry/src/index.crates.io-6f17d22bba15001f/tokio-1.21.0/src/runtime/scheduler/current_thread.rs:515:19
[INFO] [stdout]   38:     0x581c1a06ed54 - tokio::runtime::scheduler::current_thread::CurrentThread::block_on::h4a24e0d9a10f68a4
[INFO] [stdout]                                at /opt/rustwide/cargo-home/registry/src/index.crates.io-6f17d22bba15001f/tokio-1.21.0/src/runtime/scheduler/current_thread.rs:161:24
[INFO] [stdout]   39:     0x581c1a0529d4 - tokio::runtime::Runtime::block_on::h4af9055efeac6cbd
[INFO] [stdout]                                at /opt/rustwide/cargo-home/registry/src/index.crates.io-6f17d22bba15001f/tokio-1.21.0/src/runtime/mod.rs:490:46
[INFO] [stdout]   40:     0x581c1a065dd1 - train_helper_lib::ztm::ztm::tests::test_ztm::h04612023ff67009f
[INFO] [stdout]                                at /opt/rustwide/workdir/src/ztm.rs:223:13
[INFO] [stdout]   41:     0x581c1a065aad - train_helper_lib::ztm::ztm::tests::test_ztm::{{closure}}::h08fc54bfc6192de0
[INFO] [stdout]                                at /opt/rustwide/workdir/src/ztm.rs:209:26
[INFO] [stdout]   42:     0x581c1a059006 - core::ops::function::FnOnce::call_once::hda4b9e261270a5b4
[INFO] [stdout]                                at /rustc/202008a1b8de96d2e5b6bc02d379db03a877d34d/library/core/src/ops/function.rs:250:5
[INFO] [stdout]   43:     0x581c1a66961b - core::ops::function::FnOnce::call_once::h871bf86719ec9aa4
[INFO] [stdout]                                at /rustc/202008a1b8de96d2e5b6bc02d379db03a877d34d/library/core/src/ops/function.rs:250:5
[INFO] [stdout]   44:     0x581c1a66961b - test::__rust_begin_short_backtrace::h2167df1e2b7d76fd
[INFO] [stdout]                                at /rustc/202008a1b8de96d2e5b6bc02d379db03a877d34d/library/test/src/lib.rs:632:18
[INFO] [stdout]   45:     0x581c1a669008 - test::run_test_in_process::{{closure}}::h15d92f75a3adfb79
[INFO] [stdout]                                at /rustc/202008a1b8de96d2e5b6bc02d379db03a877d34d/library/test/src/lib.rs:655:60
[INFO] [stdout]   46:     0x581c1a669008 - <core::panic::unwind_safe::AssertUnwindSafe<F> as core::ops::function::FnOnce<()>>::call_once::hb6c8955835a8dbbb
[INFO] [stdout]                                at /rustc/202008a1b8de96d2e5b6bc02d379db03a877d34d/library/core/src/panic/unwind_safe.rs:272:9
[INFO] [stdout]   47:     0x581c1a669008 - std::panicking::try::do_call::hc79d0fc888a0bd30
[INFO] [stdout]                                at /rustc/202008a1b8de96d2e5b6bc02d379db03a877d34d/library/std/src/panicking.rs:557:40
[INFO] [stdout]   48:     0x581c1a669008 - std::panicking::try::hb8a7878e3a8589d6
[INFO] [stdout]                                at /rustc/202008a1b8de96d2e5b6bc02d379db03a877d34d/library/std/src/panicking.rs:520:19
[INFO] [stdout]   49:     0x581c1a669008 - std::panic::catch_unwind::hb8e4600ff0ff5cfa
[INFO] [stdout]                                at /rustc/202008a1b8de96d2e5b6bc02d379db03a877d34d/library/std/src/panic.rs:358:14
[INFO] [stdout]   50:     0x581c1a669008 - test::run_test_in_process::hc2900b0b18688dd6
[INFO] [stdout]                                at /rustc/202008a1b8de96d2e5b6bc02d379db03a877d34d/library/test/src/lib.rs:655:27
[INFO] [stdout]   51:     0x581c1a669008 - test::run_test::{{closure}}::hac2a9cb07be3d48d
[INFO] [stdout]                                at /rustc/202008a1b8de96d2e5b6bc02d379db03a877d34d/library/test/src/lib.rs:576:43
[INFO] [stdout]   52:     0x581c1a62caaa - test::run_test::{{closure}}::h4a5b729e66a38cd8
[INFO] [stdout]                                at /rustc/202008a1b8de96d2e5b6bc02d379db03a877d34d/library/test/src/lib.rs:606:41
[INFO] [stdout]   53:     0x581c1a62caaa - std::sys::backtrace::__rust_begin_short_backtrace::h0496fb742492f573
[INFO] [stdout]                                at /rustc/202008a1b8de96d2e5b6bc02d379db03a877d34d/library/std/src/sys/backtrace.rs:154:18
[INFO] [stdout]   54:     0x581c1a630424 - std::thread::Builder::spawn_unchecked_::{{closure}}::{{closure}}::hbb6d257c550a54bd
[INFO] [stdout]                                at /rustc/202008a1b8de96d2e5b6bc02d379db03a877d34d/library/std/src/thread/mod.rs:561:17
[INFO] [stdout]   55:     0x581c1a630424 - <core::panic::unwind_safe::AssertUnwindSafe<F> as core::ops::function::FnOnce<()>>::call_once::h46696fe4a6832328
[INFO] [stdout]                                at /rustc/202008a1b8de96d2e5b6bc02d379db03a877d34d/library/core/src/panic/unwind_safe.rs:272:9
[INFO] [stdout]   56:     0x581c1a630424 - std::panicking::try::do_call::h2625a51b667bfb64
[INFO] [stdout]                                at /rustc/202008a1b8de96d2e5b6bc02d379db03a877d34d/library/std/src/panicking.rs:557:40
[INFO] [stdout]   57:     0x581c1a630424 - std::panicking::try::hb956a59a1973aa4c
[INFO] [stdout]                                at /rustc/202008a1b8de96d2e5b6bc02d379db03a877d34d/library/std/src/panicking.rs:520:19
[INFO] [stdout]   58:     0x581c1a630424 - std::panic::catch_unwind::h64f3b9d1067ef6a0
[INFO] [stdout]                                at /rustc/202008a1b8de96d2e5b6bc02d379db03a877d34d/library/std/src/panic.rs:358:14
[INFO] [stdout]   59:     0x581c1a630424 - std::thread::Builder::spawn_unchecked_::{{closure}}::h42b2841295b6c0b2
[INFO] [stdout]                                at /rustc/202008a1b8de96d2e5b6bc02d379db03a877d34d/library/std/src/thread/mod.rs:559:30
[INFO] [stdout]   60:     0x581c1a630424 - core::ops::function::FnOnce::call_once{{vtable.shim}}::h6127de71b8124639
[INFO] [stdout]                                at /rustc/202008a1b8de96d2e5b6bc02d379db03a877d34d/library/core/src/ops/function.rs:250:5
[INFO] [stdout]   61:     0x581c1a80740b - <alloc::boxed::Box<F,A> as core::ops::function::FnOnce<Args>>::call_once::h42f0ba71002a1b2c
[INFO] [stdout]                                at /rustc/202008a1b8de96d2e5b6bc02d379db03a877d34d/library/alloc/src/boxed.rs:1972:9
[INFO] [stdout]   62:     0x581c1a80740b - <alloc::boxed::Box<F,A> as core::ops::function::FnOnce<Args>>::call_once::had9e47d7a3dcecb8
[INFO] [stdout]                                at /rustc/202008a1b8de96d2e5b6bc02d379db03a877d34d/library/alloc/src/boxed.rs:1972:9
[INFO] [stdout]   63:     0x581c1a80740b - std::sys::pal::unix::thread::Thread::new::thread_start::h48cf765408f6f5f2
[INFO] [stdout]                                at /rustc/202008a1b8de96d2e5b6bc02d379db03a877d34d/library/std/src/sys/pal/unix/thread.rs:105:17
[INFO] [stdout]   64:     0x78340b17cac3 - <unknown>
[INFO] [stdout]   65:     0x78340b20da04 - clone
[INFO] [stdout]   66:                0x0 - <unknown>
[INFO] [stdout] 
[INFO] [stdout] 
[INFO] [stdout] failures:
[INFO] [stdout]     skm::skm::tests::test_skm
[INFO] [stdout]     ztm::ztm::tests::test_ztm
[INFO] [stdout] 
[INFO] [stdout] test result: FAILED. 3 passed; 2 failed; 0 ignored; 0 measured; 0 filtered out; finished in 0.14s
[INFO] [stdout] 
[INFO] [stderr] error: test failed, to rerun pass `--lib`
[INFO] running `Command { std: "docker" "inspect" "bea44cdeee16952f6cf7256e450923b505a751bd17c47fc61e6f5692f15647ab", kill_on_drop: false }`
[INFO] running `Command { std: "docker" "rm" "-f" "bea44cdeee16952f6cf7256e450923b505a751bd17c47fc61e6f5692f15647ab", kill_on_drop: false }`
[INFO] [stdout] bea44cdeee16952f6cf7256e450923b505a751bd17c47fc61e6f5692f15647ab
