[INFO] cloning repository https://github.com/jciskey/screeps-local-visuals
[INFO] running `Command { std: "git" "-c" "credential.helper=" "-c" "credential.helper=/workspace/cargo-home/bin/git-credential-null" "clone" "--bare" "https://github.com/jciskey/screeps-local-visuals" "/workspace/cache/git-repos/https%3A%2F%2Fgithub.com%2Fjciskey%2Fscreeps-local-visuals", kill_on_drop: false }`
[INFO] [stderr] Cloning into bare repository '/workspace/cache/git-repos/https%3A%2F%2Fgithub.com%2Fjciskey%2Fscreeps-local-visuals'...
[INFO] running `Command { std: "git" "rev-parse" "HEAD", kill_on_drop: false }`
[INFO] [stdout] 3c6283ba6ae8c65739c6bcd911da1b4aea122211
[INFO] testing jciskey/screeps-local-visuals against 1.83.0 for beta-1.84.0-4-retry
[INFO] running `Command { std: "git" "clone" "/workspace/cache/git-repos/https%3A%2F%2Fgithub.com%2Fjciskey%2Fscreeps-local-visuals" "/workspace/builds/worker-4-tc1/source", kill_on_drop: false }`
[INFO] [stderr] Cloning into '/workspace/builds/worker-4-tc1/source'...
[INFO] [stderr] done.
[INFO] validating manifest of git repo https://github.com/jciskey/screeps-local-visuals on toolchain 1.83.0
[INFO] running `Command { std: CARGO_HOME="/workspace/cargo-home" RUSTUP_HOME="/workspace/rustup-home" "/workspace/cargo-home/bin/cargo" "+1.83.0" "metadata" "--manifest-path" "Cargo.toml" "--no-deps", kill_on_drop: false }`
[INFO] started tweaking git repo https://github.com/jciskey/screeps-local-visuals
[INFO] finished tweaking git repo https://github.com/jciskey/screeps-local-visuals
[INFO] tweaked toml for git repo https://github.com/jciskey/screeps-local-visuals written to /workspace/builds/worker-4-tc1/source/Cargo.toml
[INFO] crate git repo https://github.com/jciskey/screeps-local-visuals already has a lockfile, it will not be regenerated
[INFO] running `Command { std: CARGO_HOME="/workspace/cargo-home" RUSTUP_HOME="/workspace/rustup-home" "/workspace/cargo-home/bin/cargo" "+1.83.0" "fetch" "--manifest-path" "Cargo.toml", kill_on_drop: false }`
[INFO] [stderr]     Updating crates.io index
[INFO] [stderr]  Downloading crates ...
[INFO] [stderr]   Downloaded enum-iterator v2.1.0
[INFO] [stderr]   Downloaded enum_dispatch v0.3.13
[INFO] [stderr]   Downloaded enum-iterator-derive v1.4.0
[INFO] [stderr]   Downloaded screeps-game-utils v0.21.1
[INFO] [stderr]   Downloaded screeps-game-api v0.21.1
[INFO] running `Command { std: "docker" "create" "-v" "/var/lib/crater-agent-workspace/builds/worker-4-tc1/target:/opt/rustwide/target:rw,Z" "-v" "/var/lib/crater-agent-workspace/builds/worker-4-tc1/source:/opt/rustwide/workdir:ro,Z" "-v" "/var/lib/crater-agent-workspace/cargo-home:/opt/rustwide/cargo-home:ro,Z" "-v" "/var/lib/crater-agent-workspace/rustup-home:/opt/rustwide/rustup-home:ro,Z" "-e" "SOURCE_DIR=/opt/rustwide/workdir" "-e" "CARGO_TARGET_DIR=/opt/rustwide/target" "-e" "CARGO_HOME=/opt/rustwide/cargo-home" "-e" "RUSTUP_HOME=/opt/rustwide/rustup-home" "-w" "/opt/rustwide/workdir" "-m" "1610612736" "--user" "0:0" "--network" "none" "ghcr.io/rust-lang/crates-build-env/linux@sha256:f3a9d4ad9d972b27faf3965f35b62e55ba32bbce8f20bc8fe909558a86702fde" "/opt/rustwide/cargo-home/bin/cargo" "+1.83.0" "metadata" "--no-deps" "--format-version=1", kill_on_drop: false }`
[INFO] [stdout] 034ed30393c705738f332ff0209afd24762ab154a19d6a2fb00d277409af6fd2
[INFO] running `Command { std: "docker" "start" "-a" "034ed30393c705738f332ff0209afd24762ab154a19d6a2fb00d277409af6fd2", kill_on_drop: false }`
[INFO] running `Command { std: "docker" "inspect" "034ed30393c705738f332ff0209afd24762ab154a19d6a2fb00d277409af6fd2", kill_on_drop: false }`
[INFO] running `Command { std: "docker" "rm" "-f" "034ed30393c705738f332ff0209afd24762ab154a19d6a2fb00d277409af6fd2", kill_on_drop: false }`
[INFO] [stdout] 034ed30393c705738f332ff0209afd24762ab154a19d6a2fb00d277409af6fd2
[INFO] running `Command { std: "docker" "create" "-v" "/var/lib/crater-agent-workspace/builds/worker-4-tc1/target:/opt/rustwide/target:rw,Z" "-v" "/var/lib/crater-agent-workspace/builds/worker-4-tc1/source:/opt/rustwide/workdir:ro,Z" "-v" "/var/lib/crater-agent-workspace/cargo-home:/opt/rustwide/cargo-home:ro,Z" "-v" "/var/lib/crater-agent-workspace/rustup-home:/opt/rustwide/rustup-home:ro,Z" "-e" "SOURCE_DIR=/opt/rustwide/workdir" "-e" "CARGO_TARGET_DIR=/opt/rustwide/target" "-e" "CARGO_INCREMENTAL=0" "-e" "RUST_BACKTRACE=full" "-e" "RUSTFLAGS=--cap-lints=warn" "-e" "RUSTDOCFLAGS=--cap-lints=warn" "-e" "CARGO_HOME=/opt/rustwide/cargo-home" "-e" "RUSTUP_HOME=/opt/rustwide/rustup-home" "-w" "/opt/rustwide/workdir" "-m" "1610612736" "--user" "0:0" "--network" "none" "ghcr.io/rust-lang/crates-build-env/linux@sha256:f3a9d4ad9d972b27faf3965f35b62e55ba32bbce8f20bc8fe909558a86702fde" "/opt/rustwide/cargo-home/bin/cargo" "+1.83.0" "build" "--frozen" "--message-format=json", kill_on_drop: false }`
[INFO] [stdout] 9ca3e14d7ead810f81275d5ae50829eeb976ca48738725b8808c9886c6072d11
[INFO] running `Command { std: "docker" "start" "-a" "9ca3e14d7ead810f81275d5ae50829eeb976ca48738725b8808c9886c6072d11", kill_on_drop: false }`
[INFO] [stderr]    Compiling autocfg v1.1.0
[INFO] [stderr]    Compiling proc-macro2 v1.0.86
[INFO] [stderr]    Compiling unicode-ident v1.0.12
[INFO] [stderr]    Compiling cfg-if v1.0.0
[INFO] [stderr]    Compiling crossbeam-utils v0.8.19
[INFO] [stderr]    Compiling wasm-bindgen-shared v0.2.92
[INFO] [stderr]    Compiling once_cell v1.19.0
[INFO] [stderr]    Compiling simd-adler32 v0.3.7
[INFO] [stderr]    Compiling libc v0.2.153
[INFO] [stderr]    Compiling log v0.4.22
[INFO] [stderr]    Compiling rayon-core v1.12.1
[INFO] [stderr]    Compiling bumpalo v3.16.0
[INFO] [stderr]    Compiling bytemuck v1.14.3
[INFO] [stderr]    Compiling getrandom v0.1.16
[INFO] [stderr]    Compiling adler v1.0.2
[INFO] [stderr]    Compiling crc32fast v1.4.0
[INFO] [stderr]    Compiling wasm-bindgen v0.2.92
[INFO] [stderr]    Compiling scopeguard v1.2.0
[INFO] [stderr]    Compiling either v1.10.0
[INFO] [stderr]    Compiling serde v1.0.204
[INFO] [stderr]    Compiling paste v1.0.14
[INFO] [stderr]    Compiling typenum v1.17.0
[INFO] [stderr]    Compiling safe_arch v0.7.1
[INFO] [stderr]    Compiling ppv-lite86 v0.2.17
[INFO] [stderr]    Compiling miniz_oxide v0.7.2
[INFO] [stderr]    Compiling serde_json v1.0.121
[INFO] [stderr]    Compiling num-traits v0.2.18
[INFO] [stderr]    Compiling lock_api v0.4.11
[INFO] [stderr]    Compiling num-bigint v0.4.4
[INFO] [stderr]    Compiling num-rational v0.4.1
[INFO] [stderr]    Compiling matrixmultiply v0.3.8
[INFO] [stderr]    Compiling weezl v0.1.8
[INFO] [stderr]    Compiling fdeflate v0.3.4
[INFO] [stderr]    Compiling zune-inflate v0.2.54
[INFO] [stderr]    Compiling half v2.4.0
[INFO] [stderr]    Compiling rawpointer v0.2.1
[INFO] [stderr]    Compiling quote v1.0.36
[INFO] [stderr]    Compiling ryu v1.0.18
[INFO] [stderr]    Compiling wide v0.7.15
[INFO] [stderr]    Compiling smallvec v1.13.1
[INFO] [stderr]    Compiling itoa v1.0.11
[INFO] [stderr]    Compiling crossbeam-epoch v0.9.18
[INFO] [stderr]    Compiling syn v2.0.72
[INFO] [stderr]    Compiling spin v0.9.8
[INFO] [stderr]    Compiling flate2 v1.0.28
[INFO] [stderr]    Compiling lebe v0.5.2
[INFO] [stderr]    Compiling bitflags v1.3.2
[INFO] [stderr]    Compiling ttf-parser v0.15.2
[INFO] [stderr]    Compiling bit_field v0.10.2
[INFO] [stderr]    Compiling color_quant v1.1.0
[INFO] [stderr]    Compiling memchr v2.7.4
[INFO] [stderr]    Compiling crossbeam-deque v0.8.5
[INFO] [stderr]    Compiling rand_core v0.5.1
[INFO] [stderr]    Compiling flume v0.11.0
[INFO] [stderr]    Compiling gif v0.13.1
[INFO] [stderr]    Compiling qoi v0.4.1
[INFO] [stderr]    Compiling png v0.17.13
[INFO] [stderr]    Compiling rand_chacha v0.2.2
[INFO] [stderr]    Compiling custom_derive v0.1.7
[INFO] [stderr]    Compiling byteorder v1.5.0
[INFO] [stderr]    Compiling ab_glyph_rasterizer v0.1.8
[INFO] [stderr]    Compiling arrayvec v0.7.4
[INFO] [stderr]    Compiling conv v0.3.3
[INFO] [stderr]    Compiling itertools v0.10.5
[INFO] [stderr]    Compiling rayon v1.9.0
[INFO] [stderr]    Compiling exr v1.72.0
[INFO] [stderr]    Compiling rand v0.7.3
[INFO] [stderr]    Compiling lazy_static v1.5.0
[INFO] [stderr]    Compiling num-integer v0.1.46
[INFO] [stderr]    Compiling num-complex v0.4.5
[INFO] [stderr]    Compiling approx v0.5.1
[INFO] [stderr]    Compiling num-iter v0.1.44
[INFO] [stderr]    Compiling owned_ttf_parser v0.15.2
[INFO] [stderr]    Compiling rusttype v0.9.3
[INFO] [stderr]    Compiling rand_distr v0.2.2
[INFO] [stderr]    Compiling simba v0.7.3
[INFO] [stderr]    Compiling num v0.4.1
[INFO] [stderr]    Compiling jpeg-decoder v0.3.1
[INFO] [stderr]    Compiling wasm-bindgen-backend v0.2.92
[INFO] [stderr]    Compiling tiff v0.9.1
[INFO] [stderr]    Compiling serde_derive v1.0.204
[INFO] [stderr]    Compiling enum-iterator-derive v1.4.0
[INFO] [stderr]    Compiling serde_repr v0.1.19
[INFO] [stderr]    Compiling num-derive v0.4.2
[INFO] [stderr]    Compiling enum_dispatch v0.3.13
[INFO] [stderr]    Compiling wasm-bindgen-macro-support v0.2.92
[INFO] [stderr]    Compiling image v0.24.9
[INFO] [stderr]    Compiling wasm-bindgen-macro v0.2.92
[INFO] [stderr]    Compiling nalgebra v0.30.1
[INFO] [stderr]    Compiling enum-iterator v2.1.0
[INFO] [stderr]    Compiling js-sys v0.3.69
[INFO] [stderr]    Compiling serde-wasm-bindgen v0.6.5
[INFO] [stderr]    Compiling screeps-game-api v0.21.1
[INFO] [stderr]    Compiling imageproc v0.23.0
[INFO] [stderr]    Compiling screeps-game-utils v0.21.1
[INFO] [stderr]    Compiling screeps-local-visuals v0.1.2 (/opt/rustwide/workdir)
[INFO] [stderr]     Finished `dev` profile [unoptimized + debuginfo] target(s) in 56.36s
[INFO] running `Command { std: "docker" "inspect" "9ca3e14d7ead810f81275d5ae50829eeb976ca48738725b8808c9886c6072d11", kill_on_drop: false }`
[INFO] running `Command { std: "docker" "rm" "-f" "9ca3e14d7ead810f81275d5ae50829eeb976ca48738725b8808c9886c6072d11", kill_on_drop: false }`
[INFO] [stdout] 9ca3e14d7ead810f81275d5ae50829eeb976ca48738725b8808c9886c6072d11
[INFO] running `Command { std: "docker" "create" "-v" "/var/lib/crater-agent-workspace/builds/worker-4-tc1/target:/opt/rustwide/target:rw,Z" "-v" "/var/lib/crater-agent-workspace/builds/worker-4-tc1/source:/opt/rustwide/workdir:ro,Z" "-v" "/var/lib/crater-agent-workspace/cargo-home:/opt/rustwide/cargo-home:ro,Z" "-v" "/var/lib/crater-agent-workspace/rustup-home:/opt/rustwide/rustup-home:ro,Z" "-e" "SOURCE_DIR=/opt/rustwide/workdir" "-e" "CARGO_TARGET_DIR=/opt/rustwide/target" "-e" "CARGO_INCREMENTAL=0" "-e" "RUST_BACKTRACE=full" "-e" "RUSTFLAGS=--cap-lints=warn" "-e" "RUSTDOCFLAGS=--cap-lints=warn" "-e" "CARGO_HOME=/opt/rustwide/cargo-home" "-e" "RUSTUP_HOME=/opt/rustwide/rustup-home" "-w" "/opt/rustwide/workdir" "-m" "1610612736" "--user" "0:0" "--network" "none" "ghcr.io/rust-lang/crates-build-env/linux@sha256:f3a9d4ad9d972b27faf3965f35b62e55ba32bbce8f20bc8fe909558a86702fde" "/opt/rustwide/cargo-home/bin/cargo" "+1.83.0" "test" "--frozen" "--no-run" "--message-format=json", kill_on_drop: false }`
[INFO] [stdout] 677ccddc58dccb7d5481c797582ad30a036fabf7c3ac5e1238c3c83b1af54994
[INFO] running `Command { std: "docker" "start" "-a" "677ccddc58dccb7d5481c797582ad30a036fabf7c3ac5e1238c3c83b1af54994", kill_on_drop: false }`
[INFO] [stderr]    Compiling screeps-local-visuals v0.1.2 (/opt/rustwide/workdir)
[INFO] [stderr]     Finished `test` profile [unoptimized + debuginfo] target(s) in 0.83s
[INFO] running `Command { std: "docker" "inspect" "677ccddc58dccb7d5481c797582ad30a036fabf7c3ac5e1238c3c83b1af54994", kill_on_drop: false }`
[INFO] running `Command { std: "docker" "rm" "-f" "677ccddc58dccb7d5481c797582ad30a036fabf7c3ac5e1238c3c83b1af54994", kill_on_drop: false }`
[INFO] [stdout] 677ccddc58dccb7d5481c797582ad30a036fabf7c3ac5e1238c3c83b1af54994
[INFO] running `Command { std: "docker" "create" "-v" "/var/lib/crater-agent-workspace/builds/worker-4-tc1/target:/opt/rustwide/target:rw,Z" "-v" "/var/lib/crater-agent-workspace/builds/worker-4-tc1/source:/opt/rustwide/workdir:ro,Z" "-v" "/var/lib/crater-agent-workspace/cargo-home:/opt/rustwide/cargo-home:ro,Z" "-v" "/var/lib/crater-agent-workspace/rustup-home:/opt/rustwide/rustup-home:ro,Z" "-e" "SOURCE_DIR=/opt/rustwide/workdir" "-e" "CARGO_TARGET_DIR=/opt/rustwide/target" "-e" "CARGO_INCREMENTAL=0" "-e" "RUST_BACKTRACE=full" "-e" "RUSTFLAGS=--cap-lints=warn" "-e" "RUSTDOCFLAGS=--cap-lints=warn" "-e" "CARGO_HOME=/opt/rustwide/cargo-home" "-e" "RUSTUP_HOME=/opt/rustwide/rustup-home" "-w" "/opt/rustwide/workdir" "-m" "1610612736" "--user" "0:0" "--network" "none" "ghcr.io/rust-lang/crates-build-env/linux@sha256:f3a9d4ad9d972b27faf3965f35b62e55ba32bbce8f20bc8fe909558a86702fde" "/opt/rustwide/cargo-home/bin/cargo" "+1.83.0" "test" "--frozen", kill_on_drop: false }`
[INFO] [stdout] 746ee2ad156d9a823d0b95028cac0f8f853475aed4035ad2da6eaa61da6641fe
[INFO] running `Command { std: "docker" "start" "-a" "746ee2ad156d9a823d0b95028cac0f8f853475aed4035ad2da6eaa61da6641fe", kill_on_drop: false }`
[INFO] [stderr]     Finished `test` profile [unoptimized + debuginfo] target(s) in 0.13s
[INFO] [stderr]      Running unittests src/lib.rs (/opt/rustwide/target/debug/deps/screeps_local_visuals-ad74d9b07a905952)
[INFO] [stdout] 
[INFO] [stdout] running 0 tests
[INFO] [stdout] 
[INFO] [stdout] test result: ok. 0 passed; 0 failed; 0 ignored; 0 measured; 0 filtered out; finished in 0.00s
[INFO] [stdout] 
[INFO] [stderr]    Doc-tests screeps_local_visuals
[INFO] [stdout] 
[INFO] [stdout] running 1 test
[INFO] [stdout] test src/../README.md - (line 10) ... FAILED
[INFO] [stdout] 
[INFO] [stdout] failures:
[INFO] [stdout] 
[INFO] [stdout] ---- src/../README.md - (line 10) stdout ----
[INFO] [stdout] Test executable failed (exit status: 101).
[INFO] [stdout] 
[INFO] [stdout] stderr:
[INFO] [stdout] thread 'main' panicked at src/../README.md:25:25:
[INFO] [stdout] called `Result::unwrap()` on an `Err` value: IoError(Os { code: 30, kind: ReadOnlyFilesystem, message: "Read-only file system" })
[INFO] [stdout] stack backtrace:
[INFO] [stdout]    0:     0x5f44d104d08a - std::backtrace_rs::backtrace::libunwind::trace::h5a5b8284f2d0c266
[INFO] [stdout]                                at /rustc/90b35a6239c3d8bdabc530a6a0816f7ff89a0aaf/library/std/src/../../backtrace/src/backtrace/libunwind.rs:116:5
[INFO] [stdout]    1:     0x5f44d104d08a - std::backtrace_rs::backtrace::trace_unsynchronized::h76d4f1c9b0b875e3
[INFO] [stdout]                                at /rustc/90b35a6239c3d8bdabc530a6a0816f7ff89a0aaf/library/std/src/../../backtrace/src/backtrace/mod.rs:66:5
[INFO] [stdout]    2:     0x5f44d104d08a - std::sys::backtrace::_print_fmt::hc4546b8364a537c6
[INFO] [stdout]                                at /rustc/90b35a6239c3d8bdabc530a6a0816f7ff89a0aaf/library/std/src/sys/backtrace.rs:66:9
[INFO] [stdout]    3:     0x5f44d104d08a - <std::sys::backtrace::BacktraceLock::print::DisplayBacktrace as core::fmt::Display>::fmt::h5b6bd5631a6d1f6b
[INFO] [stdout]                                at /rustc/90b35a6239c3d8bdabc530a6a0816f7ff89a0aaf/library/std/src/sys/backtrace.rs:39:26
[INFO] [stdout]    4:     0x5f44d1070313 - core::fmt::rt::Argument::fmt::h270f6602a2b96f62
[INFO] [stdout]                                at /rustc/90b35a6239c3d8bdabc530a6a0816f7ff89a0aaf/library/core/src/fmt/rt.rs:177:76
[INFO] [stdout]    5:     0x5f44d1070313 - core::fmt::write::h7550c97b06c86515
[INFO] [stdout]                                at /rustc/90b35a6239c3d8bdabc530a6a0816f7ff89a0aaf/library/core/src/fmt/mod.rs:1186:21
[INFO] [stdout]    6:     0x5f44d104a963 - std::io::Write::write_fmt::h7b09c64fe0be9c84
[INFO] [stdout]                                at /rustc/90b35a6239c3d8bdabc530a6a0816f7ff89a0aaf/library/std/src/io/mod.rs:1839:15
[INFO] [stdout]    7:     0x5f44d104ced2 - std::sys::backtrace::BacktraceLock::print::h2395ccd2c84ba3aa
[INFO] [stdout]                                at /rustc/90b35a6239c3d8bdabc530a6a0816f7ff89a0aaf/library/std/src/sys/backtrace.rs:42:9
[INFO] [stdout]    8:     0x5f44d104dfbc - std::panicking::default_hook::{{closure}}::he19d4c7230e07961
[INFO] [stdout]                                at /rustc/90b35a6239c3d8bdabc530a6a0816f7ff89a0aaf/library/std/src/panicking.rs:268:22
[INFO] [stdout]    9:     0x5f44d104de02 - std::panicking::default_hook::hf614597d3c67bbdb
[INFO] [stdout]                                at /rustc/90b35a6239c3d8bdabc530a6a0816f7ff89a0aaf/library/std/src/panicking.rs:295:9
[INFO] [stdout]   10:     0x5f44d104e597 - std::panicking::rust_panic_with_hook::h8942133a8b252070
[INFO] [stdout]                                at /rustc/90b35a6239c3d8bdabc530a6a0816f7ff89a0aaf/library/std/src/panicking.rs:801:13
[INFO] [stdout]   11:     0x5f44d104e42a - std::panicking::begin_panic_handler::{{closure}}::hb5f5963570096b29
[INFO] [stdout]                                at /rustc/90b35a6239c3d8bdabc530a6a0816f7ff89a0aaf/library/std/src/panicking.rs:674:13
[INFO] [stdout]   12:     0x5f44d104d569 - std::sys::backtrace::__rust_end_short_backtrace::h6208cedc1922feda
[INFO] [stdout]                                at /rustc/90b35a6239c3d8bdabc530a6a0816f7ff89a0aaf/library/std/src/sys/backtrace.rs:170:18
[INFO] [stdout]   13:     0x5f44d104e0bc - rust_begin_unwind
[INFO] [stdout]                                at /rustc/90b35a6239c3d8bdabc530a6a0816f7ff89a0aaf/library/std/src/panicking.rs:665:5
[INFO] [stdout]   14:     0x5f44d0bd39c0 - core::panicking::panic_fmt::h0c3082644d1bf418
[INFO] [stdout]                                at /rustc/90b35a6239c3d8bdabc530a6a0816f7ff89a0aaf/library/core/src/panicking.rs:74:14
[INFO] [stdout]   15:     0x5f44d0bd3ea6 - core::result::unwrap_failed::hd20b4aa073bda1e2
[INFO] [stdout]                                at /rustc/90b35a6239c3d8bdabc530a6a0816f7ff89a0aaf/library/core/src/result.rs:1700:5
[INFO] [stdout]   16:     0x5f44d0bd4aee - rust_out::make_map_image::h39d89419bae3dd19
[INFO] [stdout]   17:     0x5f44d0bd49b2 - rust_out::main::h86d391cc11b8a827
[INFO] [stdout]   18:     0x5f44d0bd4583 - core::ops::function::FnOnce::call_once::hd1e0b33d350e8c2e
[INFO] [stdout]   19:     0x5f44d0bd4556 - std::sys::backtrace::__rust_begin_short_backtrace::hb7c4fd168269da08
[INFO] [stdout]   20:     0x5f44d0bd4539 - std::rt::lang_start::{{closure}}::h7630186e3858a44d
[INFO] [stdout]   21:     0x5f44d104600e - core::ops::function::impls::<impl core::ops::function::FnOnce<A> for &F>::call_once::hfdb85f4ee94732d3
[INFO] [stdout]                                at /rustc/90b35a6239c3d8bdabc530a6a0816f7ff89a0aaf/library/core/src/ops/function.rs:284:13
[INFO] [stdout]   22:     0x5f44d104600e - std::panicking::try::do_call::h6e577310f330cbef
[INFO] [stdout]                                at /rustc/90b35a6239c3d8bdabc530a6a0816f7ff89a0aaf/library/std/src/panicking.rs:557:40
[INFO] [stdout]   23:     0x5f44d104600e - std::panicking::try::ha588d438267d2645
[INFO] [stdout]                                at /rustc/90b35a6239c3d8bdabc530a6a0816f7ff89a0aaf/library/std/src/panicking.rs:520:19
[INFO] [stdout]   24:     0x5f44d104600e - std::panic::catch_unwind::h429fda1e025f26d9
[INFO] [stdout]                                at /rustc/90b35a6239c3d8bdabc530a6a0816f7ff89a0aaf/library/std/src/panic.rs:358:14
[INFO] [stdout]   25:     0x5f44d104600e - std::rt::lang_start_internal::{{closure}}::h7b731265e841c4bf
[INFO] [stdout]                                at /rustc/90b35a6239c3d8bdabc530a6a0816f7ff89a0aaf/library/std/src/rt.rs:174:48
[INFO] [stdout]   26:     0x5f44d104600e - std::panicking::try::do_call::hc0f6a675b7ae5a36
[INFO] [stdout]                                at /rustc/90b35a6239c3d8bdabc530a6a0816f7ff89a0aaf/library/std/src/panicking.rs:557:40
[INFO] [stdout]   27:     0x5f44d104600e - std::panicking::try::h4c93b7ff0671f1ff
[INFO] [stdout]                                at /rustc/90b35a6239c3d8bdabc530a6a0816f7ff89a0aaf/library/std/src/panicking.rs:520:19
[INFO] [stdout]   28:     0x5f44d104600e - std::panic::catch_unwind::hcc1e154961d16ce6
[INFO] [stdout]                                at /rustc/90b35a6239c3d8bdabc530a6a0816f7ff89a0aaf/library/std/src/panic.rs:358:14
[INFO] [stdout]   29:     0x5f44d104600e - std::rt::lang_start_internal::h1c66660c99c8424c
[INFO] [stdout]                                at /rustc/90b35a6239c3d8bdabc530a6a0816f7ff89a0aaf/library/std/src/rt.rs:174:20
[INFO] [stdout]   30:     0x5f44d0bd4517 - std::rt::lang_start::hcdb31f4834f76b8c
[INFO] [stdout]   31:     0x5f44d0bd4cf5 - main
[INFO] [stdout]   32:     0x78c3b9d78d90 - <unknown>
[INFO] [stdout]   33:     0x78c3b9d78e40 - __libc_start_main
[INFO] [stdout]   34:     0x5f44d0bd4425 - _start
[INFO] [stdout]   35:                0x0 - <unknown>
[INFO] [stdout] 
[INFO] [stdout] 
[INFO] [stdout] 
[INFO] [stdout] failures:
[INFO] [stdout]     src/../README.md - (line 10)
[INFO] [stdout] 
[INFO] [stdout] test result: FAILED. 0 passed; 1 failed; 0 ignored; 0 measured; 0 filtered out; finished in 4.84s
[INFO] [stdout] 
[INFO] [stderr] error: doctest failed, to rerun pass `--doc`
[INFO] running `Command { std: "docker" "inspect" "746ee2ad156d9a823d0b95028cac0f8f853475aed4035ad2da6eaa61da6641fe", kill_on_drop: false }`
[INFO] running `Command { std: "docker" "rm" "-f" "746ee2ad156d9a823d0b95028cac0f8f853475aed4035ad2da6eaa61da6641fe", kill_on_drop: false }`
[INFO] [stdout] 746ee2ad156d9a823d0b95028cac0f8f853475aed4035ad2da6eaa61da6641fe
