[INFO] cloning repository https://github.com/jbgriesner/fp
[INFO] running `Command { std: "git" "-c" "credential.helper=" "-c" "credential.helper=/workspace/cargo-home/bin/git-credential-null" "clone" "--bare" "https://github.com/jbgriesner/fp" "/workspace/cache/git-repos/https%3A%2F%2Fgithub.com%2Fjbgriesner%2Ffp", kill_on_drop: false }`
[INFO] [stderr] Cloning into bare repository '/workspace/cache/git-repos/https%3A%2F%2Fgithub.com%2Fjbgriesner%2Ffp'...
[INFO] running `Command { std: "git" "rev-parse" "HEAD", kill_on_drop: false }`
[INFO] [stdout] 866a5d27752ccc20bbda93986fea1c307baacfe8
[INFO] testing jbgriesner/fp against 1.83.0 for beta-1.84.0-4-retry
[INFO] running `Command { std: "git" "clone" "/workspace/cache/git-repos/https%3A%2F%2Fgithub.com%2Fjbgriesner%2Ffp" "/workspace/builds/worker-6-tc1/source", kill_on_drop: false }`
[INFO] [stderr] Cloning into '/workspace/builds/worker-6-tc1/source'...
[INFO] [stderr] done.
[INFO] validating manifest of git repo https://github.com/jbgriesner/fp on toolchain 1.83.0
[INFO] running `Command { std: CARGO_HOME="/workspace/cargo-home" RUSTUP_HOME="/workspace/rustup-home" "/workspace/cargo-home/bin/cargo" "+1.83.0" "metadata" "--manifest-path" "Cargo.toml" "--no-deps", kill_on_drop: false }`
[INFO] started tweaking git repo https://github.com/jbgriesner/fp
[INFO] finished tweaking git repo https://github.com/jbgriesner/fp
[INFO] tweaked toml for git repo https://github.com/jbgriesner/fp written to /workspace/builds/worker-6-tc1/source/Cargo.toml
[INFO] crate git repo https://github.com/jbgriesner/fp already has a lockfile, it will not be regenerated
[INFO] running `Command { std: CARGO_HOME="/workspace/cargo-home" RUSTUP_HOME="/workspace/rustup-home" "/workspace/cargo-home/bin/cargo" "+1.83.0" "fetch" "--manifest-path" "Cargo.toml", kill_on_drop: false }`
[INFO] [stderr]  Downloading crates ...
[INFO] [stderr]   Downloaded termion v4.0.2
[INFO] running `Command { std: "docker" "create" "-v" "/var/lib/crater-agent-workspace/builds/worker-6-tc1/target:/opt/rustwide/target:rw,Z" "-v" "/var/lib/crater-agent-workspace/builds/worker-6-tc1/source:/opt/rustwide/workdir:ro,Z" "-v" "/var/lib/crater-agent-workspace/cargo-home:/opt/rustwide/cargo-home:ro,Z" "-v" "/var/lib/crater-agent-workspace/rustup-home:/opt/rustwide/rustup-home:ro,Z" "-e" "SOURCE_DIR=/opt/rustwide/workdir" "-e" "CARGO_TARGET_DIR=/opt/rustwide/target" "-e" "CARGO_HOME=/opt/rustwide/cargo-home" "-e" "RUSTUP_HOME=/opt/rustwide/rustup-home" "-w" "/opt/rustwide/workdir" "-m" "1610612736" "--user" "0:0" "--network" "none" "ghcr.io/rust-lang/crates-build-env/linux@sha256:f3a9d4ad9d972b27faf3965f35b62e55ba32bbce8f20bc8fe909558a86702fde" "/opt/rustwide/cargo-home/bin/cargo" "+1.83.0" "metadata" "--no-deps" "--format-version=1", kill_on_drop: false }`
[INFO] [stdout] 6d05962dfd4149ef45cb7d2317c186edb5796e07448b2ef2f2ca6a4ed6dff1e2
[INFO] running `Command { std: "docker" "start" "-a" "6d05962dfd4149ef45cb7d2317c186edb5796e07448b2ef2f2ca6a4ed6dff1e2", kill_on_drop: false }`
[INFO] running `Command { std: "docker" "inspect" "6d05962dfd4149ef45cb7d2317c186edb5796e07448b2ef2f2ca6a4ed6dff1e2", kill_on_drop: false }`
[INFO] running `Command { std: "docker" "rm" "-f" "6d05962dfd4149ef45cb7d2317c186edb5796e07448b2ef2f2ca6a4ed6dff1e2", kill_on_drop: false }`
[INFO] [stdout] 6d05962dfd4149ef45cb7d2317c186edb5796e07448b2ef2f2ca6a4ed6dff1e2
[INFO] running `Command { std: "docker" "create" "-v" "/var/lib/crater-agent-workspace/builds/worker-6-tc1/target:/opt/rustwide/target:rw,Z" "-v" "/var/lib/crater-agent-workspace/builds/worker-6-tc1/source:/opt/rustwide/workdir:ro,Z" "-v" "/var/lib/crater-agent-workspace/cargo-home:/opt/rustwide/cargo-home:ro,Z" "-v" "/var/lib/crater-agent-workspace/rustup-home:/opt/rustwide/rustup-home:ro,Z" "-e" "SOURCE_DIR=/opt/rustwide/workdir" "-e" "CARGO_TARGET_DIR=/opt/rustwide/target" "-e" "CARGO_INCREMENTAL=0" "-e" "RUST_BACKTRACE=full" "-e" "RUSTFLAGS=--cap-lints=warn" "-e" "RUSTDOCFLAGS=--cap-lints=warn" "-e" "CARGO_HOME=/opt/rustwide/cargo-home" "-e" "RUSTUP_HOME=/opt/rustwide/rustup-home" "-w" "/opt/rustwide/workdir" "-m" "1610612736" "--user" "0:0" "--network" "none" "ghcr.io/rust-lang/crates-build-env/linux@sha256:f3a9d4ad9d972b27faf3965f35b62e55ba32bbce8f20bc8fe909558a86702fde" "/opt/rustwide/cargo-home/bin/cargo" "+1.83.0" "build" "--frozen" "--message-format=json", kill_on_drop: false }`
[INFO] [stdout] d31f8291b700df07570e4b41714ba8eede46277a18114cebf37cf07bc4ae239e
[INFO] running `Command { std: "docker" "start" "-a" "d31f8291b700df07570e4b41714ba8eede46277a18114cebf37cf07bc4ae239e", kill_on_drop: false }`
[INFO] [stderr]    Compiling proc-macro2 v1.0.86
[INFO] [stderr]    Compiling unicode-ident v1.0.12
[INFO] [stderr]    Compiling libc v0.2.155
[INFO] [stderr]    Compiling thiserror v1.0.61
[INFO] [stderr]    Compiling numtoa v0.1.0
[INFO] [stderr]    Compiling quote v1.0.36
[INFO] [stderr]    Compiling syn v2.0.70
[INFO] [stderr]    Compiling termion v4.0.2
[INFO] [stderr]    Compiling thiserror-impl v1.0.61
[INFO] [stderr]    Compiling fp v0.1.0 (/opt/rustwide/workdir)
[INFO] [stderr]     Finished `dev` profile [unoptimized + debuginfo] target(s) in 8.98s
[INFO] running `Command { std: "docker" "inspect" "d31f8291b700df07570e4b41714ba8eede46277a18114cebf37cf07bc4ae239e", kill_on_drop: false }`
[INFO] running `Command { std: "docker" "rm" "-f" "d31f8291b700df07570e4b41714ba8eede46277a18114cebf37cf07bc4ae239e", kill_on_drop: false }`
[INFO] [stdout] d31f8291b700df07570e4b41714ba8eede46277a18114cebf37cf07bc4ae239e
[INFO] running `Command { std: "docker" "create" "-v" "/var/lib/crater-agent-workspace/builds/worker-6-tc1/target:/opt/rustwide/target:rw,Z" "-v" "/var/lib/crater-agent-workspace/builds/worker-6-tc1/source:/opt/rustwide/workdir:ro,Z" "-v" "/var/lib/crater-agent-workspace/cargo-home:/opt/rustwide/cargo-home:ro,Z" "-v" "/var/lib/crater-agent-workspace/rustup-home:/opt/rustwide/rustup-home:ro,Z" "-e" "SOURCE_DIR=/opt/rustwide/workdir" "-e" "CARGO_TARGET_DIR=/opt/rustwide/target" "-e" "CARGO_INCREMENTAL=0" "-e" "RUST_BACKTRACE=full" "-e" "RUSTFLAGS=--cap-lints=warn" "-e" "RUSTDOCFLAGS=--cap-lints=warn" "-e" "CARGO_HOME=/opt/rustwide/cargo-home" "-e" "RUSTUP_HOME=/opt/rustwide/rustup-home" "-w" "/opt/rustwide/workdir" "-m" "1610612736" "--user" "0:0" "--network" "none" "ghcr.io/rust-lang/crates-build-env/linux@sha256:f3a9d4ad9d972b27faf3965f35b62e55ba32bbce8f20bc8fe909558a86702fde" "/opt/rustwide/cargo-home/bin/cargo" "+1.83.0" "test" "--frozen" "--no-run" "--message-format=json", kill_on_drop: false }`
[INFO] [stdout] 4616ec93d368e1dd8e55e7ad7a4c0a5a0db3e393a56959ad0b0db14465b6ef16
[INFO] running `Command { std: "docker" "start" "-a" "4616ec93d368e1dd8e55e7ad7a4c0a5a0db3e393a56959ad0b0db14465b6ef16", kill_on_drop: false }`
[INFO] [stderr]    Compiling fp v0.1.0 (/opt/rustwide/workdir)
[INFO] [stderr]     Finished `test` profile [unoptimized + debuginfo] target(s) in 0.98s
[INFO] running `Command { std: "docker" "inspect" "4616ec93d368e1dd8e55e7ad7a4c0a5a0db3e393a56959ad0b0db14465b6ef16", kill_on_drop: false }`
[INFO] running `Command { std: "docker" "rm" "-f" "4616ec93d368e1dd8e55e7ad7a4c0a5a0db3e393a56959ad0b0db14465b6ef16", kill_on_drop: false }`
[INFO] [stdout] 4616ec93d368e1dd8e55e7ad7a4c0a5a0db3e393a56959ad0b0db14465b6ef16
[INFO] running `Command { std: "docker" "create" "-v" "/var/lib/crater-agent-workspace/builds/worker-6-tc1/target:/opt/rustwide/target:rw,Z" "-v" "/var/lib/crater-agent-workspace/builds/worker-6-tc1/source:/opt/rustwide/workdir:ro,Z" "-v" "/var/lib/crater-agent-workspace/cargo-home:/opt/rustwide/cargo-home:ro,Z" "-v" "/var/lib/crater-agent-workspace/rustup-home:/opt/rustwide/rustup-home:ro,Z" "-e" "SOURCE_DIR=/opt/rustwide/workdir" "-e" "CARGO_TARGET_DIR=/opt/rustwide/target" "-e" "CARGO_INCREMENTAL=0" "-e" "RUST_BACKTRACE=full" "-e" "RUSTFLAGS=--cap-lints=warn" "-e" "RUSTDOCFLAGS=--cap-lints=warn" "-e" "CARGO_HOME=/opt/rustwide/cargo-home" "-e" "RUSTUP_HOME=/opt/rustwide/rustup-home" "-w" "/opt/rustwide/workdir" "-m" "1610612736" "--user" "0:0" "--network" "none" "ghcr.io/rust-lang/crates-build-env/linux@sha256:f3a9d4ad9d972b27faf3965f35b62e55ba32bbce8f20bc8fe909558a86702fde" "/opt/rustwide/cargo-home/bin/cargo" "+1.83.0" "test" "--frozen", kill_on_drop: false }`
[INFO] [stdout] 7a69db530dd3126355fd7335a0668e05707c7b29e12f186e90e30a73cf289dc0
[INFO] running `Command { std: "docker" "start" "-a" "7a69db530dd3126355fd7335a0668e05707c7b29e12f186e90e30a73cf289dc0", kill_on_drop: false }`
[INFO] [stderr]     Finished `test` profile [unoptimized + debuginfo] target(s) in 0.05s
[INFO] [stderr]      Running unittests src/lib.rs (/opt/rustwide/target/debug/deps/fp-1a103c575ae405ac)
[INFO] [stdout] 
[INFO] [stdout] running 2 tests
[INFO] [stdout] test eventbox::test::test_wait_for ... ok
[INFO] [stdout] test eventbox::test::test_wait ... ok
[INFO] [stderr]      Running unittests src/bin/main.rs (/opt/rustwide/target/debug/deps/fp-64f4525c4219cf62)
[INFO] [stdout] 
[INFO] [stdout] test result: ok. 2 passed; 0 failed; 0 ignored; 0 measured; 0 filtered out; finished in 0.10s
[INFO] [stdout] 
[INFO] [stdout] 
[INFO] [stdout] running 0 tests
[INFO] [stdout] 
[INFO] [stdout] test result: ok. 0 passed; 0 failed; 0 ignored; 0 measured; 0 filtered out; finished in 0.00s
[INFO] [stdout] 
[INFO] [stderr]    Doc-tests fp
[INFO] [stdout] 
[INFO] [stdout] running 3 tests
[INFO] [stdout] test src/eventbox.rs - eventbox::Mutex (line 17) ... FAILED
[INFO] [stdout] test src/eventbox.rs - eventbox (line 17) ... FAILED
[INFO] [stdout] test src/eventbox.rs - eventbox::Condvar (line 17) ... FAILED
[INFO] [stdout] 
[INFO] [stdout] failures:
[INFO] [stdout] 
[INFO] [stdout] ---- src/eventbox.rs - eventbox::Mutex (line 17) stdout ----
[INFO] [stdout] error[E0433]: failed to resolve: use of undeclared crate or module `fzf_rs`
[INFO] [stdout]  --> src/eventbox.rs:20:5
[INFO] [stdout]   |
[INFO] [stdout] 5 | use fzf_rs::util::eventbox::EventBox;
[INFO] [stdout]   |     ^^^^^^ use of undeclared crate or module `fzf_rs`
[INFO] [stdout] 
[INFO] [stdout] error: aborting due to 1 previous error
[INFO] [stdout] 
[INFO] [stdout] For more information about this error, try `rustc --explain E0433`.
[INFO] [stdout] Couldn't compile the test.
[INFO] [stdout] ---- src/eventbox.rs - eventbox (line 17) stdout ----
[INFO] [stdout] error[E0433]: failed to resolve: use of undeclared crate or module `fzf_rs`
[INFO] [stdout]  --> src/eventbox.rs:20:5
[INFO] [stdout]   |
[INFO] [stdout] 5 | use fzf_rs::util::eventbox::EventBox;
[INFO] [stdout]   |     ^^^^^^ use of undeclared crate or module `fzf_rs`
[INFO] [stdout] 
[INFO] [stdout] error: aborting due to 1 previous error
[INFO] [stdout] 
[INFO] [stdout] For more information about this error, try `rustc --explain E0433`.
[INFO] [stdout] Couldn't compile the test.
[INFO] [stdout] ---- src/eventbox.rs - eventbox::Condvar (line 17) stdout ----
[INFO] [stdout] error[E0433]: failed to resolve: use of undeclared crate or module `fzf_rs`
[INFO] [stdout]  --> src/eventbox.rs:20:5
[INFO] [stdout]   |
[INFO] [stdout] 5 | use fzf_rs::util::eventbox::EventBox;
[INFO] [stdout]   |     ^^^^^^ use of undeclared crate or module `fzf_rs`
[INFO] [stdout] 
[INFO] [stdout] error: aborting due to 1 previous error
[INFO] [stdout] 
[INFO] [stdout] For more information about this error, try `rustc --explain E0433`.
[INFO] [stdout] Couldn't compile the test.
[INFO] [stdout] 
[INFO] [stdout] failures:
[INFO] [stdout]     src/eventbox.rs - eventbox (line 17)
[INFO] [stdout]     src/eventbox.rs - eventbox::Condvar (line 17)
[INFO] [stdout]     src/eventbox.rs - eventbox::Mutex (line 17)
[INFO] [stdout] 
[INFO] [stdout] test result: FAILED. 0 passed; 3 failed; 0 ignored; 0 measured; 0 filtered out; finished in 0.12s
[INFO] [stdout] 
[INFO] [stderr] error: doctest failed, to rerun pass `--doc`
[INFO] running `Command { std: "docker" "inspect" "7a69db530dd3126355fd7335a0668e05707c7b29e12f186e90e30a73cf289dc0", kill_on_drop: false }`
[INFO] running `Command { std: "docker" "rm" "-f" "7a69db530dd3126355fd7335a0668e05707c7b29e12f186e90e30a73cf289dc0", kill_on_drop: false }`
[INFO] [stdout] 7a69db530dd3126355fd7335a0668e05707c7b29e12f186e90e30a73cf289dc0
