[INFO] cloning repository https://github.com/jazminrys/repository
[INFO] running `Command { std: "git" "-c" "credential.helper=" "-c" "credential.helper=/workspace/cargo-home/bin/git-credential-null" "clone" "--bare" "https://github.com/jazminrys/repository" "/workspace/cache/git-repos/https%3A%2F%2Fgithub.com%2Fjazminrys%2Frepository", kill_on_drop: false }`
[INFO] [stderr] Cloning into bare repository '/workspace/cache/git-repos/https%3A%2F%2Fgithub.com%2Fjazminrys%2Frepository'...
[INFO] running `Command { std: "git" "rev-parse" "HEAD", kill_on_drop: false }`
[INFO] [stdout] c079aa9bf6d14e5fc3e3c8a2948006176ea69247
[INFO] testing jazminrys/repository against 1.83.0 for beta-1.84.0-4-retry
[INFO] running `Command { std: "git" "clone" "/workspace/cache/git-repos/https%3A%2F%2Fgithub.com%2Fjazminrys%2Frepository" "/workspace/builds/worker-5-tc1/source", kill_on_drop: false }`
[INFO] [stderr] Cloning into '/workspace/builds/worker-5-tc1/source'...
[INFO] [stderr] done.
[INFO] validating manifest of git repo https://github.com/jazminrys/repository on toolchain 1.83.0
[INFO] running `Command { std: CARGO_HOME="/workspace/cargo-home" RUSTUP_HOME="/workspace/rustup-home" "/workspace/cargo-home/bin/cargo" "+1.83.0" "metadata" "--manifest-path" "Cargo.toml" "--no-deps", kill_on_drop: false }`
[INFO] started tweaking git repo https://github.com/jazminrys/repository
[INFO] removed 0 missing tests
[INFO] finished tweaking git repo https://github.com/jazminrys/repository
[INFO] tweaked toml for git repo https://github.com/jazminrys/repository written to /workspace/builds/worker-5-tc1/source/Cargo.toml
[INFO] crate git repo https://github.com/jazminrys/repository already has a lockfile, it will not be regenerated
[INFO] running `Command { std: CARGO_HOME="/workspace/cargo-home" RUSTUP_HOME="/workspace/rustup-home" "/workspace/cargo-home/bin/cargo" "+1.83.0" "fetch" "--manifest-path" "Cargo.toml", kill_on_drop: false }`
[INFO] [stderr]     Blocking waiting for file lock on package cache
[INFO] [stderr]     Blocking waiting for file lock on package cache
[INFO] running `Command { std: "docker" "create" "-v" "/var/lib/crater-agent-workspace/builds/worker-5-tc1/target:/opt/rustwide/target:rw,Z" "-v" "/var/lib/crater-agent-workspace/builds/worker-5-tc1/source:/opt/rustwide/workdir:ro,Z" "-v" "/var/lib/crater-agent-workspace/cargo-home:/opt/rustwide/cargo-home:ro,Z" "-v" "/var/lib/crater-agent-workspace/rustup-home:/opt/rustwide/rustup-home:ro,Z" "-e" "SOURCE_DIR=/opt/rustwide/workdir" "-e" "CARGO_TARGET_DIR=/opt/rustwide/target" "-e" "CARGO_HOME=/opt/rustwide/cargo-home" "-e" "RUSTUP_HOME=/opt/rustwide/rustup-home" "-w" "/opt/rustwide/workdir" "-m" "1610612736" "--user" "0:0" "--network" "none" "ghcr.io/rust-lang/crates-build-env/linux@sha256:f3a9d4ad9d972b27faf3965f35b62e55ba32bbce8f20bc8fe909558a86702fde" "/opt/rustwide/cargo-home/bin/cargo" "+1.83.0" "metadata" "--no-deps" "--format-version=1", kill_on_drop: false }`
[INFO] [stdout] 7ef46bf29246cae1feb442ca4d7884a4930cbff7375188330d167273d1775591
[INFO] running `Command { std: "docker" "start" "-a" "7ef46bf29246cae1feb442ca4d7884a4930cbff7375188330d167273d1775591", kill_on_drop: false }`
[INFO] running `Command { std: "docker" "inspect" "7ef46bf29246cae1feb442ca4d7884a4930cbff7375188330d167273d1775591", kill_on_drop: false }`
[INFO] running `Command { std: "docker" "rm" "-f" "7ef46bf29246cae1feb442ca4d7884a4930cbff7375188330d167273d1775591", kill_on_drop: false }`
[INFO] [stdout] 7ef46bf29246cae1feb442ca4d7884a4930cbff7375188330d167273d1775591
[INFO] running `Command { std: "docker" "create" "-v" "/var/lib/crater-agent-workspace/builds/worker-5-tc1/target:/opt/rustwide/target:rw,Z" "-v" "/var/lib/crater-agent-workspace/builds/worker-5-tc1/source:/opt/rustwide/workdir:ro,Z" "-v" "/var/lib/crater-agent-workspace/cargo-home:/opt/rustwide/cargo-home:ro,Z" "-v" "/var/lib/crater-agent-workspace/rustup-home:/opt/rustwide/rustup-home:ro,Z" "-e" "SOURCE_DIR=/opt/rustwide/workdir" "-e" "CARGO_TARGET_DIR=/opt/rustwide/target" "-e" "CARGO_INCREMENTAL=0" "-e" "RUST_BACKTRACE=full" "-e" "RUSTFLAGS=--cap-lints=warn" "-e" "RUSTDOCFLAGS=--cap-lints=warn" "-e" "CARGO_HOME=/opt/rustwide/cargo-home" "-e" "RUSTUP_HOME=/opt/rustwide/rustup-home" "-w" "/opt/rustwide/workdir" "-m" "1610612736" "--user" "0:0" "--network" "none" "ghcr.io/rust-lang/crates-build-env/linux@sha256:f3a9d4ad9d972b27faf3965f35b62e55ba32bbce8f20bc8fe909558a86702fde" "/opt/rustwide/cargo-home/bin/cargo" "+1.83.0" "build" "--frozen" "--message-format=json", kill_on_drop: false }`
[INFO] [stdout] 3cb43946d5d7ce40cecb0c04212f482790369bcc0c65f2d39360060310465f7c
[INFO] running `Command { std: "docker" "start" "-a" "3cb43946d5d7ce40cecb0c04212f482790369bcc0c65f2d39360060310465f7c", kill_on_drop: false }`
[INFO] [stderr]    Compiling autocfg v1.2.0
[INFO] [stderr]    Compiling serde v1.0.198
[INFO] [stderr]    Compiling hashbrown v0.12.3
[INFO] [stderr]    Compiling memchr v2.7.2
[INFO] [stderr]    Compiling fixedbitset v0.2.0
[INFO] [stderr]    Compiling ryu v1.0.17
[INFO] [stderr]    Compiling itoa v1.0.11
[INFO] [stderr]    Compiling indexmap v1.9.3
[INFO] [stderr]    Compiling csv-core v0.1.11
[INFO] [stderr]    Compiling petgraph v0.5.1
[INFO] [stderr]    Compiling csv v1.3.0
[INFO] [stderr]    Compiling project v0.1.0 (/opt/rustwide/workdir)
[INFO] [stderr]     Finished `dev` profile [unoptimized + debuginfo] target(s) in 9.89s
[INFO] running `Command { std: "docker" "inspect" "3cb43946d5d7ce40cecb0c04212f482790369bcc0c65f2d39360060310465f7c", kill_on_drop: false }`
[INFO] running `Command { std: "docker" "rm" "-f" "3cb43946d5d7ce40cecb0c04212f482790369bcc0c65f2d39360060310465f7c", kill_on_drop: false }`
[INFO] [stdout] 3cb43946d5d7ce40cecb0c04212f482790369bcc0c65f2d39360060310465f7c
[INFO] running `Command { std: "docker" "create" "-v" "/var/lib/crater-agent-workspace/builds/worker-5-tc1/target:/opt/rustwide/target:rw,Z" "-v" "/var/lib/crater-agent-workspace/builds/worker-5-tc1/source:/opt/rustwide/workdir:ro,Z" "-v" "/var/lib/crater-agent-workspace/cargo-home:/opt/rustwide/cargo-home:ro,Z" "-v" "/var/lib/crater-agent-workspace/rustup-home:/opt/rustwide/rustup-home:ro,Z" "-e" "SOURCE_DIR=/opt/rustwide/workdir" "-e" "CARGO_TARGET_DIR=/opt/rustwide/target" "-e" "CARGO_INCREMENTAL=0" "-e" "RUST_BACKTRACE=full" "-e" "RUSTFLAGS=--cap-lints=warn" "-e" "RUSTDOCFLAGS=--cap-lints=warn" "-e" "CARGO_HOME=/opt/rustwide/cargo-home" "-e" "RUSTUP_HOME=/opt/rustwide/rustup-home" "-w" "/opt/rustwide/workdir" "-m" "1610612736" "--user" "0:0" "--network" "none" "ghcr.io/rust-lang/crates-build-env/linux@sha256:f3a9d4ad9d972b27faf3965f35b62e55ba32bbce8f20bc8fe909558a86702fde" "/opt/rustwide/cargo-home/bin/cargo" "+1.83.0" "test" "--frozen" "--no-run" "--message-format=json", kill_on_drop: false }`
[INFO] [stdout] ae2edc05f0eba7e80082a715886038a2a336f6dab9d8749bdca6e941f2e3d85e
[INFO] running `Command { std: "docker" "start" "-a" "ae2edc05f0eba7e80082a715886038a2a336f6dab9d8749bdca6e941f2e3d85e", kill_on_drop: false }`
[INFO] [stderr]    Compiling rustix v0.38.34
[INFO] [stderr]    Compiling linux-raw-sys v0.4.13
[INFO] [stderr]    Compiling bitflags v2.5.0
[INFO] [stderr]    Compiling cfg-if v1.0.0
[INFO] [stderr]    Compiling fastrand v2.1.0
[INFO] [stderr]    Compiling tempfile v3.10.1
[INFO] [stderr]    Compiling project v0.1.0 (/opt/rustwide/workdir)
[INFO] [stderr]     Finished `test` profile [unoptimized + debuginfo] target(s) in 5.85s
[INFO] running `Command { std: "docker" "inspect" "ae2edc05f0eba7e80082a715886038a2a336f6dab9d8749bdca6e941f2e3d85e", kill_on_drop: false }`
[INFO] running `Command { std: "docker" "rm" "-f" "ae2edc05f0eba7e80082a715886038a2a336f6dab9d8749bdca6e941f2e3d85e", kill_on_drop: false }`
[INFO] [stdout] ae2edc05f0eba7e80082a715886038a2a336f6dab9d8749bdca6e941f2e3d85e
[INFO] running `Command { std: "docker" "create" "-v" "/var/lib/crater-agent-workspace/builds/worker-5-tc1/target:/opt/rustwide/target:rw,Z" "-v" "/var/lib/crater-agent-workspace/builds/worker-5-tc1/source:/opt/rustwide/workdir:ro,Z" "-v" "/var/lib/crater-agent-workspace/cargo-home:/opt/rustwide/cargo-home:ro,Z" "-v" "/var/lib/crater-agent-workspace/rustup-home:/opt/rustwide/rustup-home:ro,Z" "-e" "SOURCE_DIR=/opt/rustwide/workdir" "-e" "CARGO_TARGET_DIR=/opt/rustwide/target" "-e" "CARGO_INCREMENTAL=0" "-e" "RUST_BACKTRACE=full" "-e" "RUSTFLAGS=--cap-lints=warn" "-e" "RUSTDOCFLAGS=--cap-lints=warn" "-e" "CARGO_HOME=/opt/rustwide/cargo-home" "-e" "RUSTUP_HOME=/opt/rustwide/rustup-home" "-w" "/opt/rustwide/workdir" "-m" "1610612736" "--user" "0:0" "--network" "none" "ghcr.io/rust-lang/crates-build-env/linux@sha256:f3a9d4ad9d972b27faf3965f35b62e55ba32bbce8f20bc8fe909558a86702fde" "/opt/rustwide/cargo-home/bin/cargo" "+1.83.0" "test" "--frozen", kill_on_drop: false }`
[INFO] [stdout] b6f41deb247ec078a622761594a5d1833343b024e048f646da3e51fe1fe0e329
[INFO] running `Command { std: "docker" "start" "-a" "b6f41deb247ec078a622761594a5d1833343b024e048f646da3e51fe1fe0e329", kill_on_drop: false }`
[INFO] [stderr]     Finished `test` profile [unoptimized + debuginfo] target(s) in 0.04s
[INFO] [stderr]      Running unittests src/lib.rs (/opt/rustwide/target/debug/deps/project-06acfa82e5f676b3)
[INFO] [stdout] 
[INFO] [stdout] running 0 tests
[INFO] [stdout] 
[INFO] [stdout] test result: ok. 0 passed; 0 failed; 0 ignored; 0 measured; 0 filtered out; finished in 0.00s
[INFO] [stdout] 
[INFO] [stderr]      Running unittests src/main.rs (/opt/rustwide/target/debug/deps/project-d94ce6af632924cf)
[INFO] [stdout] 
[INFO] [stdout] running 0 tests
[INFO] [stdout] 
[INFO] [stdout] test result: ok. 0 passed; 0 failed; 0 ignored; 0 measured; 0 filtered out; finished in 0.00s
[INFO] [stdout] 
[INFO] [stderr]      Running tests/test.rs (/opt/rustwide/target/debug/deps/test-4ab6575fab6893b7)
[INFO] [stdout] 
[INFO] [stdout] running 1 test
[INFO] [stdout] test test_run_function ... FAILED
[INFO] [stdout] 
[INFO] [stdout] failures:
[INFO] [stdout] 
[INFO] [stdout] ---- test_run_function stdout ----
[INFO] [stdout] Before updating, flights for 14831: 0
[INFO] [stdout] After updating, flights for 14831: 1
[INFO] [stdout] Before updating, flights for 14771: 0
[INFO] [stdout] After updating, flights for 14771: 1
[INFO] [stdout] Before updating, flights for 13930: 0
[INFO] [stdout] After updating, flights for 13930: 1
[INFO] [stdout] Before updating, flights for 13796: 0
[INFO] [stdout] After updating, flights for 13796: 1
[INFO] [stdout] Before updating, flights for 14771: 1
[INFO] [stdout] After updating, flights for 14771: 2
[INFO] [stdout] Total flights processed: 5
[INFO] [stdout] Output: Airports (nodes) ranked by the number of originating flights (degree):
[INFO] [stdout] Node: 1, Name: SJC, City: San Jose, CA, Degree: 1, Passenger: 0, Average Passengers per Flight: 0.00, Destinations: 1
[INFO] [stdout] Node: 2, Name: ORD, City: Chicago, IL, Degree: 1, Passenger: 0, Average Passengers per Flight: 0.00, Destinations: 1
[INFO] [stdout] Node: 3, Name: OAK, City: Oakland, CA, Degree: 1, Passenger: 0, Average Passengers per Flight: 0.00, Destinations: 1
[INFO] [stdout] Node: 4, Name: SFO, City: San Francisco, CA, Degree: 2, Passenger: 0, Average Passengers per Flight: 0.00, Destinations: 2
[INFO] [stdout] Top destination cities for SFO (San Francisco, CA):
[INFO] [stdout] 1. Denver, CO
[INFO] [stdout] 2. Dallas/Fort Worth, TX
[INFO] [stdout] Top destination cities for SJC (San Jose, CA):
[INFO] [stdout] 1. Lihue, HI
[INFO] [stdout] Top destination cities for OAK (Oakland, CA):
[INFO] [stdout] 1. Houston, TX
[INFO] [stdout] Top five routes:
[INFO] [stdout] 1. SFO to DFW: 1 flights
[INFO] [stdout] 2. SJC to LIH: 1 flights
[INFO] [stdout] 3. OAK to HOU: 1 flights
[INFO] [stdout] 4. SFO to DEN: 1 flights
[INFO] [stdout] 5. ORD to SNA: 1 flights
[INFO] [stdout] Total flights in the CSV file: 5
[INFO] [stdout] Average passengers per flight: 1762.20
[INFO] [stdout] 
[INFO] [stdout] thread 'test_run_function' panicked at tests/test.rs:61:5:
[INFO] [stdout] assertion `left == right` failed
[INFO] [stdout]   left: ["Airports (nodes) ranked by the number of originating flights (degree):", "Node: 1, Name: SJC, City: San Jose, CA, Degree: 1, Passenger: 0, Average Passengers per Flight: 0.00, Destinations: 1", "Node: 2, Name: ORD, City: Chicago, IL, Degree: 1, Passenger: 0, Average Passengers per Flight: 0.00, Destinations: 1", "Node: 3, Name: OAK, City: Oakland, CA, Degree: 1, Passenger: 0, Average Passengers per Flight: 0.00, Destinations: 1", "Node: 4, Name: SFO, City: San Francisco, CA, Degree: 2, Passenger: 0, Average Passengers per Flight: 0.00, Destinations: 2", "Top destination cities for SFO (San Francisco, CA):", "1. Denver, CO", "2. Dallas/Fort Worth, TX", "Top destination cities for SJC (San Jose, CA):", "1. Lihue, HI", "Top destination cities for OAK (Oakland, CA):", "1. Houston, TX", "Top five routes:", "1. SFO to DFW: 1 flights", "2. SJC to LIH: 1 flights", "3. OAK to HOU: 1 flights", "4. SFO to DEN: 1 flights", "5. ORD to SNA: 1 flights", "Total flights in the CSV file: 5", "Average passengers per flight: 1762.20"]
[INFO] [stdout]  right: ["Airports (nodes) ranked by the number of originating flights (degree):", "Node: 1, Name: SJC, City: San Jose, CA, Degree: 1, Average Passengers per Flight: 114.00, Destinations: 1", "Node: 2, Name: ORD, City: Chicago, IL, Degree: 1, Average Passengers per Flight: 3414.00, Destinations: 1", "Node: 3, Name: OAK, City: Oakland, CA, Degree: 1, Average Passengers per Flight: 1532.00, Destinations: 1", "Node: 4, Name: SFO, City: San Francisco, CA, Degree: 2, Average Passengers per Flight: 1875.50, Destinations: 2", "Top destination cities for SFO (San Francisco, CA):", "1. Dallas/Fort Worth, TX", "2. Denver, CO", "Top destination cities for SJC (San Jose, CA):", "1. Lihue, HI", "Top destination cities for OAK (Oakland, CA):", "1. Houston, TX", "Top five routes", "1. SFO to DEN: 1 flights", "2. OAK to HOU: 1 flights", "3. SJC to LIH: 1 flights", "4. ORD to SNA: 1 flights", "5. SFO to DFW: 1 flights", "Total flights in the CSV file: 5", "Average passengers per flight: 1762.20"]
[INFO] [stdout] stack backtrace:
[INFO] [stdout]    0:     0x5853152f997a - std::backtrace_rs::backtrace::libunwind::trace::h5a5b8284f2d0c266
[INFO] [stdout]                                at /rustc/90b35a6239c3d8bdabc530a6a0816f7ff89a0aaf/library/std/src/../../backtrace/src/backtrace/libunwind.rs:116:5
[INFO] [stdout]    1:     0x5853152f997a - std::backtrace_rs::backtrace::trace_unsynchronized::h76d4f1c9b0b875e3
[INFO] [stdout]                                at /rustc/90b35a6239c3d8bdabc530a6a0816f7ff89a0aaf/library/std/src/../../backtrace/src/backtrace/mod.rs:66:5
[INFO] [stdout]    2:     0x5853152f997a - std::sys::backtrace::_print_fmt::hc4546b8364a537c6
[INFO] [stdout]                                at /rustc/90b35a6239c3d8bdabc530a6a0816f7ff89a0aaf/library/std/src/sys/backtrace.rs:66:9
[INFO] [stdout]    3:     0x5853152f997a - <std::sys::backtrace::BacktraceLock::print::DisplayBacktrace as core::fmt::Display>::fmt::h5b6bd5631a6d1f6b
[INFO] [stdout]                                at /rustc/90b35a6239c3d8bdabc530a6a0816f7ff89a0aaf/library/std/src/sys/backtrace.rs:39:26
[INFO] [stdout]    4:     0x58531531f233 - core::fmt::rt::Argument::fmt::h270f6602a2b96f62
[INFO] [stdout]                                at /rustc/90b35a6239c3d8bdabc530a6a0816f7ff89a0aaf/library/core/src/fmt/rt.rs:177:76
[INFO] [stdout]    5:     0x58531531f233 - core::fmt::write::h7550c97b06c86515
[INFO] [stdout]                                at /rustc/90b35a6239c3d8bdabc530a6a0816f7ff89a0aaf/library/core/src/fmt/mod.rs:1186:21
[INFO] [stdout]    6:     0x5853152f6983 - std::io::Write::write_fmt::h509ff860e5956e5e
[INFO] [stdout]                                at /rustc/90b35a6239c3d8bdabc530a6a0816f7ff89a0aaf/library/std/src/io/mod.rs:1839:15
[INFO] [stdout]    7:     0x5853152f97c2 - std::sys::backtrace::BacktraceLock::print::h2395ccd2c84ba3aa
[INFO] [stdout]                                at /rustc/90b35a6239c3d8bdabc530a6a0816f7ff89a0aaf/library/std/src/sys/backtrace.rs:42:9
[INFO] [stdout]    8:     0x5853152fadda - std::panicking::default_hook::{{closure}}::he19d4c7230e07961
[INFO] [stdout]                                at /rustc/90b35a6239c3d8bdabc530a6a0816f7ff89a0aaf/library/std/src/panicking.rs:268:22
[INFO] [stdout]    9:     0x5853152fabe4 - std::panicking::default_hook::hf614597d3c67bbdb
[INFO] [stdout]                                at /rustc/90b35a6239c3d8bdabc530a6a0816f7ff89a0aaf/library/std/src/panicking.rs:292:9
[INFO] [stdout]   10:     0x5853152a8339 - <alloc::boxed::Box<F,A> as core::ops::function::Fn<Args>>::call::h39b51ce4599c23d1
[INFO] [stdout]                                at /rustc/90b35a6239c3d8bdabc530a6a0816f7ff89a0aaf/library/alloc/src/boxed.rs:2468:9
[INFO] [stdout]   11:     0x5853152a8339 - test::test_main::{{closure}}::he977ae839a582784
[INFO] [stdout]                                at /rustc/90b35a6239c3d8bdabc530a6a0816f7ff89a0aaf/library/test/src/lib.rs:133:21
[INFO] [stdout]   12:     0x5853152fb478 - <alloc::boxed::Box<F,A> as core::ops::function::Fn<Args>>::call::h9455091b6b06f9fb
[INFO] [stdout]                                at /rustc/90b35a6239c3d8bdabc530a6a0816f7ff89a0aaf/library/alloc/src/boxed.rs:2468:9
[INFO] [stdout]   13:     0x5853152fb478 - std::panicking::rust_panic_with_hook::h8942133a8b252070
[INFO] [stdout]                                at /rustc/90b35a6239c3d8bdabc530a6a0816f7ff89a0aaf/library/std/src/panicking.rs:809:13
[INFO] [stdout]   14:     0x5853152fb23a - std::panicking::begin_panic_handler::{{closure}}::hb5f5963570096b29
[INFO] [stdout]                                at /rustc/90b35a6239c3d8bdabc530a6a0816f7ff89a0aaf/library/std/src/panicking.rs:674:13
[INFO] [stdout]   15:     0x5853152f9e59 - std::sys::backtrace::__rust_end_short_backtrace::h6208cedc1922feda
[INFO] [stdout]                                at /rustc/90b35a6239c3d8bdabc530a6a0816f7ff89a0aaf/library/std/src/sys/backtrace.rs:170:18
[INFO] [stdout]   16:     0x5853152faecc - rust_begin_unwind
[INFO] [stdout]                                at /rustc/90b35a6239c3d8bdabc530a6a0816f7ff89a0aaf/library/std/src/panicking.rs:665:5
[INFO] [stdout]   17:     0x585315244b50 - core::panicking::panic_fmt::h0c3082644d1bf418
[INFO] [stdout]                                at /rustc/90b35a6239c3d8bdabc530a6a0816f7ff89a0aaf/library/core/src/panicking.rs:74:14
[INFO] [stdout]   18:     0x585315244f1b - core::panicking::assert_failed_inner::h2ddf1fcc067fa858
[INFO] [stdout]   19:     0x58531526b5b3 - core::panicking::assert_failed::hb358975a75f868b7
[INFO] [stdout]                                at /rustc/90b35a6239c3d8bdabc530a6a0816f7ff89a0aaf/library/core/src/panicking.rs:367:5
[INFO] [stdout]   20:     0x585315269e37 - test::test_run_function::hfe0e98774007c29b
[INFO] [stdout]                                at /opt/rustwide/workdir/tests/test.rs:61:5
[INFO] [stdout]   21:     0x5853152698a7 - test::test_run_function::{{closure}}::h1bd97f53abd3bed9
[INFO] [stdout]                                at /opt/rustwide/workdir/tests/test.rs:6:23
[INFO] [stdout]   22:     0x58531525c8d6 - core::ops::function::FnOnce::call_once::h31ce218378cdc89f
[INFO] [stdout]                                at /rustc/90b35a6239c3d8bdabc530a6a0816f7ff89a0aaf/library/core/src/ops/function.rs:250:5
[INFO] [stdout]   23:     0x5853152accfb - core::ops::function::FnOnce::call_once::h109cf8051a59b34e
[INFO] [stdout]                                at /rustc/90b35a6239c3d8bdabc530a6a0816f7ff89a0aaf/library/core/src/ops/function.rs:250:5
[INFO] [stdout]   24:     0x5853152accfb - test::__rust_begin_short_backtrace::hf4fff89d377446ba
[INFO] [stdout]                                at /rustc/90b35a6239c3d8bdabc530a6a0816f7ff89a0aaf/library/test/src/lib.rs:621:18
[INFO] [stdout]   25:     0x5853152ac537 - test::run_test_in_process::{{closure}}::h0e39181dd7ee5a43
[INFO] [stdout]                                at /rustc/90b35a6239c3d8bdabc530a6a0816f7ff89a0aaf/library/test/src/lib.rs:644:60
[INFO] [stdout]   26:     0x5853152ac537 - <core::panic::unwind_safe::AssertUnwindSafe<F> as core::ops::function::FnOnce<()>>::call_once::hc5a66a30f0bdfd1f
[INFO] [stdout]                                at /rustc/90b35a6239c3d8bdabc530a6a0816f7ff89a0aaf/library/core/src/panic/unwind_safe.rs:272:9
[INFO] [stdout]   27:     0x5853152ac537 - std::panicking::try::do_call::h873b7cf639554a5e
[INFO] [stdout]                                at /rustc/90b35a6239c3d8bdabc530a6a0816f7ff89a0aaf/library/std/src/panicking.rs:557:40
[INFO] [stdout]   28:     0x5853152ac537 - std::panicking::try::hdb19862fad9c8bd1
[INFO] [stdout]                                at /rustc/90b35a6239c3d8bdabc530a6a0816f7ff89a0aaf/library/std/src/panicking.rs:520:19
[INFO] [stdout]   29:     0x5853152ac537 - std::panic::catch_unwind::h281fe732d236d260
[INFO] [stdout]                                at /rustc/90b35a6239c3d8bdabc530a6a0816f7ff89a0aaf/library/std/src/panic.rs:358:14
[INFO] [stdout]   30:     0x5853152ac537 - test::run_test_in_process::h949b6df8457ed338
[INFO] [stdout]                                at /rustc/90b35a6239c3d8bdabc530a6a0816f7ff89a0aaf/library/test/src/lib.rs:644:27
[INFO] [stdout]   31:     0x5853152ac537 - test::run_test::{{closure}}::h52c556a6d4740e10
[INFO] [stdout]                                at /rustc/90b35a6239c3d8bdabc530a6a0816f7ff89a0aaf/library/test/src/lib.rs:565:43
[INFO] [stdout]   32:     0x585315271814 - test::run_test::{{closure}}::h4237f6381c45ccb9
[INFO] [stdout]                                at /rustc/90b35a6239c3d8bdabc530a6a0816f7ff89a0aaf/library/test/src/lib.rs:595:41
[INFO] [stdout]   33:     0x585315271814 - std::sys::backtrace::__rust_begin_short_backtrace::h505c97a579eca628
[INFO] [stdout]                                at /rustc/90b35a6239c3d8bdabc530a6a0816f7ff89a0aaf/library/std/src/sys/backtrace.rs:154:18
[INFO] [stdout]   34:     0x585315274ede - std::thread::Builder::spawn_unchecked_::{{closure}}::{{closure}}::h9e86b2e2bc107ea3
[INFO] [stdout]                                at /rustc/90b35a6239c3d8bdabc530a6a0816f7ff89a0aaf/library/std/src/thread/mod.rs:538:17
[INFO] [stdout]   35:     0x585315274ede - <core::panic::unwind_safe::AssertUnwindSafe<F> as core::ops::function::FnOnce<()>>::call_once::h8b06ddb275ff4a25
[INFO] [stdout]                                at /rustc/90b35a6239c3d8bdabc530a6a0816f7ff89a0aaf/library/core/src/panic/unwind_safe.rs:272:9
[INFO] [stdout]   36:     0x585315274ede - std::panicking::try::do_call::hb26ecd7cd9a9355d
[INFO] [stdout]                                at /rustc/90b35a6239c3d8bdabc530a6a0816f7ff89a0aaf/library/std/src/panicking.rs:557:40
[INFO] [stdout]   37:     0x585315274ede - std::panicking::try::h8ddeca9d705f9069
[INFO] [stdout]                                at /rustc/90b35a6239c3d8bdabc530a6a0816f7ff89a0aaf/library/std/src/panicking.rs:520:19
[INFO] [stdout]   38:     0x585315274ede - std::panic::catch_unwind::h49e1c33078844c46
[INFO] [stdout]                                at /rustc/90b35a6239c3d8bdabc530a6a0816f7ff89a0aaf/library/std/src/panic.rs:358:14
[INFO] [stdout]   39:     0x585315274ede - std::thread::Builder::spawn_unchecked_::{{closure}}::h6073db6ff56ad35d
[INFO] [stdout]                                at /rustc/90b35a6239c3d8bdabc530a6a0816f7ff89a0aaf/library/std/src/thread/mod.rs:537:30
[INFO] [stdout]   40:     0x585315274ede - core::ops::function::FnOnce::call_once{{vtable.shim}}::h2c5a5f3779c774f1
[INFO] [stdout]                                at /rustc/90b35a6239c3d8bdabc530a6a0816f7ff89a0aaf/library/core/src/ops/function.rs:250:5
[INFO] [stdout]   41:     0x5853152ff59b - <alloc::boxed::Box<F,A> as core::ops::function::FnOnce<Args>>::call_once::hf75717d9f28faebf
[INFO] [stdout]                                at /rustc/90b35a6239c3d8bdabc530a6a0816f7ff89a0aaf/library/alloc/src/boxed.rs:2454:9
[INFO] [stdout]   42:     0x5853152ff59b - <alloc::boxed::Box<F,A> as core::ops::function::FnOnce<Args>>::call_once::h7bd883a5f3c5f3c1
[INFO] [stdout]                                at /rustc/90b35a6239c3d8bdabc530a6a0816f7ff89a0aaf/library/alloc/src/boxed.rs:2454:9
[INFO] [stdout]   43:     0x5853152ff59b - std::sys::pal::unix::thread::Thread::new::thread_start::hcc78f3943333fa94
[INFO] [stdout]                                at /rustc/90b35a6239c3d8bdabc530a6a0816f7ff89a0aaf/library/std/src/sys/pal/unix/thread.rs:105:17
[INFO] [stdout]   44:     0x7c97d9e10ac3 - <unknown>
[INFO] [stdout]   45:     0x7c97d9ea1a04 - clone
[INFO] [stdout]   46:                0x0 - <unknown>
[INFO] [stdout] 
[INFO] [stdout] 
[INFO] [stdout] failures:
[INFO] [stdout]     test_run_function
[INFO] [stdout] 
[INFO] [stdout] test result: FAILED. 0 passed; 1 failed; 0 ignored; 0 measured; 0 filtered out; finished in 0.05s
[INFO] [stdout] 
[INFO] [stderr] error: test failed, to rerun pass `--test test`
[INFO] running `Command { std: "docker" "inspect" "b6f41deb247ec078a622761594a5d1833343b024e048f646da3e51fe1fe0e329", kill_on_drop: false }`
[INFO] running `Command { std: "docker" "rm" "-f" "b6f41deb247ec078a622761594a5d1833343b024e048f646da3e51fe1fe0e329", kill_on_drop: false }`
[INFO] [stdout] b6f41deb247ec078a622761594a5d1833343b024e048f646da3e51fe1fe0e329
