[INFO] cloning repository https://github.com/jaysonsantos/transcribot
[INFO] running `Command { std: "git" "-c" "credential.helper=" "-c" "credential.helper=/workspace/cargo-home/bin/git-credential-null" "clone" "--bare" "https://github.com/jaysonsantos/transcribot" "/workspace/cache/git-repos/https%3A%2F%2Fgithub.com%2Fjaysonsantos%2Ftranscribot", kill_on_drop: false }`
[INFO] [stderr] Cloning into bare repository '/workspace/cache/git-repos/https%3A%2F%2Fgithub.com%2Fjaysonsantos%2Ftranscribot'...
[INFO] running `Command { std: "git" "rev-parse" "HEAD", kill_on_drop: false }`
[INFO] [stdout] e059c4028504129838e93bca2debf635580a29a0
[INFO] testing jaysonsantos/transcribot against 1.83.0 for beta-1.84.0-4-retry
[INFO] running `Command { std: "git" "clone" "/workspace/cache/git-repos/https%3A%2F%2Fgithub.com%2Fjaysonsantos%2Ftranscribot" "/workspace/builds/worker-1-tc1/source", kill_on_drop: false }`
[INFO] [stderr] Cloning into '/workspace/builds/worker-1-tc1/source'...
[INFO] [stderr] done.
[INFO] validating manifest of git repo https://github.com/jaysonsantos/transcribot on toolchain 1.83.0
[INFO] running `Command { std: CARGO_HOME="/workspace/cargo-home" RUSTUP_HOME="/workspace/rustup-home" "/workspace/cargo-home/bin/cargo" "+1.83.0" "metadata" "--manifest-path" "Cargo.toml" "--no-deps", kill_on_drop: false }`
[INFO] removed /workspace/builds/worker-1-tc1/source/.cargo/config.toml
[INFO] started tweaking git repo https://github.com/jaysonsantos/transcribot
[INFO] finished tweaking git repo https://github.com/jaysonsantos/transcribot
[INFO] tweaked toml for git repo https://github.com/jaysonsantos/transcribot written to /workspace/builds/worker-1-tc1/source/Cargo.toml
[INFO] crate git repo https://github.com/jaysonsantos/transcribot already has a lockfile, it will not be regenerated
[INFO] running `Command { std: CARGO_HOME="/workspace/cargo-home" RUSTUP_HOME="/workspace/rustup-home" "/workspace/cargo-home/bin/cargo" "+1.83.0" "fetch" "--manifest-path" "Cargo.toml", kill_on_drop: false }`
[INFO] [stderr]  Downloading crates ...
[INFO] [stderr]   Downloaded console-subscriber v0.1.10
[INFO] [stderr]   Downloaded console-api v0.5.0
[INFO] running `Command { std: "docker" "create" "-v" "/var/lib/crater-agent-workspace/builds/worker-1-tc1/target:/opt/rustwide/target:rw,Z" "-v" "/var/lib/crater-agent-workspace/builds/worker-1-tc1/source:/opt/rustwide/workdir:ro,Z" "-v" "/var/lib/crater-agent-workspace/cargo-home:/opt/rustwide/cargo-home:ro,Z" "-v" "/var/lib/crater-agent-workspace/rustup-home:/opt/rustwide/rustup-home:ro,Z" "-e" "SOURCE_DIR=/opt/rustwide/workdir" "-e" "CARGO_TARGET_DIR=/opt/rustwide/target" "-e" "CARGO_HOME=/opt/rustwide/cargo-home" "-e" "RUSTUP_HOME=/opt/rustwide/rustup-home" "-w" "/opt/rustwide/workdir" "-m" "1610612736" "--user" "0:0" "--network" "none" "ghcr.io/rust-lang/crates-build-env/linux@sha256:f3a9d4ad9d972b27faf3965f35b62e55ba32bbce8f20bc8fe909558a86702fde" "/opt/rustwide/cargo-home/bin/cargo" "+1.83.0" "metadata" "--no-deps" "--format-version=1", kill_on_drop: false }`
[INFO] [stdout] 45c28d0050932152350ae96108fc5e42f46874555ccbb95b63ccd26509b7102b
[INFO] running `Command { std: "docker" "start" "-a" "45c28d0050932152350ae96108fc5e42f46874555ccbb95b63ccd26509b7102b", kill_on_drop: false }`
[INFO] running `Command { std: "docker" "inspect" "45c28d0050932152350ae96108fc5e42f46874555ccbb95b63ccd26509b7102b", kill_on_drop: false }`
[INFO] running `Command { std: "docker" "rm" "-f" "45c28d0050932152350ae96108fc5e42f46874555ccbb95b63ccd26509b7102b", kill_on_drop: false }`
[INFO] [stdout] 45c28d0050932152350ae96108fc5e42f46874555ccbb95b63ccd26509b7102b
[INFO] running `Command { std: "docker" "create" "-v" "/var/lib/crater-agent-workspace/builds/worker-1-tc1/target:/opt/rustwide/target:rw,Z" "-v" "/var/lib/crater-agent-workspace/builds/worker-1-tc1/source:/opt/rustwide/workdir:ro,Z" "-v" "/var/lib/crater-agent-workspace/cargo-home:/opt/rustwide/cargo-home:ro,Z" "-v" "/var/lib/crater-agent-workspace/rustup-home:/opt/rustwide/rustup-home:ro,Z" "-e" "SOURCE_DIR=/opt/rustwide/workdir" "-e" "CARGO_TARGET_DIR=/opt/rustwide/target" "-e" "CARGO_INCREMENTAL=0" "-e" "RUST_BACKTRACE=full" "-e" "RUSTFLAGS=--cap-lints=warn" "-e" "RUSTDOCFLAGS=--cap-lints=warn" "-e" "CARGO_HOME=/opt/rustwide/cargo-home" "-e" "RUSTUP_HOME=/opt/rustwide/rustup-home" "-w" "/opt/rustwide/workdir" "-m" "1610612736" "--user" "0:0" "--network" "none" "ghcr.io/rust-lang/crates-build-env/linux@sha256:f3a9d4ad9d972b27faf3965f35b62e55ba32bbce8f20bc8fe909558a86702fde" "/opt/rustwide/cargo-home/bin/cargo" "+1.83.0" "build" "--frozen" "--message-format=json", kill_on_drop: false }`
[INFO] [stdout] 587f7c31f3d29a7c0cdea3b93790ac71d8664dfb0117ea87e33cc4be999a482d
[INFO] running `Command { std: "docker" "start" "-a" "587f7c31f3d29a7c0cdea3b93790ac71d8664dfb0117ea87e33cc4be999a482d", kill_on_drop: false }`
[INFO] [stderr]    Compiling proc-macro2 v1.0.67
[INFO] [stderr]    Compiling unicode-ident v1.0.12
[INFO] [stderr]    Compiling autocfg v1.1.0
[INFO] [stderr]    Compiling cfg-if v1.0.0
[INFO] [stderr]    Compiling libc v0.2.148
[INFO] [stderr]    Compiling pin-project-lite v0.2.13
[INFO] [stderr]    Compiling once_cell v1.18.0
[INFO] [stderr]    Compiling smallvec v1.11.0
[INFO] [stderr]    Compiling futures-core v0.3.28
[INFO] [stderr]    Compiling memchr v2.6.3
[INFO] [stderr]    Compiling bytes v1.5.0
[INFO] [stderr]    Compiling scopeguard v1.2.0
[INFO] [stderr]    Compiling parking_lot_core v0.9.8
[INFO] [stderr]    Compiling futures-sink v0.3.28
[INFO] [stderr]    Compiling futures-task v0.3.28
[INFO] [stderr]    Compiling futures-channel v0.3.28
[INFO] [stderr]    Compiling fnv v1.0.7
[INFO] [stderr]    Compiling futures-util v0.3.28
[INFO] [stderr]    Compiling syn v1.0.109
[INFO] [stderr]    Compiling pin-utils v0.1.0
[INFO] [stderr]    Compiling futures-io v0.3.28
[INFO] [stderr]    Compiling version_check v0.9.4
[INFO] [stderr]    Compiling tracing-core v0.1.31
[INFO] [stderr]    Compiling itoa v1.0.9
[INFO] [stderr]    Compiling hashbrown v0.12.3
[INFO] [stderr]    Compiling log v0.4.20
[INFO] [stderr]    Compiling tower-service v0.3.2
[INFO] [stderr]    Compiling httparse v1.8.0
[INFO] [stderr]    Compiling vcpkg v0.2.15
[INFO] [stderr]    Compiling lock_api v0.4.10
[INFO] [stderr]    Compiling slab v0.4.9
[INFO] [stderr]    Compiling indexmap v1.9.3
[INFO] [stderr]    Compiling pkg-config v0.3.27
[INFO] [stderr]    Compiling serde v1.0.188
[INFO] [stderr]    Compiling try-lock v0.2.4
[INFO] [stderr]    Compiling rustversion v1.0.14
[INFO] [stderr]    Compiling want v0.3.1
[INFO] [stderr]    Compiling http v0.2.9
[INFO] [stderr]    Compiling percent-encoding v2.3.0
[INFO] [stderr]    Compiling either v1.9.0
[INFO] [stderr]    Compiling quote v1.0.33
[INFO] [stderr]    Compiling httpdate v1.0.3
[INFO] [stderr]    Compiling mime v0.3.17
[INFO] [stderr]    Compiling bitflags v2.4.0
[INFO] [stderr]    Compiling unicase v2.7.0
[INFO] [stderr]    Compiling anyhow v1.0.75
[INFO] [stderr]    Compiling foreign-types-shared v0.1.1
[INFO] [stderr]    Compiling strsim v0.10.0
[INFO] [stderr]    Compiling openssl v0.10.57
[INFO] [stderr]    Compiling syn v2.0.37
[INFO] [stderr]    Compiling foreign-types v0.3.2
[INFO] [stderr]    Compiling cc v1.0.83
[INFO] [stderr]    Compiling num-traits v0.2.16
[INFO] [stderr]    Compiling regex-syntax v0.7.5
[INFO] [stderr]    Compiling async-trait v0.1.73
[INFO] [stderr]    Compiling lazy_static v1.4.0
[INFO] [stderr]    Compiling tinyvec_macros v0.1.1
[INFO] [stderr]    Compiling regex-syntax v0.6.29
[INFO] [stderr]    Compiling native-tls v0.2.11
[INFO] [stderr]    Compiling ppv-lite86 v0.2.17
[INFO] [stderr]    Compiling tinyvec v1.6.0
[INFO] [stderr]    Compiling socket2 v0.5.4
[INFO] [stderr]    Compiling num_cpus v1.16.0
[INFO] [stderr]    Compiling signal-hook-registry v1.4.1
[INFO] [stderr]    Compiling mio v0.8.8
[INFO] [stderr]    Compiling getrandom v0.2.10
[INFO] [stderr]    Compiling parking_lot v0.12.1
[INFO] [stderr]    Compiling socket2 v0.4.9
[INFO] [stderr]    Compiling rand_core v0.6.4
[INFO] [stderr]    Compiling axum-core v0.3.4
[INFO] [stderr]    Compiling http-body v0.4.5
[INFO] [stderr]    Compiling rand_chacha v0.3.1
[INFO] [stderr]    Compiling itertools v0.10.5
[INFO] [stderr]    Compiling base64 v0.21.4
[INFO] [stderr]    Compiling bitflags v1.3.2
[INFO] [stderr]    Compiling adler v1.0.2
[INFO] [stderr]    Compiling ryu v1.0.15
[INFO] [stderr]    Compiling overload v0.1.1
[INFO] [stderr]    Compiling tower-layer v0.3.2
[INFO] [stderr]    Compiling serde_json v1.0.107
[INFO] [stderr]    Compiling openssl-probe v0.1.5
[INFO] [stderr]    Compiling ident_case v1.0.1
[INFO] [stderr]    Compiling unicode-normalization v0.1.22
[INFO] [stderr]    Compiling rand v0.8.5
[INFO] [stderr]    Compiling nu-ansi-term v0.46.0
[INFO] [stderr]    Compiling mime_guess v2.0.4
[INFO] [stderr]    Compiling miniz_oxide v0.7.1
[INFO] [stderr]    Compiling axum v0.6.20
[INFO] [stderr]    Compiling openssl-sys v0.9.93
[INFO] [stderr]    Compiling sharded-slab v0.1.4
[INFO] [stderr]    Compiling tracing-log v0.1.3
[INFO] [stderr]    Compiling form_urlencoded v1.2.0
[INFO] [stderr]    Compiling proc-macro-error-attr v1.0.4
[INFO] [stderr]    Compiling erasable v1.2.1
[INFO] [stderr]    Compiling thread_local v1.1.7
[INFO] [stderr]    Compiling unicode-bidi v0.3.13
[INFO] [stderr]    Compiling crc32fast v1.3.2
[INFO] [stderr]    Compiling idna v0.4.0
[INFO] [stderr]    Compiling proc-macro-error v1.0.4
[INFO] [stderr]    Compiling utf8parse v0.2.1
[INFO] [stderr]    Compiling thiserror v1.0.48
[INFO] [stderr]    Compiling crossbeam-utils v0.8.16
[INFO] [stderr]    Compiling sync_wrapper v0.1.2
[INFO] [stderr]    Compiling heck v0.4.1
[INFO] [stderr]    Compiling matchit v0.7.2
[INFO] [stderr]    Compiling anstyle-parse v0.2.1
[INFO] [stderr]    Compiling regex-automata v0.3.8
[INFO] [stderr]    Compiling regex-automata v0.1.10
[INFO] [stderr]    Compiling backtrace v0.3.69
[INFO] [stderr]    Compiling encoding_rs v0.8.33
[INFO] [stderr]    Compiling rustix v0.38.13
[INFO] [stderr]    Compiling minimal-lexical v0.2.1
[INFO] [stderr]    Compiling eyre v0.6.8
[INFO] [stderr]    Compiling colorchoice v1.0.0
[INFO] [stderr]    Compiling gimli v0.28.0
[INFO] [stderr]    Compiling anstyle v1.0.3
[INFO] [stderr]    Compiling darling_core v0.13.4
[INFO] [stderr]    Compiling matchers v0.1.0
[INFO] [stderr]    Compiling anstyle-query v1.0.0
[INFO] [stderr]    Compiling ipnet v2.8.0
[INFO] [stderr]    Compiling convert_case v0.4.0
[INFO] [stderr]    Compiling anstream v0.5.0
[INFO] [stderr]    Compiling nom v7.1.3
[INFO] [stderr]    Compiling rc-box v1.2.0
[INFO] [stderr]    Compiling flate2 v1.0.27
[INFO] [stderr]    Compiling chrono v0.4.31
[INFO] [stderr]    Compiling uuid v1.4.1
[INFO] [stderr]    Compiling itertools v0.9.0
[INFO] [stderr]    Compiling object v0.32.1
[INFO] [stderr]    Compiling base64 v0.13.1
[INFO] [stderr]    Compiling never v0.1.0
[INFO] [stderr]    Compiling owo-colors v3.5.0
[INFO] [stderr]    Compiling takecell v0.1.1
[INFO] [stderr]    Compiling regex v1.9.5
[INFO] [stderr]    Compiling byteorder v1.4.3
[INFO] [stderr]    Compiling take_mut v0.2.2
[INFO] [stderr]    Compiling linux-raw-sys v0.4.7
[INFO] [stderr]    Compiling clap_lex v0.5.1
[INFO] [stderr]    Compiling rustc-demangle v0.1.23
[INFO] [stderr]    Compiling indenter v0.3.3
[INFO] [stderr]    Compiling camino v1.1.6
[INFO] [stderr]    Compiling clap_builder v4.4.4
[INFO] [stderr]    Compiling addr2line v0.21.0
[INFO] [stderr]    Compiling hdrhistogram v7.5.2
[INFO] [stderr]    Compiling crossbeam-channel v0.5.8
[INFO] [stderr]    Compiling fastrand v2.0.0
[INFO] [stderr]    Compiling humantime v2.1.0
[INFO] [stderr]    Compiling prost-derive v0.11.9
[INFO] [stderr]    Compiling derive_more v0.99.17
[INFO] [stderr]    Compiling aquamarine v0.1.12
[INFO] [stderr]    Compiling teloxide-macros v0.7.1
[INFO] [stderr]    Compiling darling_macro v0.13.4
[INFO] [stderr]    Compiling tracing-attributes v0.1.26
[INFO] [stderr]    Compiling tokio-macros v2.1.0
[INFO] [stderr]    Compiling futures-macro v0.3.28
[INFO] [stderr]    Compiling serde_derive v1.0.188
[INFO] [stderr]    Compiling pin-project-internal v1.1.3
[INFO] [stderr]    Compiling openssl-macros v0.1.1
[INFO] [stderr]    Compiling thiserror-impl v1.0.48
[INFO] [stderr]    Compiling clap_derive v4.4.2
[INFO] [stderr]    Compiling darling v0.13.4
[INFO] [stderr]    Compiling serde_with_macros v1.5.2
[INFO] [stderr]    Compiling tokio v1.32.0
[INFO] [stderr]    Compiling tempfile v3.8.0
[INFO] [stderr]    Compiling pin-project v1.1.3
[INFO] [stderr]    Compiling prost v0.11.9
[INFO] [stderr]    Compiling tracing v0.1.37
[INFO] [stderr]    Compiling tracing-subscriber v0.3.17
[INFO] [stderr]    Compiling prost-types v0.11.9
[INFO] [stderr]    Compiling clap v4.4.4
[INFO] [stderr]    Compiling tracing-error v0.2.0
[INFO] [stderr]    Compiling color-spantrace v0.2.0
[INFO] [stderr]    Compiling color-eyre v0.6.2
[INFO] [stderr]    Compiling futures-executor v0.3.28
[INFO] [stderr]    Compiling futures v0.3.28
[INFO] [stderr]    Compiling dptree v0.3.0
[INFO] [stderr]    Compiling url v2.4.1
[INFO] [stderr]    Compiling serde_urlencoded v0.7.1
[INFO] [stderr]    Compiling tokio-util v0.7.9
[INFO] [stderr]    Compiling tokio-io-timeout v1.2.0
[INFO] [stderr]    Compiling tokio-stream v0.1.14
[INFO] [stderr]    Compiling tokio-native-tls v0.3.1
[INFO] [stderr]    Compiling h2 v0.3.21
[INFO] [stderr]    Compiling tower v0.4.13
[INFO] [stderr]    Compiling hyper v0.14.27
[INFO] [stderr]    Compiling hyper-timeout v0.4.1
[INFO] [stderr]    Compiling hyper-tls v0.5.0
[INFO] [stderr]    Compiling reqwest v0.11.20
[INFO] [stderr]    Compiling teloxide-core v0.9.1
[INFO] [stderr]    Compiling tonic v0.9.2
[INFO] [stderr]    Compiling console-api v0.5.0
[INFO] [stderr]    Compiling console-subscriber v0.1.10
[INFO] [stderr]    Compiling teloxide v0.12.2
[INFO] [stderr]    Compiling transcribot v0.1.0 (/opt/rustwide/workdir)
[INFO] [stdout] warning: unexpected `cfg` condition value: `linked-whisper`
[INFO] [stdout]   --> src/transcribe/whisper.rs:73:7
[INFO] [stdout]    |
[INFO] [stdout] 73 | #[cfg(feature = "linked-whisper")]
[INFO] [stdout]    |       ^^^^^^^^^^^^^^^^^^^^^^^^^^ help: remove the condition
[INFO] [stdout]    |
[INFO] [stdout]    = note: no expected values for `feature`
[INFO] [stdout]    = help: consider adding `linked-whisper` as a feature in `Cargo.toml`
[INFO] [stdout]    = note: see <https://doc.rust-lang.org/nightly/rustc/check-cfg/cargo-specifics.html> for more information about checking conditional configuration
[INFO] [stdout]    = note: `#[warn(unexpected_cfgs)]` on by default
[INFO] [stdout] 
[INFO] [stdout] 
[INFO] [stdout] warning: unexpected `cfg` condition value: `linked-whisper`
[INFO] [stdout]   --> src/transcribe/whisper.rs:76:7
[INFO] [stdout]    |
[INFO] [stdout] 76 | #[cfg(feature = "linked-whisper")]
[INFO] [stdout]    |       ^^^^^^^^^^^^^^^^^^^^^^^^^^ help: remove the condition
[INFO] [stdout]    |
[INFO] [stdout]    = note: no expected values for `feature`
[INFO] [stdout]    = help: consider adding `linked-whisper` as a feature in `Cargo.toml`
[INFO] [stdout]    = note: see <https://doc.rust-lang.org/nightly/rustc/check-cfg/cargo-specifics.html> for more information about checking conditional configuration
[INFO] [stdout] 
[INFO] [stdout] 
[INFO] [stdout] warning: unexpected `cfg` condition value: `linked-whisper`
[INFO] [stdout]   --> src/transcribe/mod.rs:29:19
[INFO] [stdout]    |
[INFO] [stdout] 29 |         #[cfg(not(feature = "linked-whisper"))]
[INFO] [stdout]    |                   ^^^^^^^^^^^^^^^^^^^^^^^^^^ help: remove the condition
[INFO] [stdout]    |
[INFO] [stdout]    = note: no expected values for `feature`
[INFO] [stdout]    = help: consider adding `linked-whisper` as a feature in `Cargo.toml`
[INFO] [stdout]    = note: see <https://doc.rust-lang.org/nightly/rustc/check-cfg/cargo-specifics.html> for more information about checking conditional configuration
[INFO] [stdout] 
[INFO] [stdout] 
[INFO] [stdout] warning: unexpected `cfg` condition value: `linked-whisper`
[INFO] [stdout]   --> src/transcribe/mod.rs:31:15
[INFO] [stdout]    |
[INFO] [stdout] 31 |         #[cfg(feature = "linked-whisper")]
[INFO] [stdout]    |               ^^^^^^^^^^^^^^^^^^^^^^^^^^ help: remove the condition
[INFO] [stdout]    |
[INFO] [stdout]    = note: no expected values for `feature`
[INFO] [stdout]    = help: consider adding `linked-whisper` as a feature in `Cargo.toml`
[INFO] [stdout]    = note: see <https://doc.rust-lang.org/nightly/rustc/check-cfg/cargo-specifics.html> for more information about checking conditional configuration
[INFO] [stdout] 
[INFO] [stdout] 
[INFO] [stderr]     Finished `dev` profile [unoptimized + debuginfo] target(s) in 1m 59s
[INFO] running `Command { std: "docker" "inspect" "587f7c31f3d29a7c0cdea3b93790ac71d8664dfb0117ea87e33cc4be999a482d", kill_on_drop: false }`
[INFO] running `Command { std: "docker" "rm" "-f" "587f7c31f3d29a7c0cdea3b93790ac71d8664dfb0117ea87e33cc4be999a482d", kill_on_drop: false }`
[INFO] [stdout] 587f7c31f3d29a7c0cdea3b93790ac71d8664dfb0117ea87e33cc4be999a482d
[INFO] running `Command { std: "docker" "create" "-v" "/var/lib/crater-agent-workspace/builds/worker-1-tc1/target:/opt/rustwide/target:rw,Z" "-v" "/var/lib/crater-agent-workspace/builds/worker-1-tc1/source:/opt/rustwide/workdir:ro,Z" "-v" "/var/lib/crater-agent-workspace/cargo-home:/opt/rustwide/cargo-home:ro,Z" "-v" "/var/lib/crater-agent-workspace/rustup-home:/opt/rustwide/rustup-home:ro,Z" "-e" "SOURCE_DIR=/opt/rustwide/workdir" "-e" "CARGO_TARGET_DIR=/opt/rustwide/target" "-e" "CARGO_INCREMENTAL=0" "-e" "RUST_BACKTRACE=full" "-e" "RUSTFLAGS=--cap-lints=warn" "-e" "RUSTDOCFLAGS=--cap-lints=warn" "-e" "CARGO_HOME=/opt/rustwide/cargo-home" "-e" "RUSTUP_HOME=/opt/rustwide/rustup-home" "-w" "/opt/rustwide/workdir" "-m" "1610612736" "--user" "0:0" "--network" "none" "ghcr.io/rust-lang/crates-build-env/linux@sha256:f3a9d4ad9d972b27faf3965f35b62e55ba32bbce8f20bc8fe909558a86702fde" "/opt/rustwide/cargo-home/bin/cargo" "+1.83.0" "test" "--frozen" "--no-run" "--message-format=json", kill_on_drop: false }`
[INFO] [stdout] e68d5902c9f6849979cc86b1fe28ce8836cc2b27816019b36f8dead747428086
[INFO] running `Command { std: "docker" "start" "-a" "e68d5902c9f6849979cc86b1fe28ce8836cc2b27816019b36f8dead747428086", kill_on_drop: false }`
[INFO] [stderr]    Compiling transcribot v0.1.0 (/opt/rustwide/workdir)
[INFO] [stdout] warning: unexpected `cfg` condition value: `linked-whisper`
[INFO] [stdout]   --> src/transcribe/whisper.rs:73:7
[INFO] [stdout]    |
[INFO] [stdout] 73 | #[cfg(feature = "linked-whisper")]
[INFO] [stdout]    |       ^^^^^^^^^^^^^^^^^^^^^^^^^^ help: remove the condition
[INFO] [stdout]    |
[INFO] [stdout]    = note: no expected values for `feature`
[INFO] [stdout]    = help: consider adding `linked-whisper` as a feature in `Cargo.toml`
[INFO] [stdout]    = note: see <https://doc.rust-lang.org/nightly/rustc/check-cfg/cargo-specifics.html> for more information about checking conditional configuration
[INFO] [stdout]    = note: `#[warn(unexpected_cfgs)]` on by default
[INFO] [stdout] 
[INFO] [stdout] 
[INFO] [stdout] warning: unexpected `cfg` condition value: `linked-whisper`
[INFO] [stdout]   --> src/transcribe/whisper.rs:76:7
[INFO] [stdout]    |
[INFO] [stdout] 76 | #[cfg(feature = "linked-whisper")]
[INFO] [stdout]    |       ^^^^^^^^^^^^^^^^^^^^^^^^^^ help: remove the condition
[INFO] [stdout]    |
[INFO] [stdout]    = note: no expected values for `feature`
[INFO] [stdout]    = help: consider adding `linked-whisper` as a feature in `Cargo.toml`
[INFO] [stdout]    = note: see <https://doc.rust-lang.org/nightly/rustc/check-cfg/cargo-specifics.html> for more information about checking conditional configuration
[INFO] [stdout] 
[INFO] [stdout] 
[INFO] [stdout] warning: unexpected `cfg` condition value: `linked-whisper`
[INFO] [stdout]   --> src/transcribe/mod.rs:29:19
[INFO] [stdout]    |
[INFO] [stdout] 29 |         #[cfg(not(feature = "linked-whisper"))]
[INFO] [stdout]    |                   ^^^^^^^^^^^^^^^^^^^^^^^^^^ help: remove the condition
[INFO] [stdout]    |
[INFO] [stdout]    = note: no expected values for `feature`
[INFO] [stdout]    = help: consider adding `linked-whisper` as a feature in `Cargo.toml`
[INFO] [stdout]    = note: see <https://doc.rust-lang.org/nightly/rustc/check-cfg/cargo-specifics.html> for more information about checking conditional configuration
[INFO] [stdout] 
[INFO] [stdout] 
[INFO] [stdout] warning: unexpected `cfg` condition value: `linked-whisper`
[INFO] [stdout]   --> src/transcribe/mod.rs:31:15
[INFO] [stdout]    |
[INFO] [stdout] 31 |         #[cfg(feature = "linked-whisper")]
[INFO] [stdout]    |               ^^^^^^^^^^^^^^^^^^^^^^^^^^ help: remove the condition
[INFO] [stdout]    |
[INFO] [stdout]    = note: no expected values for `feature`
[INFO] [stdout]    = help: consider adding `linked-whisper` as a feature in `Cargo.toml`
[INFO] [stdout]    = note: see <https://doc.rust-lang.org/nightly/rustc/check-cfg/cargo-specifics.html> for more information about checking conditional configuration
[INFO] [stdout] 
[INFO] [stdout] 
[INFO] [stderr]     Finished `test` profile [unoptimized + debuginfo] target(s) in 10.21s
[INFO] running `Command { std: "docker" "inspect" "e68d5902c9f6849979cc86b1fe28ce8836cc2b27816019b36f8dead747428086", kill_on_drop: false }`
[INFO] running `Command { std: "docker" "rm" "-f" "e68d5902c9f6849979cc86b1fe28ce8836cc2b27816019b36f8dead747428086", kill_on_drop: false }`
[INFO] [stdout] e68d5902c9f6849979cc86b1fe28ce8836cc2b27816019b36f8dead747428086
[INFO] running `Command { std: "docker" "create" "-v" "/var/lib/crater-agent-workspace/builds/worker-1-tc1/target:/opt/rustwide/target:rw,Z" "-v" "/var/lib/crater-agent-workspace/builds/worker-1-tc1/source:/opt/rustwide/workdir:ro,Z" "-v" "/var/lib/crater-agent-workspace/cargo-home:/opt/rustwide/cargo-home:ro,Z" "-v" "/var/lib/crater-agent-workspace/rustup-home:/opt/rustwide/rustup-home:ro,Z" "-e" "SOURCE_DIR=/opt/rustwide/workdir" "-e" "CARGO_TARGET_DIR=/opt/rustwide/target" "-e" "CARGO_INCREMENTAL=0" "-e" "RUST_BACKTRACE=full" "-e" "RUSTFLAGS=--cap-lints=warn" "-e" "RUSTDOCFLAGS=--cap-lints=warn" "-e" "CARGO_HOME=/opt/rustwide/cargo-home" "-e" "RUSTUP_HOME=/opt/rustwide/rustup-home" "-w" "/opt/rustwide/workdir" "-m" "1610612736" "--user" "0:0" "--network" "none" "ghcr.io/rust-lang/crates-build-env/linux@sha256:f3a9d4ad9d972b27faf3965f35b62e55ba32bbce8f20bc8fe909558a86702fde" "/opt/rustwide/cargo-home/bin/cargo" "+1.83.0" "test" "--frozen", kill_on_drop: false }`
[INFO] [stdout] 10e2edbbcccb114a51a6246204e8ff28ce8ac85d6f647a9b79261b3348d15fd8
[INFO] running `Command { std: "docker" "start" "-a" "10e2edbbcccb114a51a6246204e8ff28ce8ac85d6f647a9b79261b3348d15fd8", kill_on_drop: false }`
[INFO] [stderr] warning: unexpected `cfg` condition value: `linked-whisper`
[INFO] [stderr]   --> src/transcribe/whisper.rs:73:7
[INFO] [stderr]    |
[INFO] [stderr] 73 | #[cfg(feature = "linked-whisper")]
[INFO] [stderr]    |       ^^^^^^^^^^^^^^^^^^^^^^^^^^ help: remove the condition
[INFO] [stderr]    |
[INFO] [stderr]    = note: no expected values for `feature`
[INFO] [stderr]    = help: consider adding `linked-whisper` as a feature in `Cargo.toml`
[INFO] [stderr]    = note: see <https://doc.rust-lang.org/nightly/rustc/check-cfg/cargo-specifics.html> for more information about checking conditional configuration
[INFO] [stderr]    = note: `#[warn(unexpected_cfgs)]` on by default
[INFO] [stderr] 
[INFO] [stderr] warning: unexpected `cfg` condition value: `linked-whisper`
[INFO] [stderr]   --> src/transcribe/whisper.rs:76:7
[INFO] [stderr]    |
[INFO] [stderr] 76 | #[cfg(feature = "linked-whisper")]
[INFO] [stderr]    |       ^^^^^^^^^^^^^^^^^^^^^^^^^^ help: remove the condition
[INFO] [stderr]    |
[INFO] [stderr]    = note: no expected values for `feature`
[INFO] [stderr]    = help: consider adding `linked-whisper` as a feature in `Cargo.toml`
[INFO] [stderr]    = note: see <https://doc.rust-lang.org/nightly/rustc/check-cfg/cargo-specifics.html> for more information about checking conditional configuration
[INFO] [stderr] 
[INFO] [stderr] warning: unexpected `cfg` condition value: `linked-whisper`
[INFO] [stderr]   --> src/transcribe/mod.rs:29:19
[INFO] [stderr]    |
[INFO] [stderr] 29 |         #[cfg(not(feature = "linked-whisper"))]
[INFO] [stderr]    |                   ^^^^^^^^^^^^^^^^^^^^^^^^^^ help: remove the condition
[INFO] [stderr]    |
[INFO] [stderr]    = note: no expected values for `feature`
[INFO] [stderr]    = help: consider adding `linked-whisper` as a feature in `Cargo.toml`
[INFO] [stderr]    = note: see <https://doc.rust-lang.org/nightly/rustc/check-cfg/cargo-specifics.html> for more information about checking conditional configuration
[INFO] [stderr] 
[INFO] [stderr] warning: unexpected `cfg` condition value: `linked-whisper`
[INFO] [stderr]   --> src/transcribe/mod.rs:31:15
[INFO] [stderr]    |
[INFO] [stderr] 31 |         #[cfg(feature = "linked-whisper")]
[INFO] [stderr]    |               ^^^^^^^^^^^^^^^^^^^^^^^^^^ help: remove the condition
[INFO] [stderr]    |
[INFO] [stderr]    = note: no expected values for `feature`
[INFO] [stderr]    = help: consider adding `linked-whisper` as a feature in `Cargo.toml`
[INFO] [stderr]    = note: see <https://doc.rust-lang.org/nightly/rustc/check-cfg/cargo-specifics.html> for more information about checking conditional configuration
[INFO] [stderr] 
[INFO] [stderr] warning: `transcribot` (bin "transcribot" test) generated 4 warnings
[INFO] [stderr]     Finished `test` profile [unoptimized + debuginfo] target(s) in 0.26s
[INFO] [stderr]      Running unittests src/main.rs (/opt/rustwide/target/debug/deps/transcribot-cf1a90ee21441e48)
[INFO] [stdout] 
[INFO] [stdout] running 1 test
[INFO] [stdout] test transcribe::tests::cursor ... FAILED
[INFO] [stdout] 
[INFO] [stdout] failures:
[INFO] [stdout] 
[INFO] [stdout] ---- transcribe::tests::cursor stdout ----
[INFO] [stdout] thread 'transcribe::tests::cursor' panicked at /opt/rustwide/cargo-home/registry/src/index.crates.io-6f17d22bba15001f/console-subscriber-0.1.10/src/lib.rs:266:9:
[INFO] [stdout] task tracing requires Tokio to be built with RUSTFLAGS="--cfg tokio_unstable"!
[INFO] [stdout] stack backtrace:
[INFO] [stdout]    0:     0x5cba7165ef9a - std::backtrace_rs::backtrace::libunwind::trace::h5a5b8284f2d0c266
[INFO] [stdout]                                at /rustc/90b35a6239c3d8bdabc530a6a0816f7ff89a0aaf/library/std/src/../../backtrace/src/backtrace/libunwind.rs:116:5
[INFO] [stdout]    1:     0x5cba7165ef9a - std::backtrace_rs::backtrace::trace_unsynchronized::h76d4f1c9b0b875e3
[INFO] [stdout]                                at /rustc/90b35a6239c3d8bdabc530a6a0816f7ff89a0aaf/library/std/src/../../backtrace/src/backtrace/mod.rs:66:5
[INFO] [stdout]    2:     0x5cba7165ef9a - std::sys::backtrace::_print_fmt::hc4546b8364a537c6
[INFO] [stdout]                                at /rustc/90b35a6239c3d8bdabc530a6a0816f7ff89a0aaf/library/std/src/sys/backtrace.rs:66:9
[INFO] [stdout]    3:     0x5cba7165ef9a - <std::sys::backtrace::BacktraceLock::print::DisplayBacktrace as core::fmt::Display>::fmt::h5b6bd5631a6d1f6b
[INFO] [stdout]                                at /rustc/90b35a6239c3d8bdabc530a6a0816f7ff89a0aaf/library/std/src/sys/backtrace.rs:39:26
[INFO] [stdout]    4:     0x5cba71689023 - core::fmt::rt::Argument::fmt::h270f6602a2b96f62
[INFO] [stdout]                                at /rustc/90b35a6239c3d8bdabc530a6a0816f7ff89a0aaf/library/core/src/fmt/rt.rs:177:76
[INFO] [stdout]    5:     0x5cba71689023 - core::fmt::write::h7550c97b06c86515
[INFO] [stdout]                                at /rustc/90b35a6239c3d8bdabc530a6a0816f7ff89a0aaf/library/core/src/fmt/mod.rs:1186:21
[INFO] [stdout]    6:     0x5cba7165b4d3 - std::io::Write::write_fmt::h509ff860e5956e5e
[INFO] [stdout]                                at /rustc/90b35a6239c3d8bdabc530a6a0816f7ff89a0aaf/library/std/src/io/mod.rs:1839:15
[INFO] [stdout]    7:     0x5cba7165ede2 - std::sys::backtrace::BacktraceLock::print::h2395ccd2c84ba3aa
[INFO] [stdout]                                at /rustc/90b35a6239c3d8bdabc530a6a0816f7ff89a0aaf/library/std/src/sys/backtrace.rs:42:9
[INFO] [stdout]    8:     0x5cba716603fa - std::panicking::default_hook::{{closure}}::he19d4c7230e07961
[INFO] [stdout]                                at /rustc/90b35a6239c3d8bdabc530a6a0816f7ff89a0aaf/library/std/src/panicking.rs:268:22
[INFO] [stdout]    9:     0x5cba71660204 - std::panicking::default_hook::hf614597d3c67bbdb
[INFO] [stdout]                                at /rustc/90b35a6239c3d8bdabc530a6a0816f7ff89a0aaf/library/std/src/panicking.rs:292:9
[INFO] [stdout]   10:     0x5cba710fd8d9 - <alloc::boxed::Box<F,A> as core::ops::function::Fn<Args>>::call::h39b51ce4599c23d1
[INFO] [stdout]                                at /rustc/90b35a6239c3d8bdabc530a6a0816f7ff89a0aaf/library/alloc/src/boxed.rs:2468:9
[INFO] [stdout]   11:     0x5cba710fd8d9 - test::test_main::{{closure}}::he977ae839a582784
[INFO] [stdout]                                at /rustc/90b35a6239c3d8bdabc530a6a0816f7ff89a0aaf/library/test/src/lib.rs:133:21
[INFO] [stdout]   12:     0x5cba71660a98 - <alloc::boxed::Box<F,A> as core::ops::function::Fn<Args>>::call::h9455091b6b06f9fb
[INFO] [stdout]                                at /rustc/90b35a6239c3d8bdabc530a6a0816f7ff89a0aaf/library/alloc/src/boxed.rs:2468:9
[INFO] [stdout]   13:     0x5cba71660a98 - std::panicking::rust_panic_with_hook::h8942133a8b252070
[INFO] [stdout]                                at /rustc/90b35a6239c3d8bdabc530a6a0816f7ff89a0aaf/library/std/src/panicking.rs:809:13
[INFO] [stdout]   14:     0x5cba71660826 - std::panicking::begin_panic_handler::{{closure}}::hb5f5963570096b29
[INFO] [stdout]                                at /rustc/90b35a6239c3d8bdabc530a6a0816f7ff89a0aaf/library/std/src/panicking.rs:667:13
[INFO] [stdout]   15:     0x5cba7165f479 - std::sys::backtrace::__rust_end_short_backtrace::h6208cedc1922feda
[INFO] [stdout]                                at /rustc/90b35a6239c3d8bdabc530a6a0816f7ff89a0aaf/library/std/src/sys/backtrace.rs:170:18
[INFO] [stdout]   16:     0x5cba716604ec - rust_begin_unwind
[INFO] [stdout]                                at /rustc/90b35a6239c3d8bdabc530a6a0816f7ff89a0aaf/library/std/src/panicking.rs:665:5
[INFO] [stdout]   17:     0x5cba70dea250 - core::panicking::panic_fmt::h0c3082644d1bf418
[INFO] [stdout]                                at /rustc/90b35a6239c3d8bdabc530a6a0816f7ff89a0aaf/library/core/src/panicking.rs:74:14
[INFO] [stdout]   18:     0x5cba70f6da68 - console_subscriber::ConsoleLayer::build::h519482c270369eca
[INFO] [stdout]                                at /opt/rustwide/cargo-home/registry/src/index.crates.io-6f17d22bba15001f/console-subscriber-0.1.10/src/lib.rs:266:9
[INFO] [stdout]   19:     0x5cba70f348fd - console_subscriber::builder::Builder::build::hbf6335491ed20a97
[INFO] [stdout]                                at /opt/rustwide/cargo-home/registry/src/index.crates.io-6f17d22bba15001f/console-subscriber-0.1.10/src/builder.rs:273:9
[INFO] [stdout]   20:     0x5cba70e27a2f - console_subscriber::builder::Builder::spawn::hdd4baf87dd7141ed
[INFO] [stdout]                                at /opt/rustwide/cargo-home/registry/src/index.crates.io-6f17d22bba15001f/console-subscriber-0.1.10/src/builder.rs:485:31
[INFO] [stdout]   21:     0x5cba70e279a1 - console_subscriber::builder::spawn::hdf596b7225125e97
[INFO] [stdout]                                at /opt/rustwide/cargo-home/registry/src/index.crates.io-6f17d22bba15001f/console-subscriber-0.1.10/src/builder.rs:717:5
[INFO] [stdout]   22:     0x5cba70e0d46d - transcribot::utils::real_pre_flight::h97db82e5303490ee
[INFO] [stdout]                                at /opt/rustwide/workdir/src/utils.rs:25:15
[INFO] [stdout]   23:     0x5cba70deb1e6 - <transcribot::utils::PRE_FLIGHT as core::ops::deref::Deref>::deref::__static_ref_initialize::h5df03c9c4824a093
[INFO] [stdout]                                at /opt/rustwide/workdir/src/utils.rs:6:41
[INFO] [stdout]   24:     0x5cba70deb1e6 - core::ops::function::FnOnce::call_once::hdeb30f286eea13cc
[INFO] [stdout]                                at /rustc/90b35a6239c3d8bdabc530a6a0816f7ff89a0aaf/library/core/src/ops/function.rs:250:5
[INFO] [stdout]   25:     0x5cba70e2fb4b - lazy_static::lazy::Lazy<T>::get::{{closure}}::hb57a649b205725c6
[INFO] [stdout]                                at /opt/rustwide/cargo-home/registry/src/index.crates.io-6f17d22bba15001f/lazy_static-1.4.0/src/inline_lazy.rs:31:29
[INFO] [stdout]   26:     0x5cba70e11618 - std::sync::once::Once::call_once::{{closure}}::ha4f92bc9411e1f5a
[INFO] [stdout]                                at /rustc/90b35a6239c3d8bdabc530a6a0816f7ff89a0aaf/library/std/src/sync/once.rs:158:41
[INFO] [stdout]   27:     0x5cba70de9393 - std::sys::sync::once::futex::Once::call::hddfcaeb766e3f5ce
[INFO] [stdout]                                at /rustc/90b35a6239c3d8bdabc530a6a0816f7ff89a0aaf/library/std/src/sys/sync/once/futex.rs:177:21
[INFO] [stdout]   28:     0x5cba70e11584 - std::sync::once::Once::call_once::ha6b476f89686125f
[INFO] [stdout]                                at /rustc/90b35a6239c3d8bdabc530a6a0816f7ff89a0aaf/library/std/src/sync/once.rs:158:9
[INFO] [stdout]   29:     0x5cba70e0e2bf - lazy_static::lazy::Lazy<T>::get::h843dc087aa86092d
[INFO] [stdout]                                at /opt/rustwide/cargo-home/registry/src/index.crates.io-6f17d22bba15001f/lazy_static-1.4.0/src/inline_lazy.rs:30:9
[INFO] [stdout]   30:     0x5cba70e0e2bf - <transcribot::utils::PRE_FLIGHT as core::ops::deref::Deref>::deref::__stability::h9ca76eeeccf58142
[INFO] [stdout]                                at /opt/rustwide/cargo-home/registry/src/index.crates.io-6f17d22bba15001f/lazy_static-1.4.0/src/lib.rs:142:21
[INFO] [stdout]   31:     0x5cba70e0e2bf - <transcribot::utils::PRE_FLIGHT as core::ops::deref::Deref>::deref::h0106a6e085bedcf1
[INFO] [stdout]                                at /opt/rustwide/cargo-home/registry/src/index.crates.io-6f17d22bba15001f/lazy_static-1.4.0/src/lib.rs:144:17
[INFO] [stdout]   32:     0x5cba70e0d0d3 - transcribot::utils::pre_flight::h778118e39780f366
[INFO] [stdout]                                at /opt/rustwide/workdir/src/utils.rs:11:12
[INFO] [stdout]   33:     0x5cba70e11ca9 - transcribot::transcribe::tests::cursor::{{closure}}::h73ee9fac684fdc1c
[INFO] [stdout]                                at /opt/rustwide/workdir/src/transcribe/mod.rs:59:9
[INFO] [stdout]   34:     0x5cba70e0cf65 - <core::pin::Pin<P> as core::future::future::Future>::poll::h1a9237ae329f94cd
[INFO] [stdout]                                at /rustc/90b35a6239c3d8bdabc530a6a0816f7ff89a0aaf/library/core/src/future/future.rs:123:9
[INFO] [stdout]   35:     0x5cba70e0cf9d - <core::pin::Pin<P> as core::future::future::Future>::poll::hdd933d11be4d84f3
[INFO] [stdout]                                at /rustc/90b35a6239c3d8bdabc530a6a0816f7ff89a0aaf/library/core/src/future/future.rs:123:9
[INFO] [stdout]   36:     0x5cba70e0cecf - tokio::runtime::scheduler::current_thread::CoreGuard::block_on::{{closure}}::{{closure}}::{{closure}}::hdc94fb75f44dce1f
[INFO] [stdout]                                at /opt/rustwide/cargo-home/registry/src/index.crates.io-6f17d22bba15001f/tokio-1.32.0/src/runtime/scheduler/current_thread/mod.rs:665:57
[INFO] [stdout]   37:     0x5cba70e0cc16 - tokio::runtime::coop::with_budget::h814254664a695b65
[INFO] [stdout]                                at /opt/rustwide/cargo-home/registry/src/index.crates.io-6f17d22bba15001f/tokio-1.32.0/src/runtime/coop.rs:107:5
[INFO] [stdout]   38:     0x5cba70e0cc16 - tokio::runtime::coop::budget::h1f03afb905d855ed
[INFO] [stdout]                                at /opt/rustwide/cargo-home/registry/src/index.crates.io-6f17d22bba15001f/tokio-1.32.0/src/runtime/coop.rs:73:5
[INFO] [stdout]   39:     0x5cba70e0cc16 - tokio::runtime::scheduler::current_thread::CoreGuard::block_on::{{closure}}::{{closure}}::h461d653208e0f719
[INFO] [stdout]                                at /opt/rustwide/cargo-home/registry/src/index.crates.io-6f17d22bba15001f/tokio-1.32.0/src/runtime/scheduler/current_thread/mod.rs:665:25
[INFO] [stdout]   40:     0x5cba70e0a2fa - tokio::runtime::scheduler::current_thread::Context::enter::h5b12166211ab7cf9
[INFO] [stdout]                                at /opt/rustwide/cargo-home/registry/src/index.crates.io-6f17d22bba15001f/tokio-1.32.0/src/runtime/scheduler/current_thread/mod.rs:410:19
[INFO] [stdout]   41:     0x5cba70e0c3ee - tokio::runtime::scheduler::current_thread::CoreGuard::block_on::{{closure}}::hc6b023f15d09f6f3
[INFO] [stdout]                                at /opt/rustwide/cargo-home/registry/src/index.crates.io-6f17d22bba15001f/tokio-1.32.0/src/runtime/scheduler/current_thread/mod.rs:664:36
[INFO] [stdout]   42:     0x5cba70e0b81b - tokio::runtime::scheduler::current_thread::CoreGuard::enter::{{closure}}::h65ea1371b0834b1f
[INFO] [stdout]                                at /opt/rustwide/cargo-home/registry/src/index.crates.io-6f17d22bba15001f/tokio-1.32.0/src/runtime/scheduler/current_thread/mod.rs:743:68
[INFO] [stdout]   43:     0x5cba70dfcdba - tokio::runtime::context::scoped::Scoped<T>::set::h83b829226935a57c
[INFO] [stdout]                                at /opt/rustwide/cargo-home/registry/src/index.crates.io-6f17d22bba15001f/tokio-1.32.0/src/runtime/context/scoped.rs:40:9
[INFO] [stdout]   44:     0x5cba70e22d5a - tokio::runtime::context::set_scheduler::{{closure}}::h11335995bc09a447
[INFO] [stdout]                                at /opt/rustwide/cargo-home/registry/src/index.crates.io-6f17d22bba15001f/tokio-1.32.0/src/runtime/context.rs:176:26
[INFO] [stdout]   45:     0x5cba70e15811 - std::thread::local::LocalKey<T>::try_with::h93a2dc573d961c46
[INFO] [stdout]                                at /rustc/90b35a6239c3d8bdabc530a6a0816f7ff89a0aaf/library/std/src/thread/local.rs:283:12
[INFO] [stdout]   46:     0x5cba70e14c4d - std::thread::local::LocalKey<T>::with::hf53c782fabe226b0
[INFO] [stdout]                                at /rustc/90b35a6239c3d8bdabc530a6a0816f7ff89a0aaf/library/std/src/thread/local.rs:260:9
[INFO] [stdout]   47:     0x5cba70e22d01 - tokio::runtime::context::set_scheduler::hc4321e83ddbff7e4
[INFO] [stdout]                                at /opt/rustwide/cargo-home/registry/src/index.crates.io-6f17d22bba15001f/tokio-1.32.0/src/runtime/context.rs:176:9
[INFO] [stdout]   48:     0x5cba70e0b169 - tokio::runtime::scheduler::current_thread::CoreGuard::enter::h3ecc5d6d1c2a584a
[INFO] [stdout]                                at /opt/rustwide/cargo-home/registry/src/index.crates.io-6f17d22bba15001f/tokio-1.32.0/src/runtime/scheduler/current_thread/mod.rs:743:27
[INFO] [stdout]   49:     0x5cba70e0b8c3 - tokio::runtime::scheduler::current_thread::CoreGuard::block_on::h67e20338b5d71a44
[INFO] [stdout]                                at /opt/rustwide/cargo-home/registry/src/index.crates.io-6f17d22bba15001f/tokio-1.32.0/src/runtime/scheduler/current_thread/mod.rs:652:19
[INFO] [stdout]   50:     0x5cba70e09643 - tokio::runtime::scheduler::current_thread::CurrentThread::block_on::{{closure}}::h66462c5c5afa36c8
[INFO] [stdout]                                at /opt/rustwide/cargo-home/registry/src/index.crates.io-6f17d22bba15001f/tokio-1.32.0/src/runtime/scheduler/current_thread/mod.rs:175:28
[INFO] [stdout]   51:     0x5cba70e3fc86 - tokio::runtime::context::runtime::enter_runtime::h9399285dbcb84efb
[INFO] [stdout]                                at /opt/rustwide/cargo-home/registry/src/index.crates.io-6f17d22bba15001f/tokio-1.32.0/src/runtime/context/runtime.rs:65:16
[INFO] [stdout]   52:     0x5cba70e09461 - tokio::runtime::scheduler::current_thread::CurrentThread::block_on::h14dfe6fdacdfcfb7
[INFO] [stdout]                                at /opt/rustwide/cargo-home/registry/src/index.crates.io-6f17d22bba15001f/tokio-1.32.0/src/runtime/scheduler/current_thread/mod.rs:167:9
[INFO] [stdout]   53:     0x5cba70e036f9 - tokio::runtime::runtime::Runtime::block_on::hf49dfdb3cb97a5c8
[INFO] [stdout]                                at /opt/rustwide/cargo-home/registry/src/index.crates.io-6f17d22bba15001f/tokio-1.32.0/src/runtime/runtime.rs:347:47
[INFO] [stdout]   54:     0x5cba70e11b03 - transcribot::transcribe::tests::cursor::hbb0b5fd30e44d234
[INFO] [stdout]                                at /opt/rustwide/workdir/src/transcribe/mod.rs:87:9
[INFO] [stdout]   55:     0x5cba70e11997 - transcribot::transcribe::tests::cursor::{{closure}}::he3902b00813d6548
[INFO] [stdout]                                at /opt/rustwide/workdir/src/transcribe/mod.rs:58:26
[INFO] [stdout]   56:     0x5cba70deaf86 - core::ops::function::FnOnce::call_once::h740970fc0cd37686
[INFO] [stdout]                                at /rustc/90b35a6239c3d8bdabc530a6a0816f7ff89a0aaf/library/core/src/ops/function.rs:250:5
[INFO] [stdout]   57:     0x5cba7110229b - core::ops::function::FnOnce::call_once::h109cf8051a59b34e
[INFO] [stdout]                                at /rustc/90b35a6239c3d8bdabc530a6a0816f7ff89a0aaf/library/core/src/ops/function.rs:250:5
[INFO] [stdout]   58:     0x5cba7110229b - test::__rust_begin_short_backtrace::hf4fff89d377446ba
[INFO] [stdout]                                at /rustc/90b35a6239c3d8bdabc530a6a0816f7ff89a0aaf/library/test/src/lib.rs:621:18
[INFO] [stdout]   59:     0x5cba71101ad7 - test::run_test_in_process::{{closure}}::h0e39181dd7ee5a43
[INFO] [stdout]                                at /rustc/90b35a6239c3d8bdabc530a6a0816f7ff89a0aaf/library/test/src/lib.rs:644:60
[INFO] [stdout]   60:     0x5cba71101ad7 - <core::panic::unwind_safe::AssertUnwindSafe<F> as core::ops::function::FnOnce<()>>::call_once::hc5a66a30f0bdfd1f
[INFO] [stdout]                                at /rustc/90b35a6239c3d8bdabc530a6a0816f7ff89a0aaf/library/core/src/panic/unwind_safe.rs:272:9
[INFO] [stdout]   61:     0x5cba71101ad7 - std::panicking::try::do_call::h873b7cf639554a5e
[INFO] [stdout]                                at /rustc/90b35a6239c3d8bdabc530a6a0816f7ff89a0aaf/library/std/src/panicking.rs:557:40
[INFO] [stdout]   62:     0x5cba71101ad7 - std::panicking::try::hdb19862fad9c8bd1
[INFO] [stdout]                                at /rustc/90b35a6239c3d8bdabc530a6a0816f7ff89a0aaf/library/std/src/panicking.rs:520:19
[INFO] [stdout]   63:     0x5cba71101ad7 - std::panic::catch_unwind::h281fe732d236d260
[INFO] [stdout]                                at /rustc/90b35a6239c3d8bdabc530a6a0816f7ff89a0aaf/library/std/src/panic.rs:358:14
[INFO] [stdout]   64:     0x5cba71101ad7 - test::run_test_in_process::h949b6df8457ed338
[INFO] [stdout]                                at /rustc/90b35a6239c3d8bdabc530a6a0816f7ff89a0aaf/library/test/src/lib.rs:644:27
[INFO] [stdout]   65:     0x5cba71101ad7 - test::run_test::{{closure}}::h52c556a6d4740e10
[INFO] [stdout]                                at /rustc/90b35a6239c3d8bdabc530a6a0816f7ff89a0aaf/library/test/src/lib.rs:565:43
[INFO] [stdout]   66:     0x5cba710c6db4 - test::run_test::{{closure}}::h4237f6381c45ccb9
[INFO] [stdout]                                at /rustc/90b35a6239c3d8bdabc530a6a0816f7ff89a0aaf/library/test/src/lib.rs:595:41
[INFO] [stdout]   67:     0x5cba710c6db4 - std::sys::backtrace::__rust_begin_short_backtrace::h505c97a579eca628
[INFO] [stdout]                                at /rustc/90b35a6239c3d8bdabc530a6a0816f7ff89a0aaf/library/std/src/sys/backtrace.rs:154:18
[INFO] [stdout]   68:     0x5cba710ca47e - std::thread::Builder::spawn_unchecked_::{{closure}}::{{closure}}::h9e86b2e2bc107ea3
[INFO] [stdout]                                at /rustc/90b35a6239c3d8bdabc530a6a0816f7ff89a0aaf/library/std/src/thread/mod.rs:538:17
[INFO] [stdout]   69:     0x5cba710ca47e - <core::panic::unwind_safe::AssertUnwindSafe<F> as core::ops::function::FnOnce<()>>::call_once::h8b06ddb275ff4a25
[INFO] [stdout]                                at /rustc/90b35a6239c3d8bdabc530a6a0816f7ff89a0aaf/library/core/src/panic/unwind_safe.rs:272:9
[INFO] [stdout]   70:     0x5cba710ca47e - std::panicking::try::do_call::hb26ecd7cd9a9355d
[INFO] [stdout]                                at /rustc/90b35a6239c3d8bdabc530a6a0816f7ff89a0aaf/library/std/src/panicking.rs:557:40
[INFO] [stdout]   71:     0x5cba710ca47e - std::panicking::try::h8ddeca9d705f9069
[INFO] [stdout]                                at /rustc/90b35a6239c3d8bdabc530a6a0816f7ff89a0aaf/library/std/src/panicking.rs:520:19
[INFO] [stdout]   72:     0x5cba710ca47e - std::panic::catch_unwind::h49e1c33078844c46
[INFO] [stdout]                                at /rustc/90b35a6239c3d8bdabc530a6a0816f7ff89a0aaf/library/std/src/panic.rs:358:14
[INFO] [stdout]   73:     0x5cba710ca47e - std::thread::Builder::spawn_unchecked_::{{closure}}::h6073db6ff56ad35d
[INFO] [stdout]                                at /rustc/90b35a6239c3d8bdabc530a6a0816f7ff89a0aaf/library/std/src/thread/mod.rs:537:30
[INFO] [stdout]   74:     0x5cba710ca47e - core::ops::function::FnOnce::call_once{{vtable.shim}}::h2c5a5f3779c774f1
[INFO] [stdout]                                at /rustc/90b35a6239c3d8bdabc530a6a0816f7ff89a0aaf/library/core/src/ops/function.rs:250:5
[INFO] [stdout]   75:     0x5cba71664c1b - <alloc::boxed::Box<F,A> as core::ops::function::FnOnce<Args>>::call_once::hf75717d9f28faebf
[INFO] [stdout]                                at /rustc/90b35a6239c3d8bdabc530a6a0816f7ff89a0aaf/library/alloc/src/boxed.rs:2454:9
[INFO] [stdout]   76:     0x5cba71664c1b - <alloc::boxed::Box<F,A> as core::ops::function::FnOnce<Args>>::call_once::h7bd883a5f3c5f3c1
[INFO] [stdout]                                at /rustc/90b35a6239c3d8bdabc530a6a0816f7ff89a0aaf/library/alloc/src/boxed.rs:2454:9
[INFO] [stdout]   77:     0x5cba71664c1b - std::sys::pal::unix::thread::Thread::new::thread_start::hcc78f3943333fa94
[INFO] [stdout]                                at /rustc/90b35a6239c3d8bdabc530a6a0816f7ff89a0aaf/library/std/src/sys/pal/unix/thread.rs:105:17
[INFO] [stdout]   78:     0x709abba3eac3 - <unknown>
[INFO] [stdout]   79:     0x709abbacfa04 - clone
[INFO] [stdout]   80:                0x0 - <unknown>
[INFO] [stdout] 
[INFO] [stdout] 
[INFO] [stdout] failures:
[INFO] [stdout]     transcribe::tests::cursor
[INFO] [stdout] 
[INFO] [stdout] test result: FAILED. 0 passed; 1 failed; 0 ignored; 0 measured; 0 filtered out; finished in 0.12s
[INFO] [stdout] 
[INFO] [stderr] error: test failed, to rerun pass `--bin transcribot`
[INFO] running `Command { std: "docker" "inspect" "10e2edbbcccb114a51a6246204e8ff28ce8ac85d6f647a9b79261b3348d15fd8", kill_on_drop: false }`
[INFO] running `Command { std: "docker" "rm" "-f" "10e2edbbcccb114a51a6246204e8ff28ce8ac85d6f647a9b79261b3348d15fd8", kill_on_drop: false }`
[INFO] [stdout] 10e2edbbcccb114a51a6246204e8ff28ce8ac85d6f647a9b79261b3348d15fd8
