[INFO] cloning repository https://github.com/jasonholloway/kb
[INFO] running `Command { std: "git" "-c" "credential.helper=" "-c" "credential.helper=/workspace/cargo-home/bin/git-credential-null" "clone" "--bare" "https://github.com/jasonholloway/kb" "/workspace/cache/git-repos/https%3A%2F%2Fgithub.com%2Fjasonholloway%2Fkb", kill_on_drop: false }`
[INFO] [stderr] Cloning into bare repository '/workspace/cache/git-repos/https%3A%2F%2Fgithub.com%2Fjasonholloway%2Fkb'...
[INFO] running `Command { std: "git" "rev-parse" "HEAD", kill_on_drop: false }`
[INFO] [stdout] 9e8a3ae9717efa4128181a916e6015e5cb8f65b6
[INFO] testing jasonholloway/kb against beta-2024-12-08 for beta-1.84.0-4-retry
[INFO] running `Command { std: "git" "clone" "/workspace/cache/git-repos/https%3A%2F%2Fgithub.com%2Fjasonholloway%2Fkb" "/workspace/builds/worker-3-tc2/source", kill_on_drop: false }`
[INFO] [stderr] Cloning into '/workspace/builds/worker-3-tc2/source'...
[INFO] [stderr] done.
[INFO] validating manifest of git repo https://github.com/jasonholloway/kb on toolchain beta-2024-12-08
[INFO] running `Command { std: CARGO_HOME="/workspace/cargo-home" RUSTUP_HOME="/workspace/rustup-home" "/workspace/cargo-home/bin/cargo" "+beta-2024-12-08" "metadata" "--manifest-path" "Cargo.toml" "--no-deps", kill_on_drop: false }`
[INFO] started tweaking git repo https://github.com/jasonholloway/kb
[INFO] finished tweaking git repo https://github.com/jasonholloway/kb
[INFO] tweaked toml for git repo https://github.com/jasonholloway/kb written to /workspace/builds/worker-3-tc2/source/Cargo.toml
[INFO] crate git repo https://github.com/jasonholloway/kb already has a lockfile, it will not be regenerated
[INFO] running `Command { std: CARGO_HOME="/workspace/cargo-home" RUSTUP_HOME="/workspace/rustup-home" "/workspace/cargo-home/bin/cargo" "+beta-2024-12-08" "fetch" "--manifest-path" "Cargo.toml", kill_on_drop: false }`
[INFO] running `Command { std: "docker" "create" "-v" "/var/lib/crater-agent-workspace/builds/worker-3-tc2/target:/opt/rustwide/target:rw,Z" "-v" "/var/lib/crater-agent-workspace/builds/worker-3-tc2/source:/opt/rustwide/workdir:ro,Z" "-v" "/var/lib/crater-agent-workspace/cargo-home:/opt/rustwide/cargo-home:ro,Z" "-v" "/var/lib/crater-agent-workspace/rustup-home:/opt/rustwide/rustup-home:ro,Z" "-e" "SOURCE_DIR=/opt/rustwide/workdir" "-e" "CARGO_TARGET_DIR=/opt/rustwide/target" "-e" "CARGO_HOME=/opt/rustwide/cargo-home" "-e" "RUSTUP_HOME=/opt/rustwide/rustup-home" "-w" "/opt/rustwide/workdir" "-m" "1610612736" "--user" "0:0" "--network" "none" "ghcr.io/rust-lang/crates-build-env/linux@sha256:f3a9d4ad9d972b27faf3965f35b62e55ba32bbce8f20bc8fe909558a86702fde" "/opt/rustwide/cargo-home/bin/cargo" "+beta-2024-12-08" "metadata" "--no-deps" "--format-version=1", kill_on_drop: false }`
[INFO] [stdout] e03a175b76ae3af25ac48028850cf453159c8d0f77a4ab9699aeb5acfa8b6218
[INFO] running `Command { std: "docker" "start" "-a" "e03a175b76ae3af25ac48028850cf453159c8d0f77a4ab9699aeb5acfa8b6218", kill_on_drop: false }`
[INFO] running `Command { std: "docker" "inspect" "e03a175b76ae3af25ac48028850cf453159c8d0f77a4ab9699aeb5acfa8b6218", kill_on_drop: false }`
[INFO] running `Command { std: "docker" "rm" "-f" "e03a175b76ae3af25ac48028850cf453159c8d0f77a4ab9699aeb5acfa8b6218", kill_on_drop: false }`
[INFO] [stdout] e03a175b76ae3af25ac48028850cf453159c8d0f77a4ab9699aeb5acfa8b6218
[INFO] running `Command { std: "docker" "create" "-v" "/var/lib/crater-agent-workspace/builds/worker-3-tc2/target:/opt/rustwide/target:rw,Z" "-v" "/var/lib/crater-agent-workspace/builds/worker-3-tc2/source:/opt/rustwide/workdir:ro,Z" "-v" "/var/lib/crater-agent-workspace/cargo-home:/opt/rustwide/cargo-home:ro,Z" "-v" "/var/lib/crater-agent-workspace/rustup-home:/opt/rustwide/rustup-home:ro,Z" "-e" "SOURCE_DIR=/opt/rustwide/workdir" "-e" "CARGO_TARGET_DIR=/opt/rustwide/target" "-e" "CARGO_INCREMENTAL=0" "-e" "RUST_BACKTRACE=full" "-e" "RUSTFLAGS=--cap-lints=warn" "-e" "RUSTDOCFLAGS=--cap-lints=warn" "-e" "CARGO_HOME=/opt/rustwide/cargo-home" "-e" "RUSTUP_HOME=/opt/rustwide/rustup-home" "-w" "/opt/rustwide/workdir" "-m" "1610612736" "--user" "0:0" "--network" "none" "ghcr.io/rust-lang/crates-build-env/linux@sha256:f3a9d4ad9d972b27faf3965f35b62e55ba32bbce8f20bc8fe909558a86702fde" "/opt/rustwide/cargo-home/bin/cargo" "+beta-2024-12-08" "build" "--frozen" "--message-format=json", kill_on_drop: false }`
[INFO] [stdout] adc2ca487d54ab457fa99a6ca17d503c0964b7a71f05fbb8ac8bfef28fdc33c2
[INFO] running `Command { std: "docker" "start" "-a" "adc2ca487d54ab457fa99a6ca17d503c0964b7a71f05fbb8ac8bfef28fdc33c2", kill_on_drop: false }`
[INFO] [stderr]    Compiling libc v0.2.88
[INFO] [stderr]    Compiling pkg-config v0.3.19
[INFO] [stderr]    Compiling cc v1.0.67
[INFO] [stderr]    Compiling log v0.4.14
[INFO] [stderr]    Compiling typenum v1.13.0
[INFO] [stderr]    Compiling bitflags v1.2.1
[INFO] [stderr]    Compiling evdev-sys v0.2.1
[INFO] [stderr]    Compiling evdev-rs v0.4.0
[INFO] [stderr]    Compiling bitmaps v2.1.0
[INFO] [stderr]    Compiling kb v0.1.0 (/opt/rustwide/workdir)
[INFO] [stdout] warning: trait `Sink` is never used
[INFO] [stdout]   --> src/main.rs:55:7
[INFO] [stdout]    |
[INFO] [stdout] 55 | trait Sink<T> {
[INFO] [stdout]    |       ^^^^
[INFO] [stdout]    |
[INFO] [stdout]    = note: `#[warn(dead_code)]` on by default
[INFO] [stdout] 
[INFO] [stdout] 
[INFO] [stdout] warning: function `dev_info` is never used
[INFO] [stdout]  --> src/unix/dev_info.rs:4:8
[INFO] [stdout]   |
[INFO] [stdout] 4 | pub fn dev_info(d: &Device) {
[INFO] [stdout]   |        ^^^^^^^^
[INFO] [stdout] 
[INFO] [stdout] 
[INFO] [stdout] warning: function `print_abs_bits` is never used
[INFO] [stdout]   --> src/unix/dev_info.rs:20:4
[INFO] [stdout]    |
[INFO] [stdout] 20 | fn print_abs_bits(dev: &Device, axis: &EV_ABS) {
[INFO] [stdout]    |    ^^^^^^^^^^^^^^
[INFO] [stdout] 
[INFO] [stdout] 
[INFO] [stdout] warning: function `print_code_bits` is never used
[INFO] [stdout]   --> src/unix/dev_info.rs:43:4
[INFO] [stdout]    |
[INFO] [stdout] 43 | fn print_code_bits(dev: &Device, ev_code: &EventCode, max: &EventCode) {
[INFO] [stdout]    |    ^^^^^^^^^^^^^^^
[INFO] [stdout] 
[INFO] [stdout] 
[INFO] [stdout] warning: function `print_bits` is never used
[INFO] [stdout]   --> src/unix/dev_info.rs:60:4
[INFO] [stdout]    |
[INFO] [stdout] 60 | fn print_bits(dev: &Device) {
[INFO] [stdout]    |    ^^^^^^^^^^
[INFO] [stdout] 
[INFO] [stdout] 
[INFO] [stdout] warning: function `print_props` is never used
[INFO] [stdout]   --> src/unix/dev_info.rs:94:4
[INFO] [stdout]    |
[INFO] [stdout] 94 | fn print_props(dev: &Device) {
[INFO] [stdout]    |    ^^^^^^^^^^^
[INFO] [stdout] 
[INFO] [stdout] 
[INFO] [stdout] warning: function `event_info` is never used
[INFO] [stdout]    --> src/unix/dev_info.rs:107:8
[INFO] [stdout]     |
[INFO] [stdout] 107 | pub fn event_info(ev: &InputEvent) {
[INFO] [stdout]     |        ^^^^^^^^^^
[INFO] [stdout] 
[INFO] [stdout] 
[INFO] [stdout] warning: function `dropped_event_info` is never used
[INFO] [stdout]    --> src/unix/dev_info.rs:126:8
[INFO] [stdout]     |
[INFO] [stdout] 126 | pub fn dropped_event_info(ev: &InputEvent) {
[INFO] [stdout]     |        ^^^^^^^^^^^^^^^^^^
[INFO] [stdout] 
[INFO] [stdout] 
[INFO] [stdout] warning: function `run` is never used
[INFO] [stdout]  --> src/null/mod.rs:3:8
[INFO] [stdout]   |
[INFO] [stdout] 3 | pub fn run<TState, TBuff, THandler>(_state: TState, _buff: TBuff) -> Result<(), Error> {
[INFO] [stdout]   |        ^^^
[INFO] [stdout] 
[INFO] [stdout] 
[INFO] [stdout] warning: variable `_nextDue` should have a snake case name
[INFO] [stdout]   --> src/unix/mod.rs:52:42
[INFO] [stdout]    |
[INFO] [stdout] 52 | ...                   let (_nextDue, emitted) = handler.handle(update);
[INFO] [stdout]    |                            ^^^^^^^^ help: convert the identifier to snake case: `_next_due`
[INFO] [stdout]    |
[INFO] [stdout]    = note: `#[warn(non_snake_case)]` on by default
[INFO] [stdout] 
[INFO] [stdout] 
[INFO] [stdout] warning: variable `_nextDue` should have a snake case name
[INFO] [stdout]    --> src/unix/mod.rs:116:30
[INFO] [stdout]     |
[INFO] [stdout] 116 |                         let (_nextDue, emitted) = handler.handle(Tick);
[INFO] [stdout]     |                              ^^^^^^^^ help: convert the identifier to snake case: `_next_due`
[INFO] [stdout] 
[INFO] [stdout] 
[INFO] [stderr]     Finished `dev` profile [unoptimized + debuginfo] target(s) in 5.15s
[INFO] running `Command { std: "docker" "inspect" "adc2ca487d54ab457fa99a6ca17d503c0964b7a71f05fbb8ac8bfef28fdc33c2", kill_on_drop: false }`
[INFO] running `Command { std: "docker" "rm" "-f" "adc2ca487d54ab457fa99a6ca17d503c0964b7a71f05fbb8ac8bfef28fdc33c2", kill_on_drop: false }`
[INFO] [stdout] adc2ca487d54ab457fa99a6ca17d503c0964b7a71f05fbb8ac8bfef28fdc33c2
[INFO] running `Command { std: "docker" "create" "-v" "/var/lib/crater-agent-workspace/builds/worker-3-tc2/target:/opt/rustwide/target:rw,Z" "-v" "/var/lib/crater-agent-workspace/builds/worker-3-tc2/source:/opt/rustwide/workdir:ro,Z" "-v" "/var/lib/crater-agent-workspace/cargo-home:/opt/rustwide/cargo-home:ro,Z" "-v" "/var/lib/crater-agent-workspace/rustup-home:/opt/rustwide/rustup-home:ro,Z" "-e" "SOURCE_DIR=/opt/rustwide/workdir" "-e" "CARGO_TARGET_DIR=/opt/rustwide/target" "-e" "CARGO_INCREMENTAL=0" "-e" "RUST_BACKTRACE=full" "-e" "RUSTFLAGS=--cap-lints=warn" "-e" "RUSTDOCFLAGS=--cap-lints=warn" "-e" "CARGO_HOME=/opt/rustwide/cargo-home" "-e" "RUSTUP_HOME=/opt/rustwide/rustup-home" "-w" "/opt/rustwide/workdir" "-m" "1610612736" "--user" "0:0" "--network" "none" "ghcr.io/rust-lang/crates-build-env/linux@sha256:f3a9d4ad9d972b27faf3965f35b62e55ba32bbce8f20bc8fe909558a86702fde" "/opt/rustwide/cargo-home/bin/cargo" "+beta-2024-12-08" "test" "--frozen" "--no-run" "--message-format=json", kill_on_drop: false }`
[INFO] [stdout] 9f2255a9b3eeb75c54cba5ecc02f2b61397fccf0ed8d3fc16ca0d40cf93c427d
[INFO] running `Command { std: "docker" "start" "-a" "9f2255a9b3eeb75c54cba5ecc02f2b61397fccf0ed8d3fc16ca0d40cf93c427d", kill_on_drop: false }`
[INFO] [stderr]    Compiling kb v0.1.0 (/opt/rustwide/workdir)
[INFO] [stdout] warning: unused import: `super::*`
[INFO] [stdout]    --> src/main.rs:321:9
[INFO] [stdout]     |
[INFO] [stdout] 321 |     use super::*;
[INFO] [stdout]     |         ^^^^^^^^
[INFO] [stdout]     |
[INFO] [stdout]     = note: `#[warn(unused_imports)]` on by default
[INFO] [stdout] 
[INFO] [stdout] 
[INFO] [stdout] warning: trait `Sink` is never used
[INFO] [stdout]   --> src/main.rs:55:7
[INFO] [stdout]    |
[INFO] [stdout] 55 | trait Sink<T> {
[INFO] [stdout]    |       ^^^^
[INFO] [stdout]    |
[INFO] [stdout]    = note: `#[warn(dead_code)]` on by default
[INFO] [stdout] 
[INFO] [stdout] 
[INFO] [stdout] warning: function `dev_info` is never used
[INFO] [stdout]  --> src/unix/dev_info.rs:4:8
[INFO] [stdout]   |
[INFO] [stdout] 4 | pub fn dev_info(d: &Device) {
[INFO] [stdout]   |        ^^^^^^^^
[INFO] [stdout] 
[INFO] [stdout] 
[INFO] [stdout] warning: function `print_abs_bits` is never used
[INFO] [stdout]   --> src/unix/dev_info.rs:20:4
[INFO] [stdout]    |
[INFO] [stdout] 20 | fn print_abs_bits(dev: &Device, axis: &EV_ABS) {
[INFO] [stdout]    |    ^^^^^^^^^^^^^^
[INFO] [stdout] 
[INFO] [stdout] 
[INFO] [stdout] warning: function `print_code_bits` is never used
[INFO] [stdout]   --> src/unix/dev_info.rs:43:4
[INFO] [stdout]    |
[INFO] [stdout] 43 | fn print_code_bits(dev: &Device, ev_code: &EventCode, max: &EventCode) {
[INFO] [stdout]    |    ^^^^^^^^^^^^^^^
[INFO] [stdout] 
[INFO] [stdout] 
[INFO] [stdout] warning: function `print_bits` is never used
[INFO] [stdout]   --> src/unix/dev_info.rs:60:4
[INFO] [stdout]    |
[INFO] [stdout] 60 | fn print_bits(dev: &Device) {
[INFO] [stdout]    |    ^^^^^^^^^^
[INFO] [stdout] 
[INFO] [stdout] 
[INFO] [stdout] warning: function `print_props` is never used
[INFO] [stdout]   --> src/unix/dev_info.rs:94:4
[INFO] [stdout]    |
[INFO] [stdout] 94 | fn print_props(dev: &Device) {
[INFO] [stdout]    |    ^^^^^^^^^^^
[INFO] [stdout] 
[INFO] [stdout] 
[INFO] [stdout] warning: function `event_info` is never used
[INFO] [stdout]    --> src/unix/dev_info.rs:107:8
[INFO] [stdout]     |
[INFO] [stdout] 107 | pub fn event_info(ev: &InputEvent) {
[INFO] [stdout]     |        ^^^^^^^^^^
[INFO] [stdout] 
[INFO] [stdout] 
[INFO] [stdout] warning: function `dropped_event_info` is never used
[INFO] [stdout]    --> src/unix/dev_info.rs:126:8
[INFO] [stdout]     |
[INFO] [stdout] 126 | pub fn dropped_event_info(ev: &InputEvent) {
[INFO] [stdout]     |        ^^^^^^^^^^^^^^^^^^
[INFO] [stdout] 
[INFO] [stdout] 
[INFO] [stdout] warning: function `run` is never used
[INFO] [stdout]  --> src/null/mod.rs:3:8
[INFO] [stdout]   |
[INFO] [stdout] 3 | pub fn run<TState, TBuff, THandler>(_state: TState, _buff: TBuff) -> Result<(), Error> {
[INFO] [stdout]   |        ^^^
[INFO] [stdout] 
[INFO] [stdout] 
[INFO] [stdout] warning: variable `_nextDue` should have a snake case name
[INFO] [stdout]   --> src/unix/mod.rs:52:42
[INFO] [stdout]    |
[INFO] [stdout] 52 | ...                   let (_nextDue, emitted) = handler.handle(update);
[INFO] [stdout]    |                            ^^^^^^^^ help: convert the identifier to snake case: `_next_due`
[INFO] [stdout]    |
[INFO] [stdout]    = note: `#[warn(non_snake_case)]` on by default
[INFO] [stdout] 
[INFO] [stdout] 
[INFO] [stdout] warning: variable `_nextDue` should have a snake case name
[INFO] [stdout]    --> src/unix/mod.rs:116:30
[INFO] [stdout]     |
[INFO] [stdout] 116 |                         let (_nextDue, emitted) = handler.handle(Tick);
[INFO] [stdout]     |                              ^^^^^^^^ help: convert the identifier to snake case: `_next_due`
[INFO] [stdout] 
[INFO] [stdout] 
[INFO] [stderr]     Finished `test` profile [unoptimized + debuginfo] target(s) in 0.65s
[INFO] running `Command { std: "docker" "inspect" "9f2255a9b3eeb75c54cba5ecc02f2b61397fccf0ed8d3fc16ca0d40cf93c427d", kill_on_drop: false }`
[INFO] running `Command { std: "docker" "rm" "-f" "9f2255a9b3eeb75c54cba5ecc02f2b61397fccf0ed8d3fc16ca0d40cf93c427d", kill_on_drop: false }`
[INFO] [stdout] 9f2255a9b3eeb75c54cba5ecc02f2b61397fccf0ed8d3fc16ca0d40cf93c427d
[INFO] running `Command { std: "docker" "create" "-v" "/var/lib/crater-agent-workspace/builds/worker-3-tc2/target:/opt/rustwide/target:rw,Z" "-v" "/var/lib/crater-agent-workspace/builds/worker-3-tc2/source:/opt/rustwide/workdir:ro,Z" "-v" "/var/lib/crater-agent-workspace/cargo-home:/opt/rustwide/cargo-home:ro,Z" "-v" "/var/lib/crater-agent-workspace/rustup-home:/opt/rustwide/rustup-home:ro,Z" "-e" "SOURCE_DIR=/opt/rustwide/workdir" "-e" "CARGO_TARGET_DIR=/opt/rustwide/target" "-e" "CARGO_INCREMENTAL=0" "-e" "RUST_BACKTRACE=full" "-e" "RUSTFLAGS=--cap-lints=warn" "-e" "RUSTDOCFLAGS=--cap-lints=warn" "-e" "CARGO_HOME=/opt/rustwide/cargo-home" "-e" "RUSTUP_HOME=/opt/rustwide/rustup-home" "-w" "/opt/rustwide/workdir" "-m" "1610612736" "--user" "0:0" "--network" "none" "ghcr.io/rust-lang/crates-build-env/linux@sha256:f3a9d4ad9d972b27faf3965f35b62e55ba32bbce8f20bc8fe909558a86702fde" "/opt/rustwide/cargo-home/bin/cargo" "+beta-2024-12-08" "test" "--frozen", kill_on_drop: false }`
[INFO] [stdout] 3657f356d9dd8540f20946d3298df65d1360985b7d89fea580643dc431f9e710
[INFO] running `Command { std: "docker" "start" "-a" "3657f356d9dd8540f20946d3298df65d1360985b7d89fea580643dc431f9e710", kill_on_drop: false }`
[INFO] [stderr] warning: unused import: `super::*`
[INFO] [stderr]    --> src/main.rs:321:9
[INFO] [stderr]     |
[INFO] [stderr] 321 |     use super::*;
[INFO] [stderr]     |         ^^^^^^^^
[INFO] [stderr]     |
[INFO] [stderr]     = note: `#[warn(unused_imports)]` on by default
[INFO] [stderr] 
[INFO] [stderr] warning: trait `Sink` is never used
[INFO] [stderr]   --> src/main.rs:55:7
[INFO] [stderr]    |
[INFO] [stderr] 55 | trait Sink<T> {
[INFO] [stderr]    |       ^^^^
[INFO] [stderr]    |
[INFO] [stderr]    = note: `#[warn(dead_code)]` on by default
[INFO] [stderr] 
[INFO] [stderr] warning: function `dev_info` is never used
[INFO] [stderr]  --> src/unix/dev_info.rs:4:8
[INFO] [stderr]   |
[INFO] [stderr] 4 | pub fn dev_info(d: &Device) {
[INFO] [stderr]   |        ^^^^^^^^
[INFO] [stderr] 
[INFO] [stderr] warning: function `print_abs_bits` is never used
[INFO] [stderr]   --> src/unix/dev_info.rs:20:4
[INFO] [stderr]    |
[INFO] [stderr] 20 | fn print_abs_bits(dev: &Device, axis: &EV_ABS) {
[INFO] [stderr]    |    ^^^^^^^^^^^^^^
[INFO] [stderr] 
[INFO] [stderr] warning: function `print_code_bits` is never used
[INFO] [stderr]   --> src/unix/dev_info.rs:43:4
[INFO] [stderr]    |
[INFO] [stderr] 43 | fn print_code_bits(dev: &Device, ev_code: &EventCode, max: &EventCode) {
[INFO] [stderr]    |    ^^^^^^^^^^^^^^^
[INFO] [stderr] 
[INFO] [stderr] warning: function `print_bits` is never used
[INFO] [stderr]   --> src/unix/dev_info.rs:60:4
[INFO] [stderr]    |
[INFO] [stderr] 60 | fn print_bits(dev: &Device) {
[INFO] [stderr]    |    ^^^^^^^^^^
[INFO] [stderr] 
[INFO] [stderr] warning: function `print_props` is never used
[INFO] [stderr]   --> src/unix/dev_info.rs:94:4
[INFO] [stderr]    |
[INFO] [stderr] 94 | fn print_props(dev: &Device) {
[INFO] [stderr]    |    ^^^^^^^^^^^
[INFO] [stderr] 
[INFO] [stderr] warning: function `event_info` is never used
[INFO] [stderr]    --> src/unix/dev_info.rs:107:8
[INFO] [stderr]     |
[INFO] [stderr] 107 | pub fn event_info(ev: &InputEvent) {
[INFO] [stderr]     |        ^^^^^^^^^^
[INFO] [stderr] 
[INFO] [stderr] warning: function `dropped_event_info` is never used
[INFO] [stderr]    --> src/unix/dev_info.rs:126:8
[INFO] [stderr]     |
[INFO] [stderr] 126 | pub fn dropped_event_info(ev: &InputEvent) {
[INFO] [stderr]     |        ^^^^^^^^^^^^^^^^^^
[INFO] [stderr] 
[INFO] [stderr] warning: function `run` is never used
[INFO] [stderr]  --> src/null/mod.rs:3:8
[INFO] [stderr]   |
[INFO] [stderr] 3 | pub fn run<TState, TBuff, THandler>(_state: TState, _buff: TBuff) -> Result<(), Error> {
[INFO] [stderr]   |        ^^^
[INFO] [stderr] 
[INFO] [stderr] warning: variable `_nextDue` should have a snake case name
[INFO] [stderr]   --> src/unix/mod.rs:52:42
[INFO] [stderr]    |
[INFO] [stderr] 52 | ...                   let (_nextDue, emitted) = handler.handle(update);
[INFO] [stderr]    |                            ^^^^^^^^ help: convert the identifier to snake case: `_next_due`
[INFO] [stderr]    |
[INFO] [stderr]    = note: `#[warn(non_snake_case)]` on by default
[INFO] [stderr] 
[INFO] [stderr] warning: variable `_nextDue` should have a snake case name
[INFO] [stderr]    --> src/unix/mod.rs:116:30
[INFO] [stderr]     |
[INFO] [stderr] 116 |                         let (_nextDue, emitted) = handler.handle(Tick);
[INFO] [stderr]     |                              ^^^^^^^^ help: convert the identifier to snake case: `_next_due`
[INFO] [stderr] 
[INFO] [stderr] warning: `kb` (bin "kb" test) generated 12 warnings (run `cargo fix --bin "kb" --tests` to apply 1 suggestion)
[INFO] [stderr]     Finished `test` profile [unoptimized + debuginfo] target(s) in 0.04s
[INFO] [stderr]      Running unittests src/main.rs (/opt/rustwide/target/debug/deps/kb-c956aa22107fb792)
[INFO] [stdout] 
[INFO] [stdout] running 1 test
[INFO] [stdout] test tests::test_something ... FAILED
[INFO] [stdout] 
[INFO] [stdout] failures:
[INFO] [stdout] 
[INFO] [stdout] ---- tests::test_something stdout ----
[INFO] [stdout] thread 'tests::test_something' panicked at src/main.rs:325:9:
[INFO] [stdout] assertion `left == right` failed
[INFO] [stdout]   left: 4
[INFO] [stdout]  right: 5
[INFO] [stdout] stack backtrace:
[INFO] [stdout]    0:     0x63379d744c9a - std::backtrace_rs::backtrace::libunwind::trace::h8810477743020387
[INFO] [stdout]                                at /rustc/202008a1b8de96d2e5b6bc02d379db03a877d34d/library/std/src/../../backtrace/src/backtrace/libunwind.rs:116:5
[INFO] [stdout]    1:     0x63379d744c9a - std::backtrace_rs::backtrace::trace_unsynchronized::h3aa55355dd6c54a6
[INFO] [stdout]                                at /rustc/202008a1b8de96d2e5b6bc02d379db03a877d34d/library/std/src/../../backtrace/src/backtrace/mod.rs:66:5
[INFO] [stdout]    2:     0x63379d744c9a - std::sys::backtrace::_print_fmt::h8588b0f62410823f
[INFO] [stdout]                                at /rustc/202008a1b8de96d2e5b6bc02d379db03a877d34d/library/std/src/sys/backtrace.rs:66:9
[INFO] [stdout]    3:     0x63379d744c9a - <std::sys::backtrace::BacktraceLock::print::DisplayBacktrace as core::fmt::Display>::fmt::h98c26ac25ffe89bb
[INFO] [stdout]                                at /rustc/202008a1b8de96d2e5b6bc02d379db03a877d34d/library/std/src/sys/backtrace.rs:39:26
[INFO] [stdout]    4:     0x63379d76a6d3 - core::fmt::rt::Argument::fmt::hf95377f4aebd453b
[INFO] [stdout]                                at /rustc/202008a1b8de96d2e5b6bc02d379db03a877d34d/library/core/src/fmt/rt.rs:177:76
[INFO] [stdout]    5:     0x63379d76a6d3 - core::fmt::write::h0dd5f6e2238c7982
[INFO] [stdout]                                at /rustc/202008a1b8de96d2e5b6bc02d379db03a877d34d/library/core/src/fmt/mod.rs:1189:21
[INFO] [stdout]    6:     0x63379d741e33 - std::io::Write::write_fmt::h03bb0ca26e6faf8c
[INFO] [stdout]                                at /rustc/202008a1b8de96d2e5b6bc02d379db03a877d34d/library/std/src/io/mod.rs:1884:15
[INFO] [stdout]    7:     0x63379d744ae2 - std::sys::backtrace::BacktraceLock::print::h5c19c1c038ee186d
[INFO] [stdout]                                at /rustc/202008a1b8de96d2e5b6bc02d379db03a877d34d/library/std/src/sys/backtrace.rs:42:9
[INFO] [stdout]    8:     0x63379d74611d - std::panicking::default_hook::{{closure}}::h77172f079a1fcb13
[INFO] [stdout]                                at /rustc/202008a1b8de96d2e5b6bc02d379db03a877d34d/library/std/src/panicking.rs:268:22
[INFO] [stdout]    9:     0x63379d745f27 - std::panicking::default_hook::he5f8e3b203ccddba
[INFO] [stdout]                                at /rustc/202008a1b8de96d2e5b6bc02d379db03a877d34d/library/std/src/panicking.rs:292:9
[INFO] [stdout]   10:     0x63379d70ee27 - <alloc::boxed::Box<F,A> as core::ops::function::Fn<Args>>::call::h7a3c7b4a1ae77f2f
[INFO] [stdout]                                at /rustc/202008a1b8de96d2e5b6bc02d379db03a877d34d/library/alloc/src/boxed.rs:1986:9
[INFO] [stdout]   11:     0x63379d70ee27 - test::test_main::{{closure}}::hf0d3b69ae9b353d1
[INFO] [stdout]                                at /rustc/202008a1b8de96d2e5b6bc02d379db03a877d34d/library/test/src/lib.rs:134:21
[INFO] [stdout]   12:     0x63379d7467c8 - <alloc::boxed::Box<F,A> as core::ops::function::Fn<Args>>::call::h6332e82e7b189abd
[INFO] [stdout]                                at /rustc/202008a1b8de96d2e5b6bc02d379db03a877d34d/library/alloc/src/boxed.rs:1986:9
[INFO] [stdout]   13:     0x63379d7467c8 - std::panicking::rust_panic_with_hook::h53863d4e9018df39
[INFO] [stdout]                                at /rustc/202008a1b8de96d2e5b6bc02d379db03a877d34d/library/std/src/panicking.rs:809:13
[INFO] [stdout]   14:     0x63379d74658a - std::panicking::begin_panic_handler::{{closure}}::h67280e6fa0757873
[INFO] [stdout]                                at /rustc/202008a1b8de96d2e5b6bc02d379db03a877d34d/library/std/src/panicking.rs:674:13
[INFO] [stdout]   15:     0x63379d745179 - std::sys::backtrace::__rust_end_short_backtrace::h1dac3f54d6fbbeb2
[INFO] [stdout]                                at /rustc/202008a1b8de96d2e5b6bc02d379db03a877d34d/library/std/src/sys/backtrace.rs:170:18
[INFO] [stdout]   16:     0x63379d74621c - rust_begin_unwind
[INFO] [stdout]                                at /rustc/202008a1b8de96d2e5b6bc02d379db03a877d34d/library/std/src/panicking.rs:665:5
[INFO] [stdout]   17:     0x63379d6d4a90 - core::panicking::panic_fmt::h6792bd1b2bf01041
[INFO] [stdout]                                at /rustc/202008a1b8de96d2e5b6bc02d379db03a877d34d/library/core/src/panicking.rs:76:14
[INFO] [stdout]   18:     0x63379d6d4dbb - core::panicking::assert_failed_inner::hf2c17e6d30928787
[INFO] [stdout]   19:     0x63379d719582 - core::panicking::assert_failed::hc03492e7f5f6c3b5
[INFO] [stdout]                                at /rustc/202008a1b8de96d2e5b6bc02d379db03a877d34d/library/core/src/panicking.rs:373:5
[INFO] [stdout]   20:     0x63379d6d556f - kb::tests::test_something::h20f2c95fac005b0b
[INFO] [stdout]                                at /opt/rustwide/workdir/src/main.rs:325:9
[INFO] [stdout]   21:     0x63379d6d54d7 - kb::tests::test_something::{{closure}}::h7d7784c8a5d0125e
[INFO] [stdout]                                at /opt/rustwide/workdir/src/main.rs:324:24
[INFO] [stdout]   22:     0x63379d6d5306 - core::ops::function::FnOnce::call_once::he8b32f84813c5f17
[INFO] [stdout]                                at /rustc/202008a1b8de96d2e5b6bc02d379db03a877d34d/library/core/src/ops/function.rs:250:5
[INFO] [stdout]   23:     0x63379d71394b - core::ops::function::FnOnce::call_once::h871bf86719ec9aa4
[INFO] [stdout]                                at /rustc/202008a1b8de96d2e5b6bc02d379db03a877d34d/library/core/src/ops/function.rs:250:5
[INFO] [stdout]   24:     0x63379d71394b - test::__rust_begin_short_backtrace::h2167df1e2b7d76fd
[INFO] [stdout]                                at /rustc/202008a1b8de96d2e5b6bc02d379db03a877d34d/library/test/src/lib.rs:632:18
[INFO] [stdout]   25:     0x63379d713338 - test::run_test_in_process::{{closure}}::h15d92f75a3adfb79
[INFO] [stdout]                                at /rustc/202008a1b8de96d2e5b6bc02d379db03a877d34d/library/test/src/lib.rs:655:60
[INFO] [stdout]   26:     0x63379d713338 - <core::panic::unwind_safe::AssertUnwindSafe<F> as core::ops::function::FnOnce<()>>::call_once::hb6c8955835a8dbbb
[INFO] [stdout]                                at /rustc/202008a1b8de96d2e5b6bc02d379db03a877d34d/library/core/src/panic/unwind_safe.rs:272:9
[INFO] [stdout]   27:     0x63379d713338 - std::panicking::try::do_call::hc79d0fc888a0bd30
[INFO] [stdout]                                at /rustc/202008a1b8de96d2e5b6bc02d379db03a877d34d/library/std/src/panicking.rs:557:40
[INFO] [stdout]   28:     0x63379d713338 - std::panicking::try::hb8a7878e3a8589d6
[INFO] [stdout]                                at /rustc/202008a1b8de96d2e5b6bc02d379db03a877d34d/library/std/src/panicking.rs:520:19
[INFO] [stdout]   29:     0x63379d713338 - std::panic::catch_unwind::hb8e4600ff0ff5cfa
[INFO] [stdout]                                at /rustc/202008a1b8de96d2e5b6bc02d379db03a877d34d/library/std/src/panic.rs:358:14
[INFO] [stdout]   30:     0x63379d713338 - test::run_test_in_process::hc2900b0b18688dd6
[INFO] [stdout]                                at /rustc/202008a1b8de96d2e5b6bc02d379db03a877d34d/library/test/src/lib.rs:655:27
[INFO] [stdout]   31:     0x63379d713338 - test::run_test::{{closure}}::hac2a9cb07be3d48d
[INFO] [stdout]                                at /rustc/202008a1b8de96d2e5b6bc02d379db03a877d34d/library/test/src/lib.rs:576:43
[INFO] [stdout]   32:     0x63379d6d6dda - test::run_test::{{closure}}::h4a5b729e66a38cd8
[INFO] [stdout]                                at /rustc/202008a1b8de96d2e5b6bc02d379db03a877d34d/library/test/src/lib.rs:606:41
[INFO] [stdout]   33:     0x63379d6d6dda - std::sys::backtrace::__rust_begin_short_backtrace::h0496fb742492f573
[INFO] [stdout]                                at /rustc/202008a1b8de96d2e5b6bc02d379db03a877d34d/library/std/src/sys/backtrace.rs:154:18
[INFO] [stdout]   34:     0x63379d6da754 - std::thread::Builder::spawn_unchecked_::{{closure}}::{{closure}}::hbb6d257c550a54bd
[INFO] [stdout]                                at /rustc/202008a1b8de96d2e5b6bc02d379db03a877d34d/library/std/src/thread/mod.rs:561:17
[INFO] [stdout]   35:     0x63379d6da754 - <core::panic::unwind_safe::AssertUnwindSafe<F> as core::ops::function::FnOnce<()>>::call_once::h46696fe4a6832328
[INFO] [stdout]                                at /rustc/202008a1b8de96d2e5b6bc02d379db03a877d34d/library/core/src/panic/unwind_safe.rs:272:9
[INFO] [stdout]   36:     0x63379d6da754 - std::panicking::try::do_call::h2625a51b667bfb64
[INFO] [stdout]                                at /rustc/202008a1b8de96d2e5b6bc02d379db03a877d34d/library/std/src/panicking.rs:557:40
[INFO] [stdout]   37:     0x63379d6da754 - std::panicking::try::hb956a59a1973aa4c
[INFO] [stdout]                                at /rustc/202008a1b8de96d2e5b6bc02d379db03a877d34d/library/std/src/panicking.rs:520:19
[INFO] [stdout]   38:     0x63379d6da754 - std::panic::catch_unwind::h64f3b9d1067ef6a0
[INFO] [stdout]                                at /rustc/202008a1b8de96d2e5b6bc02d379db03a877d34d/library/std/src/panic.rs:358:14
[INFO] [stdout]   39:     0x63379d6da754 - std::thread::Builder::spawn_unchecked_::{{closure}}::h42b2841295b6c0b2
[INFO] [stdout]                                at /rustc/202008a1b8de96d2e5b6bc02d379db03a877d34d/library/std/src/thread/mod.rs:559:30
[INFO] [stdout]   40:     0x63379d6da754 - core::ops::function::FnOnce::call_once{{vtable.shim}}::h6127de71b8124639
[INFO] [stdout]                                at /rustc/202008a1b8de96d2e5b6bc02d379db03a877d34d/library/core/src/ops/function.rs:250:5
[INFO] [stdout]   41:     0x63379d74a70b - <alloc::boxed::Box<F,A> as core::ops::function::FnOnce<Args>>::call_once::h42f0ba71002a1b2c
[INFO] [stdout]                                at /rustc/202008a1b8de96d2e5b6bc02d379db03a877d34d/library/alloc/src/boxed.rs:1972:9
[INFO] [stdout]   42:     0x63379d74a70b - <alloc::boxed::Box<F,A> as core::ops::function::FnOnce<Args>>::call_once::had9e47d7a3dcecb8
[INFO] [stdout]                                at /rustc/202008a1b8de96d2e5b6bc02d379db03a877d34d/library/alloc/src/boxed.rs:1972:9
[INFO] [stdout]   43:     0x63379d74a70b - std::sys::pal::unix::thread::Thread::new::thread_start::h48cf765408f6f5f2
[INFO] [stdout]                                at /rustc/202008a1b8de96d2e5b6bc02d379db03a877d34d/library/std/src/sys/pal/unix/thread.rs:105:17
[INFO] [stdout]   44:     0x71107e6e1ac3 - <unknown>
[INFO] [stdout]   45:     0x71107e772a04 - clone
[INFO] [stdout]   46:                0x0 - <unknown>
[INFO] [stdout] 
[INFO] [stdout] 
[INFO] [stdout] failures:
[INFO] [stdout]     tests::test_something
[INFO] [stdout] 
[INFO] [stdout] test result: FAILED. 0 passed; 1 failed; 0 ignored; 0 measured; 0 filtered out; finished in 0.04s
[INFO] [stdout] 
[INFO] [stderr] error: test failed, to rerun pass `--bin kb`
[INFO] running `Command { std: "docker" "inspect" "3657f356d9dd8540f20946d3298df65d1360985b7d89fea580643dc431f9e710", kill_on_drop: false }`
[INFO] running `Command { std: "docker" "rm" "-f" "3657f356d9dd8540f20946d3298df65d1360985b7d89fea580643dc431f9e710", kill_on_drop: false }`
[INFO] [stdout] 3657f356d9dd8540f20946d3298df65d1360985b7d89fea580643dc431f9e710
