[INFO] cloning repository https://github.com/japawBlob/uds-rs
[INFO] running `Command { std: "git" "-c" "credential.helper=" "-c" "credential.helper=/workspace/cargo-home/bin/git-credential-null" "clone" "--bare" "https://github.com/japawBlob/uds-rs" "/workspace/cache/git-repos/https%3A%2F%2Fgithub.com%2FjapawBlob%2Fuds-rs", kill_on_drop: false }`
[INFO] [stderr] Cloning into bare repository '/workspace/cache/git-repos/https%3A%2F%2Fgithub.com%2FjapawBlob%2Fuds-rs'...
[INFO] running `Command { std: "git" "rev-parse" "HEAD", kill_on_drop: false }`
[INFO] [stdout] 89871873d9910ed0d25af5baf16bf289559dcecf
[INFO] testing japawBlob/uds-rs against 1.83.0 for beta-1.84.0-4-retry
[INFO] running `Command { std: "git" "clone" "/workspace/cache/git-repos/https%3A%2F%2Fgithub.com%2FjapawBlob%2Fuds-rs" "/workspace/builds/worker-6-tc1/source", kill_on_drop: false }`
[INFO] [stderr] Cloning into '/workspace/builds/worker-6-tc1/source'...
[INFO] [stderr] done.
[INFO] validating manifest of git repo https://github.com/japawBlob/uds-rs on toolchain 1.83.0
[INFO] running `Command { std: CARGO_HOME="/workspace/cargo-home" RUSTUP_HOME="/workspace/rustup-home" "/workspace/cargo-home/bin/cargo" "+1.83.0" "metadata" "--manifest-path" "Cargo.toml" "--no-deps", kill_on_drop: false }`
[INFO] started tweaking git repo https://github.com/japawBlob/uds-rs
[INFO] finished tweaking git repo https://github.com/japawBlob/uds-rs
[INFO] tweaked toml for git repo https://github.com/japawBlob/uds-rs written to /workspace/builds/worker-6-tc1/source/Cargo.toml
[INFO] running `Command { std: CARGO_HOME="/workspace/cargo-home" RUSTUP_HOME="/workspace/rustup-home" "/workspace/cargo-home/bin/cargo" "+1.83.0" "generate-lockfile" "--manifest-path" "Cargo.toml", kill_on_drop: false }`
[INFO] [stderr]     Updating crates.io index
[INFO] [stderr]      Locking 99 packages to latest compatible versions
[INFO] [stderr]       Adding env_logger v0.10.2 (available: v0.11.5)
[INFO] [stderr]       Adding mio v0.8.11 (available: v1.0.3)
[INFO] [stderr]       Adding nix v0.26.4 (available: v0.29.0)
[INFO] [stderr]       Adding thiserror v1.0.69 (available: v2.0.7)
[INFO] [stderr]       Adding tokio-socketcan-isotp v0.1.0 (available: v0.2.0)
[INFO] running `Command { std: CARGO_HOME="/workspace/cargo-home" RUSTUP_HOME="/workspace/rustup-home" "/workspace/cargo-home/bin/cargo" "+1.83.0" "fetch" "--manifest-path" "Cargo.toml", kill_on_drop: false }`
[INFO] [stderr]  Downloading crates ...
[INFO] [stderr]   Downloaded tokio-socketcan-isotp v0.1.0
[INFO] running `Command { std: "docker" "create" "-v" "/var/lib/crater-agent-workspace/builds/worker-6-tc1/target:/opt/rustwide/target:rw,Z" "-v" "/var/lib/crater-agent-workspace/builds/worker-6-tc1/source:/opt/rustwide/workdir:ro,Z" "-v" "/var/lib/crater-agent-workspace/cargo-home:/opt/rustwide/cargo-home:ro,Z" "-v" "/var/lib/crater-agent-workspace/rustup-home:/opt/rustwide/rustup-home:ro,Z" "-e" "SOURCE_DIR=/opt/rustwide/workdir" "-e" "CARGO_TARGET_DIR=/opt/rustwide/target" "-e" "CARGO_HOME=/opt/rustwide/cargo-home" "-e" "RUSTUP_HOME=/opt/rustwide/rustup-home" "-w" "/opt/rustwide/workdir" "-m" "1610612736" "--user" "0:0" "--network" "none" "ghcr.io/rust-lang/crates-build-env/linux@sha256:f3a9d4ad9d972b27faf3965f35b62e55ba32bbce8f20bc8fe909558a86702fde" "/opt/rustwide/cargo-home/bin/cargo" "+1.83.0" "metadata" "--no-deps" "--format-version=1", kill_on_drop: false }`
[INFO] [stdout] d18f4c553a36f19dd13b16325f4724a023ab4d04fdddb228001ce2ffccd2ca52
[INFO] running `Command { std: "docker" "start" "-a" "d18f4c553a36f19dd13b16325f4724a023ab4d04fdddb228001ce2ffccd2ca52", kill_on_drop: false }`
[INFO] running `Command { std: "docker" "inspect" "d18f4c553a36f19dd13b16325f4724a023ab4d04fdddb228001ce2ffccd2ca52", kill_on_drop: false }`
[INFO] running `Command { std: "docker" "rm" "-f" "d18f4c553a36f19dd13b16325f4724a023ab4d04fdddb228001ce2ffccd2ca52", kill_on_drop: false }`
[INFO] [stdout] d18f4c553a36f19dd13b16325f4724a023ab4d04fdddb228001ce2ffccd2ca52
[INFO] running `Command { std: "docker" "create" "-v" "/var/lib/crater-agent-workspace/builds/worker-6-tc1/target:/opt/rustwide/target:rw,Z" "-v" "/var/lib/crater-agent-workspace/builds/worker-6-tc1/source:/opt/rustwide/workdir:ro,Z" "-v" "/var/lib/crater-agent-workspace/cargo-home:/opt/rustwide/cargo-home:ro,Z" "-v" "/var/lib/crater-agent-workspace/rustup-home:/opt/rustwide/rustup-home:ro,Z" "-e" "SOURCE_DIR=/opt/rustwide/workdir" "-e" "CARGO_TARGET_DIR=/opt/rustwide/target" "-e" "CARGO_INCREMENTAL=0" "-e" "RUST_BACKTRACE=full" "-e" "RUSTFLAGS=--cap-lints=warn" "-e" "RUSTDOCFLAGS=--cap-lints=warn" "-e" "CARGO_HOME=/opt/rustwide/cargo-home" "-e" "RUSTUP_HOME=/opt/rustwide/rustup-home" "-w" "/opt/rustwide/workdir" "-m" "1610612736" "--user" "0:0" "--network" "none" "ghcr.io/rust-lang/crates-build-env/linux@sha256:f3a9d4ad9d972b27faf3965f35b62e55ba32bbce8f20bc8fe909558a86702fde" "/opt/rustwide/cargo-home/bin/cargo" "+1.83.0" "build" "--frozen" "--message-format=json", kill_on_drop: false }`
[INFO] [stdout] 009135b1970db879f3d5538f0be00963234555844de56446e1e8910626d6cbe0
[INFO] running `Command { std: "docker" "start" "-a" "009135b1970db879f3d5538f0be00963234555844de56446e1e8910626d6cbe0", kill_on_drop: false }`
[INFO] [stderr]    Compiling proc-macro2 v1.0.92
[INFO] [stderr]    Compiling unicode-ident v1.0.14
[INFO] [stderr]    Compiling autocfg v1.4.0
[INFO] [stderr]    Compiling libc v0.2.168
[INFO] [stderr]    Compiling futures-core v0.3.31
[INFO] [stderr]    Compiling hashbrown v0.15.2
[INFO] [stderr]    Compiling pin-project-lite v0.2.15
[INFO] [stderr]    Compiling futures-sink v0.3.31
[INFO] [stderr]    Compiling equivalent v1.0.1
[INFO] [stderr]    Compiling winnow v0.6.20
[INFO] [stderr]    Compiling memchr v2.7.4
[INFO] [stderr]    Compiling futures-task v0.3.31
[INFO] [stderr]    Compiling byteorder v1.5.0
[INFO] [stderr]    Compiling toml_datetime v0.6.8
[INFO] [stderr]    Compiling futures-io v0.3.31
[INFO] [stderr]    Compiling thiserror v1.0.69
[INFO] [stderr]    Compiling bytes v1.9.0
[INFO] [stderr]    Compiling nb v1.1.0
[INFO] [stderr]    Compiling log v0.4.22
[INFO] [stderr]    Compiling bitflags v2.6.0
[INFO] [stderr]    Compiling embedded-can v0.4.1
[INFO] [stderr]    Compiling futures-channel v0.3.31
[INFO] [stderr]    Compiling futures-timer v3.0.3
[INFO] [stderr]    Compiling slab v0.4.9
[INFO] [stderr]    Compiling lock_api v0.4.12
[INFO] [stderr]    Compiling memoffset v0.7.1
[INFO] [stderr]    Compiling quote v1.0.37
[INFO] [stderr]    Compiling indexmap v2.7.0
[INFO] [stderr]    Compiling syn v2.0.90
[INFO] [stderr]    Compiling parking_lot_core v0.9.10
[INFO] [stderr]    Compiling getrandom v0.2.15
[INFO] [stderr]    Compiling socket2 v0.5.8
[INFO] [stderr]    Compiling mio v1.0.3
[INFO] [stderr]    Compiling signal-hook-registry v1.4.2
[INFO] [stderr]    Compiling nix v0.26.4
[INFO] [stderr]    Compiling mio v0.8.11
[INFO] [stderr]    Compiling toml_edit v0.22.22
[INFO] [stderr]    Compiling rand_core v0.6.4
[INFO] [stderr]    Compiling parking_lot v0.12.3
[INFO] [stderr]    Compiling futures-macro v0.3.31
[INFO] [stderr]    Compiling zerocopy-derive v0.7.35
[INFO] [stderr]    Compiling thiserror-impl v1.0.69
[INFO] [stderr]    Compiling tokio-macros v2.4.0
[INFO] [stderr]    Compiling proc-macro-crate v3.2.0
[INFO] [stderr]    Compiling futures-util v0.3.31
[INFO] [stderr]    Compiling num_enum_derive v0.7.3
[INFO] [stderr]    Compiling tokio v1.42.0
[INFO] [stderr]    Compiling zerocopy v0.7.35
[INFO] [stderr]    Compiling ppv-lite86 v0.2.20
[INFO] [stderr]    Compiling num_enum v0.7.3
[INFO] [stderr]    Compiling rand_chacha v0.3.1
[INFO] [stderr]    Compiling rand v0.8.5
[INFO] [stderr]    Compiling futures-executor v0.3.31
[INFO] [stderr]    Compiling futures v0.3.31
[INFO] [stderr]    Compiling tokio-socketcan-isotp v0.1.0
[INFO] [stderr]    Compiling uds-rs v0.1.0 (/opt/rustwide/workdir)
[INFO] [stdout] warning: unused import: `crate::uds::clear_diagnostic_information::*`
[INFO] [stdout]   --> src/uds.rs:88:9
[INFO] [stdout]    |
[INFO] [stdout] 88 | pub use crate::uds::clear_diagnostic_information::*;
[INFO] [stdout]    |         ^^^^^^^^^^^^^^^^^^^^^^^^^^^^^^^^^^^^^^^^^^^
[INFO] [stdout]    |
[INFO] [stdout]    = note: `#[warn(unused_imports)]` on by default
[INFO] [stdout] 
[INFO] [stdout] 
[INFO] [stderr]     Finished `dev` profile [unoptimized + debuginfo] target(s) in 25.16s
[INFO] running `Command { std: "docker" "inspect" "009135b1970db879f3d5538f0be00963234555844de56446e1e8910626d6cbe0", kill_on_drop: false }`
[INFO] running `Command { std: "docker" "rm" "-f" "009135b1970db879f3d5538f0be00963234555844de56446e1e8910626d6cbe0", kill_on_drop: false }`
[INFO] [stdout] 009135b1970db879f3d5538f0be00963234555844de56446e1e8910626d6cbe0
[INFO] running `Command { std: "docker" "create" "-v" "/var/lib/crater-agent-workspace/builds/worker-6-tc1/target:/opt/rustwide/target:rw,Z" "-v" "/var/lib/crater-agent-workspace/builds/worker-6-tc1/source:/opt/rustwide/workdir:ro,Z" "-v" "/var/lib/crater-agent-workspace/cargo-home:/opt/rustwide/cargo-home:ro,Z" "-v" "/var/lib/crater-agent-workspace/rustup-home:/opt/rustwide/rustup-home:ro,Z" "-e" "SOURCE_DIR=/opt/rustwide/workdir" "-e" "CARGO_TARGET_DIR=/opt/rustwide/target" "-e" "CARGO_INCREMENTAL=0" "-e" "RUST_BACKTRACE=full" "-e" "RUSTFLAGS=--cap-lints=warn" "-e" "RUSTDOCFLAGS=--cap-lints=warn" "-e" "CARGO_HOME=/opt/rustwide/cargo-home" "-e" "RUSTUP_HOME=/opt/rustwide/rustup-home" "-w" "/opt/rustwide/workdir" "-m" "1610612736" "--user" "0:0" "--network" "none" "ghcr.io/rust-lang/crates-build-env/linux@sha256:f3a9d4ad9d972b27faf3965f35b62e55ba32bbce8f20bc8fe909558a86702fde" "/opt/rustwide/cargo-home/bin/cargo" "+1.83.0" "test" "--frozen" "--no-run" "--message-format=json", kill_on_drop: false }`
[INFO] [stdout] 6b7de10e463baa01f89e82a7b847b0eb3a167680b95f4f26253a837d704bc5b3
[INFO] running `Command { std: "docker" "start" "-a" "6b7de10e463baa01f89e82a7b847b0eb3a167680b95f4f26253a837d704bc5b3", kill_on_drop: false }`
[INFO] [stderr]    Compiling log v0.4.22
[INFO] [stderr]    Compiling aho-corasick v1.1.3
[INFO] [stderr]    Compiling regex-syntax v0.8.5
[INFO] [stderr]    Compiling is-terminal v0.4.13
[INFO] [stderr]    Compiling termcolor v1.4.1
[INFO] [stderr]    Compiling mio v0.8.11
[INFO] [stderr]    Compiling tokio-socketcan-isotp v0.1.0
[INFO] [stderr]    Compiling uds-rs v0.1.0 (/opt/rustwide/workdir)
[INFO] [stdout] warning: unused import: `crate::uds::clear_diagnostic_information::*`
[INFO] [stdout]   --> src/uds.rs:88:9
[INFO] [stdout]    |
[INFO] [stdout] 88 | pub use crate::uds::clear_diagnostic_information::*;
[INFO] [stdout]    |         ^^^^^^^^^^^^^^^^^^^^^^^^^^^^^^^^^^^^^^^^^^^
[INFO] [stdout]    |
[INFO] [stdout]    = note: `#[warn(unused_imports)]` on by default
[INFO] [stdout] 
[INFO] [stdout] 
[INFO] [stderr]    Compiling regex-automata v0.4.9
[INFO] [stderr]    Compiling regex v1.11.1
[INFO] [stderr]    Compiling env_logger v0.10.2
[INFO] [stdout] warning: unused import: `crate::uds::clear_diagnostic_information::*`
[INFO] [stdout]   --> src/uds.rs:88:9
[INFO] [stdout]    |
[INFO] [stdout] 88 | pub use crate::uds::clear_diagnostic_information::*;
[INFO] [stdout]    |         ^^^^^^^^^^^^^^^^^^^^^^^^^^^^^^^^^^^^^^^^^^^
[INFO] [stdout]    |
[INFO] [stdout]    = note: `#[warn(unused_imports)]` on by default
[INFO] [stdout] 
[INFO] [stdout] 
[INFO] [stdout] warning: unused variable: `dtc_and_status_record`
[INFO] [stdout]    --> src/uds/read_dtc_information.rs:668:13
[INFO] [stdout]     |
[INFO] [stdout] 668 |         let dtc_and_status_record: Vec<DTCAndStatusRecord> = vec![];
[INFO] [stdout]     |             ^^^^^^^^^^^^^^^^^^^^^ help: if this is intentional, prefix it with an underscore: `_dtc_and_status_record`
[INFO] [stdout]     |
[INFO] [stdout]     = note: `#[warn(unused_variables)]` on by default
[INFO] [stdout] 
[INFO] [stdout] 
[INFO] [stderr]     Finished `test` profile [unoptimized + debuginfo] target(s) in 10.53s
[INFO] running `Command { std: "docker" "inspect" "6b7de10e463baa01f89e82a7b847b0eb3a167680b95f4f26253a837d704bc5b3", kill_on_drop: false }`
[INFO] running `Command { std: "docker" "rm" "-f" "6b7de10e463baa01f89e82a7b847b0eb3a167680b95f4f26253a837d704bc5b3", kill_on_drop: false }`
[INFO] [stdout] 6b7de10e463baa01f89e82a7b847b0eb3a167680b95f4f26253a837d704bc5b3
[INFO] running `Command { std: "docker" "create" "-v" "/var/lib/crater-agent-workspace/builds/worker-6-tc1/target:/opt/rustwide/target:rw,Z" "-v" "/var/lib/crater-agent-workspace/builds/worker-6-tc1/source:/opt/rustwide/workdir:ro,Z" "-v" "/var/lib/crater-agent-workspace/cargo-home:/opt/rustwide/cargo-home:ro,Z" "-v" "/var/lib/crater-agent-workspace/rustup-home:/opt/rustwide/rustup-home:ro,Z" "-e" "SOURCE_DIR=/opt/rustwide/workdir" "-e" "CARGO_TARGET_DIR=/opt/rustwide/target" "-e" "CARGO_INCREMENTAL=0" "-e" "RUST_BACKTRACE=full" "-e" "RUSTFLAGS=--cap-lints=warn" "-e" "RUSTDOCFLAGS=--cap-lints=warn" "-e" "CARGO_HOME=/opt/rustwide/cargo-home" "-e" "RUSTUP_HOME=/opt/rustwide/rustup-home" "-w" "/opt/rustwide/workdir" "-m" "1610612736" "--user" "0:0" "--network" "none" "ghcr.io/rust-lang/crates-build-env/linux@sha256:f3a9d4ad9d972b27faf3965f35b62e55ba32bbce8f20bc8fe909558a86702fde" "/opt/rustwide/cargo-home/bin/cargo" "+1.83.0" "test" "--frozen", kill_on_drop: false }`
[INFO] [stdout] e5c83a8967428869a6eff49b321996253d96d61542ebaaa21c1e89cca46dfbaf
[INFO] running `Command { std: "docker" "start" "-a" "e5c83a8967428869a6eff49b321996253d96d61542ebaaa21c1e89cca46dfbaf", kill_on_drop: false }`
[INFO] [stderr] warning: unused import: `crate::uds::clear_diagnostic_information::*`
[INFO] [stderr]   --> src/uds.rs:88:9
[INFO] [stderr]    |
[INFO] [stderr] 88 | pub use crate::uds::clear_diagnostic_information::*;
[INFO] [stderr]    |         ^^^^^^^^^^^^^^^^^^^^^^^^^^^^^^^^^^^^^^^^^^^
[INFO] [stderr]    |
[INFO] [stderr]    = note: `#[warn(unused_imports)]` on by default
[INFO] [stderr] 
[INFO] [stderr] warning: unused variable: `dtc_and_status_record`
[INFO] [stderr]    --> src/uds/read_dtc_information.rs:668:13
[INFO] [stderr]     |
[INFO] [stderr] 668 |         let dtc_and_status_record: Vec<DTCAndStatusRecord> = vec![];
[INFO] [stderr]     |             ^^^^^^^^^^^^^^^^^^^^^ help: if this is intentional, prefix it with an underscore: `_dtc_and_status_record`
[INFO] [stderr]     |
[INFO] [stderr]     = note: `#[warn(unused_variables)]` on by default
[INFO] [stderr] 
[INFO] [stderr] warning: `uds-rs` (lib) generated 1 warning (run `cargo fix --lib -p uds-rs` to apply 1 suggestion)
[INFO] [stderr] warning: `uds-rs` (lib test) generated 2 warnings (1 duplicate)
[INFO] [stderr]     Finished `test` profile [unoptimized + debuginfo] target(s) in 0.11s
[INFO] [stderr]      Running unittests src/lib.rs (/opt/rustwide/target/debug/deps/uds_rs-e5670a1ef3fd143a)
[INFO] [stdout] 
[INFO] [stdout] running 29 tests
[INFO] [stdout] test uds::read_data_by_identifier::tests::test_parse_with_zero_len ... ok
[INFO] [stdout] test uds::read_dtc_information::tests::test_compose_request_0x02 ... ok
[INFO] [stdout] test uds::read_dtc_information::tests::test_compose_request_0x01 ... ok
[INFO] [stdout] test uds::read_dtc_information::tests::test_parse_response_0x0e ... ok
[INFO] [stdout] test uds::read_data_by_identifier::tests::test_formulate_request ... ok
[INFO] [stdout] test uds::read_dtc_information::tests::test_compose_request_iso_0x04 ... ok
[INFO] [stdout] test uds::read_dtc_information::tests::test_compose_request_iso_0x06 ... ok
[INFO] [stdout] test uds::read_memory_by_address::tests::test_err_convert_from_simple_to_normal_specified_memory_address_len_too_small ... ok
[INFO] [stdout] test uds::read_dtc_information::tests::test_parse_empty_response_0x02 ... ok
[INFO] [stdout] test uds::read_dtc_information::tests::test_parse_response_0x02 ... ok
[INFO] [stdout] test uds::read_data_by_identifier::tests::test_ok_message ... ok
[INFO] [stdout] test uds::read_data_by_identifier::tests::test_did_mismatch ... ok
[INFO] [stdout] test uds::read_dtc_information::tests::test_parse_response_0x06 ... ok
[INFO] [stdout] test uds::read_memory_by_address::tests::test_err_convert_from_simple_to_normal_provided_address_too_big ... ok
[INFO] [stdout] test uds::read_dtc_information::tests::test_parse_response_0x01 ... ok
[INFO] [stdout] test uds::read_memory_by_address::tests::test_err_convert_from_simple_to_normal_provided_size_too_big ... ok
[INFO] [stdout] test uds::read_memory_by_address::tests::test_ok_convert_from_simple_to_normal ... ok
[INFO] [stdout] test uds::read_data_by_identifier::tests::test_invalid_length_short ... ok
[INFO] [stdout] test uds::read_memory_by_address::tests::test_ok_compose_request ... ok
[INFO] [stdout] test uds::read_dtc_information::tests::test_parse_response_0x04 ... ok
[INFO] [stdout] test uds::read_data_by_identifier::tests::test_sid_mismatch ... ok
[INFO] [stdout] test uds::read_memory_by_address::tests::test_err_convert_from_simple_to_normal_specified_memory_address_len_too_big ... ok
[INFO] [stdout] test uds::read_memory_by_address::tests::test_err_convert_from_simple_to_normal_specified_memory_size_len_too_big ... ok
[INFO] [stdout] test uds::read_memory_by_address::tests::test_ok_convert_from_simple_to_normal_specified_both ... ok
[INFO] [stdout] test uds::read_memory_by_address::tests::test_err_convert_from_simple_to_normal_specified_memory_size_len_too_small ... ok
[INFO] [stdout] test uds::read_memory_by_address::tests::test_ok_convert_from_simple_to_normal_specified_memory_size_len ... ok
[INFO] [stdout] test uds::tests::test_parse_for_error_wrong_nrc ... ok
[INFO] [stdout] test uds::read_memory_by_address::tests::test_ok_parse_response ... ok
[INFO] [stdout] test uds::read_memory_by_address::tests::test_ok_convert_from_simple_to_normal_specified_memory_address_len ... ok
[INFO] [stdout] 
[INFO] [stdout] test result: ok. 29 passed; 0 failed; 0 ignored; 0 measured; 0 filtered out; finished in 0.03s
[INFO] [stdout] 
[INFO] [stderr]    Doc-tests uds_rs
[INFO] [stdout] 
[INFO] [stdout] running 1 test
[INFO] [stdout] test src/uds.rs - uds (line 29) ... FAILED
[INFO] [stdout] 
[INFO] [stdout] failures:
[INFO] [stdout] 
[INFO] [stdout] ---- src/uds.rs - uds (line 29) stdout ----
[INFO] [stdout] error[E0277]: the trait bound `uds_rs::Id: From<{integer}>` is not satisfied
[INFO] [stdout]    --> src/uds.rs:36:36
[INFO] [stdout]     |
[INFO] [stdout] 9   |     let c = UdsClient::new("can0", 0x774, 0x70A)?;
[INFO] [stdout]     |             --------------         ^^^^^ the trait `From<{integer}>` is not implemented for `uds_rs::Id`, which is required by `{integer}: Into<uds_rs::Id>`
[INFO] [stdout]     |             |
[INFO] [stdout]     |             required by a bound introduced by this call
[INFO] [stdout]     |
[INFO] [stdout]     = help: the following other types implement trait `From<T>`:
[INFO] [stdout]               `uds_rs::Id` implements `From<ExtendedId>`
[INFO] [stdout]               `uds_rs::Id` implements `From<StandardId>`
[INFO] [stdout]     = note: required for `{integer}` to implement `Into<uds_rs::Id>`
[INFO] [stdout] note: required by a bound in `UdsClient::new`
[INFO] [stdout]    --> /opt/rustwide/workdir/src/uds.rs:191:19
[INFO] [stdout]     |
[INFO] [stdout] 189 |     pub fn new(
[INFO] [stdout]     |            --- required by a bound in this associated function
[INFO] [stdout] 190 |         canifc: &str,
[INFO] [stdout] 191 |         src: impl Into<Id>,
[INFO] [stdout]     |                   ^^^^^^^^ required by this bound in `UdsClient::new`
[INFO] [stdout] 
[INFO] [stdout] error[E0277]: the trait bound `uds_rs::Id: From<{integer}>` is not satisfied
[INFO] [stdout]    --> src/uds.rs:36:43
[INFO] [stdout]     |
[INFO] [stdout] 9   |     let c = UdsClient::new("can0", 0x774, 0x70A)?;
[INFO] [stdout]     |             --------------                ^^^^^ the trait `From<{integer}>` is not implemented for `uds_rs::Id`, which is required by `{integer}: Into<uds_rs::Id>`
[INFO] [stdout]     |             |
[INFO] [stdout]     |             required by a bound introduced by this call
[INFO] [stdout]     |
[INFO] [stdout]     = help: the following other types implement trait `From<T>`:
[INFO] [stdout]               `uds_rs::Id` implements `From<ExtendedId>`
[INFO] [stdout]               `uds_rs::Id` implements `From<StandardId>`
[INFO] [stdout]     = note: required for `{integer}` to implement `Into<uds_rs::Id>`
[INFO] [stdout] note: required by a bound in `UdsClient::new`
[INFO] [stdout]    --> /opt/rustwide/workdir/src/uds.rs:192:19
[INFO] [stdout]     |
[INFO] [stdout] 189 |     pub fn new(
[INFO] [stdout]     |            --- required by a bound in this associated function
[INFO] [stdout] ...
[INFO] [stdout] 192 |         dst: impl Into<Id>,
[INFO] [stdout]     |                   ^^^^^^^^ required by this bound in `UdsClient::new`
[INFO] [stdout] 
[INFO] [stdout] error: aborting due to 2 previous errors
[INFO] [stdout] 
[INFO] [stdout] For more information about this error, try `rustc --explain E0277`.
[INFO] [stdout] Couldn't compile the test.
[INFO] [stdout] 
[INFO] [stdout] failures:
[INFO] [stdout]     src/uds.rs - uds (line 29)
[INFO] [stdout] 
[INFO] [stdout] test result: FAILED. 0 passed; 1 failed; 0 ignored; 0 measured; 0 filtered out; finished in 0.14s
[INFO] [stdout] 
[INFO] [stderr] error: doctest failed, to rerun pass `--doc`
[INFO] running `Command { std: "docker" "inspect" "e5c83a8967428869a6eff49b321996253d96d61542ebaaa21c1e89cca46dfbaf", kill_on_drop: false }`
[INFO] running `Command { std: "docker" "rm" "-f" "e5c83a8967428869a6eff49b321996253d96d61542ebaaa21c1e89cca46dfbaf", kill_on_drop: false }`
[INFO] [stdout] e5c83a8967428869a6eff49b321996253d96d61542ebaaa21c1e89cca46dfbaf
