[INFO] cloning repository https://github.com/james-d12/razure
[INFO] running `Command { std: "git" "-c" "credential.helper=" "-c" "credential.helper=/workspace/cargo-home/bin/git-credential-null" "clone" "--bare" "https://github.com/james-d12/razure" "/workspace/cache/git-repos/https%3A%2F%2Fgithub.com%2Fjames-d12%2Frazure", kill_on_drop: false }`
[INFO] [stderr] Cloning into bare repository '/workspace/cache/git-repos/https%3A%2F%2Fgithub.com%2Fjames-d12%2Frazure'...
[INFO] running `Command { std: "git" "rev-parse" "HEAD", kill_on_drop: false }`
[INFO] [stdout] 5e157398f0b4ef401c61a1129d36b81e6909b204
[INFO] testing james-d12/razure against 1.83.0 for beta-1.84.0-4-retry
[INFO] running `Command { std: "git" "clone" "/workspace/cache/git-repos/https%3A%2F%2Fgithub.com%2Fjames-d12%2Frazure" "/workspace/builds/worker-6-tc1/source", kill_on_drop: false }`
[INFO] [stderr] Cloning into '/workspace/builds/worker-6-tc1/source'...
[INFO] [stderr] done.
[INFO] validating manifest of git repo https://github.com/james-d12/razure on toolchain 1.83.0
[INFO] running `Command { std: CARGO_HOME="/workspace/cargo-home" RUSTUP_HOME="/workspace/rustup-home" "/workspace/cargo-home/bin/cargo" "+1.83.0" "metadata" "--manifest-path" "Cargo.toml" "--no-deps", kill_on_drop: false }`
[INFO] started tweaking git repo https://github.com/james-d12/razure
[INFO] finished tweaking git repo https://github.com/james-d12/razure
[INFO] tweaked toml for git repo https://github.com/james-d12/razure written to /workspace/builds/worker-6-tc1/source/Cargo.toml
[INFO] crate git repo https://github.com/james-d12/razure already has a lockfile, it will not be regenerated
[INFO] running `Command { std: CARGO_HOME="/workspace/cargo-home" RUSTUP_HOME="/workspace/rustup-home" "/workspace/cargo-home/bin/cargo" "+1.83.0" "fetch" "--manifest-path" "Cargo.toml", kill_on_drop: false }`
[INFO] [stderr]     Updating crates.io index
[INFO] [stderr]  Downloading crates ...
[INFO] [stderr]   Downloaded rstest_macros v0.22.0
[INFO] [stderr]   Downloaded unsafe-any-ors v1.0.0
[INFO] [stderr]   Downloaded log4rs v1.3.0
[INFO] [stderr]   Downloaded log-mdc v0.1.0
[INFO] [stderr]   Downloaded clap_lex v0.7.2
[INFO] [stderr]   Downloaded once_cell v1.20.0
[INFO] [stderr]   Downloaded clap v4.5.17
[INFO] [stderr]   Downloaded cc v1.1.18
[INFO] [stderr]   Downloaded serde_yaml v0.9.34+deprecated
[INFO] [stderr]   Downloaded unsafe-libyaml v0.2.11
[INFO] [stderr]   Downloaded serde_json v1.0.127
[INFO] [stderr]   Downloaded toml_edit v0.22.20
[INFO] [stderr]   Downloaded clap_builder v4.5.17
[INFO] [stderr]   Downloaded redox_syscall v0.5.6
[INFO] [stderr]   Downloaded ordered-float v2.10.1
[INFO] [stderr]   Downloaded thread-id v4.2.2
[INFO] [stderr]   Downloaded git2 v0.19.0
[INFO] [stderr]   Downloaded destructure_traitobject v0.2.0
[INFO] [stderr]   Downloaded rstest v0.22.0
[INFO] [stderr]   Downloaded relative-path v1.9.3
[INFO] [stderr]   Downloaded typemap-ors v1.0.0
[INFO] [stderr]   Downloaded libssh2-sys v0.3.0
[INFO] [stderr]   Downloaded libgit2-sys v0.17.0+1.8.1
[INFO] running `Command { std: "docker" "create" "-v" "/var/lib/crater-agent-workspace/builds/worker-6-tc1/target:/opt/rustwide/target:rw,Z" "-v" "/var/lib/crater-agent-workspace/builds/worker-6-tc1/source:/opt/rustwide/workdir:ro,Z" "-v" "/var/lib/crater-agent-workspace/cargo-home:/opt/rustwide/cargo-home:ro,Z" "-v" "/var/lib/crater-agent-workspace/rustup-home:/opt/rustwide/rustup-home:ro,Z" "-e" "SOURCE_DIR=/opt/rustwide/workdir" "-e" "CARGO_TARGET_DIR=/opt/rustwide/target" "-e" "CARGO_HOME=/opt/rustwide/cargo-home" "-e" "RUSTUP_HOME=/opt/rustwide/rustup-home" "-w" "/opt/rustwide/workdir" "-m" "1610612736" "--user" "0:0" "--network" "none" "ghcr.io/rust-lang/crates-build-env/linux@sha256:f3a9d4ad9d972b27faf3965f35b62e55ba32bbce8f20bc8fe909558a86702fde" "/opt/rustwide/cargo-home/bin/cargo" "+1.83.0" "metadata" "--no-deps" "--format-version=1", kill_on_drop: false }`
[INFO] [stdout] f04e41d841606dc3b9882a8f5a3456d64122321f816890e200132f7cbf9dea31
[INFO] running `Command { std: "docker" "start" "-a" "f04e41d841606dc3b9882a8f5a3456d64122321f816890e200132f7cbf9dea31", kill_on_drop: false }`
[INFO] running `Command { std: "docker" "inspect" "f04e41d841606dc3b9882a8f5a3456d64122321f816890e200132f7cbf9dea31", kill_on_drop: false }`
[INFO] running `Command { std: "docker" "rm" "-f" "f04e41d841606dc3b9882a8f5a3456d64122321f816890e200132f7cbf9dea31", kill_on_drop: false }`
[INFO] [stdout] f04e41d841606dc3b9882a8f5a3456d64122321f816890e200132f7cbf9dea31
[INFO] running `Command { std: "docker" "create" "-v" "/var/lib/crater-agent-workspace/builds/worker-6-tc1/target:/opt/rustwide/target:rw,Z" "-v" "/var/lib/crater-agent-workspace/builds/worker-6-tc1/source:/opt/rustwide/workdir:ro,Z" "-v" "/var/lib/crater-agent-workspace/cargo-home:/opt/rustwide/cargo-home:ro,Z" "-v" "/var/lib/crater-agent-workspace/rustup-home:/opt/rustwide/rustup-home:ro,Z" "-e" "SOURCE_DIR=/opt/rustwide/workdir" "-e" "CARGO_TARGET_DIR=/opt/rustwide/target" "-e" "CARGO_INCREMENTAL=0" "-e" "RUST_BACKTRACE=full" "-e" "RUSTFLAGS=--cap-lints=warn" "-e" "RUSTDOCFLAGS=--cap-lints=warn" "-e" "CARGO_HOME=/opt/rustwide/cargo-home" "-e" "RUSTUP_HOME=/opt/rustwide/rustup-home" "-w" "/opt/rustwide/workdir" "-m" "1610612736" "--user" "0:0" "--network" "none" "ghcr.io/rust-lang/crates-build-env/linux@sha256:f3a9d4ad9d972b27faf3965f35b62e55ba32bbce8f20bc8fe909558a86702fde" "/opt/rustwide/cargo-home/bin/cargo" "+1.83.0" "build" "--frozen" "--message-format=json", kill_on_drop: false }`
[INFO] [stdout] 366f0d39cfd316d2760c72d4a1bc16e67551e109aade10e84b5636f5c28a49e7
[INFO] running `Command { std: "docker" "start" "-a" "366f0d39cfd316d2760c72d4a1bc16e67551e109aade10e84b5636f5c28a49e7", kill_on_drop: false }`
[INFO] [stderr]    Compiling unicode-ident v1.0.12
[INFO] [stderr]    Compiling serde v1.0.209
[INFO] [stderr]    Compiling utf8parse v0.2.2
[INFO] [stderr]    Compiling syn v1.0.109
[INFO] [stderr]    Compiling unicode-bidi v0.3.15
[INFO] [stderr]    Compiling num-traits v0.2.19
[INFO] [stderr]    Compiling anstyle v1.0.8
[INFO] [stderr]    Compiling anstyle-query v1.1.1
[INFO] [stderr]    Compiling unicode-normalization v0.1.23
[INFO] [stderr]    Compiling serde_json v1.0.127
[INFO] [stderr]    Compiling is_terminal_polyfill v1.70.1
[INFO] [stderr]    Compiling hashbrown v0.14.5
[INFO] [stderr]    Compiling cc v1.1.18
[INFO] [stderr]    Compiling colorchoice v1.0.2
[INFO] [stderr]    Compiling anyhow v1.0.89
[INFO] [stderr]    Compiling destructure_traitobject v0.2.0
[INFO] [stderr]    Compiling parking_lot_core v0.9.10
[INFO] [stderr]    Compiling proc-macro2 v1.0.86
[INFO] [stderr]    Compiling anstyle-parse v0.2.5
[INFO] [stderr]    Compiling unsafe-any-ors v1.0.0
[INFO] [stderr]    Compiling unsafe-libyaml v0.2.11
[INFO] [stderr]    Compiling clap_lex v0.7.2
[INFO] [stderr]    Compiling iana-time-zone v0.1.60
[INFO] [stderr]    Compiling strsim v0.11.1
[INFO] [stderr]    Compiling anstream v0.6.15
[INFO] [stderr]    Compiling memchr v2.7.4
[INFO] [stderr]    Compiling typemap-ors v1.0.0
[INFO] [stderr]    Compiling parking_lot v0.12.3
[INFO] [stderr]    Compiling thread-id v4.2.2
[INFO] [stderr]    Compiling quote v1.0.37
[INFO] [stderr]    Compiling clap_builder v4.5.17
[INFO] [stderr]    Compiling log-mdc v0.1.0
[INFO] [stderr]    Compiling arc-swap v1.7.1
[INFO] [stderr]    Compiling once_cell v1.20.0
[INFO] [stderr]    Compiling idna v0.5.0
[INFO] [stderr]    Compiling syn v2.0.76
[INFO] [stderr]    Compiling indexmap v2.5.0
[INFO] [stderr]    Compiling ordered-float v2.10.1
[INFO] [stderr]    Compiling chrono v0.4.38
[INFO] [stderr]    Compiling url v2.5.2
[INFO] [stderr]    Compiling libz-sys v1.1.20
[INFO] [stderr]    Compiling openssl-sys v0.9.103
[INFO] [stderr]    Compiling libssh2-sys v0.3.0
[INFO] [stderr]    Compiling libgit2-sys v0.17.0+1.8.1
[INFO] [stderr]    Compiling clap v4.5.17
[INFO] [stderr]    Compiling derivative v2.2.0
[INFO] [stderr]    Compiling serde_derive v1.0.209
[INFO] [stderr]    Compiling zerocopy-derive v0.7.35
[INFO] [stderr]    Compiling thiserror-impl v1.0.63
[INFO] [stderr]    Compiling zerocopy v0.7.35
[INFO] [stderr]    Compiling thiserror v1.0.63
[INFO] [stderr]    Compiling ppv-lite86 v0.2.20
[INFO] [stderr]    Compiling rand_chacha v0.3.1
[INFO] [stderr]    Compiling rand v0.8.5
[INFO] [stderr]    Compiling log v0.4.22
[INFO] [stderr]    Compiling serde-value v0.7.0
[INFO] [stderr]    Compiling serde_yaml v0.9.34+deprecated
[INFO] [stderr]    Compiling git2 v0.19.0
[INFO] [stderr]    Compiling log4rs v1.3.0
[INFO] [stderr]    Compiling razure v0.1.0 (/opt/rustwide/workdir)
[INFO] [stdout] warning: unused import: `log::error`
[INFO] [stdout]  --> src/generator/terminal.rs:1:5
[INFO] [stdout]   |
[INFO] [stdout] 1 | use log::error;
[INFO] [stdout]   |     ^^^^^^^^^^
[INFO] [stdout]   |
[INFO] [stdout]   = note: `#[warn(unused_imports)]` on by default
[INFO] [stdout] 
[INFO] [stdout] 
[INFO] [stdout] warning: unused import: `schema::*`
[INFO] [stdout]  --> src/parser/mod.rs:6:5
[INFO] [stdout]   |
[INFO] [stdout] 6 | use schema::*;
[INFO] [stdout]   |     ^^^^^^^^^
[INFO] [stdout] 
[INFO] [stdout] 
[INFO] [stdout] warning: function `check_executable_exists` is never used
[INFO] [stdout]   --> src/generator/terminal.rs:57:8
[INFO] [stdout]    |
[INFO] [stdout] 57 | pub fn check_executable_exists(executable: &str) -> bool {
[INFO] [stdout]    |        ^^^^^^^^^^^^^^^^^^^^^^^
[INFO] [stdout]    |
[INFO] [stdout]    = note: `#[warn(dead_code)]` on by default
[INFO] [stdout] 
[INFO] [stdout] 
[INFO] [stdout] warning: multiple fields are never read
[INFO] [stdout]   --> src/parser/schema/path_item.rs:8:5
[INFO] [stdout]    |
[INFO] [stdout] 6  | pub struct PathItem {
[INFO] [stdout]    |            -------- fields in this struct
[INFO] [stdout] 7  |     #[serde(rename = "$ref")]
[INFO] [stdout] 8  |     reference: Option<String>,
[INFO] [stdout]    |     ^^^^^^^^^
[INFO] [stdout] 9  |     get: Option<Operation>,
[INFO] [stdout]    |     ^^^
[INFO] [stdout] 10 |     put: Option<Operation>,
[INFO] [stdout]    |     ^^^
[INFO] [stdout] 11 |     post: Option<Operation>,
[INFO] [stdout]    |     ^^^^
[INFO] [stdout] 12 |     delete: Option<Operation>,
[INFO] [stdout]    |     ^^^^^^
[INFO] [stdout] 13 |     options: Option<Operation>,
[INFO] [stdout]    |     ^^^^^^^
[INFO] [stdout] 14 |     head: Option<Operation>,
[INFO] [stdout]    |     ^^^^
[INFO] [stdout] 15 |     patch: Option<Operation>,
[INFO] [stdout]    |     ^^^^^
[INFO] [stdout] 16 |     parameters: Option<Vec<ParameterType>>,
[INFO] [stdout]    |     ^^^^^^^^^^
[INFO] [stdout]    |
[INFO] [stdout]    = note: `PathItem` has a derived impl for the trait `Debug`, but this is intentionally ignored during dead code analysis
[INFO] [stdout] 
[INFO] [stdout] 
[INFO] [stdout] warning: function `setup_logging` is never used
[INFO] [stdout]   --> src/logger.rs:10:8
[INFO] [stdout]    |
[INFO] [stdout] 10 | pub fn setup_logging() {
[INFO] [stdout]    |        ^^^^^^^^^^^^^
[INFO] [stdout] 
[INFO] [stdout] 
[INFO] [stdout] warning: unused import: `log::error`
[INFO] [stdout]  --> src/generator/terminal.rs:1:5
[INFO] [stdout]   |
[INFO] [stdout] 1 | use log::error;
[INFO] [stdout]   |     ^^^^^^^^^^
[INFO] [stdout]   |
[INFO] [stdout]   = note: `#[warn(unused_imports)]` on by default
[INFO] [stdout] 
[INFO] [stdout] 
[INFO] [stdout] warning: unused import: `schema::*`
[INFO] [stdout]  --> src/parser/mod.rs:6:5
[INFO] [stdout]   |
[INFO] [stdout] 6 | use schema::*;
[INFO] [stdout]   |     ^^^^^^^^^
[INFO] [stdout] 
[INFO] [stdout] 
[INFO] [stdout] warning: function `check_executable_exists` is never used
[INFO] [stdout]   --> src/generator/terminal.rs:57:8
[INFO] [stdout]    |
[INFO] [stdout] 57 | pub fn check_executable_exists(executable: &str) -> bool {
[INFO] [stdout]    |        ^^^^^^^^^^^^^^^^^^^^^^^
[INFO] [stdout]    |
[INFO] [stdout]    = note: `#[warn(dead_code)]` on by default
[INFO] [stdout] 
[INFO] [stdout] 
[INFO] [stdout] warning: fields `required`, `all_of`, and `description` are never read
[INFO] [stdout]   --> src/parser/schema/definition.rs:52:9
[INFO] [stdout]    |
[INFO] [stdout] 48 | pub struct Definition {
[INFO] [stdout]    |            ---------- fields in this struct
[INFO] [stdout] ...
[INFO] [stdout] 52 |     pub required: Option<Vec<String>>,
[INFO] [stdout]    |         ^^^^^^^^
[INFO] [stdout] ...
[INFO] [stdout] 55 |     pub all_of: Option<Vec<ParameterType>>,
[INFO] [stdout]    |         ^^^^^^
[INFO] [stdout] 56 |     #[serde(skip_serializing_if = "Option::is_none")]
[INFO] [stdout] 57 |     pub description: Option<String>,
[INFO] [stdout]    |         ^^^^^^^^^^^
[INFO] [stdout]    |
[INFO] [stdout]    = note: `Definition` has a derived impl for the trait `Debug`, but this is intentionally ignored during dead code analysis
[INFO] [stdout] 
[INFO] [stdout] 
[INFO] [stdout] warning: multiple fields are never read
[INFO] [stdout]   --> src/parser/schema/swagger.rs:8:9
[INFO] [stdout]    |
[INFO] [stdout] 7  | pub struct Swagger {
[INFO] [stdout]    |            ------- fields in this struct
[INFO] [stdout] 8  |     pub swagger: String,
[INFO] [stdout]    |         ^^^^^^^
[INFO] [stdout] 9  |     pub info: Option<Info>,
[INFO] [stdout]    |         ^^^^
[INFO] [stdout] 10 |     pub schemes: Option<Vec<String>>,
[INFO] [stdout]    |         ^^^^^^^
[INFO] [stdout] 11 |     pub host: Option<String>,
[INFO] [stdout]    |         ^^^^
[INFO] [stdout] 12 |     #[serde(rename = "basePath")]
[INFO] [stdout] 13 |     pub base_path: Option<String>,
[INFO] [stdout]    |         ^^^^^^^^^
[INFO] [stdout] 14 |     pub consumes: Option<Vec<String>>,
[INFO] [stdout]    |         ^^^^^^^^
[INFO] [stdout] 15 |     pub produces: Option<Vec<String>>,
[INFO] [stdout]    |         ^^^^^^^^
[INFO] [stdout] 16 |     pub paths: Option<HashMap<String, PathItem>>,
[INFO] [stdout]    |         ^^^^^
[INFO] [stdout] ...
[INFO] [stdout] 20 |     pub security_definitions: Option<HashMap<String, SecuritySchema>>,
[INFO] [stdout]    |         ^^^^^^^^^^^^^^^^^^^^
[INFO] [stdout] 21 |     pub security: Option<Vec<HashMap<String, Vec<String>>>>,
[INFO] [stdout]    |         ^^^^^^^^
[INFO] [stdout] 22 |     pub tags: Option<Vec<Tag>>,
[INFO] [stdout]    |         ^^^^
[INFO] [stdout] 23 |     #[serde(rename = "externalDocs")]
[INFO] [stdout] 24 |     pub external_docs: Option<ExternalDocumentation>,
[INFO] [stdout]    |         ^^^^^^^^^^^^^
[INFO] [stdout]    |
[INFO] [stdout]    = note: `Swagger` has a derived impl for the trait `Debug`, but this is intentionally ignored during dead code analysis
[INFO] [stdout] 
[INFO] [stdout] 
[INFO] [stdout] warning: multiple fields are never read
[INFO] [stdout]   --> src/parser/schema/path_item.rs:8:5
[INFO] [stdout]    |
[INFO] [stdout] 6  | pub struct PathItem {
[INFO] [stdout]    |            -------- fields in this struct
[INFO] [stdout] 7  |     #[serde(rename = "$ref")]
[INFO] [stdout] 8  |     reference: Option<String>,
[INFO] [stdout]    |     ^^^^^^^^^
[INFO] [stdout] 9  |     get: Option<Operation>,
[INFO] [stdout]    |     ^^^
[INFO] [stdout] 10 |     put: Option<Operation>,
[INFO] [stdout]    |     ^^^
[INFO] [stdout] 11 |     post: Option<Operation>,
[INFO] [stdout]    |     ^^^^
[INFO] [stdout] 12 |     delete: Option<Operation>,
[INFO] [stdout]    |     ^^^^^^
[INFO] [stdout] 13 |     options: Option<Operation>,
[INFO] [stdout]    |     ^^^^^^^
[INFO] [stdout] 14 |     head: Option<Operation>,
[INFO] [stdout]    |     ^^^^
[INFO] [stdout] 15 |     patch: Option<Operation>,
[INFO] [stdout]    |     ^^^^^
[INFO] [stdout] 16 |     parameters: Option<Vec<ParameterType>>,
[INFO] [stdout]    |     ^^^^^^^^^^
[INFO] [stdout]    |
[INFO] [stdout]    = note: `PathItem` has a derived impl for the trait `Debug`, but this is intentionally ignored during dead code analysis
[INFO] [stdout] 
[INFO] [stdout] 
[INFO] [stderr]     Finished `dev` profile [unoptimized + debuginfo] target(s) in 46.54s
[INFO] running `Command { std: "docker" "inspect" "366f0d39cfd316d2760c72d4a1bc16e67551e109aade10e84b5636f5c28a49e7", kill_on_drop: false }`
[INFO] running `Command { std: "docker" "rm" "-f" "366f0d39cfd316d2760c72d4a1bc16e67551e109aade10e84b5636f5c28a49e7", kill_on_drop: false }`
[INFO] [stdout] 366f0d39cfd316d2760c72d4a1bc16e67551e109aade10e84b5636f5c28a49e7
[INFO] running `Command { std: "docker" "create" "-v" "/var/lib/crater-agent-workspace/builds/worker-6-tc1/target:/opt/rustwide/target:rw,Z" "-v" "/var/lib/crater-agent-workspace/builds/worker-6-tc1/source:/opt/rustwide/workdir:ro,Z" "-v" "/var/lib/crater-agent-workspace/cargo-home:/opt/rustwide/cargo-home:ro,Z" "-v" "/var/lib/crater-agent-workspace/rustup-home:/opt/rustwide/rustup-home:ro,Z" "-e" "SOURCE_DIR=/opt/rustwide/workdir" "-e" "CARGO_TARGET_DIR=/opt/rustwide/target" "-e" "CARGO_INCREMENTAL=0" "-e" "RUST_BACKTRACE=full" "-e" "RUSTFLAGS=--cap-lints=warn" "-e" "RUSTDOCFLAGS=--cap-lints=warn" "-e" "CARGO_HOME=/opt/rustwide/cargo-home" "-e" "RUSTUP_HOME=/opt/rustwide/rustup-home" "-w" "/opt/rustwide/workdir" "-m" "1610612736" "--user" "0:0" "--network" "none" "ghcr.io/rust-lang/crates-build-env/linux@sha256:f3a9d4ad9d972b27faf3965f35b62e55ba32bbce8f20bc8fe909558a86702fde" "/opt/rustwide/cargo-home/bin/cargo" "+1.83.0" "test" "--frozen" "--no-run" "--message-format=json", kill_on_drop: false }`
[INFO] [stdout] d8854634a221ff995946218dfa9cd9a6fcf9bc3b3550cc7e2e79b9321ba9112e
[INFO] running `Command { std: "docker" "start" "-a" "d8854634a221ff995946218dfa9cd9a6fcf9bc3b3550cc7e2e79b9321ba9112e", kill_on_drop: false }`
[INFO] [stderr]    Compiling syn v2.0.76
[INFO] [stderr]    Compiling semver v1.0.23
[INFO] [stderr]    Compiling futures-core v0.3.30
[INFO] [stderr]    Compiling memchr v2.7.4
[INFO] [stderr]    Compiling futures-sink v0.3.30
[INFO] [stderr]    Compiling winnow v0.6.18
[INFO] [stderr]    Compiling futures-io v0.3.30
[INFO] [stderr]    Compiling regex-syntax v0.8.4
[INFO] [stderr]    Compiling toml_datetime v0.6.8
[INFO] [stderr]    Compiling glob v0.3.1
[INFO] [stderr]    Compiling relative-path v1.9.3
[INFO] [stderr]    Compiling futures-timer v3.0.3
[INFO] [stderr]    Compiling futures-channel v0.3.30
[INFO] [stderr]    Compiling rustc_version v0.4.1
[INFO] [stderr]    Compiling aho-corasick v1.1.3
[INFO] [stderr]    Compiling rstest_macros v0.22.0
[INFO] [stderr]    Compiling toml_edit v0.22.20
[INFO] [stderr]    Compiling regex-automata v0.4.7
[INFO] [stderr]    Compiling proc-macro-crate v3.2.0
[INFO] [stderr]    Compiling regex v1.10.6
[INFO] [stderr]    Compiling serde_derive v1.0.209
[INFO] [stderr]    Compiling zerocopy-derive v0.7.35
[INFO] [stderr]    Compiling futures-macro v0.3.30
[INFO] [stderr]    Compiling thiserror-impl v1.0.63
[INFO] [stderr]    Compiling zerocopy v0.7.35
[INFO] [stderr]    Compiling futures-util v0.3.30
[INFO] [stderr]    Compiling thiserror v1.0.63
[INFO] [stderr]    Compiling ppv-lite86 v0.2.20
[INFO] [stderr]    Compiling rand_chacha v0.3.1
[INFO] [stderr]    Compiling rand v0.8.5
[INFO] [stderr]    Compiling serde v1.0.209
[INFO] [stderr]    Compiling futures-executor v0.3.30
[INFO] [stderr]    Compiling futures v0.3.30
[INFO] [stderr]    Compiling rstest v0.22.0
[INFO] [stderr]    Compiling log v0.4.22
[INFO] [stderr]    Compiling serde_json v1.0.127
[INFO] [stderr]    Compiling serde-value v0.7.0
[INFO] [stderr]    Compiling serde_yaml v0.9.34+deprecated
[INFO] [stderr]    Compiling git2 v0.19.0
[INFO] [stderr]    Compiling log4rs v1.3.0
[INFO] [stderr]    Compiling razure v0.1.0 (/opt/rustwide/workdir)
[INFO] [stdout] warning: unused import: `log::error`
[INFO] [stdout]  --> src/generator/terminal.rs:1:5
[INFO] [stdout]   |
[INFO] [stdout] 1 | use log::error;
[INFO] [stdout]   |     ^^^^^^^^^^
[INFO] [stdout]   |
[INFO] [stdout]   = note: `#[warn(unused_imports)]` on by default
[INFO] [stdout] 
[INFO] [stdout] 
[INFO] [stdout] warning: unused import: `schema::*`
[INFO] [stdout]  --> src/parser/mod.rs:6:5
[INFO] [stdout]   |
[INFO] [stdout] 6 | use schema::*;
[INFO] [stdout]   |     ^^^^^^^^^
[INFO] [stdout] 
[INFO] [stdout] 
[INFO] [stdout] warning: function `check_executable_exists` is never used
[INFO] [stdout]   --> src/generator/terminal.rs:57:8
[INFO] [stdout]    |
[INFO] [stdout] 57 | pub fn check_executable_exists(executable: &str) -> bool {
[INFO] [stdout]    |        ^^^^^^^^^^^^^^^^^^^^^^^
[INFO] [stdout]    |
[INFO] [stdout]    = note: `#[warn(dead_code)]` on by default
[INFO] [stdout] 
[INFO] [stdout] 
[INFO] [stdout] warning: multiple fields are never read
[INFO] [stdout]   --> src/parser/schema/path_item.rs:8:5
[INFO] [stdout]    |
[INFO] [stdout] 6  | pub struct PathItem {
[INFO] [stdout]    |            -------- fields in this struct
[INFO] [stdout] 7  |     #[serde(rename = "$ref")]
[INFO] [stdout] 8  |     reference: Option<String>,
[INFO] [stdout]    |     ^^^^^^^^^
[INFO] [stdout] 9  |     get: Option<Operation>,
[INFO] [stdout]    |     ^^^
[INFO] [stdout] 10 |     put: Option<Operation>,
[INFO] [stdout]    |     ^^^
[INFO] [stdout] 11 |     post: Option<Operation>,
[INFO] [stdout]    |     ^^^^
[INFO] [stdout] 12 |     delete: Option<Operation>,
[INFO] [stdout]    |     ^^^^^^
[INFO] [stdout] 13 |     options: Option<Operation>,
[INFO] [stdout]    |     ^^^^^^^
[INFO] [stdout] 14 |     head: Option<Operation>,
[INFO] [stdout]    |     ^^^^
[INFO] [stdout] 15 |     patch: Option<Operation>,
[INFO] [stdout]    |     ^^^^^
[INFO] [stdout] 16 |     parameters: Option<Vec<ParameterType>>,
[INFO] [stdout]    |     ^^^^^^^^^^
[INFO] [stdout]    |
[INFO] [stdout]    = note: `PathItem` has a derived impl for the trait `Debug`, but this is intentionally ignored during dead code analysis
[INFO] [stdout] 
[INFO] [stdout] 
[INFO] [stdout] warning: function `setup_logging` is never used
[INFO] [stdout]   --> src/logger.rs:10:8
[INFO] [stdout]    |
[INFO] [stdout] 10 | pub fn setup_logging() {
[INFO] [stdout]    |        ^^^^^^^^^^^^^
[INFO] [stdout] 
[INFO] [stdout] 
[INFO] [stdout] warning: unused import: `log::error`
[INFO] [stdout]  --> src/generator/terminal.rs:1:5
[INFO] [stdout]   |
[INFO] [stdout] 1 | use log::error;
[INFO] [stdout]   |     ^^^^^^^^^^
[INFO] [stdout]   |
[INFO] [stdout]   = note: `#[warn(unused_imports)]` on by default
[INFO] [stdout] 
[INFO] [stdout] 
[INFO] [stdout] warning: unused variable: `schema_reference`
[INFO] [stdout]    --> src/parser/schema/parameter.rs:121:13
[INFO] [stdout]     |
[INFO] [stdout] 121 |         let schema_reference = "#/definitions/SubscriptionName";
[INFO] [stdout]     |             ^^^^^^^^^^^^^^^^ help: if this is intentional, prefix it with an underscore: `_schema_reference`
[INFO] [stdout]     |
[INFO] [stdout]     = note: `#[warn(unused_variables)]` on by default
[INFO] [stdout] 
[INFO] [stdout] 
[INFO] [stdout] warning: unused import: `log::error`
[INFO] [stdout]  --> src/generator/terminal.rs:1:5
[INFO] [stdout]   |
[INFO] [stdout] 1 | use log::error;
[INFO] [stdout]   |     ^^^^^^^^^^
[INFO] [stdout]   |
[INFO] [stdout]   = note: `#[warn(unused_imports)]` on by default
[INFO] [stdout] 
[INFO] [stdout] 
[INFO] [stdout] warning: unused import: `schema::*`
[INFO] [stdout]  --> src/parser/mod.rs:6:5
[INFO] [stdout]   |
[INFO] [stdout] 6 | use schema::*;
[INFO] [stdout]   |     ^^^^^^^^^
[INFO] [stdout] 
[INFO] [stdout] 
[INFO] [stdout] warning: unused import: `log::error`
[INFO] [stdout]  --> src/generator/terminal.rs:1:5
[INFO] [stdout]   |
[INFO] [stdout] 1 | use log::error;
[INFO] [stdout]   |     ^^^^^^^^^^
[INFO] [stdout]   |
[INFO] [stdout]   = note: `#[warn(unused_imports)]` on by default
[INFO] [stdout] 
[INFO] [stdout] 
[INFO] [stdout] warning: function `check_executable_exists` is never used
[INFO] [stdout]   --> src/generator/terminal.rs:57:8
[INFO] [stdout]    |
[INFO] [stdout] 57 | pub fn check_executable_exists(executable: &str) -> bool {
[INFO] [stdout]    |        ^^^^^^^^^^^^^^^^^^^^^^^
[INFO] [stdout]    |
[INFO] [stdout]    = note: `#[warn(dead_code)]` on by default
[INFO] [stdout] 
[INFO] [stdout] 
[INFO] [stdout] warning: field `reference` is never read
[INFO] [stdout]  --> src/parser/schema/path_item.rs:8:5
[INFO] [stdout]   |
[INFO] [stdout] 6 | pub struct PathItem {
[INFO] [stdout]   |            -------- field in this struct
[INFO] [stdout] 7 |     #[serde(rename = "$ref")]
[INFO] [stdout] 8 |     reference: Option<String>,
[INFO] [stdout]   |     ^^^^^^^^^
[INFO] [stdout]   |
[INFO] [stdout]   = note: `PathItem` has a derived impl for the trait `Debug`, but this is intentionally ignored during dead code analysis
[INFO] [stdout] 
[INFO] [stdout] 
[INFO] [stdout] warning: function `setup_logging` is never used
[INFO] [stdout]   --> src/logger.rs:10:8
[INFO] [stdout]    |
[INFO] [stdout] 10 | pub fn setup_logging() {
[INFO] [stdout]    |        ^^^^^^^^^^^^^
[INFO] [stdout] 
[INFO] [stdout] 
[INFO] [stdout] warning: unused variable: `schema_reference`
[INFO] [stdout]    --> src/parser/schema/parameter.rs:121:13
[INFO] [stdout]     |
[INFO] [stdout] 121 |         let schema_reference = "#/definitions/SubscriptionName";
[INFO] [stdout]     |             ^^^^^^^^^^^^^^^^ help: if this is intentional, prefix it with an underscore: `_schema_reference`
[INFO] [stdout]     |
[INFO] [stdout]     = note: `#[warn(unused_variables)]` on by default
[INFO] [stdout] 
[INFO] [stdout] 
[INFO] [stdout] warning: function `check_executable_exists` is never used
[INFO] [stdout]   --> src/generator/terminal.rs:57:8
[INFO] [stdout]    |
[INFO] [stdout] 57 | pub fn check_executable_exists(executable: &str) -> bool {
[INFO] [stdout]    |        ^^^^^^^^^^^^^^^^^^^^^^^
[INFO] [stdout]    |
[INFO] [stdout]    = note: `#[warn(dead_code)]` on by default
[INFO] [stdout] 
[INFO] [stdout] 
[INFO] [stdout] warning: fields `required`, `all_of`, and `description` are never read
[INFO] [stdout]   --> src/parser/schema/definition.rs:52:9
[INFO] [stdout]    |
[INFO] [stdout] 48 | pub struct Definition {
[INFO] [stdout]    |            ---------- fields in this struct
[INFO] [stdout] ...
[INFO] [stdout] 52 |     pub required: Option<Vec<String>>,
[INFO] [stdout]    |         ^^^^^^^^
[INFO] [stdout] ...
[INFO] [stdout] 55 |     pub all_of: Option<Vec<ParameterType>>,
[INFO] [stdout]    |         ^^^^^^
[INFO] [stdout] 56 |     #[serde(skip_serializing_if = "Option::is_none")]
[INFO] [stdout] 57 |     pub description: Option<String>,
[INFO] [stdout]    |         ^^^^^^^^^^^
[INFO] [stdout]    |
[INFO] [stdout]    = note: `Definition` has a derived impl for the trait `Debug`, but this is intentionally ignored during dead code analysis
[INFO] [stdout] 
[INFO] [stdout] 
[INFO] [stdout] warning: multiple fields are never read
[INFO] [stdout]   --> src/parser/schema/swagger.rs:8:9
[INFO] [stdout]    |
[INFO] [stdout] 7  | pub struct Swagger {
[INFO] [stdout]    |            ------- fields in this struct
[INFO] [stdout] 8  |     pub swagger: String,
[INFO] [stdout]    |         ^^^^^^^
[INFO] [stdout] 9  |     pub info: Option<Info>,
[INFO] [stdout]    |         ^^^^
[INFO] [stdout] 10 |     pub schemes: Option<Vec<String>>,
[INFO] [stdout]    |         ^^^^^^^
[INFO] [stdout] 11 |     pub host: Option<String>,
[INFO] [stdout]    |         ^^^^
[INFO] [stdout] 12 |     #[serde(rename = "basePath")]
[INFO] [stdout] 13 |     pub base_path: Option<String>,
[INFO] [stdout]    |         ^^^^^^^^^
[INFO] [stdout] 14 |     pub consumes: Option<Vec<String>>,
[INFO] [stdout]    |         ^^^^^^^^
[INFO] [stdout] 15 |     pub produces: Option<Vec<String>>,
[INFO] [stdout]    |         ^^^^^^^^
[INFO] [stdout] 16 |     pub paths: Option<HashMap<String, PathItem>>,
[INFO] [stdout]    |         ^^^^^
[INFO] [stdout] ...
[INFO] [stdout] 20 |     pub security_definitions: Option<HashMap<String, SecuritySchema>>,
[INFO] [stdout]    |         ^^^^^^^^^^^^^^^^^^^^
[INFO] [stdout] 21 |     pub security: Option<Vec<HashMap<String, Vec<String>>>>,
[INFO] [stdout]    |         ^^^^^^^^
[INFO] [stdout] 22 |     pub tags: Option<Vec<Tag>>,
[INFO] [stdout]    |         ^^^^
[INFO] [stdout] 23 |     #[serde(rename = "externalDocs")]
[INFO] [stdout] 24 |     pub external_docs: Option<ExternalDocumentation>,
[INFO] [stdout]    |         ^^^^^^^^^^^^^
[INFO] [stdout]    |
[INFO] [stdout]    = note: `Swagger` has a derived impl for the trait `Debug`, but this is intentionally ignored during dead code analysis
[INFO] [stdout] 
[INFO] [stdout] 
[INFO] [stdout] warning: multiple fields are never read
[INFO] [stdout]   --> src/parser/schema/path_item.rs:8:5
[INFO] [stdout]    |
[INFO] [stdout] 6  | pub struct PathItem {
[INFO] [stdout]    |            -------- fields in this struct
[INFO] [stdout] 7  |     #[serde(rename = "$ref")]
[INFO] [stdout] 8  |     reference: Option<String>,
[INFO] [stdout]    |     ^^^^^^^^^
[INFO] [stdout] 9  |     get: Option<Operation>,
[INFO] [stdout]    |     ^^^
[INFO] [stdout] 10 |     put: Option<Operation>,
[INFO] [stdout]    |     ^^^
[INFO] [stdout] 11 |     post: Option<Operation>,
[INFO] [stdout]    |     ^^^^
[INFO] [stdout] 12 |     delete: Option<Operation>,
[INFO] [stdout]    |     ^^^^^^
[INFO] [stdout] 13 |     options: Option<Operation>,
[INFO] [stdout]    |     ^^^^^^^
[INFO] [stdout] 14 |     head: Option<Operation>,
[INFO] [stdout]    |     ^^^^
[INFO] [stdout] 15 |     patch: Option<Operation>,
[INFO] [stdout]    |     ^^^^^
[INFO] [stdout] 16 |     parameters: Option<Vec<ParameterType>>,
[INFO] [stdout]    |     ^^^^^^^^^^
[INFO] [stdout]    |
[INFO] [stdout]    = note: `PathItem` has a derived impl for the trait `Debug`, but this is intentionally ignored during dead code analysis
[INFO] [stdout] 
[INFO] [stdout] 
[INFO] [stdout] warning: function `check_executable_exists` is never used
[INFO] [stdout]   --> src/generator/terminal.rs:57:8
[INFO] [stdout]    |
[INFO] [stdout] 57 | pub fn check_executable_exists(executable: &str) -> bool {
[INFO] [stdout]    |        ^^^^^^^^^^^^^^^^^^^^^^^
[INFO] [stdout]    |
[INFO] [stdout]    = note: `#[warn(dead_code)]` on by default
[INFO] [stdout] 
[INFO] [stdout] 
[INFO] [stdout] warning: fields `required`, `all_of`, and `description` are never read
[INFO] [stdout]   --> src/parser/schema/definition.rs:52:9
[INFO] [stdout]    |
[INFO] [stdout] 48 | pub struct Definition {
[INFO] [stdout]    |            ---------- fields in this struct
[INFO] [stdout] ...
[INFO] [stdout] 52 |     pub required: Option<Vec<String>>,
[INFO] [stdout]    |         ^^^^^^^^
[INFO] [stdout] ...
[INFO] [stdout] 55 |     pub all_of: Option<Vec<ParameterType>>,
[INFO] [stdout]    |         ^^^^^^
[INFO] [stdout] 56 |     #[serde(skip_serializing_if = "Option::is_none")]
[INFO] [stdout] 57 |     pub description: Option<String>,
[INFO] [stdout]    |         ^^^^^^^^^^^
[INFO] [stdout]    |
[INFO] [stdout]    = note: `Definition` has a derived impl for the trait `Debug`, but this is intentionally ignored during dead code analysis
[INFO] [stdout] 
[INFO] [stdout] 
[INFO] [stdout] warning: fields `paths`, `security_definitions`, `security`, `tags`, and `external_docs` are never read
[INFO] [stdout]   --> src/parser/schema/swagger.rs:16:9
[INFO] [stdout]    |
[INFO] [stdout] 7  | pub struct Swagger {
[INFO] [stdout]    |            ------- fields in this struct
[INFO] [stdout] ...
[INFO] [stdout] 16 |     pub paths: Option<HashMap<String, PathItem>>,
[INFO] [stdout]    |         ^^^^^
[INFO] [stdout] ...
[INFO] [stdout] 20 |     pub security_definitions: Option<HashMap<String, SecuritySchema>>,
[INFO] [stdout]    |         ^^^^^^^^^^^^^^^^^^^^
[INFO] [stdout] 21 |     pub security: Option<Vec<HashMap<String, Vec<String>>>>,
[INFO] [stdout]    |         ^^^^^^^^
[INFO] [stdout] 22 |     pub tags: Option<Vec<Tag>>,
[INFO] [stdout]    |         ^^^^
[INFO] [stdout] 23 |     #[serde(rename = "externalDocs")]
[INFO] [stdout] 24 |     pub external_docs: Option<ExternalDocumentation>,
[INFO] [stdout]    |         ^^^^^^^^^^^^^
[INFO] [stdout]    |
[INFO] [stdout]    = note: `Swagger` has a derived impl for the trait `Debug`, but this is intentionally ignored during dead code analysis
[INFO] [stdout] 
[INFO] [stdout] 
[INFO] [stdout] warning: field `reference` is never read
[INFO] [stdout]  --> src/parser/schema/path_item.rs:8:5
[INFO] [stdout]   |
[INFO] [stdout] 6 | pub struct PathItem {
[INFO] [stdout]   |            -------- field in this struct
[INFO] [stdout] 7 |     #[serde(rename = "$ref")]
[INFO] [stdout] 8 |     reference: Option<String>,
[INFO] [stdout]   |     ^^^^^^^^^
[INFO] [stdout]   |
[INFO] [stdout]   = note: `PathItem` has a derived impl for the trait `Debug`, but this is intentionally ignored during dead code analysis
[INFO] [stdout] 
[INFO] [stdout] 
[INFO] [stderr]     Finished `test` profile [unoptimized + debuginfo] target(s) in 47.87s
[INFO] running `Command { std: "docker" "inspect" "d8854634a221ff995946218dfa9cd9a6fcf9bc3b3550cc7e2e79b9321ba9112e", kill_on_drop: false }`
[INFO] running `Command { std: "docker" "rm" "-f" "d8854634a221ff995946218dfa9cd9a6fcf9bc3b3550cc7e2e79b9321ba9112e", kill_on_drop: false }`
[INFO] [stdout] d8854634a221ff995946218dfa9cd9a6fcf9bc3b3550cc7e2e79b9321ba9112e
[INFO] running `Command { std: "docker" "create" "-v" "/var/lib/crater-agent-workspace/builds/worker-6-tc1/target:/opt/rustwide/target:rw,Z" "-v" "/var/lib/crater-agent-workspace/builds/worker-6-tc1/source:/opt/rustwide/workdir:ro,Z" "-v" "/var/lib/crater-agent-workspace/cargo-home:/opt/rustwide/cargo-home:ro,Z" "-v" "/var/lib/crater-agent-workspace/rustup-home:/opt/rustwide/rustup-home:ro,Z" "-e" "SOURCE_DIR=/opt/rustwide/workdir" "-e" "CARGO_TARGET_DIR=/opt/rustwide/target" "-e" "CARGO_INCREMENTAL=0" "-e" "RUST_BACKTRACE=full" "-e" "RUSTFLAGS=--cap-lints=warn" "-e" "RUSTDOCFLAGS=--cap-lints=warn" "-e" "CARGO_HOME=/opt/rustwide/cargo-home" "-e" "RUSTUP_HOME=/opt/rustwide/rustup-home" "-w" "/opt/rustwide/workdir" "-m" "1610612736" "--user" "0:0" "--network" "none" "ghcr.io/rust-lang/crates-build-env/linux@sha256:f3a9d4ad9d972b27faf3965f35b62e55ba32bbce8f20bc8fe909558a86702fde" "/opt/rustwide/cargo-home/bin/cargo" "+1.83.0" "test" "--frozen", kill_on_drop: false }`
[INFO] [stdout] d1eb0c30ef45117d41aed350e33fcbe30463c3d48bc77a5bab794c14829d48d4
[INFO] running `Command { std: "docker" "start" "-a" "d1eb0c30ef45117d41aed350e33fcbe30463c3d48bc77a5bab794c14829d48d4", kill_on_drop: false }`
[INFO] [stderr] warning: unused import: `log::error`
[INFO] [stderr]  --> src/generator/terminal.rs:1:5
[INFO] [stderr]   |
[INFO] [stderr] 1 | use log::error;
[INFO] [stderr]   |     ^^^^^^^^^^
[INFO] [stderr]   |
[INFO] [stderr]   = note: `#[warn(unused_imports)]` on by default
[INFO] [stderr] 
[INFO] [stderr] warning: unused import: `schema::*`
[INFO] [stderr]  --> src/parser/mod.rs:6:5
[INFO] [stderr]   |
[INFO] [stderr] 6 | use schema::*;
[INFO] [stderr]   |     ^^^^^^^^^
[INFO] [stderr] 
[INFO] [stderr] warning: function `check_executable_exists` is never used
[INFO] [stderr]   --> src/generator/terminal.rs:57:8
[INFO] [stderr]    |
[INFO] [stderr] 57 | pub fn check_executable_exists(executable: &str) -> bool {
[INFO] [stderr]    |        ^^^^^^^^^^^^^^^^^^^^^^^
[INFO] [stderr]    |
[INFO] [stderr]    = note: `#[warn(dead_code)]` on by default
[INFO] [stderr] 
[INFO] [stderr] warning: multiple fields are never read
[INFO] [stderr]   --> src/parser/schema/path_item.rs:8:5
[INFO] [stderr]    |
[INFO] [stderr] 6  | pub struct PathItem {
[INFO] [stderr]    |            -------- fields in this struct
[INFO] [stderr] 7  |     #[serde(rename = "$ref")]
[INFO] [stderr] 8  |     reference: Option<String>,
[INFO] [stderr]    |     ^^^^^^^^^
[INFO] [stderr] 9  |     get: Option<Operation>,
[INFO] [stderr]    |     ^^^
[INFO] [stderr] 10 |     put: Option<Operation>,
[INFO] [stderr]    |     ^^^
[INFO] [stderr] 11 |     post: Option<Operation>,
[INFO] [stderr]    |     ^^^^
[INFO] [stderr] 12 |     delete: Option<Operation>,
[INFO] [stderr]    |     ^^^^^^
[INFO] [stderr] 13 |     options: Option<Operation>,
[INFO] [stderr]    |     ^^^^^^^
[INFO] [stderr] 14 |     head: Option<Operation>,
[INFO] [stderr]    |     ^^^^
[INFO] [stderr] 15 |     patch: Option<Operation>,
[INFO] [stderr]    |     ^^^^^
[INFO] [stderr] 16 |     parameters: Option<Vec<ParameterType>>,
[INFO] [stderr]    |     ^^^^^^^^^^
[INFO] [stderr]    |
[INFO] [stderr]    = note: `PathItem` has a derived impl for the trait `Debug`, but this is intentionally ignored during dead code analysis
[INFO] [stderr] 
[INFO] [stderr] warning: function `setup_logging` is never used
[INFO] [stderr]   --> src/logger.rs:10:8
[INFO] [stderr]    |
[INFO] [stderr] 10 | pub fn setup_logging() {
[INFO] [stderr]    |        ^^^^^^^^^^^^^
[INFO] [stderr] 
[INFO] [stderr] warning: `razure` (lib) generated 5 warnings (run `cargo fix --lib -p razure` to apply 2 suggestions)
[INFO] [stderr] warning: unused variable: `schema_reference`
[INFO] [stderr]    --> src/parser/schema/parameter.rs:121:13
[INFO] [stderr]     |
[INFO] [stderr] 121 |         let schema_reference = "#/definitions/SubscriptionName";
[INFO] [stderr]     |             ^^^^^^^^^^^^^^^^ help: if this is intentional, prefix it with an underscore: `_schema_reference`
[INFO] [stderr]     |
[INFO] [stderr]     = note: `#[warn(unused_variables)]` on by default
[INFO] [stderr] 
[INFO] [stderr] warning: fields `required`, `all_of`, and `description` are never read
[INFO] [stderr]   --> src/parser/schema/definition.rs:52:9
[INFO] [stderr]    |
[INFO] [stderr] 48 | pub struct Definition {
[INFO] [stderr]    |            ---------- fields in this struct
[INFO] [stderr] ...
[INFO] [stderr] 52 |     pub required: Option<Vec<String>>,
[INFO] [stderr]    |         ^^^^^^^^
[INFO] [stderr] ...
[INFO] [stderr] 55 |     pub all_of: Option<Vec<ParameterType>>,
[INFO] [stderr]    |         ^^^^^^
[INFO] [stderr] 56 |     #[serde(skip_serializing_if = "Option::is_none")]
[INFO] [stderr] 57 |     pub description: Option<String>,
[INFO] [stderr]    |         ^^^^^^^^^^^
[INFO] [stderr]    |
[INFO] [stderr]    = note: `Definition` has a derived impl for the trait `Debug`, but this is intentionally ignored during dead code analysis
[INFO] [stderr] 
[INFO] [stderr] warning: fields `paths`, `security_definitions`, `security`, `tags`, and `external_docs` are never read
[INFO] [stderr]   --> src/parser/schema/swagger.rs:16:9
[INFO] [stderr]    |
[INFO] [stderr] 7  | pub struct Swagger {
[INFO] [stderr]    |            ------- fields in this struct
[INFO] [stderr] ...
[INFO] [stderr] 16 |     pub paths: Option<HashMap<String, PathItem>>,
[INFO] [stderr]    |         ^^^^^
[INFO] [stderr] ...
[INFO] [stderr] 20 |     pub security_definitions: Option<HashMap<String, SecuritySchema>>,
[INFO] [stderr]    |         ^^^^^^^^^^^^^^^^^^^^
[INFO] [stderr] 21 |     pub security: Option<Vec<HashMap<String, Vec<String>>>>,
[INFO] [stderr]    |         ^^^^^^^^
[INFO] [stderr] 22 |     pub tags: Option<Vec<Tag>>,
[INFO] [stderr]    |         ^^^^
[INFO] [stderr] 23 |     #[serde(rename = "externalDocs")]
[INFO] [stderr] 24 |     pub external_docs: Option<ExternalDocumentation>,
[INFO] [stderr]    |         ^^^^^^^^^^^^^
[INFO] [stderr]    |
[INFO] [stderr]    = note: `Swagger` has a derived impl for the trait `Debug`, but this is intentionally ignored during dead code analysis
[INFO] [stderr] 
[INFO] [stderr] warning: field `reference` is never read
[INFO] [stderr]  --> src/parser/schema/path_item.rs:8:5
[INFO] [stderr]   |
[INFO] [stderr] 6 | pub struct PathItem {
[INFO] [stderr]   |            -------- field in this struct
[INFO] [stderr] 7 |     #[serde(rename = "$ref")]
[INFO] [stderr] 8 |     reference: Option<String>,
[INFO] [stderr]   |     ^^^^^^^^^
[INFO] [stderr]   |
[INFO] [stderr]   = note: `PathItem` has a derived impl for the trait `Debug`, but this is intentionally ignored during dead code analysis
[INFO] [stderr] 
[INFO] [stderr] warning: multiple fields are never read
[INFO] [stderr]   --> src/parser/schema/swagger.rs:8:9
[INFO] [stderr]    |
[INFO] [stderr] 7  | pub struct Swagger {
[INFO] [stderr]    |            ------- fields in this struct
[INFO] [stderr] 8  |     pub swagger: String,
[INFO] [stderr]    |         ^^^^^^^
[INFO] [stderr] 9  |     pub info: Option<Info>,
[INFO] [stderr]    |         ^^^^
[INFO] [stderr] 10 |     pub schemes: Option<Vec<String>>,
[INFO] [stderr]    |         ^^^^^^^
[INFO] [stderr] 11 |     pub host: Option<String>,
[INFO] [stderr]    |         ^^^^
[INFO] [stderr] 12 |     #[serde(rename = "basePath")]
[INFO] [stderr] 13 |     pub base_path: Option<String>,
[INFO] [stderr]    |         ^^^^^^^^^
[INFO] [stderr] 14 |     pub consumes: Option<Vec<String>>,
[INFO] [stderr]    |         ^^^^^^^^
[INFO] [stderr] 15 |     pub produces: Option<Vec<String>>,
[INFO] [stderr]    |         ^^^^^^^^
[INFO] [stderr] 16 |     pub paths: Option<HashMap<String, PathItem>>,
[INFO] [stderr]    |         ^^^^^
[INFO] [stderr] ...
[INFO] [stderr] 20 |     pub security_definitions: Option<HashMap<String, SecuritySchema>>,
[INFO] [stderr]    |         ^^^^^^^^^^^^^^^^^^^^
[INFO] [stderr] 21 |     pub security: Option<Vec<HashMap<String, Vec<String>>>>,
[INFO] [stderr]    |         ^^^^^^^^
[INFO] [stderr] 22 |     pub tags: Option<Vec<Tag>>,
[INFO] [stderr]    |         ^^^^
[INFO] [stderr] 23 |     #[serde(rename = "externalDocs")]
[INFO] [stderr] 24 |     pub external_docs: Option<ExternalDocumentation>,
[INFO] [stderr]    |         ^^^^^^^^^^^^^
[INFO] [stderr]    |
[INFO] [stderr]    = note: `Swagger` has a derived impl for the trait `Debug`, but this is intentionally ignored during dead code analysis
[INFO] [stderr] 
[INFO] [stderr] warning: `razure` (bin "razure" test) generated 6 warnings (2 duplicates)
[INFO] [stderr] warning: `razure` (bin "razure") generated 6 warnings (5 duplicates)
[INFO] [stderr] warning: `razure` (lib test) generated 5 warnings (5 duplicates)
[INFO] [stderr]     Finished `test` profile [unoptimized + debuginfo] target(s) in 0.34s
[INFO] [stderr]      Running unittests src/lib.rs (/opt/rustwide/target/debug/deps/razure-ca2b3042b30bfb93)
[INFO] [stdout] 
[INFO] [stdout] running 24 tests
[INFO] [stdout] test parser::schema::contact::test::deserialize_contact ... ok
[INFO] [stdout] test parser::schema::external_documentation::test::deserialize_external_documentation ... ok
[INFO] [stdout] test parser::schema::license::test::deserialize_license ... ok
[INFO] [stdout] test parser::schema::info::test::deserialize_info ... ok
[INFO] [stdout] test parser::schema::operation::tests::deserialize_operation_with_many_parameters ... ok
[INFO] [stdout] test parser::schema::operation::tests::deserialize_operation_with_parameter ... ok
[INFO] [stdout] test parser::schema::operation::tests::deserialize_operation_with_reference ... ok
[INFO] [stdout] test parser::schema::external_documentation::test::deserialize_external_documentation_without_description ... ok
[INFO] [stdout] test parser::schema::definition::tests::deserialize_definition ... ok
[INFO] [stdout] test parser::schema::parameter::tests::deserialize_parameter_with_parameter_types::case_1_string ... ok
[INFO] [stdout] test parser::schema::parameter::tests::deserialize_parameter_with_parameter_types::case_3_integer ... ok
[INFO] [stdout] test parser::schema::parameter::tests::deserialize_parameter_with_parameter_types::case_2_number ... ok
[INFO] [stdout] test parser::schema::parameter::tests::deserialize_parameter_with_parameter_types::case_4_boolean ... ok
[INFO] [stdout] test parser::schema::parameter::tests::deserialize_parameter_with_parameter_types::case_5_array ... ok
[INFO] [stdout] test parser::schema::parameter::tests::deserialize_parameter_with_parameter_types::case_6_file ... ok
[INFO] [stdout] test parser::schema::parameter::tests::deserialize_parameter_with_schema ... ok
[INFO] [stdout] test parser::schema::parameter::tests::deserialize_parameter_with_schema_ref ... ok
[INFO] [stdout] test parser::schema::reference::tests::deserialize_reference ... ok
[INFO] [stdout] test parser::schema::response::tests::deserialize_operation_with_parameter ... ok
[INFO] [stdout] test parser::schema::response::tests::deserialize_operation_with_reference ... ok
[INFO] [stdout] test parser::schema::security_scheme::tests::deserialize_security_schema ... ok
[INFO] [stdout] test parser::schema::swagger::tests::deserialize_schema ... ok
[INFO] [stdout] test parser::schema::path_item::tests::deserialize_path_item ... ok
[INFO] [stdout] test parser::schema::tag::test::deserialize_tag ... ok
[INFO] [stdout] 
[INFO] [stdout] test result: ok. 24 passed; 0 failed; 0 ignored; 0 measured; 0 filtered out; finished in 0.02s
[INFO] [stdout] 
[INFO] [stderr]      Running unittests src/main.rs (/opt/rustwide/target/debug/deps/razure-4062f27f48b4fd72)
[INFO] [stdout] 
[INFO] [stdout] running 24 tests
[INFO] [stdout] test parser::schema::operation::tests::deserialize_operation_with_reference ... ok
[INFO] [stdout] test parser::schema::operation::tests::deserialize_operation_with_parameter ... ok
[INFO] [stdout] test parser::schema::info::test::deserialize_info ... ok
[INFO] [stdout] test parser::schema::definition::tests::deserialize_definition ... ok
[INFO] [stdout] test parser::schema::operation::tests::deserialize_operation_with_many_parameters ... ok
[INFO] [stdout] test parser::schema::parameter::tests::deserialize_parameter_with_parameter_types::case_1_string ... ok
[INFO] [stdout] test parser::schema::license::test::deserialize_license ... ok
[INFO] [stdout] test parser::schema::external_documentation::test::deserialize_external_documentation ... ok
[INFO] [stdout] test parser::schema::external_documentation::test::deserialize_external_documentation_without_description ... ok
[INFO] [stdout] test parser::schema::contact::test::deserialize_contact ... ok
[INFO] [stdout] test parser::schema::parameter::tests::deserialize_parameter_with_parameter_types::case_2_number ... ok
[INFO] [stdout] test parser::schema::parameter::tests::deserialize_parameter_with_parameter_types::case_3_integer ... ok
[INFO] [stdout] test parser::schema::parameter::tests::deserialize_parameter_with_schema ... ok
[INFO] [stdout] test parser::schema::parameter::tests::deserialize_parameter_with_schema_ref ... ok
[INFO] [stdout] test parser::schema::response::tests::deserialize_operation_with_parameter ... ok
[INFO] [stdout] test parser::schema::security_scheme::tests::deserialize_security_schema ... ok
[INFO] [stdout] test parser::schema::response::tests::deserialize_operation_with_reference ... ok
[INFO] [stdout] test parser::schema::tag::test::deserialize_tag ... ok
[INFO] [stdout] test parser::schema::parameter::tests::deserialize_parameter_with_parameter_types::case_5_array ... ok
[INFO] [stdout] test parser::schema::path_item::tests::deserialize_path_item ... ok
[INFO] [stdout] test parser::schema::reference::tests::deserialize_reference ... ok
[INFO] [stdout] test parser::schema::swagger::tests::deserialize_schema ... ok
[INFO] [stdout] test parser::schema::parameter::tests::deserialize_parameter_with_parameter_types::case_4_boolean ... ok
[INFO] [stdout] test parser::schema::parameter::tests::deserialize_parameter_with_parameter_types::case_6_file ... ok
[INFO] [stdout] 
[INFO] [stdout] test result: ok. 24 passed; 0 failed; 0 ignored; 0 measured; 0 filtered out; finished in 0.03s
[INFO] [stdout] 
[INFO] [stderr]      Running tests/parser_test.rs (/opt/rustwide/target/debug/deps/parser_test-652b37c8b7e68032)
[INFO] [stdout] 
[INFO] [stdout] running 1 test
[INFO] [stdout] test download_azure_gets_latest_specifications ... FAILED
[INFO] [stderr] error: test failed, to rerun pass `--test parser_test`
[INFO] [stdout] 
[INFO] [stdout] failures:
[INFO] [stdout] 
[INFO] [stdout] ---- download_azure_gets_latest_specifications stdout ----
[INFO] [stdout] thread 'download_azure_gets_latest_specifications' panicked at tests/parser_test.rs:11:81:
[INFO] [stdout] called `Result::unwrap()` on an `Err` value: Git(Error { code: -1, klass: 12, message: "failed to resolve address for github.com: Temporary failure in name resolution" })
[INFO] [stdout] stack backtrace:
[INFO] [stdout]    0:     0x600fc0bd408a - std::backtrace_rs::backtrace::libunwind::trace::h5a5b8284f2d0c266
[INFO] [stdout]                                at /rustc/90b35a6239c3d8bdabc530a6a0816f7ff89a0aaf/library/std/src/../../backtrace/src/backtrace/libunwind.rs:116:5
[INFO] [stdout]    1:     0x600fc0bd408a - std::backtrace_rs::backtrace::trace_unsynchronized::h76d4f1c9b0b875e3
[INFO] [stdout]                                at /rustc/90b35a6239c3d8bdabc530a6a0816f7ff89a0aaf/library/std/src/../../backtrace/src/backtrace/mod.rs:66:5
[INFO] [stdout]    2:     0x600fc0bd408a - std::sys::backtrace::_print_fmt::hc4546b8364a537c6
[INFO] [stdout]                                at /rustc/90b35a6239c3d8bdabc530a6a0816f7ff89a0aaf/library/std/src/sys/backtrace.rs:66:9
[INFO] [stdout]    3:     0x600fc0bd408a - <std::sys::backtrace::BacktraceLock::print::DisplayBacktrace as core::fmt::Display>::fmt::h5b6bd5631a6d1f6b
[INFO] [stdout]                                at /rustc/90b35a6239c3d8bdabc530a6a0816f7ff89a0aaf/library/std/src/sys/backtrace.rs:39:26
[INFO] [stdout]    4:     0x600fc0bfab83 - core::fmt::rt::Argument::fmt::h270f6602a2b96f62
[INFO] [stdout]                                at /rustc/90b35a6239c3d8bdabc530a6a0816f7ff89a0aaf/library/core/src/fmt/rt.rs:177:76
[INFO] [stdout]    5:     0x600fc0bfab83 - core::fmt::write::h7550c97b06c86515
[INFO] [stdout]                                at /rustc/90b35a6239c3d8bdabc530a6a0816f7ff89a0aaf/library/core/src/fmt/mod.rs:1186:21
[INFO] [stdout]    6:     0x600fc0bd0f03 - std::io::Write::write_fmt::h509ff860e5956e5e
[INFO] [stdout]                                at /rustc/90b35a6239c3d8bdabc530a6a0816f7ff89a0aaf/library/std/src/io/mod.rs:1839:15
[INFO] [stdout]    7:     0x600fc0bd3ed2 - std::sys::backtrace::BacktraceLock::print::h2395ccd2c84ba3aa
[INFO] [stdout]                                at /rustc/90b35a6239c3d8bdabc530a6a0816f7ff89a0aaf/library/std/src/sys/backtrace.rs:42:9
[INFO] [stdout]    8:     0x600fc0bd54ea - std::panicking::default_hook::{{closure}}::he19d4c7230e07961
[INFO] [stdout]                                at /rustc/90b35a6239c3d8bdabc530a6a0816f7ff89a0aaf/library/std/src/panicking.rs:268:22
[INFO] [stdout]    9:     0x600fc0bd52f4 - std::panicking::default_hook::hf614597d3c67bbdb
[INFO] [stdout]                                at /rustc/90b35a6239c3d8bdabc530a6a0816f7ff89a0aaf/library/std/src/panicking.rs:292:9
[INFO] [stdout]   10:     0x600fc0978cc9 - <alloc::boxed::Box<F,A> as core::ops::function::Fn<Args>>::call::h39b51ce4599c23d1
[INFO] [stdout]                                at /rustc/90b35a6239c3d8bdabc530a6a0816f7ff89a0aaf/library/alloc/src/boxed.rs:2468:9
[INFO] [stdout]   11:     0x600fc0978cc9 - test::test_main::{{closure}}::he977ae839a582784
[INFO] [stdout]                                at /rustc/90b35a6239c3d8bdabc530a6a0816f7ff89a0aaf/library/test/src/lib.rs:133:21
[INFO] [stdout]   12:     0x600fc0bd5b88 - <alloc::boxed::Box<F,A> as core::ops::function::Fn<Args>>::call::h9455091b6b06f9fb
[INFO] [stdout]                                at /rustc/90b35a6239c3d8bdabc530a6a0816f7ff89a0aaf/library/alloc/src/boxed.rs:2468:9
[INFO] [stdout]   13:     0x600fc0bd5b88 - std::panicking::rust_panic_with_hook::h8942133a8b252070
[INFO] [stdout]                                at /rustc/90b35a6239c3d8bdabc530a6a0816f7ff89a0aaf/library/std/src/panicking.rs:809:13
[INFO] [stdout]   14:     0x600fc0bd594a - std::panicking::begin_panic_handler::{{closure}}::hb5f5963570096b29
[INFO] [stdout]                                at /rustc/90b35a6239c3d8bdabc530a6a0816f7ff89a0aaf/library/std/src/panicking.rs:674:13
[INFO] [stdout]   15:     0x600fc0bd4569 - std::sys::backtrace::__rust_end_short_backtrace::h6208cedc1922feda
[INFO] [stdout]                                at /rustc/90b35a6239c3d8bdabc530a6a0816f7ff89a0aaf/library/std/src/sys/backtrace.rs:170:18
[INFO] [stdout]   16:     0x600fc0bd55dc - rust_begin_unwind
[INFO] [stdout]                                at /rustc/90b35a6239c3d8bdabc530a6a0816f7ff89a0aaf/library/std/src/panicking.rs:665:5
[INFO] [stdout]   17:     0x600fc093ed20 - core::panicking::panic_fmt::h0c3082644d1bf418
[INFO] [stdout]                                at /rustc/90b35a6239c3d8bdabc530a6a0816f7ff89a0aaf/library/core/src/panicking.rs:74:14
[INFO] [stdout]   18:     0x600fc093f166 - core::result::unwrap_failed::hd20b4aa073bda1e2
[INFO] [stdout]                                at /rustc/90b35a6239c3d8bdabc530a6a0816f7ff89a0aaf/library/core/src/result.rs:1700:5
[INFO] [stdout]   19:     0x600fc09405fc - core::result::Result<T,E>::unwrap::hdfe4d504de3b261a
[INFO] [stdout]                                at /rustc/90b35a6239c3d8bdabc530a6a0816f7ff89a0aaf/library/core/src/result.rs:1104:23
[INFO] [stdout]   20:     0x600fc09405fc - parser_test::download_azure_gets_latest_specifications::hf61afcf95f071c10
[INFO] [stdout]                                at /opt/rustwide/workdir/tests/parser_test.rs:11:26
[INFO] [stdout]   21:     0x600fc0940227 - parser_test::download_azure_gets_latest_specifications::{{closure}}::hf676144e15977d0a
[INFO] [stdout]                                at /opt/rustwide/workdir/tests/parser_test.rs:4:47
[INFO] [stdout]   22:     0x600fc093fa76 - core::ops::function::FnOnce::call_once::h617643d8aa787e66
[INFO] [stdout]                                at /rustc/90b35a6239c3d8bdabc530a6a0816f7ff89a0aaf/library/core/src/ops/function.rs:250:5
[INFO] [stdout]   23:     0x600fc097d68b - core::ops::function::FnOnce::call_once::h109cf8051a59b34e
[INFO] [stdout]                                at /rustc/90b35a6239c3d8bdabc530a6a0816f7ff89a0aaf/library/core/src/ops/function.rs:250:5
[INFO] [stdout]   24:     0x600fc097d68b - test::__rust_begin_short_backtrace::hf4fff89d377446ba
[INFO] [stdout]                                at /rustc/90b35a6239c3d8bdabc530a6a0816f7ff89a0aaf/library/test/src/lib.rs:621:18
[INFO] [stdout]   25:     0x600fc097cec7 - test::run_test_in_process::{{closure}}::h0e39181dd7ee5a43
[INFO] [stdout]                                at /rustc/90b35a6239c3d8bdabc530a6a0816f7ff89a0aaf/library/test/src/lib.rs:644:60
[INFO] [stdout]   26:     0x600fc097cec7 - <core::panic::unwind_safe::AssertUnwindSafe<F> as core::ops::function::FnOnce<()>>::call_once::hc5a66a30f0bdfd1f
[INFO] [stdout]                                at /rustc/90b35a6239c3d8bdabc530a6a0816f7ff89a0aaf/library/core/src/panic/unwind_safe.rs:272:9
[INFO] [stdout]   27:     0x600fc097cec7 - std::panicking::try::do_call::h873b7cf639554a5e
[INFO] [stdout]                                at /rustc/90b35a6239c3d8bdabc530a6a0816f7ff89a0aaf/library/std/src/panicking.rs:557:40
[INFO] [stdout]   28:     0x600fc097cec7 - std::panicking::try::hdb19862fad9c8bd1
[INFO] [stdout]                                at /rustc/90b35a6239c3d8bdabc530a6a0816f7ff89a0aaf/library/std/src/panicking.rs:520:19
[INFO] [stdout]   29:     0x600fc097cec7 - std::panic::catch_unwind::h281fe732d236d260
[INFO] [stdout]                                at /rustc/90b35a6239c3d8bdabc530a6a0816f7ff89a0aaf/library/std/src/panic.rs:358:14
[INFO] [stdout]   30:     0x600fc097cec7 - test::run_test_in_process::h949b6df8457ed338
[INFO] [stdout]                                at /rustc/90b35a6239c3d8bdabc530a6a0816f7ff89a0aaf/library/test/src/lib.rs:644:27
[INFO] [stdout]   31:     0x600fc097cec7 - test::run_test::{{closure}}::h52c556a6d4740e10
[INFO] [stdout]                                at /rustc/90b35a6239c3d8bdabc530a6a0816f7ff89a0aaf/library/test/src/lib.rs:565:43
[INFO] [stdout]   32:     0x600fc09421a4 - test::run_test::{{closure}}::h4237f6381c45ccb9
[INFO] [stdout]                                at /rustc/90b35a6239c3d8bdabc530a6a0816f7ff89a0aaf/library/test/src/lib.rs:595:41
[INFO] [stdout]   33:     0x600fc09421a4 - std::sys::backtrace::__rust_begin_short_backtrace::h505c97a579eca628
[INFO] [stdout]                                at /rustc/90b35a6239c3d8bdabc530a6a0816f7ff89a0aaf/library/std/src/sys/backtrace.rs:154:18
[INFO] [stdout]   34:     0x600fc094586e - std::thread::Builder::spawn_unchecked_::{{closure}}::{{closure}}::h9e86b2e2bc107ea3
[INFO] [stdout]                                at /rustc/90b35a6239c3d8bdabc530a6a0816f7ff89a0aaf/library/std/src/thread/mod.rs:538:17
[INFO] [stdout]   35:     0x600fc094586e - <core::panic::unwind_safe::AssertUnwindSafe<F> as core::ops::function::FnOnce<()>>::call_once::h8b06ddb275ff4a25
[INFO] [stdout]                                at /rustc/90b35a6239c3d8bdabc530a6a0816f7ff89a0aaf/library/core/src/panic/unwind_safe.rs:272:9
[INFO] [stdout]   36:     0x600fc094586e - std::panicking::try::do_call::hb26ecd7cd9a9355d
[INFO] [stdout]                                at /rustc/90b35a6239c3d8bdabc530a6a0816f7ff89a0aaf/library/std/src/panicking.rs:557:40
[INFO] [stdout]   37:     0x600fc094586e - std::panicking::try::h8ddeca9d705f9069
[INFO] [stdout]                                at /rustc/90b35a6239c3d8bdabc530a6a0816f7ff89a0aaf/library/std/src/panicking.rs:520:19
[INFO] [stdout]   38:     0x600fc094586e - std::panic::catch_unwind::h49e1c33078844c46
[INFO] [stdout]                                at /rustc/90b35a6239c3d8bdabc530a6a0816f7ff89a0aaf/library/std/src/panic.rs:358:14
[INFO] [stdout]   39:     0x600fc094586e - std::thread::Builder::spawn_unchecked_::{{closure}}::h6073db6ff56ad35d
[INFO] [stdout]                                at /rustc/90b35a6239c3d8bdabc530a6a0816f7ff89a0aaf/library/std/src/thread/mod.rs:537:30
[INFO] [stdout]   40:     0x600fc094586e - core::ops::function::FnOnce::call_once{{vtable.shim}}::h2c5a5f3779c774f1
[INFO] [stdout]                                at /rustc/90b35a6239c3d8bdabc530a6a0816f7ff89a0aaf/library/core/src/ops/function.rs:250:5
[INFO] [stdout]   41:     0x600fc0bda13b - <alloc::boxed::Box<F,A> as core::ops::function::FnOnce<Args>>::call_once::hf75717d9f28faebf
[INFO] [stdout]                                at /rustc/90b35a6239c3d8bdabc530a6a0816f7ff89a0aaf/library/alloc/src/boxed.rs:2454:9
[INFO] [stdout]   42:     0x600fc0bda13b - <alloc::boxed::Box<F,A> as core::ops::function::FnOnce<Args>>::call_once::h7bd883a5f3c5f3c1
[INFO] [stdout]                                at /rustc/90b35a6239c3d8bdabc530a6a0816f7ff89a0aaf/library/alloc/src/boxed.rs:2454:9
[INFO] [stdout]   43:     0x600fc0bda13b - std::sys::pal::unix::thread::Thread::new::thread_start::hcc78f3943333fa94
[INFO] [stdout]                                at /rustc/90b35a6239c3d8bdabc530a6a0816f7ff89a0aaf/library/std/src/sys/pal/unix/thread.rs:105:17
[INFO] [stdout]   44:     0x74f54c862ac3 - <unknown>
[INFO] [stdout]   45:     0x74f54c8f3a04 - clone
[INFO] [stdout]   46:                0x0 - <unknown>
[INFO] [stdout] 
[INFO] [stdout] 
[INFO] [stdout] failures:
[INFO] [stdout]     download_azure_gets_latest_specifications
[INFO] [stdout] 
[INFO] [stdout] test result: FAILED. 0 passed; 1 failed; 0 ignored; 0 measured; 0 filtered out; finished in 0.17s
[INFO] [stdout] 
[INFO] running `Command { std: "docker" "inspect" "d1eb0c30ef45117d41aed350e33fcbe30463c3d48bc77a5bab794c14829d48d4", kill_on_drop: false }`
[INFO] running `Command { std: "docker" "rm" "-f" "d1eb0c30ef45117d41aed350e33fcbe30463c3d48bc77a5bab794c14829d48d4", kill_on_drop: false }`
[INFO] [stdout] d1eb0c30ef45117d41aed350e33fcbe30463c3d48bc77a5bab794c14829d48d4
