[INFO] cloning repository https://github.com/jacobzlogar/aoc-2024
[INFO] running `Command { std: "git" "-c" "credential.helper=" "-c" "credential.helper=/workspace/cargo-home/bin/git-credential-null" "clone" "--bare" "https://github.com/jacobzlogar/aoc-2024" "/workspace/cache/git-repos/https%3A%2F%2Fgithub.com%2Fjacobzlogar%2Faoc-2024", kill_on_drop: false }`
[INFO] [stderr] Cloning into bare repository '/workspace/cache/git-repos/https%3A%2F%2Fgithub.com%2Fjacobzlogar%2Faoc-2024'...
[INFO] running `Command { std: "git" "rev-parse" "HEAD", kill_on_drop: false }`
[INFO] [stdout] 1943ca2443f2e7e7148c335cf343e2081933089d
[INFO] testing jacobzlogar/aoc-2024 against 1.83.0 for beta-1.84.0-4-retry
[INFO] running `Command { std: "git" "clone" "/workspace/cache/git-repos/https%3A%2F%2Fgithub.com%2Fjacobzlogar%2Faoc-2024" "/workspace/builds/worker-3-tc1/source", kill_on_drop: false }`
[INFO] [stderr] Cloning into '/workspace/builds/worker-3-tc1/source'...
[INFO] [stderr] done.
[INFO] validating manifest of git repo https://github.com/jacobzlogar/aoc-2024 on toolchain 1.83.0
[INFO] running `Command { std: CARGO_HOME="/workspace/cargo-home" RUSTUP_HOME="/workspace/rustup-home" "/workspace/cargo-home/bin/cargo" "+1.83.0" "metadata" "--manifest-path" "Cargo.toml" "--no-deps", kill_on_drop: false }`
[INFO] started tweaking git repo https://github.com/jacobzlogar/aoc-2024
[INFO] finished tweaking git repo https://github.com/jacobzlogar/aoc-2024
[INFO] tweaked toml for git repo https://github.com/jacobzlogar/aoc-2024 written to /workspace/builds/worker-3-tc1/source/Cargo.toml
[INFO] crate git repo https://github.com/jacobzlogar/aoc-2024 already has a lockfile, it will not be regenerated
[INFO] running `Command { std: CARGO_HOME="/workspace/cargo-home" RUSTUP_HOME="/workspace/rustup-home" "/workspace/cargo-home/bin/cargo" "+1.83.0" "fetch" "--manifest-path" "Cargo.toml", kill_on_drop: false }`
[INFO] [stderr]     Blocking waiting for file lock on package cache
[INFO] [stderr]     Blocking waiting for file lock on package cache
[INFO] [stderr]  Downloading crates ...
[INFO] [stderr]   Downloaded miette-derive v7.4.0
[INFO] [stderr]   Downloaded miette v7.4.0
[INFO] running `Command { std: "docker" "create" "-v" "/var/lib/crater-agent-workspace/builds/worker-3-tc1/target:/opt/rustwide/target:rw,Z" "-v" "/var/lib/crater-agent-workspace/builds/worker-3-tc1/source:/opt/rustwide/workdir:ro,Z" "-v" "/var/lib/crater-agent-workspace/cargo-home:/opt/rustwide/cargo-home:ro,Z" "-v" "/var/lib/crater-agent-workspace/rustup-home:/opt/rustwide/rustup-home:ro,Z" "-e" "SOURCE_DIR=/opt/rustwide/workdir" "-e" "CARGO_TARGET_DIR=/opt/rustwide/target" "-e" "CARGO_HOME=/opt/rustwide/cargo-home" "-e" "RUSTUP_HOME=/opt/rustwide/rustup-home" "-w" "/opt/rustwide/workdir" "-m" "1610612736" "--user" "0:0" "--network" "none" "ghcr.io/rust-lang/crates-build-env/linux@sha256:f3a9d4ad9d972b27faf3965f35b62e55ba32bbce8f20bc8fe909558a86702fde" "/opt/rustwide/cargo-home/bin/cargo" "+1.83.0" "metadata" "--no-deps" "--format-version=1", kill_on_drop: false }`
[INFO] [stdout] 81ceb026536aa583de17899e1ff96c4f21fa70c5555cf2a983d453bd3610f8cb
[INFO] running `Command { std: "docker" "start" "-a" "81ceb026536aa583de17899e1ff96c4f21fa70c5555cf2a983d453bd3610f8cb", kill_on_drop: false }`
[INFO] running `Command { std: "docker" "inspect" "81ceb026536aa583de17899e1ff96c4f21fa70c5555cf2a983d453bd3610f8cb", kill_on_drop: false }`
[INFO] running `Command { std: "docker" "rm" "-f" "81ceb026536aa583de17899e1ff96c4f21fa70c5555cf2a983d453bd3610f8cb", kill_on_drop: false }`
[INFO] [stdout] 81ceb026536aa583de17899e1ff96c4f21fa70c5555cf2a983d453bd3610f8cb
[INFO] running `Command { std: "docker" "create" "-v" "/var/lib/crater-agent-workspace/builds/worker-3-tc1/target:/opt/rustwide/target:rw,Z" "-v" "/var/lib/crater-agent-workspace/builds/worker-3-tc1/source:/opt/rustwide/workdir:ro,Z" "-v" "/var/lib/crater-agent-workspace/cargo-home:/opt/rustwide/cargo-home:ro,Z" "-v" "/var/lib/crater-agent-workspace/rustup-home:/opt/rustwide/rustup-home:ro,Z" "-e" "SOURCE_DIR=/opt/rustwide/workdir" "-e" "CARGO_TARGET_DIR=/opt/rustwide/target" "-e" "CARGO_INCREMENTAL=0" "-e" "RUST_BACKTRACE=full" "-e" "RUSTFLAGS=--cap-lints=warn" "-e" "RUSTDOCFLAGS=--cap-lints=warn" "-e" "CARGO_HOME=/opt/rustwide/cargo-home" "-e" "RUSTUP_HOME=/opt/rustwide/rustup-home" "-w" "/opt/rustwide/workdir" "-m" "1610612736" "--user" "0:0" "--network" "none" "ghcr.io/rust-lang/crates-build-env/linux@sha256:f3a9d4ad9d972b27faf3965f35b62e55ba32bbce8f20bc8fe909558a86702fde" "/opt/rustwide/cargo-home/bin/cargo" "+1.83.0" "build" "--frozen" "--message-format=json", kill_on_drop: false }`
[INFO] [stdout] 02fdffc33d7d4a0a2f463882fbbde4c190c6634f964a8ee546e849c46a411199
[INFO] running `Command { std: "docker" "start" "-a" "02fdffc33d7d4a0a2f463882fbbde4c190c6634f964a8ee546e849c46a411199", kill_on_drop: false }`
[INFO] [stderr]    Compiling proc-macro2 v1.0.92
[INFO] [stderr]    Compiling unicode-ident v1.0.14
[INFO] [stderr]    Compiling once_cell v1.20.2
[INFO] [stderr]    Compiling powerfmt v0.2.0
[INFO] [stderr]    Compiling thiserror v1.0.69
[INFO] [stderr]    Compiling cfg-if v1.0.0
[INFO] [stderr]    Compiling log v0.4.22
[INFO] [stderr]    Compiling lazy_static v1.5.0
[INFO] [stderr]    Compiling overload v0.1.1
[INFO] [stderr]    Compiling num-conv v0.1.0
[INFO] [stderr]    Compiling time-core v0.1.2
[INFO] [stderr]    Compiling itoa v1.0.14
[INFO] [stderr]    Compiling sharded-slab v0.1.7
[INFO] [stderr]    Compiling tracing-core v0.1.33
[INFO] [stderr]    Compiling thread_local v1.1.8
[INFO] [stderr]    Compiling deranged v0.3.11
[INFO] [stderr]    Compiling nu-ansi-term v0.46.0
[INFO] [stderr]    Compiling smallvec v1.13.2
[INFO] [stderr]    Compiling unicode-width v0.1.14
[INFO] [stderr]    Compiling memchr v2.7.4
[INFO] [stderr]    Compiling pin-project-lite v0.2.15
[INFO] [stderr]    Compiling minimal-lexical v0.2.1
[INFO] [stderr]    Compiling tracing-log v0.2.0
[INFO] [stderr]    Compiling time v0.3.37
[INFO] [stderr]    Compiling quote v1.0.37
[INFO] [stderr]    Compiling syn v2.0.90
[INFO] [stderr]    Compiling nom v7.1.3
[INFO] [stderr]    Compiling tracing-subscriber v0.3.19
[INFO] [stderr]    Compiling thiserror-impl v1.0.69
[INFO] [stderr]    Compiling miette-derive v7.4.0
[INFO] [stderr]    Compiling tracing-attributes v0.1.28
[INFO] [stderr]    Compiling miette v7.4.0
[INFO] [stderr]    Compiling tracing v0.1.41
[INFO] [stderr]    Compiling aoc-2024 v0.1.0 (/opt/rustwide/workdir)
[INFO] [stderr]     Finished `dev` profile [unoptimized + debuginfo] target(s) in 28.42s
[INFO] running `Command { std: "docker" "inspect" "02fdffc33d7d4a0a2f463882fbbde4c190c6634f964a8ee546e849c46a411199", kill_on_drop: false }`
[INFO] running `Command { std: "docker" "rm" "-f" "02fdffc33d7d4a0a2f463882fbbde4c190c6634f964a8ee546e849c46a411199", kill_on_drop: false }`
[INFO] [stdout] 02fdffc33d7d4a0a2f463882fbbde4c190c6634f964a8ee546e849c46a411199
[INFO] running `Command { std: "docker" "create" "-v" "/var/lib/crater-agent-workspace/builds/worker-3-tc1/target:/opt/rustwide/target:rw,Z" "-v" "/var/lib/crater-agent-workspace/builds/worker-3-tc1/source:/opt/rustwide/workdir:ro,Z" "-v" "/var/lib/crater-agent-workspace/cargo-home:/opt/rustwide/cargo-home:ro,Z" "-v" "/var/lib/crater-agent-workspace/rustup-home:/opt/rustwide/rustup-home:ro,Z" "-e" "SOURCE_DIR=/opt/rustwide/workdir" "-e" "CARGO_TARGET_DIR=/opt/rustwide/target" "-e" "CARGO_INCREMENTAL=0" "-e" "RUST_BACKTRACE=full" "-e" "RUSTFLAGS=--cap-lints=warn" "-e" "RUSTDOCFLAGS=--cap-lints=warn" "-e" "CARGO_HOME=/opt/rustwide/cargo-home" "-e" "RUSTUP_HOME=/opt/rustwide/rustup-home" "-w" "/opt/rustwide/workdir" "-m" "1610612736" "--user" "0:0" "--network" "none" "ghcr.io/rust-lang/crates-build-env/linux@sha256:f3a9d4ad9d972b27faf3965f35b62e55ba32bbce8f20bc8fe909558a86702fde" "/opt/rustwide/cargo-home/bin/cargo" "+1.83.0" "test" "--frozen" "--no-run" "--message-format=json", kill_on_drop: false }`
[INFO] [stdout] 16d1c9d8bd28cd7bc453bf13d8e46f34cd7718ce3af3b8c9386d3e36b01ef23b
[INFO] running `Command { std: "docker" "start" "-a" "16d1c9d8bd28cd7bc453bf13d8e46f34cd7718ce3af3b8c9386d3e36b01ef23b", kill_on_drop: false }`
[INFO] [stderr]    Compiling aoc-2024 v0.1.0 (/opt/rustwide/workdir)
[INFO] [stderr]     Finished `test` profile [unoptimized + debuginfo] target(s) in 2.64s
[INFO] running `Command { std: "docker" "inspect" "16d1c9d8bd28cd7bc453bf13d8e46f34cd7718ce3af3b8c9386d3e36b01ef23b", kill_on_drop: false }`
[INFO] running `Command { std: "docker" "rm" "-f" "16d1c9d8bd28cd7bc453bf13d8e46f34cd7718ce3af3b8c9386d3e36b01ef23b", kill_on_drop: false }`
[INFO] [stdout] 16d1c9d8bd28cd7bc453bf13d8e46f34cd7718ce3af3b8c9386d3e36b01ef23b
[INFO] running `Command { std: "docker" "create" "-v" "/var/lib/crater-agent-workspace/builds/worker-3-tc1/target:/opt/rustwide/target:rw,Z" "-v" "/var/lib/crater-agent-workspace/builds/worker-3-tc1/source:/opt/rustwide/workdir:ro,Z" "-v" "/var/lib/crater-agent-workspace/cargo-home:/opt/rustwide/cargo-home:ro,Z" "-v" "/var/lib/crater-agent-workspace/rustup-home:/opt/rustwide/rustup-home:ro,Z" "-e" "SOURCE_DIR=/opt/rustwide/workdir" "-e" "CARGO_TARGET_DIR=/opt/rustwide/target" "-e" "CARGO_INCREMENTAL=0" "-e" "RUST_BACKTRACE=full" "-e" "RUSTFLAGS=--cap-lints=warn" "-e" "RUSTDOCFLAGS=--cap-lints=warn" "-e" "CARGO_HOME=/opt/rustwide/cargo-home" "-e" "RUSTUP_HOME=/opt/rustwide/rustup-home" "-w" "/opt/rustwide/workdir" "-m" "1610612736" "--user" "0:0" "--network" "none" "ghcr.io/rust-lang/crates-build-env/linux@sha256:f3a9d4ad9d972b27faf3965f35b62e55ba32bbce8f20bc8fe909558a86702fde" "/opt/rustwide/cargo-home/bin/cargo" "+1.83.0" "test" "--frozen", kill_on_drop: false }`
[INFO] [stdout] b455fa7ac9e14d877f7286bbb20e8d0341b0284fb416bb1a44ad732f51bb54d5
[INFO] running `Command { std: "docker" "start" "-a" "b455fa7ac9e14d877f7286bbb20e8d0341b0284fb416bb1a44ad732f51bb54d5", kill_on_drop: false }`
[INFO] [stderr]     Finished `test` profile [unoptimized + debuginfo] target(s) in 0.11s
[INFO] [stderr]      Running unittests src/lib.rs (/opt/rustwide/target/debug/deps/aoc_2024-ec0795530f9defb9)
[INFO] [stdout] 
[INFO] [stdout] running 18 tests
[INFO] [stdout] test day10::test_day10_part2 ... ok
[INFO] [stdout] test day2::tests::test_reports ... ok
[INFO] [stdout] test day4::tests::test_xmas ... ok
[INFO] [stdout] test day3::tests::test_parse_mul ... ok
[INFO] [stdout] test day3::tests::test_parse_operands ... ok
[INFO] [stdout] test day3::tests::test_parse ... ok
[INFO] [stdout] test day10::test_day10_part1 ... ok
[INFO] [stdout] test day4::tests::test_x_mas ... ok
[INFO] [stdout] test day5::test_day5_part1 ... ok
[INFO] [stdout] test day3::tests::test_parse_cond ... ok
[INFO] [stdout] test day5::test_day5_part2 ... ok
[INFO] [stdout] test day6::test_day6_part1 ... ok
[INFO] [stdout] test day6::test_day6_part2 ... ok
[INFO] [stdout] test day7::test_day7_part1 ... ok
[INFO] [stdout] test day7::test_day7_part2 ... ok
[INFO] [stdout] test day8::test_day8_part1 ... ok
[INFO] [stdout] test day9::test_day9_part1 ... ok
[INFO] [stdout] test day8::test_day8_part2 ... FAILED
[INFO] [stdout] 
[INFO] [stdout] failures:
[INFO] [stdout] 
[INFO] [stdout] ---- day8::test_day8_part2 stdout ----
[INFO] [stdout] 8 1
[INFO] [stdout] 11 0
[INFO] [stdout] 14 -1
[INFO] [stdout] 17 -2
[INFO] [stdout] 20 -3
[INFO] [stdout] 23 -4
[INFO] [stdout] 26 -5
[INFO] [stdout] 29 -6
[INFO] [stdout] 32 -7
[INFO] [stdout] 35 -8
[INFO] [stdout] 38 -9
[INFO] [stdout] 41 -10
[INFO] [stdout] 8 1
[INFO] [stdout] 9 -1
[INFO] [stdout] 10 -3
[INFO] [stdout] 11 -5
[INFO] [stdout] 12 -7
[INFO] [stdout] 13 -9
[INFO] [stdout] 14 -11
[INFO] [stdout] 15 -13
[INFO] [stdout] 16 -15
[INFO] [stdout] 17 -17
[INFO] [stdout] 18 -19
[INFO] [stdout] 19 -21
[INFO] [stdout] 8 1
[INFO] [stdout] 12 -2
[INFO] [stdout] 16 -5
[INFO] [stdout] 20 -8
[INFO] [stdout] 24 -11
[INFO] [stdout] 28 -14
[INFO] [stdout] 32 -17
[INFO] [stdout] 36 -20
[INFO] [stdout] 40 -23
[INFO] [stdout] 44 -26
[INFO] [stdout] 48 -29
[INFO] [stdout] 52 -32
[INFO] [stdout] 5 2
[INFO] [stdout] 2 3
[INFO] [stdout] -1 4
[INFO] [stdout] -4 5
[INFO] [stdout] -7 6
[INFO] [stdout] -10 7
[INFO] [stdout] -13 8
[INFO] [stdout] -16 9
[INFO] [stdout] -19 10
[INFO] [stdout] -22 11
[INFO] [stdout] -25 12
[INFO] [stdout] -28 13
[INFO] [stdout] 5 2
[INFO] [stdout] 3 1
[INFO] [stdout] 1 0
[INFO] [stdout] -1 -1
[INFO] [stdout] -3 -2
[INFO] [stdout] -5 -3
[INFO] [stdout] -7 -4
[INFO] [stdout] -9 -5
[INFO] [stdout] -11 -6
[INFO] [stdout] -13 -7
[INFO] [stdout] -15 -8
[INFO] [stdout] -17 -9
[INFO] [stdout] 5 2
[INFO] [stdout] 6 0
[INFO] [stdout] 7 -2
[INFO] [stdout] 8 -4
[INFO] [stdout] 9 -6
[INFO] [stdout] 10 -8
[INFO] [stdout] 11 -10
[INFO] [stdout] 12 -12
[INFO] [stdout] 13 -14
[INFO] [stdout] 14 -16
[INFO] [stdout] 15 -18
[INFO] [stdout] 16 -20
[INFO] [stdout] 7 3
[INFO] [stdout] 6 5
[INFO] [stdout] 5 7
[INFO] [stdout] 4 9
[INFO] [stdout] 3 11
[INFO] [stdout] 2 13
[INFO] [stdout] 1 15
[INFO] [stdout] 0 17
[INFO] [stdout] -1 19
[INFO] [stdout] -2 21
[INFO] [stdout] -3 23
[INFO] [stdout] -4 25
[INFO] [stdout] 7 3
[INFO] [stdout] 9 4
[INFO] [stdout] 11 5
[INFO] [stdout] 13 6
[INFO] [stdout] 15 7
[INFO] [stdout] 17 8
[INFO] [stdout] 19 9
[INFO] [stdout] 21 10
[INFO] [stdout] 23 11
[INFO] [stdout] 25 12
[INFO] [stdout] 27 13
[INFO] [stdout] 29 14
[INFO] [stdout] 7 3
[INFO] [stdout] 10 2
[INFO] [stdout] 13 1
[INFO] [stdout] 16 0
[INFO] [stdout] 19 -1
[INFO] [stdout] 22 -2
[INFO] [stdout] 25 -3
[INFO] [stdout] 28 -4
[INFO] [stdout] 31 -5
[INFO] [stdout] 34 -6
[INFO] [stdout] 37 -7
[INFO] [stdout] 40 -8
[INFO] [stdout] 4 4
[INFO] [stdout] 0 7
[INFO] [stdout] -4 10
[INFO] [stdout] -8 13
[INFO] [stdout] -12 16
[INFO] [stdout] -16 19
[INFO] [stdout] -20 22
[INFO] [stdout] -24 25
[INFO] [stdout] -28 28
[INFO] [stdout] -32 31
[INFO] [stdout] -36 34
[INFO] [stdout] -40 37
[INFO] [stdout] 4 4
[INFO] [stdout] 3 6
[INFO] [stdout] 2 8
[INFO] [stdout] 1 10
[INFO] [stdout] 0 12
[INFO] [stdout] -1 14
[INFO] [stdout] -2 16
[INFO] [stdout] -3 18
[INFO] [stdout] -4 20
[INFO] [stdout] -5 22
[INFO] [stdout] -6 24
[INFO] [stdout] -7 26
[INFO] [stdout] 4 4
[INFO] [stdout] 1 5
[INFO] [stdout] -2 6
[INFO] [stdout] -5 7
[INFO] [stdout] -8 8
[INFO] [stdout] -11 9
[INFO] [stdout] -14 10
[INFO] [stdout] -17 11
[INFO] [stdout] -20 12
[INFO] [stdout] -23 13
[INFO] [stdout] -26 14
[INFO] [stdout] -29 15
[INFO] [stdout] 6 5
[INFO] [stdout] 4 2
[INFO] [stdout] 2 -1
[INFO] [stdout] 0 -4
[INFO] [stdout] -2 -7
[INFO] [stdout] -4 -10
[INFO] [stdout] -6 -13
[INFO] [stdout] -8 -16
[INFO] [stdout] -10 -19
[INFO] [stdout] -12 -22
[INFO] [stdout] -14 -25
[INFO] [stdout] -16 -28
[INFO] [stdout] 6 5
[INFO] [stdout] 3 1
[INFO] [stdout] 0 -3
[INFO] [stdout] -3 -7
[INFO] [stdout] -6 -11
[INFO] [stdout] -9 -15
[INFO] [stdout] -12 -19
[INFO] [stdout] -15 -23
[INFO] [stdout] -18 -27
[INFO] [stdout] -21 -31
[INFO] [stdout] -24 -35
[INFO] [stdout] -27 -39
[INFO] [stdout] 8 8
[INFO] [stdout] 10 11
[INFO] [stdout] 12 14
[INFO] [stdout] 14 17
[INFO] [stdout] 16 20
[INFO] [stdout] 18 23
[INFO] [stdout] 20 26
[INFO] [stdout] 22 29
[INFO] [stdout] 24 32
[INFO] [stdout] 26 35
[INFO] [stdout] 28 38
[INFO] [stdout] 30 41
[INFO] [stdout] 8 8
[INFO] [stdout] 7 7
[INFO] [stdout] 6 6
[INFO] [stdout] 5 5
[INFO] [stdout] 4 4
[INFO] [stdout] 3 3
[INFO] [stdout] 2 2
[INFO] [stdout] 1 1
[INFO] [stdout] 0 0
[INFO] [stdout] -1 -1
[INFO] [stdout] -2 -2
[INFO] [stdout] -3 -3
[INFO] [stdout] 9 9
[INFO] [stdout] 12 13
[INFO] [stdout] 15 17
[INFO] [stdout] 18 21
[INFO] [stdout] 21 25
[INFO] [stdout] 24 29
[INFO] [stdout] 27 33
[INFO] [stdout] 30 37
[INFO] [stdout] 33 41
[INFO] [stdout] 36 45
[INFO] [stdout] 39 49
[INFO] [stdout] 42 53
[INFO] [stdout] 9 9
[INFO] [stdout] 10 10
[INFO] [stdout] 11 11
[INFO] [stdout] 12 12
[INFO] [stdout] 13 13
[INFO] [stdout] 14 14
[INFO] [stdout] 15 15
[INFO] [stdout] 16 16
[INFO] [stdout] 17 17
[INFO] [stdout] 18 18
[INFO] [stdout] 19 19
[INFO] [stdout] 20 20
[INFO] [stdout] ##....#....#
[INFO] [stdout] .#.#....0...
[INFO] [stdout] ..#.#0....#.
[INFO] [stdout] ..##...0....
[INFO] [stdout] ....0....#..
[INFO] [stdout] .#...#A....#
[INFO] [stdout] ...#..#.....
[INFO] [stdout] #....#.#....
[INFO] [stdout] ..#.....A...
[INFO] [stdout] ....#....A..
[INFO] [stdout] .#........#.
[INFO] [stdout] ...#......##
[INFO] [stdout] thread 'day8::test_day8_part2' panicked at src/day8.rs:163:5:
[INFO] [stdout] assertion `left == right` failed
[INFO] [stdout]   left: 34
[INFO] [stdout]  right: 9
[INFO] [stdout] stack backtrace:
[INFO] [stdout]    0:     0x615c2cffaa7a - std::backtrace_rs::backtrace::libunwind::trace::h5a5b8284f2d0c266
[INFO] [stdout]                                at /rustc/90b35a6239c3d8bdabc530a6a0816f7ff89a0aaf/library/std/src/../../backtrace/src/backtrace/libunwind.rs:116:5
[INFO] [stdout]    1:     0x615c2cffaa7a - std::backtrace_rs::backtrace::trace_unsynchronized::h76d4f1c9b0b875e3
[INFO] [stdout]                                at /rustc/90b35a6239c3d8bdabc530a6a0816f7ff89a0aaf/library/std/src/../../backtrace/src/backtrace/mod.rs:66:5
[INFO] [stdout]    2:     0x615c2cffaa7a - std::sys::backtrace::_print_fmt::hc4546b8364a537c6
[INFO] [stdout]                                at /rustc/90b35a6239c3d8bdabc530a6a0816f7ff89a0aaf/library/std/src/sys/backtrace.rs:66:9
[INFO] [stdout]    3:     0x615c2cffaa7a - <std::sys::backtrace::BacktraceLock::print::DisplayBacktrace as core::fmt::Display>::fmt::h5b6bd5631a6d1f6b
[INFO] [stdout]                                at /rustc/90b35a6239c3d8bdabc530a6a0816f7ff89a0aaf/library/std/src/sys/backtrace.rs:39:26
[INFO] [stdout]    4:     0x615c2d01fff3 - core::fmt::rt::Argument::fmt::h270f6602a2b96f62
[INFO] [stdout]                                at /rustc/90b35a6239c3d8bdabc530a6a0816f7ff89a0aaf/library/core/src/fmt/rt.rs:177:76
[INFO] [stdout]    5:     0x615c2d01fff3 - core::fmt::write::h7550c97b06c86515
[INFO] [stdout]                                at /rustc/90b35a6239c3d8bdabc530a6a0816f7ff89a0aaf/library/core/src/fmt/mod.rs:1186:21
[INFO] [stdout]    6:     0x615c2cff7c43 - std::io::Write::write_fmt::h509ff860e5956e5e
[INFO] [stdout]                                at /rustc/90b35a6239c3d8bdabc530a6a0816f7ff89a0aaf/library/std/src/io/mod.rs:1839:15
[INFO] [stdout]    7:     0x615c2cffa8c2 - std::sys::backtrace::BacktraceLock::print::h2395ccd2c84ba3aa
[INFO] [stdout]                                at /rustc/90b35a6239c3d8bdabc530a6a0816f7ff89a0aaf/library/std/src/sys/backtrace.rs:42:9
[INFO] [stdout]    8:     0x615c2cffbeda - std::panicking::default_hook::{{closure}}::he19d4c7230e07961
[INFO] [stdout]                                at /rustc/90b35a6239c3d8bdabc530a6a0816f7ff89a0aaf/library/std/src/panicking.rs:268:22
[INFO] [stdout]    9:     0x615c2cffbce4 - std::panicking::default_hook::hf614597d3c67bbdb
[INFO] [stdout]                                at /rustc/90b35a6239c3d8bdabc530a6a0816f7ff89a0aaf/library/std/src/panicking.rs:292:9
[INFO] [stdout]   10:     0x615c2cfb4079 - <alloc::boxed::Box<F,A> as core::ops::function::Fn<Args>>::call::h39b51ce4599c23d1
[INFO] [stdout]                                at /rustc/90b35a6239c3d8bdabc530a6a0816f7ff89a0aaf/library/alloc/src/boxed.rs:2468:9
[INFO] [stdout]   11:     0x615c2cfb4079 - test::test_main::{{closure}}::he977ae839a582784
[INFO] [stdout]                                at /rustc/90b35a6239c3d8bdabc530a6a0816f7ff89a0aaf/library/test/src/lib.rs:133:21
[INFO] [stdout]   12:     0x615c2cffc578 - <alloc::boxed::Box<F,A> as core::ops::function::Fn<Args>>::call::h9455091b6b06f9fb
[INFO] [stdout]                                at /rustc/90b35a6239c3d8bdabc530a6a0816f7ff89a0aaf/library/alloc/src/boxed.rs:2468:9
[INFO] [stdout]   13:     0x615c2cffc578 - std::panicking::rust_panic_with_hook::h8942133a8b252070
[INFO] [stdout]                                at /rustc/90b35a6239c3d8bdabc530a6a0816f7ff89a0aaf/library/std/src/panicking.rs:809:13
[INFO] [stdout]   14:     0x615c2cffc33a - std::panicking::begin_panic_handler::{{closure}}::hb5f5963570096b29
[INFO] [stdout]                                at /rustc/90b35a6239c3d8bdabc530a6a0816f7ff89a0aaf/library/std/src/panicking.rs:674:13
[INFO] [stdout]   15:     0x615c2cffaf59 - std::sys::backtrace::__rust_end_short_backtrace::h6208cedc1922feda
[INFO] [stdout]                                at /rustc/90b35a6239c3d8bdabc530a6a0816f7ff89a0aaf/library/std/src/sys/backtrace.rs:170:18
[INFO] [stdout]   16:     0x615c2cffbfcc - rust_begin_unwind
[INFO] [stdout]                                at /rustc/90b35a6239c3d8bdabc530a6a0816f7ff89a0aaf/library/std/src/panicking.rs:665:5
[INFO] [stdout]   17:     0x615c2cf2ab00 - core::panicking::panic_fmt::h0c3082644d1bf418
[INFO] [stdout]                                at /rustc/90b35a6239c3d8bdabc530a6a0816f7ff89a0aaf/library/core/src/panicking.rs:74:14
[INFO] [stdout]   18:     0x615c2cf2aecb - core::panicking::assert_failed_inner::h2ddf1fcc067fa858
[INFO] [stdout]   19:     0x615c2cfc7e68 - core::panicking::assert_failed::h08f60e78c4d95fd5
[INFO] [stdout]                                at /rustc/90b35a6239c3d8bdabc530a6a0816f7ff89a0aaf/library/core/src/panicking.rs:367:5
[INFO] [stdout]   20:     0x615c2cf76192 - aoc_2024::day8::test_day8_part2::h90f2f1d29149c512
[INFO] [stdout]                                at /opt/rustwide/workdir/src/day8.rs:163:5
[INFO] [stdout]   21:     0x615c2cf76107 - aoc_2024::day8::test_day8_part2::{{closure}}::hf376205ea355dfa1
[INFO] [stdout]                                at /opt/rustwide/workdir/src/day8.rs:162:21
[INFO] [stdout]   22:     0x615c2cf55d76 - core::ops::function::FnOnce::call_once::h5c0ef1a53519b241
[INFO] [stdout]                                at /rustc/90b35a6239c3d8bdabc530a6a0816f7ff89a0aaf/library/core/src/ops/function.rs:250:5
[INFO] [stdout]   23:     0x615c2cfb8a3b - core::ops::function::FnOnce::call_once::h109cf8051a59b34e
[INFO] [stdout]                                at /rustc/90b35a6239c3d8bdabc530a6a0816f7ff89a0aaf/library/core/src/ops/function.rs:250:5
[INFO] [stdout]   24:     0x615c2cfb8a3b - test::__rust_begin_short_backtrace::hf4fff89d377446ba
[INFO] [stdout]                                at /rustc/90b35a6239c3d8bdabc530a6a0816f7ff89a0aaf/library/test/src/lib.rs:621:18
[INFO] [stdout]   25:     0x615c2cfb8277 - test::run_test_in_process::{{closure}}::h0e39181dd7ee5a43
[INFO] [stdout]                                at /rustc/90b35a6239c3d8bdabc530a6a0816f7ff89a0aaf/library/test/src/lib.rs:644:60
[INFO] [stdout]   26:     0x615c2cfb8277 - <core::panic::unwind_safe::AssertUnwindSafe<F> as core::ops::function::FnOnce<()>>::call_once::hc5a66a30f0bdfd1f
[INFO] [stdout]                                at /rustc/90b35a6239c3d8bdabc530a6a0816f7ff89a0aaf/library/core/src/panic/unwind_safe.rs:272:9
[INFO] [stdout]   27:     0x615c2cfb8277 - std::panicking::try::do_call::h873b7cf639554a5e
[INFO] [stdout]                                at /rustc/90b35a6239c3d8bdabc530a6a0816f7ff89a0aaf/library/std/src/panicking.rs:557:40
[INFO] [stdout]   28:     0x615c2cfb8277 - std::panicking::try::hdb19862fad9c8bd1
[INFO] [stdout]                                at /rustc/90b35a6239c3d8bdabc530a6a0816f7ff89a0aaf/library/std/src/panicking.rs:520:19
[INFO] [stdout]   29:     0x615c2cfb8277 - std::panic::catch_unwind::h281fe732d236d260
[INFO] [stdout]                                at /rustc/90b35a6239c3d8bdabc530a6a0816f7ff89a0aaf/library/std/src/panic.rs:358:14
[INFO] [stdout]   30:     0x615c2cfb8277 - test::run_test_in_process::h949b6df8457ed338
[INFO] [stdout]                                at /rustc/90b35a6239c3d8bdabc530a6a0816f7ff89a0aaf/library/test/src/lib.rs:644:27
[INFO] [stdout]   31:     0x615c2cfb8277 - test::run_test::{{closure}}::h52c556a6d4740e10
[INFO] [stdout]                                at /rustc/90b35a6239c3d8bdabc530a6a0816f7ff89a0aaf/library/test/src/lib.rs:565:43
[INFO] [stdout]   32:     0x615c2cf7d554 - test::run_test::{{closure}}::h4237f6381c45ccb9
[INFO] [stdout]                                at /rustc/90b35a6239c3d8bdabc530a6a0816f7ff89a0aaf/library/test/src/lib.rs:595:41
[INFO] [stdout]   33:     0x615c2cf7d554 - std::sys::backtrace::__rust_begin_short_backtrace::h505c97a579eca628
[INFO] [stdout]                                at /rustc/90b35a6239c3d8bdabc530a6a0816f7ff89a0aaf/library/std/src/sys/backtrace.rs:154:18
[INFO] [stdout]   34:     0x615c2cf80c1e - std::thread::Builder::spawn_unchecked_::{{closure}}::{{closure}}::h9e86b2e2bc107ea3
[INFO] [stdout]                                at /rustc/90b35a6239c3d8bdabc530a6a0816f7ff89a0aaf/library/std/src/thread/mod.rs:538:17
[INFO] [stdout]   35:     0x615c2cf80c1e - <core::panic::unwind_safe::AssertUnwindSafe<F> as core::ops::function::FnOnce<()>>::call_once::h8b06ddb275ff4a25
[INFO] [stdout]                                at /rustc/90b35a6239c3d8bdabc530a6a0816f7ff89a0aaf/library/core/src/panic/unwind_safe.rs:272:9
[INFO] [stdout]   36:     0x615c2cf80c1e - std::panicking::try::do_call::hb26ecd7cd9a9355d
[INFO] [stdout]                                at /rustc/90b35a6239c3d8bdabc530a6a0816f7ff89a0aaf/library/std/src/panicking.rs:557:40
[INFO] [stdout]   37:     0x615c2cf80c1e - std::panicking::try::h8ddeca9d705f9069
[INFO] [stdout]                                at /rustc/90b35a6239c3d8bdabc530a6a0816f7ff89a0aaf/library/std/src/panicking.rs:520:19
[INFO] [stdout]   38:     0x615c2cf80c1e - std::panic::catch_unwind::h49e1c33078844c46
[INFO] [stdout]                                at /rustc/90b35a6239c3d8bdabc530a6a0816f7ff89a0aaf/library/std/src/panic.rs:358:14
[INFO] [stdout]   39:     0x615c2cf80c1e - std::thread::Builder::spawn_unchecked_::{{closure}}::h6073db6ff56ad35d
[INFO] [stdout]                                at /rustc/90b35a6239c3d8bdabc530a6a0816f7ff89a0aaf/library/std/src/thread/mod.rs:537:30
[INFO] [stdout]   40:     0x615c2cf80c1e - core::ops::function::FnOnce::call_once{{vtable.shim}}::h2c5a5f3779c774f1
[INFO] [stdout]                                at /rustc/90b35a6239c3d8bdabc530a6a0816f7ff89a0aaf/library/core/src/ops/function.rs:250:5
[INFO] [stdout]   41:     0x615c2d0002cb - <alloc::boxed::Box<F,A> as core::ops::function::FnOnce<Args>>::call_once::hf75717d9f28faebf
[INFO] [stdout]                                at /rustc/90b35a6239c3d8bdabc530a6a0816f7ff89a0aaf/library/alloc/src/boxed.rs:2454:9
[INFO] [stdout]   42:     0x615c2d0002cb - <alloc::boxed::Box<F,A> as core::ops::function::FnOnce<Args>>::call_once::h7bd883a5f3c5f3c1
[INFO] [stdout]                                at /rustc/90b35a6239c3d8bdabc530a6a0816f7ff89a0aaf/library/alloc/src/boxed.rs:2454:9
[INFO] [stdout]   43:     0x615c2d0002cb - std::sys::pal::unix::thread::Thread::new::thread_start::hcc78f3943333fa94
[INFO] [stdout]                                at /rustc/90b35a6239c3d8bdabc530a6a0816f7ff89a0aaf/library/std/src/sys/pal/unix/thread.rs:105:17
[INFO] [stdout]   44:     0x74cebd25cac3 - <unknown>
[INFO] [stdout]   45:     0x74cebd2eda04 - clone
[INFO] [stdout]   46:                0x0 - <unknown>
[INFO] [stdout] 
[INFO] [stdout] 
[INFO] [stderr] error: test failed, to rerun pass `--lib`
[INFO] [stdout] failures:
[INFO] [stdout]     day8::test_day8_part2
[INFO] [stdout] 
[INFO] [stdout] test result: FAILED. 17 passed; 1 failed; 0 ignored; 0 measured; 0 filtered out; finished in 0.06s
[INFO] [stdout] 
[INFO] running `Command { std: "docker" "inspect" "b455fa7ac9e14d877f7286bbb20e8d0341b0284fb416bb1a44ad732f51bb54d5", kill_on_drop: false }`
[INFO] running `Command { std: "docker" "rm" "-f" "b455fa7ac9e14d877f7286bbb20e8d0341b0284fb416bb1a44ad732f51bb54d5", kill_on_drop: false }`
[INFO] [stdout] b455fa7ac9e14d877f7286bbb20e8d0341b0284fb416bb1a44ad732f51bb54d5
