[INFO] cloning repository https://github.com/jacobtread/uno-rs
[INFO] running `Command { std: "git" "-c" "credential.helper=" "-c" "credential.helper=/workspace/cargo-home/bin/git-credential-null" "clone" "--bare" "https://github.com/jacobtread/uno-rs" "/workspace/cache/git-repos/https%3A%2F%2Fgithub.com%2Fjacobtread%2Funo-rs", kill_on_drop: false }`
[INFO] [stderr] Cloning into bare repository '/workspace/cache/git-repos/https%3A%2F%2Fgithub.com%2Fjacobtread%2Funo-rs'...
[INFO] running `Command { std: "git" "rev-parse" "HEAD", kill_on_drop: false }`
[INFO] [stdout] eafeb021d8b27081392ce447b3518ff69107d81f
[INFO] testing jacobtread/uno-rs against beta-2024-12-08 for beta-1.84.0-4-retry
[INFO] running `Command { std: "git" "clone" "/workspace/cache/git-repos/https%3A%2F%2Fgithub.com%2Fjacobtread%2Funo-rs" "/workspace/builds/worker-7-tc2/source", kill_on_drop: false }`
[INFO] [stderr] Cloning into '/workspace/builds/worker-7-tc2/source'...
[INFO] [stderr] done.
[INFO] validating manifest of git repo https://github.com/jacobtread/uno-rs on toolchain beta-2024-12-08
[INFO] running `Command { std: CARGO_HOME="/workspace/cargo-home" RUSTUP_HOME="/workspace/rustup-home" "/workspace/cargo-home/bin/cargo" "+beta-2024-12-08" "metadata" "--manifest-path" "Cargo.toml" "--no-deps", kill_on_drop: false }`
[INFO] started tweaking git repo https://github.com/jacobtread/uno-rs
[INFO] finished tweaking git repo https://github.com/jacobtread/uno-rs
[INFO] tweaked toml for git repo https://github.com/jacobtread/uno-rs written to /workspace/builds/worker-7-tc2/source/Cargo.toml
[INFO] crate git repo https://github.com/jacobtread/uno-rs already has a lockfile, it will not be regenerated
[INFO] running `Command { std: CARGO_HOME="/workspace/cargo-home" RUSTUP_HOME="/workspace/rustup-home" "/workspace/cargo-home/bin/cargo" "+beta-2024-12-08" "fetch" "--manifest-path" "Cargo.toml", kill_on_drop: false }`
[INFO] running `Command { std: "docker" "create" "-v" "/var/lib/crater-agent-workspace/builds/worker-7-tc2/target:/opt/rustwide/target:rw,Z" "-v" "/var/lib/crater-agent-workspace/builds/worker-7-tc2/source:/opt/rustwide/workdir:ro,Z" "-v" "/var/lib/crater-agent-workspace/cargo-home:/opt/rustwide/cargo-home:ro,Z" "-v" "/var/lib/crater-agent-workspace/rustup-home:/opt/rustwide/rustup-home:ro,Z" "-e" "SOURCE_DIR=/opt/rustwide/workdir" "-e" "CARGO_TARGET_DIR=/opt/rustwide/target" "-e" "CARGO_HOME=/opt/rustwide/cargo-home" "-e" "RUSTUP_HOME=/opt/rustwide/rustup-home" "-w" "/opt/rustwide/workdir" "-m" "1610612736" "--user" "0:0" "--network" "none" "ghcr.io/rust-lang/crates-build-env/linux@sha256:f3a9d4ad9d972b27faf3965f35b62e55ba32bbce8f20bc8fe909558a86702fde" "/opt/rustwide/cargo-home/bin/cargo" "+beta-2024-12-08" "metadata" "--no-deps" "--format-version=1", kill_on_drop: false }`
[INFO] [stdout] 340e648d15001eccff5b998441e9674f707397c0c5b85bd3beb1696d8b59a6e5
[INFO] running `Command { std: "docker" "start" "-a" "340e648d15001eccff5b998441e9674f707397c0c5b85bd3beb1696d8b59a6e5", kill_on_drop: false }`
[INFO] running `Command { std: "docker" "inspect" "340e648d15001eccff5b998441e9674f707397c0c5b85bd3beb1696d8b59a6e5", kill_on_drop: false }`
[INFO] running `Command { std: "docker" "rm" "-f" "340e648d15001eccff5b998441e9674f707397c0c5b85bd3beb1696d8b59a6e5", kill_on_drop: false }`
[INFO] [stdout] 340e648d15001eccff5b998441e9674f707397c0c5b85bd3beb1696d8b59a6e5
[INFO] running `Command { std: "docker" "create" "-v" "/var/lib/crater-agent-workspace/builds/worker-7-tc2/target:/opt/rustwide/target:rw,Z" "-v" "/var/lib/crater-agent-workspace/builds/worker-7-tc2/source:/opt/rustwide/workdir:ro,Z" "-v" "/var/lib/crater-agent-workspace/cargo-home:/opt/rustwide/cargo-home:ro,Z" "-v" "/var/lib/crater-agent-workspace/rustup-home:/opt/rustwide/rustup-home:ro,Z" "-e" "SOURCE_DIR=/opt/rustwide/workdir" "-e" "CARGO_TARGET_DIR=/opt/rustwide/target" "-e" "CARGO_INCREMENTAL=0" "-e" "RUST_BACKTRACE=full" "-e" "RUSTFLAGS=--cap-lints=warn" "-e" "RUSTDOCFLAGS=--cap-lints=warn" "-e" "CARGO_HOME=/opt/rustwide/cargo-home" "-e" "RUSTUP_HOME=/opt/rustwide/rustup-home" "-w" "/opt/rustwide/workdir" "-m" "1610612736" "--user" "0:0" "--network" "none" "ghcr.io/rust-lang/crates-build-env/linux@sha256:f3a9d4ad9d972b27faf3965f35b62e55ba32bbce8f20bc8fe909558a86702fde" "/opt/rustwide/cargo-home/bin/cargo" "+beta-2024-12-08" "build" "--frozen" "--message-format=json", kill_on_drop: false }`
[INFO] [stdout] 8b8d0ea08d583eb0d14a4dfb1adb197084a606104f7a2803bb821c41c71c2f1e
[INFO] running `Command { std: "docker" "start" "-a" "8b8d0ea08d583eb0d14a4dfb1adb197084a606104f7a2803bb821c41c71c2f1e", kill_on_drop: false }`
[INFO] [stderr]    Compiling proc-macro2 v1.0.86
[INFO] [stderr]    Compiling libc v0.2.156
[INFO] [stderr]    Compiling equivalent v1.0.1
[INFO] [stderr]    Compiling hashbrown v0.14.5
[INFO] [stderr]    Compiling autocfg v1.3.0
[INFO] [stderr]    Compiling parking_lot_core v0.9.10
[INFO] [stderr]    Compiling toml_datetime v0.6.8
[INFO] [stderr]    Compiling winnow v0.5.40
[INFO] [stderr]    Compiling scopeguard v1.2.0
[INFO] [stderr]    Compiling smallvec v1.13.2
[INFO] [stderr]    Compiling thiserror v1.0.63
[INFO] [stderr]    Compiling anyhow v1.0.86
[INFO] [stderr]    Compiling pin-project-lite v0.2.14
[INFO] [stderr]    Compiling bytes v1.7.1
[INFO] [stderr]    Compiling lock_api v0.4.12
[INFO] [stderr]    Compiling bitflags v2.6.0
[INFO] [stderr]    Compiling quote v1.0.36
[INFO] [stderr]    Compiling indexmap v2.4.0
[INFO] [stderr]    Compiling socket2 v0.5.7
[INFO] [stderr]    Compiling syn v2.0.74
[INFO] [stderr]    Compiling signal-hook-registry v1.4.2
[INFO] [stderr]    Compiling mio v1.0.2
[INFO] [stderr]    Compiling parking_lot v0.12.3
[INFO] [stderr]    Compiling toml_edit v0.21.1
[INFO] [stderr]    Compiling thiserror-impl v1.0.63
[INFO] [stderr]    Compiling tokio-macros v2.4.0
[INFO] [stderr]    Compiling proc-macro-crate v3.1.0
[INFO] [stderr]    Compiling tokio v1.39.2
[INFO] [stderr]    Compiling num_enum_derive v0.7.3
[INFO] [stderr]    Compiling num_enum v0.7.3
[INFO] [stderr]    Compiling uno-rs v0.1.0 (/opt/rustwide/workdir)
[INFO] [stdout] warning: unused import: `UnoTypeClass`
[INFO] [stdout]  --> src/urp/types.rs:7:26
[INFO] [stdout]   |
[INFO] [stdout] 7 | use crate::ty::{UnoType, UnoTypeClass};
[INFO] [stdout]   |                          ^^^^^^^^^^^^
[INFO] [stdout]   |
[INFO] [stdout]   = note: `#[warn(unused_imports)]` on by default
[INFO] [stdout] 
[INFO] [stdout] 
[INFO] [stdout] warning: unreachable call
[INFO] [stdout]    --> src/urp/reader.rs:562:5
[INFO] [stdout]     |
[INFO] [stdout] 562 |     Some(todo!())
[INFO] [stdout]     |     ^^^^ ------- any code following this expression is unreachable
[INFO] [stdout]     |     |
[INFO] [stdout]     |     unreachable call
[INFO] [stdout]     |
[INFO] [stdout]     = note: `#[warn(unreachable_code)]` on by default
[INFO] [stdout] 
[INFO] [stdout] 
[INFO] [stdout] warning: variable `extra_flags` is assigned to, but never used
[INFO] [stdout]    --> src/urp/reader.rs:533:13
[INFO] [stdout]     |
[INFO] [stdout] 533 |     let mut extra_flags = None;
[INFO] [stdout]     |             ^^^^^^^^^^^
[INFO] [stdout]     |
[INFO] [stdout]     = note: consider using `_extra_flags` instead
[INFO] [stdout]     = note: `#[warn(unused_variables)]` on by default
[INFO] [stdout] 
[INFO] [stdout] 
[INFO] [stdout] warning: value assigned to `extra_flags` is never read
[INFO] [stdout]    --> src/urp/reader.rs:544:9
[INFO] [stdout]     |
[INFO] [stdout] 544 |         extra_flags = Some(flags)
[INFO] [stdout]     |         ^^^^^^^^^^^
[INFO] [stdout]     |
[INFO] [stdout]     = help: maybe it is overwritten before being read?
[INFO] [stdout]     = note: `#[warn(unused_assignments)]` on by default
[INFO] [stdout] 
[INFO] [stdout] 
[INFO] [stdout] warning: variable `tid` is assigned to, but never used
[INFO] [stdout]    --> src/urp/reader.rs:551:13
[INFO] [stdout]     |
[INFO] [stdout] 551 |     let mut tid = None;
[INFO] [stdout]     |             ^^^
[INFO] [stdout]     |
[INFO] [stdout]     = note: consider using `_tid` instead
[INFO] [stdout] 
[INFO] [stdout] 
[INFO] [stdout] warning: value assigned to `tid` is never read
[INFO] [stdout]    --> src/urp/reader.rs:555:9
[INFO] [stdout]     |
[INFO] [stdout] 555 |         tid = Some(value);
[INFO] [stdout]     |         ^^^
[INFO] [stdout]     |
[INFO] [stdout]     = help: maybe it is overwritten before being read?
[INFO] [stdout] 
[INFO] [stdout] 
[INFO] [stdout] warning: fields `last_oid`, `last_tid`, and `last_type` are never read
[INFO] [stdout]   --> src/urp/reader.rs:15:5
[INFO] [stdout]    |
[INFO] [stdout] 13 | pub struct ReaderState {
[INFO] [stdout]    |            ----------- fields in this struct
[INFO] [stdout] 14 |     // Caches for last values
[INFO] [stdout] 15 |     last_oid: Option<OID>,
[INFO] [stdout]    |     ^^^^^^^^
[INFO] [stdout] 16 |     last_tid: Option<TID>,
[INFO] [stdout]    |     ^^^^^^^^
[INFO] [stdout] 17 |     last_type: Option<UnoType>,
[INFO] [stdout]    |     ^^^^^^^^^
[INFO] [stdout]    |
[INFO] [stdout]    = note: `#[warn(dead_code)]` on by default
[INFO] [stdout] 
[INFO] [stdout] 
[INFO] [stdout] warning: struct `Block` is never constructed
[INFO] [stdout]   --> src/urp/types.rs:30:8
[INFO] [stdout]    |
[INFO] [stdout] 30 | struct Block {
[INFO] [stdout]    |        ^^^^^
[INFO] [stdout] 
[INFO] [stdout] 
[INFO] [stderr]     Finished `dev` profile [unoptimized + debuginfo] target(s) in 31.04s
[INFO] running `Command { std: "docker" "inspect" "8b8d0ea08d583eb0d14a4dfb1adb197084a606104f7a2803bb821c41c71c2f1e", kill_on_drop: false }`
[INFO] running `Command { std: "docker" "rm" "-f" "8b8d0ea08d583eb0d14a4dfb1adb197084a606104f7a2803bb821c41c71c2f1e", kill_on_drop: false }`
[INFO] [stdout] 8b8d0ea08d583eb0d14a4dfb1adb197084a606104f7a2803bb821c41c71c2f1e
[INFO] running `Command { std: "docker" "create" "-v" "/var/lib/crater-agent-workspace/builds/worker-7-tc2/target:/opt/rustwide/target:rw,Z" "-v" "/var/lib/crater-agent-workspace/builds/worker-7-tc2/source:/opt/rustwide/workdir:ro,Z" "-v" "/var/lib/crater-agent-workspace/cargo-home:/opt/rustwide/cargo-home:ro,Z" "-v" "/var/lib/crater-agent-workspace/rustup-home:/opt/rustwide/rustup-home:ro,Z" "-e" "SOURCE_DIR=/opt/rustwide/workdir" "-e" "CARGO_TARGET_DIR=/opt/rustwide/target" "-e" "CARGO_INCREMENTAL=0" "-e" "RUST_BACKTRACE=full" "-e" "RUSTFLAGS=--cap-lints=warn" "-e" "RUSTDOCFLAGS=--cap-lints=warn" "-e" "CARGO_HOME=/opt/rustwide/cargo-home" "-e" "RUSTUP_HOME=/opt/rustwide/rustup-home" "-w" "/opt/rustwide/workdir" "-m" "1610612736" "--user" "0:0" "--network" "none" "ghcr.io/rust-lang/crates-build-env/linux@sha256:f3a9d4ad9d972b27faf3965f35b62e55ba32bbce8f20bc8fe909558a86702fde" "/opt/rustwide/cargo-home/bin/cargo" "+beta-2024-12-08" "test" "--frozen" "--no-run" "--message-format=json", kill_on_drop: false }`
[INFO] [stdout] 103408bebeee7a89597d7869c4be3f628b000e2b2a4d9530301df63e7779ccaa
[INFO] running `Command { std: "docker" "start" "-a" "103408bebeee7a89597d7869c4be3f628b000e2b2a4d9530301df63e7779ccaa", kill_on_drop: false }`
[INFO] [stderr]    Compiling uno-rs v0.1.0 (/opt/rustwide/workdir)
[INFO] [stdout] warning: unused import: `UnoTypeClass`
[INFO] [stdout]  --> src/urp/types.rs:7:26
[INFO] [stdout]   |
[INFO] [stdout] 7 | use crate::ty::{UnoType, UnoTypeClass};
[INFO] [stdout]   |                          ^^^^^^^^^^^^
[INFO] [stdout]   |
[INFO] [stdout]   = note: `#[warn(unused_imports)]` on by default
[INFO] [stdout] 
[INFO] [stdout] 
[INFO] [stdout] warning: unreachable call
[INFO] [stdout]    --> src/urp/reader.rs:562:5
[INFO] [stdout]     |
[INFO] [stdout] 562 |     Some(todo!())
[INFO] [stdout]     |     ^^^^ ------- any code following this expression is unreachable
[INFO] [stdout]     |     |
[INFO] [stdout]     |     unreachable call
[INFO] [stdout]     |
[INFO] [stdout]     = note: `#[warn(unreachable_code)]` on by default
[INFO] [stdout] 
[INFO] [stdout] 
[INFO] [stdout] warning: variable `extra_flags` is assigned to, but never used
[INFO] [stdout]    --> src/urp/reader.rs:533:13
[INFO] [stdout]     |
[INFO] [stdout] 533 |     let mut extra_flags = None;
[INFO] [stdout]     |             ^^^^^^^^^^^
[INFO] [stdout]     |
[INFO] [stdout]     = note: consider using `_extra_flags` instead
[INFO] [stdout]     = note: `#[warn(unused_variables)]` on by default
[INFO] [stdout] 
[INFO] [stdout] 
[INFO] [stdout] warning: value assigned to `extra_flags` is never read
[INFO] [stdout]    --> src/urp/reader.rs:544:9
[INFO] [stdout]     |
[INFO] [stdout] 544 |         extra_flags = Some(flags)
[INFO] [stdout]     |         ^^^^^^^^^^^
[INFO] [stdout]     |
[INFO] [stdout]     = help: maybe it is overwritten before being read?
[INFO] [stdout]     = note: `#[warn(unused_assignments)]` on by default
[INFO] [stdout] 
[INFO] [stdout] 
[INFO] [stdout] warning: variable `tid` is assigned to, but never used
[INFO] [stdout]    --> src/urp/reader.rs:551:13
[INFO] [stdout]     |
[INFO] [stdout] 551 |     let mut tid = None;
[INFO] [stdout]     |             ^^^
[INFO] [stdout]     |
[INFO] [stdout]     = note: consider using `_tid` instead
[INFO] [stdout] 
[INFO] [stdout] 
[INFO] [stdout] warning: value assigned to `tid` is never read
[INFO] [stdout]    --> src/urp/reader.rs:555:9
[INFO] [stdout]     |
[INFO] [stdout] 555 |         tid = Some(value);
[INFO] [stdout]     |         ^^^
[INFO] [stdout]     |
[INFO] [stdout]     = help: maybe it is overwritten before being read?
[INFO] [stdout] 
[INFO] [stdout] 
[INFO] [stdout] warning: fields `last_oid`, `last_tid`, and `last_type` are never read
[INFO] [stdout]   --> src/urp/reader.rs:15:5
[INFO] [stdout]    |
[INFO] [stdout] 13 | pub struct ReaderState {
[INFO] [stdout]    |            ----------- fields in this struct
[INFO] [stdout] 14 |     // Caches for last values
[INFO] [stdout] 15 |     last_oid: Option<OID>,
[INFO] [stdout]    |     ^^^^^^^^
[INFO] [stdout] 16 |     last_tid: Option<TID>,
[INFO] [stdout]    |     ^^^^^^^^
[INFO] [stdout] 17 |     last_type: Option<UnoType>,
[INFO] [stdout]    |     ^^^^^^^^^
[INFO] [stdout]    |
[INFO] [stdout]    = note: `#[warn(dead_code)]` on by default
[INFO] [stdout] 
[INFO] [stdout] 
[INFO] [stdout] warning: struct `Block` is never constructed
[INFO] [stdout]   --> src/urp/types.rs:30:8
[INFO] [stdout]    |
[INFO] [stdout] 30 | struct Block {
[INFO] [stdout]    |        ^^^^^
[INFO] [stdout] 
[INFO] [stdout] 
[INFO] [stdout] warning: unnecessary parentheses around `if` condition
[INFO] [stdout]    --> src/urp/reader.rs:604:16
[INFO] [stdout]     |
[INFO] [stdout] 604 |             if (_block.bytes.len() < 500) {
[INFO] [stdout]     |                ^                        ^
[INFO] [stdout]     |
[INFO] [stdout]     = note: `#[warn(unused_parens)]` on by default
[INFO] [stdout] help: remove these parentheses
[INFO] [stdout]     |
[INFO] [stdout] 604 -             if (_block.bytes.len() < 500) {
[INFO] [stdout] 604 +             if _block.bytes.len() < 500 {
[INFO] [stdout]     |
[INFO] [stdout] 
[INFO] [stdout] 
[INFO] [stdout] warning: unused import: `UnoTypeClass`
[INFO] [stdout]  --> src/urp/types.rs:7:26
[INFO] [stdout]   |
[INFO] [stdout] 7 | use crate::ty::{UnoType, UnoTypeClass};
[INFO] [stdout]   |                          ^^^^^^^^^^^^
[INFO] [stdout]   |
[INFO] [stdout]   = note: `#[warn(unused_imports)]` on by default
[INFO] [stdout] 
[INFO] [stdout] 
[INFO] [stdout] warning: unreachable call
[INFO] [stdout]    --> src/urp/reader.rs:562:5
[INFO] [stdout]     |
[INFO] [stdout] 562 |     Some(todo!())
[INFO] [stdout]     |     ^^^^ ------- any code following this expression is unreachable
[INFO] [stdout]     |     |
[INFO] [stdout]     |     unreachable call
[INFO] [stdout]     |
[INFO] [stdout]     = note: `#[warn(unreachable_code)]` on by default
[INFO] [stdout] 
[INFO] [stdout] 
[INFO] [stdout] warning: variable `extra_flags` is assigned to, but never used
[INFO] [stdout]    --> src/urp/reader.rs:533:13
[INFO] [stdout]     |
[INFO] [stdout] 533 |     let mut extra_flags = None;
[INFO] [stdout]     |             ^^^^^^^^^^^
[INFO] [stdout]     |
[INFO] [stdout]     = note: consider using `_extra_flags` instead
[INFO] [stdout]     = note: `#[warn(unused_variables)]` on by default
[INFO] [stdout] 
[INFO] [stdout] 
[INFO] [stdout] warning: value assigned to `extra_flags` is never read
[INFO] [stdout]    --> src/urp/reader.rs:544:9
[INFO] [stdout]     |
[INFO] [stdout] 544 |         extra_flags = Some(flags)
[INFO] [stdout]     |         ^^^^^^^^^^^
[INFO] [stdout]     |
[INFO] [stdout]     = help: maybe it is overwritten before being read?
[INFO] [stdout]     = note: `#[warn(unused_assignments)]` on by default
[INFO] [stdout] 
[INFO] [stdout] 
[INFO] [stdout] warning: variable `tid` is assigned to, but never used
[INFO] [stdout]    --> src/urp/reader.rs:551:13
[INFO] [stdout]     |
[INFO] [stdout] 551 |     let mut tid = None;
[INFO] [stdout]     |             ^^^
[INFO] [stdout]     |
[INFO] [stdout]     = note: consider using `_tid` instead
[INFO] [stdout] 
[INFO] [stdout] 
[INFO] [stdout] warning: value assigned to `tid` is never read
[INFO] [stdout]    --> src/urp/reader.rs:555:9
[INFO] [stdout]     |
[INFO] [stdout] 555 |         tid = Some(value);
[INFO] [stdout]     |         ^^^
[INFO] [stdout]     |
[INFO] [stdout]     = help: maybe it is overwritten before being read?
[INFO] [stdout] 
[INFO] [stdout] 
[INFO] [stdout] warning: unused variable: `reader_state`
[INFO] [stdout]    --> src/urp/reader.rs:576:17
[INFO] [stdout]     |
[INFO] [stdout] 576 |         let mut reader_state = ReaderState::default();
[INFO] [stdout]     |                 ^^^^^^^^^^^^ help: if this is intentional, prefix it with an underscore: `_reader_state`
[INFO] [stdout] 
[INFO] [stdout] 
[INFO] [stdout] warning: unused variable: `bytes`
[INFO] [stdout]    --> src/urp/reader.rs:581:21
[INFO] [stdout]     |
[INFO] [stdout] 581 |             let mut bytes = block.bytes;
[INFO] [stdout]     |                     ^^^^^ help: if this is intentional, prefix it with an underscore: `_bytes`
[INFO] [stdout] 
[INFO] [stdout] 
[INFO] [stdout] warning: variable does not need to be mutable
[INFO] [stdout]    --> src/urp/reader.rs:576:13
[INFO] [stdout]     |
[INFO] [stdout] 576 |         let mut reader_state = ReaderState::default();
[INFO] [stdout]     |             ----^^^^^^^^^^^^
[INFO] [stdout]     |             |
[INFO] [stdout]     |             help: remove this `mut`
[INFO] [stdout]     |
[INFO] [stdout]     = note: `#[warn(unused_mut)]` on by default
[INFO] [stdout] 
[INFO] [stdout] 
[INFO] [stdout] warning: variable does not need to be mutable
[INFO] [stdout]    --> src/urp/reader.rs:581:17
[INFO] [stdout]     |
[INFO] [stdout] 581 |             let mut bytes = block.bytes;
[INFO] [stdout]     |                 ----^^^^^
[INFO] [stdout]     |                 |
[INFO] [stdout]     |                 help: remove this `mut`
[INFO] [stdout] 
[INFO] [stdout] 
[INFO] [stdout] warning: fields `last_oid`, `last_tid`, and `last_type` are never read
[INFO] [stdout]   --> src/urp/reader.rs:15:5
[INFO] [stdout]    |
[INFO] [stdout] 13 | pub struct ReaderState {
[INFO] [stdout]    |            ----------- fields in this struct
[INFO] [stdout] 14 |     // Caches for last values
[INFO] [stdout] 15 |     last_oid: Option<OID>,
[INFO] [stdout]    |     ^^^^^^^^
[INFO] [stdout] 16 |     last_tid: Option<TID>,
[INFO] [stdout]    |     ^^^^^^^^
[INFO] [stdout] 17 |     last_type: Option<UnoType>,
[INFO] [stdout]    |     ^^^^^^^^^
[INFO] [stdout]    |
[INFO] [stdout]    = note: `#[warn(dead_code)]` on by default
[INFO] [stdout] 
[INFO] [stdout] 
[INFO] [stdout] warning: struct `Block` is never constructed
[INFO] [stdout]   --> src/urp/types.rs:30:8
[INFO] [stdout]    |
[INFO] [stdout] 30 | struct Block {
[INFO] [stdout]    |        ^^^^^
[INFO] [stdout] 
[INFO] [stdout] 
[INFO] [stderr]     Finished `test` profile [unoptimized + debuginfo] target(s) in 0.78s
[INFO] running `Command { std: "docker" "inspect" "103408bebeee7a89597d7869c4be3f628b000e2b2a4d9530301df63e7779ccaa", kill_on_drop: false }`
[INFO] running `Command { std: "docker" "rm" "-f" "103408bebeee7a89597d7869c4be3f628b000e2b2a4d9530301df63e7779ccaa", kill_on_drop: false }`
[INFO] [stdout] 103408bebeee7a89597d7869c4be3f628b000e2b2a4d9530301df63e7779ccaa
[INFO] running `Command { std: "docker" "create" "-v" "/var/lib/crater-agent-workspace/builds/worker-7-tc2/target:/opt/rustwide/target:rw,Z" "-v" "/var/lib/crater-agent-workspace/builds/worker-7-tc2/source:/opt/rustwide/workdir:ro,Z" "-v" "/var/lib/crater-agent-workspace/cargo-home:/opt/rustwide/cargo-home:ro,Z" "-v" "/var/lib/crater-agent-workspace/rustup-home:/opt/rustwide/rustup-home:ro,Z" "-e" "SOURCE_DIR=/opt/rustwide/workdir" "-e" "CARGO_TARGET_DIR=/opt/rustwide/target" "-e" "CARGO_INCREMENTAL=0" "-e" "RUST_BACKTRACE=full" "-e" "RUSTFLAGS=--cap-lints=warn" "-e" "RUSTDOCFLAGS=--cap-lints=warn" "-e" "CARGO_HOME=/opt/rustwide/cargo-home" "-e" "RUSTUP_HOME=/opt/rustwide/rustup-home" "-w" "/opt/rustwide/workdir" "-m" "1610612736" "--user" "0:0" "--network" "none" "ghcr.io/rust-lang/crates-build-env/linux@sha256:f3a9d4ad9d972b27faf3965f35b62e55ba32bbce8f20bc8fe909558a86702fde" "/opt/rustwide/cargo-home/bin/cargo" "+beta-2024-12-08" "test" "--frozen", kill_on_drop: false }`
[INFO] [stdout] 520e3ae13fabc8ec0fcf2e3e5e5664913a9ab9cf443c288db719cb5273339ecb
[INFO] running `Command { std: "docker" "start" "-a" "520e3ae13fabc8ec0fcf2e3e5e5664913a9ab9cf443c288db719cb5273339ecb", kill_on_drop: false }`
[INFO] [stderr] warning: unused import: `UnoTypeClass`
[INFO] [stderr]  --> src/urp/types.rs:7:26
[INFO] [stderr]   |
[INFO] [stderr] 7 | use crate::ty::{UnoType, UnoTypeClass};
[INFO] [stderr]   |                          ^^^^^^^^^^^^
[INFO] [stderr]   |
[INFO] [stderr]   = note: `#[warn(unused_imports)]` on by default
[INFO] [stderr] 
[INFO] [stderr] warning: unreachable call
[INFO] [stderr]    --> src/urp/reader.rs:562:5
[INFO] [stderr]     |
[INFO] [stderr] 562 |     Some(todo!())
[INFO] [stderr]     |     ^^^^ ------- any code following this expression is unreachable
[INFO] [stderr]     |     |
[INFO] [stderr]     |     unreachable call
[INFO] [stderr]     |
[INFO] [stderr]     = note: `#[warn(unreachable_code)]` on by default
[INFO] [stderr] 
[INFO] [stderr] warning: variable `extra_flags` is assigned to, but never used
[INFO] [stderr]    --> src/urp/reader.rs:533:13
[INFO] [stderr]     |
[INFO] [stderr] 533 |     let mut extra_flags = None;
[INFO] [stderr]     |             ^^^^^^^^^^^
[INFO] [stderr]     |
[INFO] [stderr]     = note: consider using `_extra_flags` instead
[INFO] [stderr]     = note: `#[warn(unused_variables)]` on by default
[INFO] [stderr] 
[INFO] [stderr] warning: value assigned to `extra_flags` is never read
[INFO] [stderr]    --> src/urp/reader.rs:544:9
[INFO] [stderr]     |
[INFO] [stderr] 544 |         extra_flags = Some(flags)
[INFO] [stderr]     |         ^^^^^^^^^^^
[INFO] [stderr]     |
[INFO] [stderr]     = help: maybe it is overwritten before being read?
[INFO] [stderr]     = note: `#[warn(unused_assignments)]` on by default
[INFO] [stderr] 
[INFO] [stderr] warning: variable `tid` is assigned to, but never used
[INFO] [stderr]    --> src/urp/reader.rs:551:13
[INFO] [stderr]     |
[INFO] [stderr] 551 |     let mut tid = None;
[INFO] [stderr]     |             ^^^
[INFO] [stderr]     |
[INFO] [stderr]     = note: consider using `_tid` instead
[INFO] [stderr] 
[INFO] [stderr] warning: value assigned to `tid` is never read
[INFO] [stderr]    --> src/urp/reader.rs:555:9
[INFO] [stderr]     |
[INFO] [stderr] 555 |         tid = Some(value);
[INFO] [stderr]     |         ^^^
[INFO] [stderr]     |
[INFO] [stderr]     = help: maybe it is overwritten before being read?
[INFO] [stderr] 
[INFO] [stderr] warning: fields `last_oid`, `last_tid`, and `last_type` are never read
[INFO] [stderr]   --> src/urp/reader.rs:15:5
[INFO] [stderr]    |
[INFO] [stderr] 13 | pub struct ReaderState {
[INFO] [stderr]    |            ----------- fields in this struct
[INFO] [stderr] 14 |     // Caches for last values
[INFO] [stderr] 15 |     last_oid: Option<OID>,
[INFO] [stderr]    |     ^^^^^^^^
[INFO] [stderr] 16 |     last_tid: Option<TID>,
[INFO] [stderr]    |     ^^^^^^^^
[INFO] [stderr] 17 |     last_type: Option<UnoType>,
[INFO] [stderr]    |     ^^^^^^^^^
[INFO] [stderr]    |
[INFO] [stderr]    = note: `#[warn(dead_code)]` on by default
[INFO] [stderr] 
[INFO] [stderr] warning: struct `Block` is never constructed
[INFO] [stderr]   --> src/urp/types.rs:30:8
[INFO] [stderr]    |
[INFO] [stderr] 30 | struct Block {
[INFO] [stderr]    |        ^^^^^
[INFO] [stderr] 
[INFO] [stderr] warning: unnecessary parentheses around `if` condition
[INFO] [stderr]    --> src/urp/reader.rs:604:16
[INFO] [stderr]     |
[INFO] [stderr] 604 |             if (_block.bytes.len() < 500) {
[INFO] [stderr]     |                ^                        ^
[INFO] [stderr]     |
[INFO] [stderr]     = note: `#[warn(unused_parens)]` on by default
[INFO] [stderr] help: remove these parentheses
[INFO] [stderr]     |
[INFO] [stderr] 604 -             if (_block.bytes.len() < 500) {
[INFO] [stderr] 604 +             if _block.bytes.len() < 500 {
[INFO] [stderr]     |
[INFO] [stderr] 
[INFO] [stderr] warning: unused variable: `reader_state`
[INFO] [stderr]    --> src/urp/reader.rs:576:17
[INFO] [stderr]     |
[INFO] [stderr] 576 |         let mut reader_state = ReaderState::default();
[INFO] [stderr]     |                 ^^^^^^^^^^^^ help: if this is intentional, prefix it with an underscore: `_reader_state`
[INFO] [stderr] 
[INFO] [stderr] warning: unused variable: `bytes`
[INFO] [stderr]    --> src/urp/reader.rs:581:21
[INFO] [stderr]     |
[INFO] [stderr] 581 |             let mut bytes = block.bytes;
[INFO] [stderr]     |                     ^^^^^ help: if this is intentional, prefix it with an underscore: `_bytes`
[INFO] [stderr] 
[INFO] [stderr] warning: variable does not need to be mutable
[INFO] [stderr]    --> src/urp/reader.rs:576:13
[INFO] [stderr]     |
[INFO] [stderr] 576 |         let mut reader_state = ReaderState::default();
[INFO] [stderr]     |             ----^^^^^^^^^^^^
[INFO] [stderr]     |             |
[INFO] [stderr]     |             help: remove this `mut`
[INFO] [stderr]     |
[INFO] [stderr]     = note: `#[warn(unused_mut)]` on by default
[INFO] [stderr] 
[INFO] [stderr] warning: variable does not need to be mutable
[INFO] [stderr]    --> src/urp/reader.rs:581:17
[INFO] [stderr]     |
[INFO] [stderr] 581 |             let mut bytes = block.bytes;
[INFO] [stderr]     |                 ----^^^^^
[INFO] [stderr]     |                 |
[INFO] [stderr]     |                 help: remove this `mut`
[INFO] [stderr] 
[INFO] [stderr] warning: `uno-rs` (lib) generated 8 warnings (run `cargo fix --lib -p uno-rs` to apply 1 suggestion)
[INFO] [stderr] warning: `uno-rs` (lib test) generated 13 warnings (8 duplicates) (run `cargo fix --lib -p uno-rs --tests` to apply 3 suggestions)
[INFO] [stderr]     Finished `test` profile [unoptimized + debuginfo] target(s) in 0.07s
[INFO] [stderr]      Running unittests src/lib.rs (/opt/rustwide/target/debug/deps/uno_rs-7e265d9a33473533)
[INFO] [stdout] 
[INFO] [stdout] running 6 tests
[INFO] [stdout] test ty::test::test_boolean_sequence ... ok
[INFO] [stdout] test ty::test::test_nested_sequence ... ok
[INFO] [stdout] test ty::test::test_void_sequence ... ok
[INFO] [stdout] test ty::test::test_nested_unsigned_sequence ... ok
[INFO] [stderr] error: test failed, to rerun pass `--lib`
[INFO] [stdout] test urp::reader::test::test_sample_convert ... FAILED
[INFO] [stdout] test urp::reader::test::test_sample_initial ... FAILED
[INFO] [stdout] 
[INFO] [stdout] failures:
[INFO] [stdout] 
[INFO] [stdout] ---- urp::reader::test::test_sample_convert stdout ----
[INFO] [stdout] thread 'urp::reader::test::test_sample_convert' panicked at src/urp/reader.rs:587:64:
[INFO] [stdout] called `Result::unwrap()` on an `Err` value: Os { code: 2, kind: NotFound, message: "No such file or directory" }
[INFO] [stdout] stack backtrace:
[INFO] [stdout]    0:     0x5aadac161b7a - std::backtrace_rs::backtrace::libunwind::trace::h8810477743020387
[INFO] [stdout]                                at /rustc/202008a1b8de96d2e5b6bc02d379db03a877d34d/library/std/src/../../backtrace/src/backtrace/libunwind.rs:116:5
[INFO] [stdout]    1:     0x5aadac161b7a - std::backtrace_rs::backtrace::trace_unsynchronized::h3aa55355dd6c54a6
[INFO] [stdout]                                at /rustc/202008a1b8de96d2e5b6bc02d379db03a877d34d/library/std/src/../../backtrace/src/backtrace/mod.rs:66:5
[INFO] [stdout]    2:     0x5aadac161b7a - std::sys::backtrace::_print_fmt::h8588b0f62410823f
[INFO] [stdout]                                at /rustc/202008a1b8de96d2e5b6bc02d379db03a877d34d/library/std/src/sys/backtrace.rs:66:9
[INFO] [stdout]    3:     0x5aadac161b7a - <std::sys::backtrace::BacktraceLock::print::DisplayBacktrace as core::fmt::Display>::fmt::h98c26ac25ffe89bb
[INFO] [stdout]                                at /rustc/202008a1b8de96d2e5b6bc02d379db03a877d34d/library/std/src/sys/backtrace.rs:39:26
[INFO] [stdout]    4:     0x5aadac187623 - core::fmt::rt::Argument::fmt::hf95377f4aebd453b
[INFO] [stdout]                                at /rustc/202008a1b8de96d2e5b6bc02d379db03a877d34d/library/core/src/fmt/rt.rs:177:76
[INFO] [stdout]    5:     0x5aadac187623 - core::fmt::write::h0dd5f6e2238c7982
[INFO] [stdout]                                at /rustc/202008a1b8de96d2e5b6bc02d379db03a877d34d/library/core/src/fmt/mod.rs:1189:21
[INFO] [stdout]    6:     0x5aadac15eb43 - std::io::Write::write_fmt::h03bb0ca26e6faf8c
[INFO] [stdout]                                at /rustc/202008a1b8de96d2e5b6bc02d379db03a877d34d/library/std/src/io/mod.rs:1884:15
[INFO] [stdout]    7:     0x5aadac1619c2 - std::sys::backtrace::BacktraceLock::print::h5c19c1c038ee186d
[INFO] [stdout]                                at /rustc/202008a1b8de96d2e5b6bc02d379db03a877d34d/library/std/src/sys/backtrace.rs:42:9
[INFO] [stdout]    8:     0x5aadac162ffd - std::panicking::default_hook::{{closure}}::h77172f079a1fcb13
[INFO] [stdout]                                at /rustc/202008a1b8de96d2e5b6bc02d379db03a877d34d/library/std/src/panicking.rs:268:22
[INFO] [stdout]    9:     0x5aadac162e07 - std::panicking::default_hook::he5f8e3b203ccddba
[INFO] [stdout]                                at /rustc/202008a1b8de96d2e5b6bc02d379db03a877d34d/library/std/src/panicking.rs:292:9
[INFO] [stdout]   10:     0x5aadac11bea7 - <alloc::boxed::Box<F,A> as core::ops::function::Fn<Args>>::call::h7a3c7b4a1ae77f2f
[INFO] [stdout]                                at /rustc/202008a1b8de96d2e5b6bc02d379db03a877d34d/library/alloc/src/boxed.rs:1986:9
[INFO] [stdout]   11:     0x5aadac11bea7 - test::test_main::{{closure}}::hf0d3b69ae9b353d1
[INFO] [stdout]                                at /rustc/202008a1b8de96d2e5b6bc02d379db03a877d34d/library/test/src/lib.rs:134:21
[INFO] [stdout]   12:     0x5aadac1636a8 - <alloc::boxed::Box<F,A> as core::ops::function::Fn<Args>>::call::h6332e82e7b189abd
[INFO] [stdout]                                at /rustc/202008a1b8de96d2e5b6bc02d379db03a877d34d/library/alloc/src/boxed.rs:1986:9
[INFO] [stdout]   13:     0x5aadac1636a8 - std::panicking::rust_panic_with_hook::h53863d4e9018df39
[INFO] [stdout]                                at /rustc/202008a1b8de96d2e5b6bc02d379db03a877d34d/library/std/src/panicking.rs:809:13
[INFO] [stdout]   14:     0x5aadac16346a - std::panicking::begin_panic_handler::{{closure}}::h67280e6fa0757873
[INFO] [stdout]                                at /rustc/202008a1b8de96d2e5b6bc02d379db03a877d34d/library/std/src/panicking.rs:674:13
[INFO] [stdout]   15:     0x5aadac162059 - std::sys::backtrace::__rust_end_short_backtrace::h1dac3f54d6fbbeb2
[INFO] [stdout]                                at /rustc/202008a1b8de96d2e5b6bc02d379db03a877d34d/library/std/src/sys/backtrace.rs:170:18
[INFO] [stdout]   16:     0x5aadac1630fc - rust_begin_unwind
[INFO] [stdout]                                at /rustc/202008a1b8de96d2e5b6bc02d379db03a877d34d/library/std/src/panicking.rs:665:5
[INFO] [stdout]   17:     0x5aadac0dbaa0 - core::panicking::panic_fmt::h6792bd1b2bf01041
[INFO] [stdout]                                at /rustc/202008a1b8de96d2e5b6bc02d379db03a877d34d/library/core/src/panicking.rs:76:14
[INFO] [stdout]   18:     0x5aadac0dbee6 - core::result::unwrap_failed::h05e0602ed34287c5
[INFO] [stdout]                                at /rustc/202008a1b8de96d2e5b6bc02d379db03a877d34d/library/core/src/result.rs:1699:5
[INFO] [stdout]   19:     0x5aadac0e1dae - core::result::Result<T,E>::unwrap::h488983e12191f607
[INFO] [stdout]                                at /rustc/202008a1b8de96d2e5b6bc02d379db03a877d34d/library/core/src/result.rs:1104:23
[INFO] [stdout]   20:     0x5aadac0e1dae - uno_rs::urp::reader::test::test_sample_convert::ha092d5841fa4309d
[INFO] [stdout]                                at /opt/rustwide/workdir/src/urp/reader.rs:587:21
[INFO] [stdout]   21:     0x5aadac0e1d17 - uno_rs::urp::reader::test::test_sample_convert::{{closure}}::ha922155647aafb88
[INFO] [stdout]                                at /opt/rustwide/workdir/src/urp/reader.rs:586:29
[INFO] [stdout]   22:     0x5aadac0dd726 - core::ops::function::FnOnce::call_once::h57216bfbc546220c
[INFO] [stdout]                                at /rustc/202008a1b8de96d2e5b6bc02d379db03a877d34d/library/core/src/ops/function.rs:250:5
[INFO] [stdout]   23:     0x5aadac1209cb - core::ops::function::FnOnce::call_once::h871bf86719ec9aa4
[INFO] [stdout]                                at /rustc/202008a1b8de96d2e5b6bc02d379db03a877d34d/library/core/src/ops/function.rs:250:5
[INFO] [stdout]   24:     0x5aadac1209cb - test::__rust_begin_short_backtrace::h2167df1e2b7d76fd
[INFO] [stdout]                                at /rustc/202008a1b8de96d2e5b6bc02d379db03a877d34d/library/test/src/lib.rs:632:18
[INFO] [stdout]   25:     0x5aadac1203b8 - test::run_test_in_process::{{closure}}::h15d92f75a3adfb79
[INFO] [stdout]                                at /rustc/202008a1b8de96d2e5b6bc02d379db03a877d34d/library/test/src/lib.rs:655:60
[INFO] [stdout]   26:     0x5aadac1203b8 - <core::panic::unwind_safe::AssertUnwindSafe<F> as core::ops::function::FnOnce<()>>::call_once::hb6c8955835a8dbbb
[INFO] [stdout]                                at /rustc/202008a1b8de96d2e5b6bc02d379db03a877d34d/library/core/src/panic/unwind_safe.rs:272:9
[INFO] [stdout]   27:     0x5aadac1203b8 - std::panicking::try::do_call::hc79d0fc888a0bd30
[INFO] [stdout]                                at /rustc/202008a1b8de96d2e5b6bc02d379db03a877d34d/library/std/src/panicking.rs:557:40
[INFO] [stdout]   28:     0x5aadac1203b8 - std::panicking::try::hb8a7878e3a8589d6
[INFO] [stdout]                                at /rustc/202008a1b8de96d2e5b6bc02d379db03a877d34d/library/std/src/panicking.rs:520:19
[INFO] [stdout]   29:     0x5aadac1203b8 - std::panic::catch_unwind::hb8e4600ff0ff5cfa
[INFO] [stdout]                                at /rustc/202008a1b8de96d2e5b6bc02d379db03a877d34d/library/std/src/panic.rs:358:14
[INFO] [stdout]   30:     0x5aadac1203b8 - test::run_test_in_process::hc2900b0b18688dd6
[INFO] [stdout]                                at /rustc/202008a1b8de96d2e5b6bc02d379db03a877d34d/library/test/src/lib.rs:655:27
[INFO] [stdout]   31:     0x5aadac1203b8 - test::run_test::{{closure}}::hac2a9cb07be3d48d
[INFO] [stdout]                                at /rustc/202008a1b8de96d2e5b6bc02d379db03a877d34d/library/test/src/lib.rs:576:43
[INFO] [stdout]   32:     0x5aadac0e3e5a - test::run_test::{{closure}}::h4a5b729e66a38cd8
[INFO] [stdout]                                at /rustc/202008a1b8de96d2e5b6bc02d379db03a877d34d/library/test/src/lib.rs:606:41
[INFO] [stdout]   33:     0x5aadac0e3e5a - std::sys::backtrace::__rust_begin_short_backtrace::h0496fb742492f573
[INFO] [stdout]                                at /rustc/202008a1b8de96d2e5b6bc02d379db03a877d34d/library/std/src/sys/backtrace.rs:154:18
[INFO] [stdout]   34:     0x5aadac0e77d4 - std::thread::Builder::spawn_unchecked_::{{closure}}::{{closure}}::hbb6d257c550a54bd
[INFO] [stdout]                                at /rustc/202008a1b8de96d2e5b6bc02d379db03a877d34d/library/std/src/thread/mod.rs:561:17
[INFO] [stdout]   35:     0x5aadac0e77d4 - <core::panic::unwind_safe::AssertUnwindSafe<F> as core::ops::function::FnOnce<()>>::call_once::h46696fe4a6832328
[INFO] [stdout]                                at /rustc/202008a1b8de96d2e5b6bc02d379db03a877d34d/library/core/src/panic/unwind_safe.rs:272:9
[INFO] [stdout]   36:     0x5aadac0e77d4 - std::panicking::try::do_call::h2625a51b667bfb64
[INFO] [stdout]                                at /rustc/202008a1b8de96d2e5b6bc02d379db03a877d34d/library/std/src/panicking.rs:557:40
[INFO] [stdout]   37:     0x5aadac0e77d4 - std::panicking::try::hb956a59a1973aa4c
[INFO] [stdout]                                at /rustc/202008a1b8de96d2e5b6bc02d379db03a877d34d/library/std/src/panicking.rs:520:19
[INFO] [stdout]   38:     0x5aadac0e77d4 - std::panic::catch_unwind::h64f3b9d1067ef6a0
[INFO] [stdout]                                at /rustc/202008a1b8de96d2e5b6bc02d379db03a877d34d/library/std/src/panic.rs:358:14
[INFO] [stdout]   39:     0x5aadac0e77d4 - std::thread::Builder::spawn_unchecked_::{{closure}}::h42b2841295b6c0b2
[INFO] [stdout]                                at /rustc/202008a1b8de96d2e5b6bc02d379db03a877d34d/library/std/src/thread/mod.rs:559:30
[INFO] [stdout]   40:     0x5aadac0e77d4 - core::ops::function::FnOnce::call_once{{vtable.shim}}::h6127de71b8124639
[INFO] [stdout]                                at /rustc/202008a1b8de96d2e5b6bc02d379db03a877d34d/library/core/src/ops/function.rs:250:5
[INFO] [stdout]   41:     0x5aadac1675eb - <alloc::boxed::Box<F,A> as core::ops::function::FnOnce<Args>>::call_once::h42f0ba71002a1b2c
[INFO] [stdout]                                at /rustc/202008a1b8de96d2e5b6bc02d379db03a877d34d/library/alloc/src/boxed.rs:1972:9
[INFO] [stdout]   42:     0x5aadac1675eb - <alloc::boxed::Box<F,A> as core::ops::function::FnOnce<Args>>::call_once::had9e47d7a3dcecb8
[INFO] [stdout]                                at /rustc/202008a1b8de96d2e5b6bc02d379db03a877d34d/library/alloc/src/boxed.rs:1972:9
[INFO] [stdout]   43:     0x5aadac1675eb - std::sys::pal::unix::thread::Thread::new::thread_start::h48cf765408f6f5f2
[INFO] [stdout]                                at /rustc/202008a1b8de96d2e5b6bc02d379db03a877d34d/library/std/src/sys/pal/unix/thread.rs:105:17
[INFO] [stdout]   44:     0x798dade16ac3 - <unknown>
[INFO] [stdout]   45:     0x798dadea7a04 - clone
[INFO] [stdout]   46:                0x0 - <unknown>
[INFO] [stdout] 
[INFO] [stdout] ---- urp::reader::test::test_sample_initial stdout ----
[INFO] [stdout] thread 'urp::reader::test::test_sample_initial' panicked at src/urp/reader.rs:573:67:
[INFO] [stdout] called `Result::unwrap()` on an `Err` value: Os { code: 2, kind: NotFound, message: "No such file or directory" }
[INFO] [stdout] stack backtrace:
[INFO] [stdout]    0:     0x5aadac161b7a - std::backtrace_rs::backtrace::libunwind::trace::h8810477743020387
[INFO] [stdout]                                at /rustc/202008a1b8de96d2e5b6bc02d379db03a877d34d/library/std/src/../../backtrace/src/backtrace/libunwind.rs:116:5
[INFO] [stdout]    1:     0x5aadac161b7a - std::backtrace_rs::backtrace::trace_unsynchronized::h3aa55355dd6c54a6
[INFO] [stdout]                                at /rustc/202008a1b8de96d2e5b6bc02d379db03a877d34d/library/std/src/../../backtrace/src/backtrace/mod.rs:66:5
[INFO] [stdout]    2:     0x5aadac161b7a - std::sys::backtrace::_print_fmt::h8588b0f62410823f
[INFO] [stdout]                                at /rustc/202008a1b8de96d2e5b6bc02d379db03a877d34d/library/std/src/sys/backtrace.rs:66:9
[INFO] [stdout]    3:     0x5aadac161b7a - <std::sys::backtrace::BacktraceLock::print::DisplayBacktrace as core::fmt::Display>::fmt::h98c26ac25ffe89bb
[INFO] [stdout]                                at /rustc/202008a1b8de96d2e5b6bc02d379db03a877d34d/library/std/src/sys/backtrace.rs:39:26
[INFO] [stdout]    4:     0x5aadac187623 - core::fmt::rt::Argument::fmt::hf95377f4aebd453b
[INFO] [stdout]                                at /rustc/202008a1b8de96d2e5b6bc02d379db03a877d34d/library/core/src/fmt/rt.rs:177:76
[INFO] [stdout]    5:     0x5aadac187623 - core::fmt::write::h0dd5f6e2238c7982
[INFO] [stdout]                                at /rustc/202008a1b8de96d2e5b6bc02d379db03a877d34d/library/core/src/fmt/mod.rs:1189:21
[INFO] [stdout]    6:     0x5aadac15eb43 - std::io::Write::write_fmt::h03bb0ca26e6faf8c
[INFO] [stdout]                                at /rustc/202008a1b8de96d2e5b6bc02d379db03a877d34d/library/std/src/io/mod.rs:1884:15
[INFO] [stdout]    7:     0x5aadac1619c2 - std::sys::backtrace::BacktraceLock::print::h5c19c1c038ee186d
[INFO] [stdout]                                at /rustc/202008a1b8de96d2e5b6bc02d379db03a877d34d/library/std/src/sys/backtrace.rs:42:9
[INFO] [stdout]    8:     0x5aadac162ffd - std::panicking::default_hook::{{closure}}::h77172f079a1fcb13
[INFO] [stdout]                                at /rustc/202008a1b8de96d2e5b6bc02d379db03a877d34d/library/std/src/panicking.rs:268:22
[INFO] [stdout]    9:     0x5aadac162e07 - std::panicking::default_hook::he5f8e3b203ccddba
[INFO] [stdout]                                at /rustc/202008a1b8de96d2e5b6bc02d379db03a877d34d/library/std/src/panicking.rs:292:9
[INFO] [stdout]   10:     0x5aadac11bea7 - <alloc::boxed::Box<F,A> as core::ops::function::Fn<Args>>::call::h7a3c7b4a1ae77f2f
[INFO] [stdout]                                at /rustc/202008a1b8de96d2e5b6bc02d379db03a877d34d/library/alloc/src/boxed.rs:1986:9
[INFO] [stdout]   11:     0x5aadac11bea7 - test::test_main::{{closure}}::hf0d3b69ae9b353d1
[INFO] [stdout]                                at /rustc/202008a1b8de96d2e5b6bc02d379db03a877d34d/library/test/src/lib.rs:134:21
[INFO] [stdout]   12:     0x5aadac1636a8 - <alloc::boxed::Box<F,A> as core::ops::function::Fn<Args>>::call::h6332e82e7b189abd
[INFO] [stdout]                                at /rustc/202008a1b8de96d2e5b6bc02d379db03a877d34d/library/alloc/src/boxed.rs:1986:9
[INFO] [stdout]   13:     0x5aadac1636a8 - std::panicking::rust_panic_with_hook::h53863d4e9018df39
[INFO] [stdout]                                at /rustc/202008a1b8de96d2e5b6bc02d379db03a877d34d/library/std/src/panicking.rs:809:13
[INFO] [stdout]   14:     0x5aadac16346a - std::panicking::begin_panic_handler::{{closure}}::h67280e6fa0757873
[INFO] [stdout]                                at /rustc/202008a1b8de96d2e5b6bc02d379db03a877d34d/library/std/src/panicking.rs:674:13
[INFO] [stdout]   15:     0x5aadac162059 - std::sys::backtrace::__rust_end_short_backtrace::h1dac3f54d6fbbeb2
[INFO] [stdout]                                at /rustc/202008a1b8de96d2e5b6bc02d379db03a877d34d/library/std/src/sys/backtrace.rs:170:18
[INFO] [stdout]   16:     0x5aadac1630fc - rust_begin_unwind
[INFO] [stdout]                                at /rustc/202008a1b8de96d2e5b6bc02d379db03a877d34d/library/std/src/panicking.rs:665:5
[INFO] [stdout]   17:     0x5aadac0dbaa0 - core::panicking::panic_fmt::h6792bd1b2bf01041
[INFO] [stdout]                                at /rustc/202008a1b8de96d2e5b6bc02d379db03a877d34d/library/core/src/panicking.rs:76:14
[INFO] [stdout]   18:     0x5aadac0dbee6 - core::result::unwrap_failed::h05e0602ed34287c5
[INFO] [stdout]                                at /rustc/202008a1b8de96d2e5b6bc02d379db03a877d34d/library/core/src/result.rs:1699:5
[INFO] [stdout]   19:     0x5aadac0e1b01 - core::result::Result<T,E>::unwrap::h488983e12191f607
[INFO] [stdout]                                at /rustc/202008a1b8de96d2e5b6bc02d379db03a877d34d/library/core/src/result.rs:1104:23
[INFO] [stdout]   20:     0x5aadac0e1b01 - uno_rs::urp::reader::test::test_sample_initial::h3192876c23e7d6bf
[INFO] [stdout]                                at /opt/rustwide/workdir/src/urp/reader.rs:573:21
[INFO] [stdout]   21:     0x5aadac0e1a37 - uno_rs::urp::reader::test::test_sample_initial::{{closure}}::h81b6540d82cc4107
[INFO] [stdout]                                at /opt/rustwide/workdir/src/urp/reader.rs:572:29
[INFO] [stdout]   22:     0x5aadac0dd826 - core::ops::function::FnOnce::call_once::he1bde2194a1de8e5
[INFO] [stdout]                                at /rustc/202008a1b8de96d2e5b6bc02d379db03a877d34d/library/core/src/ops/function.rs:250:5
[INFO] [stdout]   23:     0x5aadac1209cb - core::ops::function::FnOnce::call_once::h871bf86719ec9aa4
[INFO] [stdout]                                at /rustc/202008a1b8de96d2e5b6bc02d379db03a877d34d/library/core/src/ops/function.rs:250:5
[INFO] [stdout]   24:     0x5aadac1209cb - test::__rust_begin_short_backtrace::h2167df1e2b7d76fd
[INFO] [stdout]                                at /rustc/202008a1b8de96d2e5b6bc02d379db03a877d34d/library/test/src/lib.rs:632:18
[INFO] [stdout]   25:     0x5aadac1203b8 - test::run_test_in_process::{{closure}}::h15d92f75a3adfb79
[INFO] [stdout]                                at /rustc/202008a1b8de96d2e5b6bc02d379db03a877d34d/library/test/src/lib.rs:655:60
[INFO] [stdout]   26:     0x5aadac1203b8 - <core::panic::unwind_safe::AssertUnwindSafe<F> as core::ops::function::FnOnce<()>>::call_once::hb6c8955835a8dbbb
[INFO] [stdout]                                at /rustc/202008a1b8de96d2e5b6bc02d379db03a877d34d/library/core/src/panic/unwind_safe.rs:272:9
[INFO] [stdout]   27:     0x5aadac1203b8 - std::panicking::try::do_call::hc79d0fc888a0bd30
[INFO] [stdout]                                at /rustc/202008a1b8de96d2e5b6bc02d379db03a877d34d/library/std/src/panicking.rs:557:40
[INFO] [stdout]   28:     0x5aadac1203b8 - std::panicking::try::hb8a7878e3a8589d6
[INFO] [stdout]                                at /rustc/202008a1b8de96d2e5b6bc02d379db03a877d34d/library/std/src/panicking.rs:520:19
[INFO] [stdout]   29:     0x5aadac1203b8 - std::panic::catch_unwind::hb8e4600ff0ff5cfa
[INFO] [stdout]                                at /rustc/202008a1b8de96d2e5b6bc02d379db03a877d34d/library/std/src/panic.rs:358:14
[INFO] [stdout]   30:     0x5aadac1203b8 - test::run_test_in_process::hc2900b0b18688dd6
[INFO] [stdout]                                at /rustc/202008a1b8de96d2e5b6bc02d379db03a877d34d/library/test/src/lib.rs:655:27
[INFO] [stdout]   31:     0x5aadac1203b8 - test::run_test::{{closure}}::hac2a9cb07be3d48d
[INFO] [stdout]                                at /rustc/202008a1b8de96d2e5b6bc02d379db03a877d34d/library/test/src/lib.rs:576:43
[INFO] [stdout]   32:     0x5aadac0e3e5a - test::run_test::{{closure}}::h4a5b729e66a38cd8
[INFO] [stdout]                                at /rustc/202008a1b8de96d2e5b6bc02d379db03a877d34d/library/test/src/lib.rs:606:41
[INFO] [stdout]   33:     0x5aadac0e3e5a - std::sys::backtrace::__rust_begin_short_backtrace::h0496fb742492f573
[INFO] [stdout]                                at /rustc/202008a1b8de96d2e5b6bc02d379db03a877d34d/library/std/src/sys/backtrace.rs:154:18
[INFO] [stdout]   34:     0x5aadac0e77d4 - std::thread::Builder::spawn_unchecked_::{{closure}}::{{closure}}::hbb6d257c550a54bd
[INFO] [stdout]                                at /rustc/202008a1b8de96d2e5b6bc02d379db03a877d34d/library/std/src/thread/mod.rs:561:17
[INFO] [stdout]   35:     0x5aadac0e77d4 - <core::panic::unwind_safe::AssertUnwindSafe<F> as core::ops::function::FnOnce<()>>::call_once::h46696fe4a6832328
[INFO] [stdout]                                at /rustc/202008a1b8de96d2e5b6bc02d379db03a877d34d/library/core/src/panic/unwind_safe.rs:272:9
[INFO] [stdout]   36:     0x5aadac0e77d4 - std::panicking::try::do_call::h2625a51b667bfb64
[INFO] [stdout]                                at /rustc/202008a1b8de96d2e5b6bc02d379db03a877d34d/library/std/src/panicking.rs:557:40
[INFO] [stdout]   37:     0x5aadac0e77d4 - std::panicking::try::hb956a59a1973aa4c
[INFO] [stdout]                                at /rustc/202008a1b8de96d2e5b6bc02d379db03a877d34d/library/std/src/panicking.rs:520:19
[INFO] [stdout]   38:     0x5aadac0e77d4 - std::panic::catch_unwind::h64f3b9d1067ef6a0
[INFO] [stdout]                                at /rustc/202008a1b8de96d2e5b6bc02d379db03a877d34d/library/std/src/panic.rs:358:14
[INFO] [stdout]   39:     0x5aadac0e77d4 - std::thread::Builder::spawn_unchecked_::{{closure}}::h42b2841295b6c0b2
[INFO] [stdout]                                at /rustc/202008a1b8de96d2e5b6bc02d379db03a877d34d/library/std/src/thread/mod.rs:559:30
[INFO] [stdout]   40:     0x5aadac0e77d4 - core::ops::function::FnOnce::call_once{{vtable.shim}}::h6127de71b8124639
[INFO] [stdout]                                at /rustc/202008a1b8de96d2e5b6bc02d379db03a877d34d/library/core/src/ops/function.rs:250:5
[INFO] [stdout]   41:     0x5aadac1675eb - <alloc::boxed::Box<F,A> as core::ops::function::FnOnce<Args>>::call_once::h42f0ba71002a1b2c
[INFO] [stdout]                                at /rustc/202008a1b8de96d2e5b6bc02d379db03a877d34d/library/alloc/src/boxed.rs:1972:9
[INFO] [stdout]   42:     0x5aadac1675eb - <alloc::boxed::Box<F,A> as core::ops::function::FnOnce<Args>>::call_once::had9e47d7a3dcecb8
[INFO] [stdout]                                at /rustc/202008a1b8de96d2e5b6bc02d379db03a877d34d/library/alloc/src/boxed.rs:1972:9
[INFO] [stdout]   43:     0x5aadac1675eb - std::sys::pal::unix::thread::Thread::new::thread_start::h48cf765408f6f5f2
[INFO] [stdout]                                at /rustc/202008a1b8de96d2e5b6bc02d379db03a877d34d/library/std/src/sys/pal/unix/thread.rs:105:17
[INFO] [stdout]   44:     0x798dade16ac3 - <unknown>
[INFO] [stdout]   45:     0x798dadea7a04 - clone
[INFO] [stdout]   46:                0x0 - <unknown>
[INFO] [stdout] 
[INFO] [stdout] 
[INFO] [stdout] failures:
[INFO] [stdout]     urp::reader::test::test_sample_convert
[INFO] [stdout]     urp::reader::test::test_sample_initial
[INFO] [stdout] 
[INFO] [stdout] test result: FAILED. 4 passed; 2 failed; 0 ignored; 0 measured; 0 filtered out; finished in 0.04s
[INFO] [stdout] 
[INFO] running `Command { std: "docker" "inspect" "520e3ae13fabc8ec0fcf2e3e5e5664913a9ab9cf443c288db719cb5273339ecb", kill_on_drop: false }`
[INFO] running `Command { std: "docker" "rm" "-f" "520e3ae13fabc8ec0fcf2e3e5e5664913a9ab9cf443c288db719cb5273339ecb", kill_on_drop: false }`
[INFO] [stdout] 520e3ae13fabc8ec0fcf2e3e5e5664913a9ab9cf443c288db719cb5273339ecb
