[INFO] cloning repository https://github.com/jackdarlison/Rush
[INFO] running `Command { std: "git" "-c" "credential.helper=" "-c" "credential.helper=/workspace/cargo-home/bin/git-credential-null" "clone" "--bare" "https://github.com/jackdarlison/Rush" "/workspace/cache/git-repos/https%3A%2F%2Fgithub.com%2Fjackdarlison%2FRush", kill_on_drop: false }`
[INFO] [stderr] Cloning into bare repository '/workspace/cache/git-repos/https%3A%2F%2Fgithub.com%2Fjackdarlison%2FRush'...
[INFO] running `Command { std: "git" "rev-parse" "HEAD", kill_on_drop: false }`
[INFO] [stdout] eed4a24f219693897d0e9766df8e328347bc22bf
[INFO] testing jackdarlison/Rush against 1.83.0 for beta-1.84.0-4-retry
[INFO] running `Command { std: "git" "clone" "/workspace/cache/git-repos/https%3A%2F%2Fgithub.com%2Fjackdarlison%2FRush" "/workspace/builds/worker-1-tc1/source", kill_on_drop: false }`
[INFO] [stderr] Cloning into '/workspace/builds/worker-1-tc1/source'...
[INFO] [stderr] done.
[INFO] validating manifest of git repo https://github.com/jackdarlison/Rush on toolchain 1.83.0
[INFO] running `Command { std: CARGO_HOME="/workspace/cargo-home" RUSTUP_HOME="/workspace/rustup-home" "/workspace/cargo-home/bin/cargo" "+1.83.0" "metadata" "--manifest-path" "Cargo.toml" "--no-deps", kill_on_drop: false }`
[INFO] started tweaking git repo https://github.com/jackdarlison/Rush
[INFO] finished tweaking git repo https://github.com/jackdarlison/Rush
[INFO] tweaked toml for git repo https://github.com/jackdarlison/Rush written to /workspace/builds/worker-1-tc1/source/Cargo.toml
[INFO] crate git repo https://github.com/jackdarlison/Rush already has a lockfile, it will not be regenerated
[INFO] running `Command { std: CARGO_HOME="/workspace/cargo-home" RUSTUP_HOME="/workspace/rustup-home" "/workspace/cargo-home/bin/cargo" "+1.83.0" "fetch" "--manifest-path" "Cargo.toml", kill_on_drop: false }`
[INFO] [stderr]     Blocking waiting for file lock on package cache
[INFO] [stderr]     Blocking waiting for file lock on package cache
[INFO] [stderr]  Downloading crates ...
[INFO] [stderr]   Downloaded home v0.5.4
[INFO] [stderr]   Downloaded crossterm v0.26.0
[INFO] [stderr]   Downloaded serde_derive v1.0.153
[INFO] running `Command { std: "docker" "create" "-v" "/var/lib/crater-agent-workspace/builds/worker-1-tc1/target:/opt/rustwide/target:rw,Z" "-v" "/var/lib/crater-agent-workspace/builds/worker-1-tc1/source:/opt/rustwide/workdir:ro,Z" "-v" "/var/lib/crater-agent-workspace/cargo-home:/opt/rustwide/cargo-home:ro,Z" "-v" "/var/lib/crater-agent-workspace/rustup-home:/opt/rustwide/rustup-home:ro,Z" "-e" "SOURCE_DIR=/opt/rustwide/workdir" "-e" "CARGO_TARGET_DIR=/opt/rustwide/target" "-e" "CARGO_HOME=/opt/rustwide/cargo-home" "-e" "RUSTUP_HOME=/opt/rustwide/rustup-home" "-w" "/opt/rustwide/workdir" "-m" "1610612736" "--user" "0:0" "--network" "none" "ghcr.io/rust-lang/crates-build-env/linux@sha256:f3a9d4ad9d972b27faf3965f35b62e55ba32bbce8f20bc8fe909558a86702fde" "/opt/rustwide/cargo-home/bin/cargo" "+1.83.0" "metadata" "--no-deps" "--format-version=1", kill_on_drop: false }`
[INFO] [stdout] 24e0c287e60c196ccd75e4293b01404722f1e0e9455f7c6e13412364d98b0938
[INFO] running `Command { std: "docker" "start" "-a" "24e0c287e60c196ccd75e4293b01404722f1e0e9455f7c6e13412364d98b0938", kill_on_drop: false }`
[INFO] running `Command { std: "docker" "inspect" "24e0c287e60c196ccd75e4293b01404722f1e0e9455f7c6e13412364d98b0938", kill_on_drop: false }`
[INFO] running `Command { std: "docker" "rm" "-f" "24e0c287e60c196ccd75e4293b01404722f1e0e9455f7c6e13412364d98b0938", kill_on_drop: false }`
[INFO] [stdout] 24e0c287e60c196ccd75e4293b01404722f1e0e9455f7c6e13412364d98b0938
[INFO] running `Command { std: "docker" "create" "-v" "/var/lib/crater-agent-workspace/builds/worker-1-tc1/target:/opt/rustwide/target:rw,Z" "-v" "/var/lib/crater-agent-workspace/builds/worker-1-tc1/source:/opt/rustwide/workdir:ro,Z" "-v" "/var/lib/crater-agent-workspace/cargo-home:/opt/rustwide/cargo-home:ro,Z" "-v" "/var/lib/crater-agent-workspace/rustup-home:/opt/rustwide/rustup-home:ro,Z" "-e" "SOURCE_DIR=/opt/rustwide/workdir" "-e" "CARGO_TARGET_DIR=/opt/rustwide/target" "-e" "CARGO_INCREMENTAL=0" "-e" "RUST_BACKTRACE=full" "-e" "RUSTFLAGS=--cap-lints=warn" "-e" "RUSTDOCFLAGS=--cap-lints=warn" "-e" "CARGO_HOME=/opt/rustwide/cargo-home" "-e" "RUSTUP_HOME=/opt/rustwide/rustup-home" "-w" "/opt/rustwide/workdir" "-m" "1610612736" "--user" "0:0" "--network" "none" "ghcr.io/rust-lang/crates-build-env/linux@sha256:f3a9d4ad9d972b27faf3965f35b62e55ba32bbce8f20bc8fe909558a86702fde" "/opt/rustwide/cargo-home/bin/cargo" "+1.83.0" "build" "--frozen" "--message-format=json", kill_on_drop: false }`
[INFO] [stdout] 8586dbb2ed4871a359c8dd4bc587d9dac26a7154c3a9dc529f7bbfc72f4ddfba
[INFO] running `Command { std: "docker" "start" "-a" "8586dbb2ed4871a359c8dd4bc587d9dac26a7154c3a9dc529f7bbfc72f4ddfba", kill_on_drop: false }`
[INFO] [stderr]    Compiling proc-macro2 v1.0.51
[INFO] [stderr]    Compiling quote v1.0.23
[INFO] [stderr]    Compiling unicode-ident v1.0.8
[INFO] [stderr]    Compiling syn v1.0.109
[INFO] [stderr]    Compiling libc v0.2.139
[INFO] [stderr]    Compiling serde_derive v1.0.153
[INFO] [stderr]    Compiling serde v1.0.153
[INFO] [stderr]    Compiling num-traits v0.2.15
[INFO] [stderr]    Compiling log v0.4.17
[INFO] [stderr]    Compiling num-integer v0.1.45
[INFO] [stderr]    Compiling indexmap v1.9.2
[INFO] [stderr]    Compiling signal-hook v0.3.15
[INFO] [stderr]    Compiling destructure_traitobject v0.2.0
[INFO] [stderr]    Compiling memchr v2.5.0
[INFO] [stderr]    Compiling anyhow v1.0.69
[INFO] [stderr]    Compiling serde_json v1.0.94
[INFO] [stderr]    Compiling linked-hash-map v0.5.6
[INFO] [stderr]    Compiling hashbrown v0.12.3
[INFO] [stderr]    Compiling unsafe-any-ors v1.0.0
[INFO] [stderr]    Compiling log-mdc v0.1.0
[INFO] [stderr]    Compiling yaml-rust v0.4.5
[INFO] [stderr]    Compiling typemap-ors v1.0.0
[INFO] [stderr]    Compiling minimal-lexical v0.2.1
[INFO] [stderr]    Compiling arc-swap v1.6.0
[INFO] [stderr]    Compiling humantime v2.1.0
[INFO] [stderr]    Compiling home v0.5.4
[INFO] [stderr]    Compiling parking_lot_core v0.9.7
[INFO] [stderr]    Compiling signal-hook-registry v1.4.1
[INFO] [stderr]    Compiling time v0.1.45
[INFO] [stderr]    Compiling thread-id v4.0.0
[INFO] [stderr]    Compiling parking_lot v0.12.1
[INFO] [stderr]    Compiling nom v7.1.1
[INFO] [stderr]    Compiling ordered-float v2.10.0
[INFO] [stderr]    Compiling chrono v0.4.23
[INFO] [stderr]    Compiling thiserror-impl v1.0.39
[INFO] [stderr]    Compiling derivative v2.2.0
[INFO] [stderr]    Compiling thiserror v1.0.39
[INFO] [stderr]    Compiling serde_yaml v0.8.26
[INFO] [stderr]    Compiling serde-value v0.7.0
[INFO] [stderr]    Compiling mio v0.8.6
[INFO] [stderr]    Compiling signal-hook-mio v0.2.3
[INFO] [stderr]    Compiling crossterm v0.26.0
[INFO] [stderr]    Compiling log4rs v1.2.0
[INFO] [stderr]    Compiling rush v0.1.0 (/opt/rustwide/workdir)
[INFO] [stdout] warning: unused variable: `input`
[INFO] [stdout]   --> src/parser/control_flow.rs:35:17
[INFO] [stdout]    |
[INFO] [stdout] 35 | pub fn parse_if(input: &str) -> IResult<&str, AstControlFlow, ParserError<&str>> {
[INFO] [stdout]    |                 ^^^^^ help: if this is intentional, prefix it with an underscore: `_input`
[INFO] [stdout]    |
[INFO] [stdout]    = note: `#[warn(unused_variables)]` on by default
[INFO] [stdout] 
[INFO] [stdout] 
[INFO] [stdout] warning: unused variable: `input`
[INFO] [stdout]   --> src/parser/control_flow.rs:40:20
[INFO] [stdout]    |
[INFO] [stdout] 40 | pub fn parse_while(input: &str) -> IResult<&str, AstControlFlow, ParserError<&str>> {
[INFO] [stdout]    |                    ^^^^^ help: if this is intentional, prefix it with an underscore: `_input`
[INFO] [stdout] 
[INFO] [stdout] 
[INFO] [stdout] warning: unused variable: `input`
[INFO] [stdout]   --> src/parser/control_flow.rs:45:20
[INFO] [stdout]    |
[INFO] [stdout] 45 | pub fn parse_until(input: &str) -> IResult<&str, AstControlFlow, ParserError<&str>> {
[INFO] [stdout]    |                    ^^^^^ help: if this is intentional, prefix it with an underscore: `_input`
[INFO] [stdout] 
[INFO] [stdout] 
[INFO] [stdout] warning: unused variable: `input`
[INFO] [stdout]   --> src/parser/control_flow.rs:50:21
[INFO] [stdout]    |
[INFO] [stdout] 50 | pub fn parse_switch(input: &str) -> IResult<&str, AstControlFlow, ParserError<&str>> {
[INFO] [stdout]    |                     ^^^^^ help: if this is intentional, prefix it with an underscore: `_input`
[INFO] [stdout] 
[INFO] [stdout] 
[INFO] [stdout] warning: unused variable: `session`
[INFO] [stdout]   --> src/commands/echo.rs:44:19
[INFO] [stdout]    |
[INFO] [stdout] 44 |     fn run(&self, session: &mut Session, options: Vec<(String, Option<ShellData>)>, arguments: Vec<ShellData>) -> Result<ShellResult, She...
[INFO] [stdout]    |                   ^^^^^^^ help: if this is intentional, prefix it with an underscore: `_session`
[INFO] [stdout] 
[INFO] [stdout] 
[INFO] [stdout] warning: unused variable: `options`
[INFO] [stdout]   --> src/commands/cd.rs:36:46
[INFO] [stdout]    |
[INFO] [stdout] 36 |     fn run(&self, mut session: &mut Session, options: Vec<(String, Option<ShellData>)>, arguments: Vec<ShellData>) -> Result<ShellResult,...
[INFO] [stdout]    |                                              ^^^^^^^ help: if this is intentional, prefix it with an underscore: `_options`
[INFO] [stdout] 
[INFO] [stdout] 
[INFO] [stdout] warning: variable does not need to be mutable
[INFO] [stdout]   --> src/commands/cd.rs:36:19
[INFO] [stdout]    |
[INFO] [stdout] 36 |     fn run(&self, mut session: &mut Session, options: Vec<(String, Option<ShellData>)>, arguments: Vec<ShellData>) -> Result<ShellResult,...
[INFO] [stdout]    |                   ----^^^^^^^
[INFO] [stdout]    |                   |
[INFO] [stdout]    |                   help: remove this `mut`
[INFO] [stdout]    |
[INFO] [stdout]    = note: `#[warn(unused_mut)]` on by default
[INFO] [stdout] 
[INFO] [stdout] 
[INFO] [stdout] warning: unused variable: `options`
[INFO] [stdout]   --> src/commands/pwd.rs:31:42
[INFO] [stdout]    |
[INFO] [stdout] 31 |     fn run(&self, session: &mut Session, options: Vec<(String, Option<ShellData>)>, arguments: Vec<ShellData>) -> Result<ShellResult, She...
[INFO] [stdout]    |                                          ^^^^^^^ help: if this is intentional, prefix it with an underscore: `_options`
[INFO] [stdout] 
[INFO] [stdout] 
[INFO] [stdout] warning: unused variable: `arguments`
[INFO] [stdout]   --> src/commands/pwd.rs:31:85
[INFO] [stdout]    |
[INFO] [stdout] 31 | ...ing, Option<ShellData>)>, arguments: Vec<ShellData>) -> Result<ShellResult, ShellError> {
[INFO] [stdout]    |                              ^^^^^^^^^ help: if this is intentional, prefix it with an underscore: `_arguments`
[INFO] [stdout] 
[INFO] [stdout] 
[INFO] [stdout] warning: unused variable: `options`
[INFO] [stdout]   --> src/commands/chmod.rs:42:69
[INFO] [stdout]    |
[INFO] [stdout] 42 | ...nterface::session::Session, options: Vec<(String, Option<crate::architecture::shell_data::ShellData>)>, arguments: Vec<crate::architec...
[INFO] [stdout]    |                                ^^^^^^^ help: if this is intentional, prefix it with an underscore: `_options`
[INFO] [stdout] 
[INFO] [stdout] 
[INFO] [stdout] warning: variable does not need to be mutable
[INFO] [stdout]   --> src/commands/chmod.rs:48:13
[INFO] [stdout]    |
[INFO] [stdout] 48 |         let mut permissions_code: u32;
[INFO] [stdout]    |             ----^^^^^^^^^^^^^^^^
[INFO] [stdout]    |             |
[INFO] [stdout]    |             help: remove this `mut`
[INFO] [stdout] 
[INFO] [stdout] 
[INFO] [stdout] warning: unused variable: `session`
[INFO] [stdout]   --> src/commands/false.rs:31:19
[INFO] [stdout]    |
[INFO] [stdout] 31 |     fn run(&self, session: &mut crate::interface::session::Session, options: Vec<(String, Option<crate::architecture::shell_data::ShellDa...
[INFO] [stdout]    |                   ^^^^^^^ help: if this is intentional, prefix it with an underscore: `_session`
[INFO] [stdout] 
[INFO] [stdout] 
[INFO] [stdout] warning: unused variable: `options`
[INFO] [stdout]   --> src/commands/false.rs:31:69
[INFO] [stdout]    |
[INFO] [stdout] 31 | ...nterface::session::Session, options: Vec<(String, Option<crate::architecture::shell_data::ShellData>)>, arguments: Vec<crate::architec...
[INFO] [stdout]    |                                ^^^^^^^ help: if this is intentional, prefix it with an underscore: `_options`
[INFO] [stdout] 
[INFO] [stdout] 
[INFO] [stdout] warning: unused variable: `arguments`
[INFO] [stdout]   --> src/commands/false.rs:31:145
[INFO] [stdout]    |
[INFO] [stdout] 31 | ...shell_data::ShellData>)>, arguments: Vec<crate::architecture::shell_data::ShellData>) -> Result<crate::architecture::shell_result::She...
[INFO] [stdout]    |                              ^^^^^^^^^ help: if this is intentional, prefix it with an underscore: `_arguments`
[INFO] [stdout] 
[INFO] [stdout] 
[INFO] [stdout] warning: unused variable: `session`
[INFO] [stdout]   --> src/commands/true.rs:33:19
[INFO] [stdout]    |
[INFO] [stdout] 33 |     fn run(&self, session: &mut crate::interface::session::Session, options: Vec<(String, Option<crate::architecture::shell_data::ShellDa...
[INFO] [stdout]    |                   ^^^^^^^ help: if this is intentional, prefix it with an underscore: `_session`
[INFO] [stdout] 
[INFO] [stdout] 
[INFO] [stdout] warning: unused variable: `options`
[INFO] [stdout]   --> src/commands/true.rs:33:69
[INFO] [stdout]    |
[INFO] [stdout] 33 | ...nterface::session::Session, options: Vec<(String, Option<crate::architecture::shell_data::ShellData>)>, arguments: Vec<crate::architec...
[INFO] [stdout]    |                                ^^^^^^^ help: if this is intentional, prefix it with an underscore: `_options`
[INFO] [stdout] 
[INFO] [stdout] 
[INFO] [stdout] warning: unused variable: `arguments`
[INFO] [stdout]   --> src/commands/true.rs:33:145
[INFO] [stdout]    |
[INFO] [stdout] 33 | ...shell_data::ShellData>)>, arguments: Vec<crate::architecture::shell_data::ShellData>) -> Result<crate::architecture::shell_result::She...
[INFO] [stdout]    |                              ^^^^^^^^^ help: if this is intentional, prefix it with an underscore: `_arguments`
[INFO] [stdout] 
[INFO] [stdout] 
[INFO] [stdout] warning: unused variable: `options`
[INFO] [stdout]   --> src/commands/rush.rs:43:69
[INFO] [stdout]    |
[INFO] [stdout] 43 | ...nterface::session::Session, options: Vec<(String, Option<crate::architecture::shell_data::ShellData>)>, arguments: Vec<crate::architec...
[INFO] [stdout]    |                                ^^^^^^^ help: if this is intentional, prefix it with an underscore: `_options`
[INFO] [stdout] 
[INFO] [stdout] 
[INFO] [stdout] warning: unused variable: `session`
[INFO] [stdout]   --> src/commands/ast.rs:43:19
[INFO] [stdout]    |
[INFO] [stdout] 43 |     fn run(&self, session: &mut crate::interface::session::Session, options: Vec<(String, Option<crate::architecture::shell_data::ShellDa...
[INFO] [stdout]    |                   ^^^^^^^ help: if this is intentional, prefix it with an underscore: `_session`
[INFO] [stdout] 
[INFO] [stdout] 
[INFO] [stdout] warning: unused variable: `options`
[INFO] [stdout]   --> src/commands/ast.rs:43:69
[INFO] [stdout]    |
[INFO] [stdout] 43 | ...nterface::session::Session, options: Vec<(String, Option<crate::architecture::shell_data::ShellData>)>, arguments: Vec<crate::architec...
[INFO] [stdout]    |                                ^^^^^^^ help: if this is intentional, prefix it with an underscore: `_options`
[INFO] [stdout] 
[INFO] [stdout] 
[INFO] [stdout] warning: variable does not need to be mutable
[INFO] [stdout]  --> src/interface/key_event.rs:6:40
[INFO] [stdout]   |
[INFO] [stdout] 6 | pub fn process_key_event(ke: KeyEvent, mut buffer: CommandBuffer, mut session: Session) -> (CommandBuffer, Session, SideEffects) {
[INFO] [stdout]   |                                        ----^^^^^^
[INFO] [stdout]   |                                        |
[INFO] [stdout]   |                                        help: remove this `mut`
[INFO] [stdout] 
[INFO] [stdout] 
[INFO] [stdout] warning: variable does not need to be mutable
[INFO] [stdout]  --> src/interface/key_event.rs:6:67
[INFO] [stdout]   |
[INFO] [stdout] 6 | pub fn process_key_event(ke: KeyEvent, mut buffer: CommandBuffer, mut session: Session) -> (CommandBuffer, Session, SideEffects) {
[INFO] [stdout]   |                                                                   ----^^^^^^^
[INFO] [stdout]   |                                                                   |
[INFO] [stdout]   |                                                                   help: remove this `mut`
[INFO] [stdout] 
[INFO] [stdout] 
[INFO] [stdout] warning: unused `Result` that must be used
[INFO] [stdout]   --> src/interface/execution.rs:33:13
[INFO] [stdout]    |
[INFO] [stdout] 33 |             execute_compound(compound, session, results);
[INFO] [stdout]    |             ^^^^^^^^^^^^^^^^^^^^^^^^^^^^^^^^^^^^^^^^^^^^
[INFO] [stdout]    |
[INFO] [stdout]    = note: this `Result` may be an `Err` variant, which should be handled
[INFO] [stdout]    = note: `#[warn(unused_must_use)]` on by default
[INFO] [stdout] help: use `let _ = ...` to ignore the resulting value
[INFO] [stdout]    |
[INFO] [stdout] 33 |             let _ = execute_compound(compound, session, results);
[INFO] [stdout]    |             +++++++
[INFO] [stdout] 
[INFO] [stdout] 
[INFO] [stdout] warning: unused `Result` that must be used
[INFO] [stdout]   --> src/interface/execution.rs:34:13
[INFO] [stdout]    |
[INFO] [stdout] 34 |             execute_statement(st, session, results);
[INFO] [stdout]    |             ^^^^^^^^^^^^^^^^^^^^^^^^^^^^^^^^^^^^^^^
[INFO] [stdout]    |
[INFO] [stdout]    = note: this `Result` may be an `Err` variant, which should be handled
[INFO] [stdout] help: use `let _ = ...` to ignore the resulting value
[INFO] [stdout]    |
[INFO] [stdout] 34 |             let _ = execute_statement(st, session, results);
[INFO] [stdout]    |             +++++++
[INFO] [stdout] 
[INFO] [stdout] 
[INFO] [stderr]     Finished `dev` profile [unoptimized + debuginfo] target(s) in 25.72s
[INFO] running `Command { std: "docker" "inspect" "8586dbb2ed4871a359c8dd4bc587d9dac26a7154c3a9dc529f7bbfc72f4ddfba", kill_on_drop: false }`
[INFO] running `Command { std: "docker" "rm" "-f" "8586dbb2ed4871a359c8dd4bc587d9dac26a7154c3a9dc529f7bbfc72f4ddfba", kill_on_drop: false }`
[INFO] [stdout] 8586dbb2ed4871a359c8dd4bc587d9dac26a7154c3a9dc529f7bbfc72f4ddfba
[INFO] running `Command { std: "docker" "create" "-v" "/var/lib/crater-agent-workspace/builds/worker-1-tc1/target:/opt/rustwide/target:rw,Z" "-v" "/var/lib/crater-agent-workspace/builds/worker-1-tc1/source:/opt/rustwide/workdir:ro,Z" "-v" "/var/lib/crater-agent-workspace/cargo-home:/opt/rustwide/cargo-home:ro,Z" "-v" "/var/lib/crater-agent-workspace/rustup-home:/opt/rustwide/rustup-home:ro,Z" "-e" "SOURCE_DIR=/opt/rustwide/workdir" "-e" "CARGO_TARGET_DIR=/opt/rustwide/target" "-e" "CARGO_INCREMENTAL=0" "-e" "RUST_BACKTRACE=full" "-e" "RUSTFLAGS=--cap-lints=warn" "-e" "RUSTDOCFLAGS=--cap-lints=warn" "-e" "CARGO_HOME=/opt/rustwide/cargo-home" "-e" "RUSTUP_HOME=/opt/rustwide/rustup-home" "-w" "/opt/rustwide/workdir" "-m" "1610612736" "--user" "0:0" "--network" "none" "ghcr.io/rust-lang/crates-build-env/linux@sha256:f3a9d4ad9d972b27faf3965f35b62e55ba32bbce8f20bc8fe909558a86702fde" "/opt/rustwide/cargo-home/bin/cargo" "+1.83.0" "test" "--frozen" "--no-run" "--message-format=json", kill_on_drop: false }`
[INFO] [stdout] 5e78f4d4ba8388432781d251626f7731bee836e1fcb3615107351a717307d63a
[INFO] running `Command { std: "docker" "start" "-a" "5e78f4d4ba8388432781d251626f7731bee836e1fcb3615107351a717307d63a", kill_on_drop: false }`
[INFO] [stderr]    Compiling rush v0.1.0 (/opt/rustwide/workdir)
[INFO] [stdout] warning: unused variable: `input`
[INFO] [stdout]   --> src/parser/control_flow.rs:35:17
[INFO] [stdout]    |
[INFO] [stdout] 35 | pub fn parse_if(input: &str) -> IResult<&str, AstControlFlow, ParserError<&str>> {
[INFO] [stdout]    |                 ^^^^^ help: if this is intentional, prefix it with an underscore: `_input`
[INFO] [stdout]    |
[INFO] [stdout]    = note: `#[warn(unused_variables)]` on by default
[INFO] [stdout] 
[INFO] [stdout] 
[INFO] [stdout] warning: unused variable: `input`
[INFO] [stdout]   --> src/parser/control_flow.rs:40:20
[INFO] [stdout]    |
[INFO] [stdout] 40 | pub fn parse_while(input: &str) -> IResult<&str, AstControlFlow, ParserError<&str>> {
[INFO] [stdout]    |                    ^^^^^ help: if this is intentional, prefix it with an underscore: `_input`
[INFO] [stdout] 
[INFO] [stdout] 
[INFO] [stdout] warning: unused variable: `input`
[INFO] [stdout]   --> src/parser/control_flow.rs:45:20
[INFO] [stdout]    |
[INFO] [stdout] 45 | pub fn parse_until(input: &str) -> IResult<&str, AstControlFlow, ParserError<&str>> {
[INFO] [stdout]    |                    ^^^^^ help: if this is intentional, prefix it with an underscore: `_input`
[INFO] [stdout] 
[INFO] [stdout] 
[INFO] [stdout] warning: unused variable: `input`
[INFO] [stdout]   --> src/parser/control_flow.rs:50:21
[INFO] [stdout]    |
[INFO] [stdout] 50 | pub fn parse_switch(input: &str) -> IResult<&str, AstControlFlow, ParserError<&str>> {
[INFO] [stdout]    |                     ^^^^^ help: if this is intentional, prefix it with an underscore: `_input`
[INFO] [stdout] 
[INFO] [stdout] 
[INFO] [stdout] warning: unused variable: `session`
[INFO] [stdout]   --> src/commands/echo.rs:44:19
[INFO] [stdout]    |
[INFO] [stdout] 44 |     fn run(&self, session: &mut Session, options: Vec<(String, Option<ShellData>)>, arguments: Vec<ShellData>) -> Result<ShellResult, She...
[INFO] [stdout]    |                   ^^^^^^^ help: if this is intentional, prefix it with an underscore: `_session`
[INFO] [stdout] 
[INFO] [stdout] 
[INFO] [stdout] warning: unused variable: `options`
[INFO] [stdout]   --> src/commands/cd.rs:36:46
[INFO] [stdout]    |
[INFO] [stdout] 36 |     fn run(&self, mut session: &mut Session, options: Vec<(String, Option<ShellData>)>, arguments: Vec<ShellData>) -> Result<ShellResult,...
[INFO] [stdout]    |                                              ^^^^^^^ help: if this is intentional, prefix it with an underscore: `_options`
[INFO] [stdout] 
[INFO] [stdout] 
[INFO] [stdout] warning: variable does not need to be mutable
[INFO] [stdout]   --> src/commands/cd.rs:36:19
[INFO] [stdout]    |
[INFO] [stdout] 36 |     fn run(&self, mut session: &mut Session, options: Vec<(String, Option<ShellData>)>, arguments: Vec<ShellData>) -> Result<ShellResult,...
[INFO] [stdout]    |                   ----^^^^^^^
[INFO] [stdout]    |                   |
[INFO] [stdout]    |                   help: remove this `mut`
[INFO] [stdout]    |
[INFO] [stdout]    = note: `#[warn(unused_mut)]` on by default
[INFO] [stdout] 
[INFO] [stdout] 
[INFO] [stdout] warning: unused variable: `options`
[INFO] [stdout]   --> src/commands/pwd.rs:31:42
[INFO] [stdout]    |
[INFO] [stdout] 31 |     fn run(&self, session: &mut Session, options: Vec<(String, Option<ShellData>)>, arguments: Vec<ShellData>) -> Result<ShellResult, She...
[INFO] [stdout]    |                                          ^^^^^^^ help: if this is intentional, prefix it with an underscore: `_options`
[INFO] [stdout] 
[INFO] [stdout] 
[INFO] [stdout] warning: unused variable: `arguments`
[INFO] [stdout]   --> src/commands/pwd.rs:31:85
[INFO] [stdout]    |
[INFO] [stdout] 31 | ...ing, Option<ShellData>)>, arguments: Vec<ShellData>) -> Result<ShellResult, ShellError> {
[INFO] [stdout]    |                              ^^^^^^^^^ help: if this is intentional, prefix it with an underscore: `_arguments`
[INFO] [stdout] 
[INFO] [stdout] 
[INFO] [stdout] warning: unused variable: `options`
[INFO] [stdout]   --> src/commands/chmod.rs:42:69
[INFO] [stdout]    |
[INFO] [stdout] 42 | ...nterface::session::Session, options: Vec<(String, Option<crate::architecture::shell_data::ShellData>)>, arguments: Vec<crate::architec...
[INFO] [stdout]    |                                ^^^^^^^ help: if this is intentional, prefix it with an underscore: `_options`
[INFO] [stdout] 
[INFO] [stdout] 
[INFO] [stdout] warning: variable does not need to be mutable
[INFO] [stdout]   --> src/commands/chmod.rs:48:13
[INFO] [stdout]    |
[INFO] [stdout] 48 |         let mut permissions_code: u32;
[INFO] [stdout]    |             ----^^^^^^^^^^^^^^^^
[INFO] [stdout]    |             |
[INFO] [stdout]    |             help: remove this `mut`
[INFO] [stdout] 
[INFO] [stdout] 
[INFO] [stdout] warning: unused variable: `session`
[INFO] [stdout]   --> src/commands/false.rs:31:19
[INFO] [stdout]    |
[INFO] [stdout] 31 |     fn run(&self, session: &mut crate::interface::session::Session, options: Vec<(String, Option<crate::architecture::shell_data::ShellDa...
[INFO] [stdout]    |                   ^^^^^^^ help: if this is intentional, prefix it with an underscore: `_session`
[INFO] [stdout] 
[INFO] [stdout] 
[INFO] [stdout] warning: unused variable: `options`
[INFO] [stdout]   --> src/commands/false.rs:31:69
[INFO] [stdout]    |
[INFO] [stdout] 31 | ...nterface::session::Session, options: Vec<(String, Option<crate::architecture::shell_data::ShellData>)>, arguments: Vec<crate::architec...
[INFO] [stdout]    |                                ^^^^^^^ help: if this is intentional, prefix it with an underscore: `_options`
[INFO] [stdout] 
[INFO] [stdout] 
[INFO] [stdout] warning: unused variable: `arguments`
[INFO] [stdout]   --> src/commands/false.rs:31:145
[INFO] [stdout]    |
[INFO] [stdout] 31 | ...shell_data::ShellData>)>, arguments: Vec<crate::architecture::shell_data::ShellData>) -> Result<crate::architecture::shell_result::She...
[INFO] [stdout]    |                              ^^^^^^^^^ help: if this is intentional, prefix it with an underscore: `_arguments`
[INFO] [stdout] 
[INFO] [stdout] 
[INFO] [stdout] warning: unused variable: `session`
[INFO] [stdout]   --> src/commands/true.rs:33:19
[INFO] [stdout]    |
[INFO] [stdout] 33 |     fn run(&self, session: &mut crate::interface::session::Session, options: Vec<(String, Option<crate::architecture::shell_data::ShellDa...
[INFO] [stdout]    |                   ^^^^^^^ help: if this is intentional, prefix it with an underscore: `_session`
[INFO] [stdout] 
[INFO] [stdout] 
[INFO] [stdout] warning: unused variable: `options`
[INFO] [stdout]   --> src/commands/true.rs:33:69
[INFO] [stdout]    |
[INFO] [stdout] 33 | ...nterface::session::Session, options: Vec<(String, Option<crate::architecture::shell_data::ShellData>)>, arguments: Vec<crate::architec...
[INFO] [stdout]    |                                ^^^^^^^ help: if this is intentional, prefix it with an underscore: `_options`
[INFO] [stdout] 
[INFO] [stdout] 
[INFO] [stdout] warning: unused variable: `arguments`
[INFO] [stdout]   --> src/commands/true.rs:33:145
[INFO] [stdout]    |
[INFO] [stdout] 33 | ...shell_data::ShellData>)>, arguments: Vec<crate::architecture::shell_data::ShellData>) -> Result<crate::architecture::shell_result::She...
[INFO] [stdout]    |                              ^^^^^^^^^ help: if this is intentional, prefix it with an underscore: `_arguments`
[INFO] [stdout] 
[INFO] [stdout] 
[INFO] [stdout] warning: unused variable: `options`
[INFO] [stdout]   --> src/commands/rush.rs:43:69
[INFO] [stdout]    |
[INFO] [stdout] 43 | ...nterface::session::Session, options: Vec<(String, Option<crate::architecture::shell_data::ShellData>)>, arguments: Vec<crate::architec...
[INFO] [stdout]    |                                ^^^^^^^ help: if this is intentional, prefix it with an underscore: `_options`
[INFO] [stdout] 
[INFO] [stdout] 
[INFO] [stdout] warning: unused variable: `session`
[INFO] [stdout]   --> src/commands/ast.rs:43:19
[INFO] [stdout]    |
[INFO] [stdout] 43 |     fn run(&self, session: &mut crate::interface::session::Session, options: Vec<(String, Option<crate::architecture::shell_data::ShellDa...
[INFO] [stdout]    |                   ^^^^^^^ help: if this is intentional, prefix it with an underscore: `_session`
[INFO] [stdout] 
[INFO] [stdout] 
[INFO] [stdout] warning: unused variable: `options`
[INFO] [stdout]   --> src/commands/ast.rs:43:69
[INFO] [stdout]    |
[INFO] [stdout] 43 | ...nterface::session::Session, options: Vec<(String, Option<crate::architecture::shell_data::ShellData>)>, arguments: Vec<crate::architec...
[INFO] [stdout]    |                                ^^^^^^^ help: if this is intentional, prefix it with an underscore: `_options`
[INFO] [stdout] 
[INFO] [stdout] 
[INFO] [stdout] warning: variable does not need to be mutable
[INFO] [stdout]  --> src/interface/key_event.rs:6:40
[INFO] [stdout]   |
[INFO] [stdout] 6 | pub fn process_key_event(ke: KeyEvent, mut buffer: CommandBuffer, mut session: Session) -> (CommandBuffer, Session, SideEffects) {
[INFO] [stdout]   |                                        ----^^^^^^
[INFO] [stdout]   |                                        |
[INFO] [stdout]   |                                        help: remove this `mut`
[INFO] [stdout] 
[INFO] [stdout] 
[INFO] [stdout] warning: variable does not need to be mutable
[INFO] [stdout]  --> src/interface/key_event.rs:6:67
[INFO] [stdout]   |
[INFO] [stdout] 6 | pub fn process_key_event(ke: KeyEvent, mut buffer: CommandBuffer, mut session: Session) -> (CommandBuffer, Session, SideEffects) {
[INFO] [stdout]   |                                                                   ----^^^^^^^
[INFO] [stdout]   |                                                                   |
[INFO] [stdout]   |                                                                   help: remove this `mut`
[INFO] [stdout] 
[INFO] [stdout] 
[INFO] [stdout] warning: unused `Result` that must be used
[INFO] [stdout]   --> src/interface/execution.rs:33:13
[INFO] [stdout]    |
[INFO] [stdout] 33 |             execute_compound(compound, session, results);
[INFO] [stdout]    |             ^^^^^^^^^^^^^^^^^^^^^^^^^^^^^^^^^^^^^^^^^^^^
[INFO] [stdout]    |
[INFO] [stdout]    = note: this `Result` may be an `Err` variant, which should be handled
[INFO] [stdout]    = note: `#[warn(unused_must_use)]` on by default
[INFO] [stdout] help: use `let _ = ...` to ignore the resulting value
[INFO] [stdout]    |
[INFO] [stdout] 33 |             let _ = execute_compound(compound, session, results);
[INFO] [stdout]    |             +++++++
[INFO] [stdout] 
[INFO] [stdout] 
[INFO] [stdout] warning: unused `Result` that must be used
[INFO] [stdout]   --> src/interface/execution.rs:34:13
[INFO] [stdout]    |
[INFO] [stdout] 34 |             execute_statement(st, session, results);
[INFO] [stdout]    |             ^^^^^^^^^^^^^^^^^^^^^^^^^^^^^^^^^^^^^^^
[INFO] [stdout]    |
[INFO] [stdout]    = note: this `Result` may be an `Err` variant, which should be handled
[INFO] [stdout] help: use `let _ = ...` to ignore the resulting value
[INFO] [stdout]    |
[INFO] [stdout] 34 |             let _ = execute_statement(st, session, results);
[INFO] [stdout]    |             +++++++
[INFO] [stdout] 
[INFO] [stdout] 
[INFO] [stderr]     Finished `test` profile [unoptimized + debuginfo] target(s) in 2.29s
[INFO] running `Command { std: "docker" "inspect" "5e78f4d4ba8388432781d251626f7731bee836e1fcb3615107351a717307d63a", kill_on_drop: false }`
[INFO] running `Command { std: "docker" "rm" "-f" "5e78f4d4ba8388432781d251626f7731bee836e1fcb3615107351a717307d63a", kill_on_drop: false }`
[INFO] [stdout] 5e78f4d4ba8388432781d251626f7731bee836e1fcb3615107351a717307d63a
[INFO] running `Command { std: "docker" "create" "-v" "/var/lib/crater-agent-workspace/builds/worker-1-tc1/target:/opt/rustwide/target:rw,Z" "-v" "/var/lib/crater-agent-workspace/builds/worker-1-tc1/source:/opt/rustwide/workdir:ro,Z" "-v" "/var/lib/crater-agent-workspace/cargo-home:/opt/rustwide/cargo-home:ro,Z" "-v" "/var/lib/crater-agent-workspace/rustup-home:/opt/rustwide/rustup-home:ro,Z" "-e" "SOURCE_DIR=/opt/rustwide/workdir" "-e" "CARGO_TARGET_DIR=/opt/rustwide/target" "-e" "CARGO_INCREMENTAL=0" "-e" "RUST_BACKTRACE=full" "-e" "RUSTFLAGS=--cap-lints=warn" "-e" "RUSTDOCFLAGS=--cap-lints=warn" "-e" "CARGO_HOME=/opt/rustwide/cargo-home" "-e" "RUSTUP_HOME=/opt/rustwide/rustup-home" "-w" "/opt/rustwide/workdir" "-m" "1610612736" "--user" "0:0" "--network" "none" "ghcr.io/rust-lang/crates-build-env/linux@sha256:f3a9d4ad9d972b27faf3965f35b62e55ba32bbce8f20bc8fe909558a86702fde" "/opt/rustwide/cargo-home/bin/cargo" "+1.83.0" "test" "--frozen", kill_on_drop: false }`
[INFO] [stdout] 0a908a38ac9941f4462585d5fbcdec868968b4611538d7fa139bf6ae5281692a
[INFO] running `Command { std: "docker" "start" "-a" "0a908a38ac9941f4462585d5fbcdec868968b4611538d7fa139bf6ae5281692a", kill_on_drop: false }`
[INFO] [stderr] warning: unused variable: `input`
[INFO] [stderr]   --> src/parser/control_flow.rs:35:17
[INFO] [stderr]    |
[INFO] [stderr] 35 | pub fn parse_if(input: &str) -> IResult<&str, AstControlFlow, ParserError<&str>> {
[INFO] [stderr]    |                 ^^^^^ help: if this is intentional, prefix it with an underscore: `_input`
[INFO] [stderr]    |
[INFO] [stderr]    = note: `#[warn(unused_variables)]` on by default
[INFO] [stderr] 
[INFO] [stderr] warning: unused variable: `input`
[INFO] [stderr]   --> src/parser/control_flow.rs:40:20
[INFO] [stderr]    |
[INFO] [stderr] 40 | pub fn parse_while(input: &str) -> IResult<&str, AstControlFlow, ParserError<&str>> {
[INFO] [stderr]    |                    ^^^^^ help: if this is intentional, prefix it with an underscore: `_input`
[INFO] [stderr] 
[INFO] [stderr] warning: unused variable: `input`
[INFO] [stderr]   --> src/parser/control_flow.rs:45:20
[INFO] [stderr]    |
[INFO] [stderr] 45 | pub fn parse_until(input: &str) -> IResult<&str, AstControlFlow, ParserError<&str>> {
[INFO] [stderr]    |                    ^^^^^ help: if this is intentional, prefix it with an underscore: `_input`
[INFO] [stderr] 
[INFO] [stderr] warning: unused variable: `input`
[INFO] [stderr]   --> src/parser/control_flow.rs:50:21
[INFO] [stderr]    |
[INFO] [stderr] 50 | pub fn parse_switch(input: &str) -> IResult<&str, AstControlFlow, ParserError<&str>> {
[INFO] [stderr]    |                     ^^^^^ help: if this is intentional, prefix it with an underscore: `_input`
[INFO] [stderr] 
[INFO] [stderr] warning: unused variable: `session`
[INFO] [stderr]   --> src/commands/echo.rs:44:19
[INFO] [stderr]    |
[INFO] [stderr] 44 |     fn run(&self, session: &mut Session, options: Vec<(String, Option<ShellData>)>, arguments: Vec<ShellData>) -> Result<ShellResult, She...
[INFO] [stderr]    |                   ^^^^^^^ help: if this is intentional, prefix it with an underscore: `_session`
[INFO] [stderr] 
[INFO] [stderr] warning: unused variable: `options`
[INFO] [stderr]   --> src/commands/cd.rs:36:46
[INFO] [stderr]    |
[INFO] [stderr] 36 |     fn run(&self, mut session: &mut Session, options: Vec<(String, Option<ShellData>)>, arguments: Vec<ShellData>) -> Result<ShellResult,...
[INFO] [stderr]    |                                              ^^^^^^^ help: if this is intentional, prefix it with an underscore: `_options`
[INFO] [stderr] 
[INFO] [stderr] warning: variable does not need to be mutable
[INFO] [stderr]   --> src/commands/cd.rs:36:19
[INFO] [stderr]    |
[INFO] [stderr] 36 |     fn run(&self, mut session: &mut Session, options: Vec<(String, Option<ShellData>)>, arguments: Vec<ShellData>) -> Result<ShellResult,...
[INFO] [stderr]    |                   ----^^^^^^^
[INFO] [stderr]    |                   |
[INFO] [stderr]    |                   help: remove this `mut`
[INFO] [stderr]    |
[INFO] [stderr]    = note: `#[warn(unused_mut)]` on by default
[INFO] [stderr] 
[INFO] [stderr] warning: unused variable: `options`
[INFO] [stderr]   --> src/commands/pwd.rs:31:42
[INFO] [stderr]    |
[INFO] [stderr] 31 |     fn run(&self, session: &mut Session, options: Vec<(String, Option<ShellData>)>, arguments: Vec<ShellData>) -> Result<ShellResult, She...
[INFO] [stderr]    |                                          ^^^^^^^ help: if this is intentional, prefix it with an underscore: `_options`
[INFO] [stderr] 
[INFO] [stderr] warning: unused variable: `arguments`
[INFO] [stderr]   --> src/commands/pwd.rs:31:85
[INFO] [stderr]    |
[INFO] [stderr] 31 | ...ing, Option<ShellData>)>, arguments: Vec<ShellData>) -> Result<ShellResult, ShellError> {
[INFO] [stderr]    |                              ^^^^^^^^^ help: if this is intentional, prefix it with an underscore: `_arguments`
[INFO] [stderr] 
[INFO] [stderr] warning: unused variable: `options`
[INFO] [stderr]   --> src/commands/chmod.rs:42:69
[INFO] [stderr]    |
[INFO] [stderr] 42 | ...nterface::session::Session, options: Vec<(String, Option<crate::architecture::shell_data::ShellData>)>, arguments: Vec<crate::architec...
[INFO] [stderr]    |                                ^^^^^^^ help: if this is intentional, prefix it with an underscore: `_options`
[INFO] [stderr] 
[INFO] [stderr] warning: variable does not need to be mutable
[INFO] [stderr]   --> src/commands/chmod.rs:48:13
[INFO] [stderr]    |
[INFO] [stderr] 48 |         let mut permissions_code: u32;
[INFO] [stderr]    |             ----^^^^^^^^^^^^^^^^
[INFO] [stderr]    |             |
[INFO] [stderr]    |             help: remove this `mut`
[INFO] [stderr] 
[INFO] [stderr] warning: unused variable: `session`
[INFO] [stderr]   --> src/commands/false.rs:31:19
[INFO] [stderr]    |
[INFO] [stderr] 31 |     fn run(&self, session: &mut crate::interface::session::Session, options: Vec<(String, Option<crate::architecture::shell_data::ShellDa...
[INFO] [stderr]    |                   ^^^^^^^ help: if this is intentional, prefix it with an underscore: `_session`
[INFO] [stderr] 
[INFO] [stderr] warning: unused variable: `options`
[INFO] [stderr]   --> src/commands/false.rs:31:69
[INFO] [stderr]    |
[INFO] [stderr] 31 | ...nterface::session::Session, options: Vec<(String, Option<crate::architecture::shell_data::ShellData>)>, arguments: Vec<crate::architec...
[INFO] [stderr]    |                                ^^^^^^^ help: if this is intentional, prefix it with an underscore: `_options`
[INFO] [stderr] 
[INFO] [stderr] warning: unused variable: `arguments`
[INFO] [stderr]   --> src/commands/false.rs:31:145
[INFO] [stderr]    |
[INFO] [stderr] 31 | ...shell_data::ShellData>)>, arguments: Vec<crate::architecture::shell_data::ShellData>) -> Result<crate::architecture::shell_result::She...
[INFO] [stderr]    |                              ^^^^^^^^^ help: if this is intentional, prefix it with an underscore: `_arguments`
[INFO] [stderr] 
[INFO] [stderr] warning: unused variable: `session`
[INFO] [stderr]   --> src/commands/true.rs:33:19
[INFO] [stderr]    |
[INFO] [stderr] 33 |     fn run(&self, session: &mut crate::interface::session::Session, options: Vec<(String, Option<crate::architecture::shell_data::ShellDa...
[INFO] [stderr]    |                   ^^^^^^^ help: if this is intentional, prefix it with an underscore: `_session`
[INFO] [stderr] 
[INFO] [stderr] warning: unused variable: `options`
[INFO] [stderr]   --> src/commands/true.rs:33:69
[INFO] [stderr]    |
[INFO] [stderr] 33 | ...nterface::session::Session, options: Vec<(String, Option<crate::architecture::shell_data::ShellData>)>, arguments: Vec<crate::architec...
[INFO] [stderr]    |                                ^^^^^^^ help: if this is intentional, prefix it with an underscore: `_options`
[INFO] [stderr] 
[INFO] [stderr] warning: unused variable: `arguments`
[INFO] [stderr]   --> src/commands/true.rs:33:145
[INFO] [stderr]    |
[INFO] [stderr] 33 | ...shell_data::ShellData>)>, arguments: Vec<crate::architecture::shell_data::ShellData>) -> Result<crate::architecture::shell_result::She...
[INFO] [stderr]    |                              ^^^^^^^^^ help: if this is intentional, prefix it with an underscore: `_arguments`
[INFO] [stderr] 
[INFO] [stderr] warning: unused variable: `options`
[INFO] [stderr]   --> src/commands/rush.rs:43:69
[INFO] [stderr]    |
[INFO] [stderr] 43 | ...nterface::session::Session, options: Vec<(String, Option<crate::architecture::shell_data::ShellData>)>, arguments: Vec<crate::architec...
[INFO] [stderr]    |                                ^^^^^^^ help: if this is intentional, prefix it with an underscore: `_options`
[INFO] [stderr] 
[INFO] [stderr] warning: unused variable: `session`
[INFO] [stderr]   --> src/commands/ast.rs:43:19
[INFO] [stderr]    |
[INFO] [stderr] 43 |     fn run(&self, session: &mut crate::interface::session::Session, options: Vec<(String, Option<crate::architecture::shell_data::ShellDa...
[INFO] [stderr]    |                   ^^^^^^^ help: if this is intentional, prefix it with an underscore: `_session`
[INFO] [stderr] 
[INFO] [stderr] warning: unused variable: `options`
[INFO] [stderr]   --> src/commands/ast.rs:43:69
[INFO] [stderr]    |
[INFO] [stderr] 43 | ...nterface::session::Session, options: Vec<(String, Option<crate::architecture::shell_data::ShellData>)>, arguments: Vec<crate::architec...
[INFO] [stderr]    |                                ^^^^^^^ help: if this is intentional, prefix it with an underscore: `_options`
[INFO] [stderr] 
[INFO] [stderr] warning: variable does not need to be mutable
[INFO] [stderr]  --> src/interface/key_event.rs:6:40
[INFO] [stderr]   |
[INFO] [stderr] 6 | pub fn process_key_event(ke: KeyEvent, mut buffer: CommandBuffer, mut session: Session) -> (CommandBuffer, Session, SideEffects) {
[INFO] [stderr]   |                                        ----^^^^^^
[INFO] [stderr]   |                                        |
[INFO] [stderr]   |                                        help: remove this `mut`
[INFO] [stderr] 
[INFO] [stderr] warning: variable does not need to be mutable
[INFO] [stderr]  --> src/interface/key_event.rs:6:67
[INFO] [stderr]   |
[INFO] [stderr] 6 | pub fn process_key_event(ke: KeyEvent, mut buffer: CommandBuffer, mut session: Session) -> (CommandBuffer, Session, SideEffects) {
[INFO] [stderr]   |                                                                   ----^^^^^^^
[INFO] [stderr]   |                                                                   |
[INFO] [stderr]   |                                                                   help: remove this `mut`
[INFO] [stderr] 
[INFO] [stderr] warning: unused `Result` that must be used
[INFO] [stderr]   --> src/interface/execution.rs:33:13
[INFO] [stderr]    |
[INFO] [stderr] 33 |             execute_compound(compound, session, results);
[INFO] [stderr]    |             ^^^^^^^^^^^^^^^^^^^^^^^^^^^^^^^^^^^^^^^^^^^^
[INFO] [stderr]    |
[INFO] [stderr]    = note: this `Result` may be an `Err` variant, which should be handled
[INFO] [stderr]    = note: `#[warn(unused_must_use)]` on by default
[INFO] [stderr] help: use `let _ = ...` to ignore the resulting value
[INFO] [stderr]    |
[INFO] [stderr] 33 |             let _ = execute_compound(compound, session, results);
[INFO] [stderr]    |             +++++++
[INFO] [stderr] 
[INFO] [stderr] warning: unused `Result` that must be used
[INFO] [stderr]   --> src/interface/execution.rs:34:13
[INFO] [stderr]    |
[INFO] [stderr] 34 |             execute_statement(st, session, results);
[INFO] [stderr]    |             ^^^^^^^^^^^^^^^^^^^^^^^^^^^^^^^^^^^^^^^
[INFO] [stderr]    |
[INFO] [stderr]    = note: this `Result` may be an `Err` variant, which should be handled
[INFO] [stderr] help: use `let _ = ...` to ignore the resulting value
[INFO] [stderr]    |
[INFO] [stderr] 34 |             let _ = execute_statement(st, session, results);
[INFO] [stderr]    |             +++++++
[INFO] [stderr] 
[INFO] [stderr] warning: `rush` (bin "rush" test) generated 24 warnings (run `cargo fix --bin "rush" --tests` to apply 4 suggestions)
[INFO] [stderr]     Finished `test` profile [unoptimized + debuginfo] target(s) in 0.11s
[INFO] [stderr]      Running unittests src/rush.rs (/opt/rustwide/target/debug/deps/rush-5e8ce37ed93e71aa)
[INFO] [stdout] 
[INFO] [stdout] running 14 tests
[INFO] [stdout] test commands::ls::tests::test_ls ... ok
[INFO] [stdout] test parser::commands::tests::test_command_parser ... ok
[INFO] [stdout] test parser::commands::tests::test_options_parser ... ok
[INFO] [stdout] test parser::compound::tests::test_compound_parser ... ok
[INFO] [stdout] test parser::primitives::tests::test_number_float ... ok
[INFO] [stdout] test parser::primitives::tests::test_int ... ok
[INFO] [stdout] test parser::primitives::tests::test_range ... ok
[INFO] [stdout] test parser::primitives::tests::test_filepath ... ok
[INFO] [stdout] test parser::primitives::tests::test_string ... ok
[INFO] [stdout] test parser::commands::tests::test_argument_parser ... ok
[INFO] [stdout] test parser::primitives::tests::test_octal ... ok
[INFO] [stdout] test parser::control_flow::tests::test_for ... FAILED
[INFO] [stdout] test parser::program::tests::test_program ... FAILED
[INFO] [stdout] test parser::compound::tests::test_compound_parser_multiline ... FAILED
[INFO] [stdout] 
[INFO] [stdout] failures:
[INFO] [stdout] 
[INFO] [stdout] ---- parser::control_flow::tests::test_for stdout ----
[INFO] [stdout] thread 'parser::control_flow::tests::test_for' panicked at src/parser/control_flow.rs:64:9:
[INFO] [stdout] assertion `left == right` failed
[INFO] [stdout]   left: Err(Failure(CommandError("} is not a valid keyword")))
[INFO] [stdout]  right: Ok(("", For { var: "i", range: 0..5, body: Statement(Command(AstCommand { command: Pwd, options: [], arguments: [] })) }))
[INFO] [stdout] stack backtrace:
[INFO] [stdout]    0:     0x62dbd9f07efa - std::backtrace_rs::backtrace::libunwind::trace::h5a5b8284f2d0c266
[INFO] [stdout]                                at /rustc/90b35a6239c3d8bdabc530a6a0816f7ff89a0aaf/library/std/src/../../backtrace/src/backtrace/libunwind.rs:116:5
[INFO] [stdout]    1:     0x62dbd9f07efa - std::backtrace_rs::backtrace::trace_unsynchronized::h76d4f1c9b0b875e3
[INFO] [stdout]                                at /rustc/90b35a6239c3d8bdabc530a6a0816f7ff89a0aaf/library/std/src/../../backtrace/src/backtrace/mod.rs:66:5
[INFO] [stdout]    2:     0x62dbd9f07efa - std::sys::backtrace::_print_fmt::hc4546b8364a537c6
[INFO] [stdout]                                at /rustc/90b35a6239c3d8bdabc530a6a0816f7ff89a0aaf/library/std/src/sys/backtrace.rs:66:9
[INFO] [stdout]    3:     0x62dbd9f07efa - <std::sys::backtrace::BacktraceLock::print::DisplayBacktrace as core::fmt::Display>::fmt::h5b6bd5631a6d1f6b
[INFO] [stdout]                                at /rustc/90b35a6239c3d8bdabc530a6a0816f7ff89a0aaf/library/std/src/sys/backtrace.rs:39:26
[INFO] [stdout]    4:     0x62dbd9f2f933 - core::fmt::rt::Argument::fmt::h270f6602a2b96f62
[INFO] [stdout]                                at /rustc/90b35a6239c3d8bdabc530a6a0816f7ff89a0aaf/library/core/src/fmt/rt.rs:177:76
[INFO] [stdout]    5:     0x62dbd9f2f933 - core::fmt::write::h7550c97b06c86515
[INFO] [stdout]                                at /rustc/90b35a6239c3d8bdabc530a6a0816f7ff89a0aaf/library/core/src/fmt/mod.rs:1186:21
[INFO] [stdout]    6:     0x62dbd9f04e73 - std::io::Write::write_fmt::h509ff860e5956e5e
[INFO] [stdout]                                at /rustc/90b35a6239c3d8bdabc530a6a0816f7ff89a0aaf/library/std/src/io/mod.rs:1839:15
[INFO] [stdout]    7:     0x62dbd9f07d42 - std::sys::backtrace::BacktraceLock::print::h2395ccd2c84ba3aa
[INFO] [stdout]                                at /rustc/90b35a6239c3d8bdabc530a6a0816f7ff89a0aaf/library/std/src/sys/backtrace.rs:42:9
[INFO] [stdout]    8:     0x62dbd9f0935a - std::panicking::default_hook::{{closure}}::he19d4c7230e07961
[INFO] [stdout]                                at /rustc/90b35a6239c3d8bdabc530a6a0816f7ff89a0aaf/library/std/src/panicking.rs:268:22
[INFO] [stdout]    9:     0x62dbd9f09164 - std::panicking::default_hook::hf614597d3c67bbdb
[INFO] [stdout]                                at /rustc/90b35a6239c3d8bdabc530a6a0816f7ff89a0aaf/library/std/src/panicking.rs:292:9
[INFO] [stdout]   10:     0x62dbd9ea8409 - <alloc::boxed::Box<F,A> as core::ops::function::Fn<Args>>::call::h39b51ce4599c23d1
[INFO] [stdout]                                at /rustc/90b35a6239c3d8bdabc530a6a0816f7ff89a0aaf/library/alloc/src/boxed.rs:2468:9
[INFO] [stdout]   11:     0x62dbd9ea8409 - test::test_main::{{closure}}::he977ae839a582784
[INFO] [stdout]                                at /rustc/90b35a6239c3d8bdabc530a6a0816f7ff89a0aaf/library/test/src/lib.rs:133:21
[INFO] [stdout]   12:     0x62dbd9f099f8 - <alloc::boxed::Box<F,A> as core::ops::function::Fn<Args>>::call::h9455091b6b06f9fb
[INFO] [stdout]                                at /rustc/90b35a6239c3d8bdabc530a6a0816f7ff89a0aaf/library/alloc/src/boxed.rs:2468:9
[INFO] [stdout]   13:     0x62dbd9f099f8 - std::panicking::rust_panic_with_hook::h8942133a8b252070
[INFO] [stdout]                                at /rustc/90b35a6239c3d8bdabc530a6a0816f7ff89a0aaf/library/std/src/panicking.rs:809:13
[INFO] [stdout]   14:     0x62dbd9f097ba - std::panicking::begin_panic_handler::{{closure}}::hb5f5963570096b29
[INFO] [stdout]                                at /rustc/90b35a6239c3d8bdabc530a6a0816f7ff89a0aaf/library/std/src/panicking.rs:674:13
[INFO] [stdout]   15:     0x62dbd9f083d9 - std::sys::backtrace::__rust_end_short_backtrace::h6208cedc1922feda
[INFO] [stdout]                                at /rustc/90b35a6239c3d8bdabc530a6a0816f7ff89a0aaf/library/std/src/sys/backtrace.rs:170:18
[INFO] [stdout]   16:     0x62dbd9f0944c - rust_begin_unwind
[INFO] [stdout]                                at /rustc/90b35a6239c3d8bdabc530a6a0816f7ff89a0aaf/library/std/src/panicking.rs:665:5
[INFO] [stdout]   17:     0x62dbd9e23be0 - core::panicking::panic_fmt::h0c3082644d1bf418
[INFO] [stdout]                                at /rustc/90b35a6239c3d8bdabc530a6a0816f7ff89a0aaf/library/core/src/panicking.rs:74:14
[INFO] [stdout]   18:     0x62dbd9e23fab - core::panicking::assert_failed_inner::h2ddf1fcc067fa858
[INFO] [stdout]   19:     0x62dbd9e60c4b - core::panicking::assert_failed::h51e8091e943af507
[INFO] [stdout]                                at /rustc/90b35a6239c3d8bdabc530a6a0816f7ff89a0aaf/library/core/src/panicking.rs:367:5
[INFO] [stdout]   20:     0x62dbd9e691c1 - rush::parser::control_flow::tests::test_for::hf8530510afc8f173
[INFO] [stdout]                                at /opt/rustwide/workdir/src/parser/control_flow.rs:64:9
[INFO] [stdout]   21:     0x62dbd9e68d57 - rush::parser::control_flow::tests::test_for::{{closure}}::h6d373f50669b1d59
[INFO] [stdout]                                at /opt/rustwide/workdir/src/parser/control_flow.rs:62:18
[INFO] [stdout]   22:     0x62dbd9e5f0a6 - core::ops::function::FnOnce::call_once::h73f6dab5ecb47e31
[INFO] [stdout]                                at /rustc/90b35a6239c3d8bdabc530a6a0816f7ff89a0aaf/library/core/src/ops/function.rs:250:5
[INFO] [stdout]   23:     0x62dbd9eacdcb - core::ops::function::FnOnce::call_once::h109cf8051a59b34e
[INFO] [stdout]                                at /rustc/90b35a6239c3d8bdabc530a6a0816f7ff89a0aaf/library/core/src/ops/function.rs:250:5
[INFO] [stdout]   24:     0x62dbd9eacdcb - test::__rust_begin_short_backtrace::hf4fff89d377446ba
[INFO] [stdout]                                at /rustc/90b35a6239c3d8bdabc530a6a0816f7ff89a0aaf/library/test/src/lib.rs:621:18
[INFO] [stdout]   25:     0x62dbd9eac607 - test::run_test_in_process::{{closure}}::h0e39181dd7ee5a43
[INFO] [stdout]                                at /rustc/90b35a6239c3d8bdabc530a6a0816f7ff89a0aaf/library/test/src/lib.rs:644:60
[INFO] [stdout]   26:     0x62dbd9eac607 - <core::panic::unwind_safe::AssertUnwindSafe<F> as core::ops::function::FnOnce<()>>::call_once::hc5a66a30f0bdfd1f
[INFO] [stdout]                                at /rustc/90b35a6239c3d8bdabc530a6a0816f7ff89a0aaf/library/core/src/panic/unwind_safe.rs:272:9
[INFO] [stdout]   27:     0x62dbd9eac607 - std::panicking::try::do_call::h873b7cf639554a5e
[INFO] [stdout]                                at /rustc/90b35a6239c3d8bdabc530a6a0816f7ff89a0aaf/library/std/src/panicking.rs:557:40
[INFO] [stdout]   28:     0x62dbd9eac607 - std::panicking::try::hdb19862fad9c8bd1
[INFO] [stdout]                                at /rustc/90b35a6239c3d8bdabc530a6a0816f7ff89a0aaf/library/std/src/panicking.rs:520:19
[INFO] [stdout]   29:     0x62dbd9eac607 - std::panic::catch_unwind::h281fe732d236d260
[INFO] [stdout]                                at /rustc/90b35a6239c3d8bdabc530a6a0816f7ff89a0aaf/library/std/src/panic.rs:358:14
[INFO] [stdout]   30:     0x62dbd9eac607 - test::run_test_in_process::h949b6df8457ed338
[INFO] [stdout]                                at /rustc/90b35a6239c3d8bdabc530a6a0816f7ff89a0aaf/library/test/src/lib.rs:644:27
[INFO] [stdout]   31:     0x62dbd9eac607 - test::run_test::{{closure}}::h52c556a6d4740e10
[INFO] [stdout]                                at /rustc/90b35a6239c3d8bdabc530a6a0816f7ff89a0aaf/library/test/src/lib.rs:565:43
[INFO] [stdout]   32:     0x62dbd9e718e4 - test::run_test::{{closure}}::h4237f6381c45ccb9
[INFO] [stdout]                                at /rustc/90b35a6239c3d8bdabc530a6a0816f7ff89a0aaf/library/test/src/lib.rs:595:41
[INFO] [stdout]   33:     0x62dbd9e718e4 - std::sys::backtrace::__rust_begin_short_backtrace::h505c97a579eca628
[INFO] [stdout]                                at /rustc/90b35a6239c3d8bdabc530a6a0816f7ff89a0aaf/library/std/src/sys/backtrace.rs:154:18
[INFO] [stdout]   34:     0x62dbd9e74fae - std::thread::Builder::spawn_unchecked_::{{closure}}::{{closure}}::h9e86b2e2bc107ea3
[INFO] [stdout]                                at /rustc/90b35a6239c3d8bdabc530a6a0816f7ff89a0aaf/library/std/src/thread/mod.rs:538:17
[INFO] [stdout]   35:     0x62dbd9e74fae - <core::panic::unwind_safe::AssertUnwindSafe<F> as core::ops::function::FnOnce<()>>::call_once::h8b06ddb275ff4a25
[INFO] [stdout]                                at /rustc/90b35a6239c3d8bdabc530a6a0816f7ff89a0aaf/library/core/src/panic/unwind_safe.rs:272:9
[INFO] [stdout]   36:     0x62dbd9e74fae - std::panicking::try::do_call::hb26ecd7cd9a9355d
[INFO] [stdout]                                at /rustc/90b35a6239c3d8bdabc530a6a0816f7ff89a0aaf/library/std/src/panicking.rs:557:40
[INFO] [stdout]   37:     0x62dbd9e74fae - std::panicking::try::h8ddeca9d705f9069
[INFO] [stdout]                                at /rustc/90b35a6239c3d8bdabc530a6a0816f7ff89a0aaf/library/std/src/panicking.rs:520:19
[INFO] [stdout]   38:     0x62dbd9e74fae - std::panic::catch_unwind::h49e1c33078844c46
[INFO] [stdout]                                at /rustc/90b35a6239c3d8bdabc530a6a0816f7ff89a0aaf/library/std/src/panic.rs:358:14
[INFO] [stdout]   39:     0x62dbd9e74fae - std::thread::Builder::spawn_unchecked_::{{closure}}::h6073db6ff56ad35d
[INFO] [stdout]                                at /rustc/90b35a6239c3d8bdabc530a6a0816f7ff89a0aaf/library/std/src/thread/mod.rs:537:30
[INFO] [stdout]   40:     0x62dbd9e74fae - core::ops::function::FnOnce::call_once{{vtable.shim}}::h2c5a5f3779c774f1
[INFO] [stdout]                                at /rustc/90b35a6239c3d8bdabc530a6a0816f7ff89a0aaf/library/core/src/ops/function.rs:250:5
[INFO] [stdout]   41:     0x62dbd9f0e1eb - <alloc::boxed::Box<F,A> as core::ops::function::FnOnce<Args>>::call_once::hf75717d9f28faebf
[INFO] [stdout]                                at /rustc/90b35a6239c3d8bdabc530a6a0816f7ff89a0aaf/library/alloc/src/boxed.rs:2454:9
[INFO] [stdout]   42:     0x62dbd9f0e1eb - <alloc::boxed::Box<F,A> as core::ops::function::FnOnce<Args>>::call_once::h7bd883a5f3c5f3c1
[INFO] [stdout]                                at /rustc/90b35a6239c3d8bdabc530a6a0816f7ff89a0aaf/library/alloc/src/boxed.rs:2454:9
[INFO] [stdout]   43:     0x62dbd9f0e1eb - std::sys::pal::unix::thread::Thread::new::thread_start::hcc78f3943333fa94
[INFO] [stdout]                                at /rustc/90b35a6239c3d8bdabc530a6a0816f7ff89a0aaf/library/std/src/sys/pal/unix/thread.rs:105:17
[INFO] [stdout]   44:     0x763a9d226ac3 - <unknown>
[INFO] [stdout]   45:     0x763a9d2b7a04 - clone
[INFO] [stdout]   46:                0x0 - <unknown>
[INFO] [stdout] 
[INFO] [stdout] ---- parser::program::tests::test_program stdout ----
[INFO] [stdout] thread 'parser::program::tests::test_program' panicked at src/parser/program.rs:39:7:
[INFO] [stdout] assertion `left == right` failed
[INFO] [stdout]   left: Err(Failure(CommandError("for is not a valid keyword")))
[INFO] [stdout]  right: Ok(("", Program(Statement(ControlFlow(For { var: "i", range: 0..3, body: Statement(Command(AstCommand { command: Pwd, options: [], arguments: [] })) })))))
[INFO] [stdout] stack backtrace:
[INFO] [stdout]    0:     0x62dbd9f07efa - std::backtrace_rs::backtrace::libunwind::trace::h5a5b8284f2d0c266
[INFO] [stdout]                                at /rustc/90b35a6239c3d8bdabc530a6a0816f7ff89a0aaf/library/std/src/../../backtrace/src/backtrace/libunwind.rs:116:5
[INFO] [stdout]    1:     0x62dbd9f07efa - std::backtrace_rs::backtrace::trace_unsynchronized::h76d4f1c9b0b875e3
[INFO] [stdout]                                at /rustc/90b35a6239c3d8bdabc530a6a0816f7ff89a0aaf/library/std/src/../../backtrace/src/backtrace/mod.rs:66:5
[INFO] [stdout]    2:     0x62dbd9f07efa - std::sys::backtrace::_print_fmt::hc4546b8364a537c6
[INFO] [stdout]                                at /rustc/90b35a6239c3d8bdabc530a6a0816f7ff89a0aaf/library/std/src/sys/backtrace.rs:66:9
[INFO] [stdout]    3:     0x62dbd9f07efa - <std::sys::backtrace::BacktraceLock::print::DisplayBacktrace as core::fmt::Display>::fmt::h5b6bd5631a6d1f6b
[INFO] [stdout]                                at /rustc/90b35a6239c3d8bdabc530a6a0816f7ff89a0aaf/library/std/src/sys/backtrace.rs:39:26
[INFO] [stdout]    4:     0x62dbd9f2f933 - core::fmt::rt::Argument::fmt::h270f6602a2b96f62
[INFO] [stdout]                                at /rustc/90b35a6239c3d8bdabc530a6a0816f7ff89a0aaf/library/core/src/fmt/rt.rs:177:76
[INFO] [stdout]    5:     0x62dbd9f2f933 - core::fmt::write::h7550c97b06c86515
[INFO] [stdout]                                at /rustc/90b35a6239c3d8bdabc530a6a0816f7ff89a0aaf/library/core/src/fmt/mod.rs:1186:21
[INFO] [stdout]    6:     0x62dbd9f04e73 - std::io::Write::write_fmt::h509ff860e5956e5e
[INFO] [stdout]                                at /rustc/90b35a6239c3d8bdabc530a6a0816f7ff89a0aaf/library/std/src/io/mod.rs:1839:15
[INFO] [stdout]    7:     0x62dbd9f07d42 - std::sys::backtrace::BacktraceLock::print::h2395ccd2c84ba3aa
[INFO] [stdout]                                at /rustc/90b35a6239c3d8bdabc530a6a0816f7ff89a0aaf/library/std/src/sys/backtrace.rs:42:9
[INFO] [stdout]    8:     0x62dbd9f0935a - std::panicking::default_hook::{{closure}}::he19d4c7230e07961
[INFO] [stdout]                                at /rustc/90b35a6239c3d8bdabc530a6a0816f7ff89a0aaf/library/std/src/panicking.rs:268:22
[INFO] [stdout]    9:     0x62dbd9f09164 - std::panicking::default_hook::hf614597d3c67bbdb
[INFO] [stdout]                                at /rustc/90b35a6239c3d8bdabc530a6a0816f7ff89a0aaf/library/std/src/panicking.rs:292:9
[INFO] [stdout]   10:     0x62dbd9ea8409 - <alloc::boxed::Box<F,A> as core::ops::function::Fn<Args>>::call::h39b51ce4599c23d1
[INFO] [stdout]                                at /rustc/90b35a6239c3d8bdabc530a6a0816f7ff89a0aaf/library/alloc/src/boxed.rs:2468:9
[INFO] [stdout]   11:     0x62dbd9ea8409 - test::test_main::{{closure}}::he977ae839a582784
[INFO] [stdout]                                at /rustc/90b35a6239c3d8bdabc530a6a0816f7ff89a0aaf/library/test/src/lib.rs:133:21
[INFO] [stdout]   12:     0x62dbd9f099f8 - <alloc::boxed::Box<F,A> as core::ops::function::Fn<Args>>::call::h9455091b6b06f9fb
[INFO] [stdout]                                at /rustc/90b35a6239c3d8bdabc530a6a0816f7ff89a0aaf/library/alloc/src/boxed.rs:2468:9
[INFO] [stdout]   13:     0x62dbd9f099f8 - std::panicking::rust_panic_with_hook::h8942133a8b252070
[INFO] [stdout]                                at /rustc/90b35a6239c3d8bdabc530a6a0816f7ff89a0aaf/library/std/src/panicking.rs:809:13
[INFO] [stdout]   14:     0x62dbd9f097ba - std::panicking::begin_panic_handler::{{closure}}::hb5f5963570096b29
[INFO] [stdout]                                at /rustc/90b35a6239c3d8bdabc530a6a0816f7ff89a0aaf/library/std/src/panicking.rs:674:13
[INFO] [stdout]   15:     0x62dbd9f083d9 - std::sys::backtrace::__rust_end_short_backtrace::h6208cedc1922feda
[INFO] [stdout]                                at /rustc/90b35a6239c3d8bdabc530a6a0816f7ff89a0aaf/library/std/src/sys/backtrace.rs:170:18
[INFO] [stdout]   16:     0x62dbd9f0944c - rust_begin_unwind
[INFO] [stdout]                                at /rustc/90b35a6239c3d8bdabc530a6a0816f7ff89a0aaf/library/std/src/panicking.rs:665:5
[INFO] [stdout]   17:     0x62dbd9e23be0 - core::panicking::panic_fmt::h0c3082644d1bf418
[INFO] [stdout]                                at /rustc/90b35a6239c3d8bdabc530a6a0816f7ff89a0aaf/library/core/src/panicking.rs:74:14
[INFO] [stdout]   18:     0x62dbd9e23fab - core::panicking::assert_failed_inner::h2ddf1fcc067fa858
[INFO] [stdout]   19:     0x62dbd9e60d05 - core::panicking::assert_failed::h758ba19c465260b5
[INFO] [stdout]                                at /rustc/90b35a6239c3d8bdabc530a6a0816f7ff89a0aaf/library/core/src/panicking.rs:367:5
[INFO] [stdout]   20:     0x62dbd9e670cb - rush::parser::program::tests::test_program::hd730d6ae1fac241a
[INFO] [stdout]                                at /opt/rustwide/workdir/src/parser/program.rs:39:7
[INFO] [stdout]   21:     0x62dbd9e66797 - rush::parser::program::tests::test_program::{{closure}}::h697954a64564d6fd
[INFO] [stdout]                                at /opt/rustwide/workdir/src/parser/program.rs:35:21
[INFO] [stdout]   22:     0x62dbd9e5ee96 - core::ops::function::FnOnce::call_once::h151e8d5b5c2cb9e1
[INFO] [stdout]                                at /rustc/90b35a6239c3d8bdabc530a6a0816f7ff89a0aaf/library/core/src/ops/function.rs:250:5
[INFO] [stdout]   23:     0x62dbd9eacdcb - core::ops::function::FnOnce::call_once::h109cf8051a59b34e
[INFO] [stdout]                                at /rustc/90b35a6239c3d8bdabc530a6a0816f7ff89a0aaf/library/core/src/ops/function.rs:250:5
[INFO] [stdout]   24:     0x62dbd9eacdcb - test::__rust_begin_short_backtrace::hf4fff89d377446ba
[INFO] [stdout]                                at /rustc/90b35a6239c3d8bdabc530a6a0816f7ff89a0aaf/library/test/src/lib.rs:621:18
[INFO] [stdout]   25:     0x62dbd9eac607 - test::run_test_in_process::{{closure}}::h0e39181dd7ee5a43
[INFO] [stdout]                                at /rustc/90b35a6239c3d8bdabc530a6a0816f7ff89a0aaf/library/test/src/lib.rs:644:60
[INFO] [stdout]   26:     0x62dbd9eac607 - <core::panic::unwind_safe::AssertUnwindSafe<F> as core::ops::function::FnOnce<()>>::call_once::hc5a66a30f0bdfd1f
[INFO] [stdout]                                at /rustc/90b35a6239c3d8bdabc530a6a0816f7ff89a0aaf/library/core/src/panic/unwind_safe.rs:272:9
[INFO] [stdout]   27:     0x62dbd9eac607 - std::panicking::try::do_call::h873b7cf639554a5e
[INFO] [stdout]                                at /rustc/90b35a6239c3d8bdabc530a6a0816f7ff89a0aaf/library/std/src/panicking.rs:557:40
[INFO] [stdout]   28:     0x62dbd9eac607 - std::panicking::try::hdb19862fad9c8bd1
[INFO] [stdout]                                at /rustc/90b35a6239c3d8bdabc530a6a0816f7ff89a0aaf/library/std/src/panicking.rs:520:19
[INFO] [stdout]   29:     0x62dbd9eac607 - std::panic::catch_unwind::h281fe732d236d260
[INFO] [stdout]                                at /rustc/90b35a6239c3d8bdabc530a6a0816f7ff89a0aaf/library/std/src/panic.rs:358:14
[INFO] [stdout]   30:     0x62dbd9eac607 - test::run_test_in_process::h949b6df8457ed338
[INFO] [stdout]                                at /rustc/90b35a6239c3d8bdabc530a6a0816f7ff89a0aaf/library/test/src/lib.rs:644:27
[INFO] [stdout]   31:     0x62dbd9eac607 - test::run_test::{{closure}}::h52c556a6d4740e10
[INFO] [stdout]                                at /rustc/90b35a6239c3d8bdabc530a6a0816f7ff89a0aaf/library/test/src/lib.rs:565:43
[INFO] [stdout]   32:     0x62dbd9e718e4 - test::run_test::{{closure}}::h4237f6381c45ccb9
[INFO] [stdout]                                at /rustc/90b35a6239c3d8bdabc530a6a0816f7ff89a0aaf/library/test/src/lib.rs:595:41
[INFO] [stdout]   33:     0x62dbd9e718e4 - std::sys::backtrace::__rust_begin_short_backtrace::h505c97a579eca628
[INFO] [stdout]                                at /rustc/90b35a6239c3d8bdabc530a6a0816f7ff89a0aaf/library/std/src/sys/backtrace.rs:154:18
[INFO] [stdout]   34:     0x62dbd9e74fae - std::thread::Builder::spawn_unchecked_::{{closure}}::{{closure}}::h9e86b2e2bc107ea3
[INFO] [stdout]                                at /rustc/90b35a6239c3d8bdabc530a6a0816f7ff89a0aaf/library/std/src/thread/mod.rs:538:17
[INFO] [stdout]   35:     0x62dbd9e74fae - <core::panic::unwind_safe::AssertUnwindSafe<F> as core::ops::function::FnOnce<()>>::call_once::h8b06ddb275ff4a25
[INFO] [stdout]                                at /rustc/90b35a6239c3d8bdabc530a6a0816f7ff89a0aaf/library/core/src/panic/unwind_safe.rs:272:9
[INFO] [stdout]   36:     0x62dbd9e74fae - std::panicking::try::do_call::hb26ecd7cd9a9355d
[INFO] [stdout]                                at /rustc/90b35a6239c3d8bdabc530a6a0816f7ff89a0aaf/library/std/src/panicking.rs:557:40
[INFO] [stdout]   37:     0x62dbd9e74fae - std::panicking::try::h8ddeca9d705f9069
[INFO] [stdout]                                at /rustc/90b35a6239c3d8bdabc530a6a0816f7ff89a0aaf/library/std/src/panicking.rs:520:19
[INFO] [stdout]   38:     0x62dbd9e74fae - std::panic::catch_unwind::h49e1c33078844c46
[INFO] [stdout]                                at /rustc/90b35a6239c3d8bdabc530a6a0816f7ff89a0aaf/library/std/src/panic.rs:358:14
[INFO] [stdout]   39:     0x62dbd9e74fae - std::thread::Builder::spawn_unchecked_::{{closure}}::h6073db6ff56ad35d
[INFO] [stdout]                                at /rustc/90b35a6239c3d8bdabc530a6a0816f7ff89a0aaf/library/std/src/thread/mod.rs:537:30
[INFO] [stdout]   40:     0x62dbd9e74fae - core::ops::function::FnOnce::call_once{{vtable.shim}}::h2c5a5f3779c774f1
[INFO] [stdout]                                at /rustc/90b35a6239c3d8bdabc530a6a0816f7ff89a0aaf/library/core/src/ops/function.rs:250:5
[INFO] [stdout]   41:     0x62dbd9f0e1eb - <alloc::boxed::Box<F,A> as core::ops::function::FnOnce<Args>>::call_once::hf75717d9f28faebf
[INFO] [stdout]                                at /rustc/90b35a6239c3d8bdabc530a6a0816f7ff89a0aaf/library/alloc/src/boxed.rs:2454:9
[INFO] [stdout]   42:     0x62dbd9f0e1eb - <alloc::boxed::Box<F,A> as core::ops::function::FnOnce<Args>>::call_once::h7bd883a5f3c5f3c1
[INFO] [stdout]                                at /rustc/90b35a6239c3d8bdabc530a6a0816f7ff89a0aaf/library/alloc/src/boxed.rs:2454:9
[INFO] [stdout]   43:     0x62dbd9f0e1eb - std::sys::pal::unix::thread::Thread::new::thread_start::hcc78f3943333fa94
[INFO] [stdout]                                at /rustc/90b35a6239c3d8bdabc530a6a0816f7ff89a0aaf/library/std/src/sys/pal/unix/thread.rs:105:17
[INFO] [stdout]   44:     0x763a9d226ac3 - <unknown>
[INFO] [stdout]   45:     0x763a9d2b7a04 - clone
[INFO] [stdout]   46:                0x0 - <unknown>
[INFO] [stdout] 
[INFO] [stdout] ---- parser::compound::tests::test_compound_parser_multiline stdout ----
[INFO] [stdout] thread 'parser::compound::tests::test_compound_parser_multiline' panicked at src/parser/compound.rs:49:9:
[INFO] [stdout] assertion `left == right` failed
[INFO] [stdout]   left: Err(Failure(CommandError("for is not a valid keyword")))
[INFO] [stdout]  right: Ok(("", List(Statement(Command(AstCommand { command: Pwd, options: [], arguments: [] })), ControlFlow(For { var: "i", range: 0..3, body: List(Statement(Command(AstCommand { command: Echo, options: [], arguments: [String("test")] })), Command(AstCommand { command: Pwd, options: [], arguments: [] })) }))))
[INFO] [stdout] stack backtrace:
[INFO] [stdout]    0:     0x62dbd9f07efa - std::backtrace_rs::backtrace::libunwind::trace::h5a5b8284f2d0c266
[INFO] [stdout]                                at /rustc/90b35a6239c3d8bdabc530a6a0816f7ff89a0aaf/library/std/src/../../backtrace/src/backtrace/libunwind.rs:116:5
[INFO] [stdout]    1:     0x62dbd9f07efa - std::backtrace_rs::backtrace::trace_unsynchronized::h76d4f1c9b0b875e3
[INFO] [stdout]                                at /rustc/90b35a6239c3d8bdabc530a6a0816f7ff89a0aaf/library/std/src/../../backtrace/src/backtrace/mod.rs:66:5
[INFO] [stdout]    2:     0x62dbd9f07efa - std::sys::backtrace::_print_fmt::hc4546b8364a537c6
[INFO] [stdout]                                at /rustc/90b35a6239c3d8bdabc530a6a0816f7ff89a0aaf/library/std/src/sys/backtrace.rs:66:9
[INFO] [stdout]    3:     0x62dbd9f07efa - <std::sys::backtrace::BacktraceLock::print::DisplayBacktrace as core::fmt::Display>::fmt::h5b6bd5631a6d1f6b
[INFO] [stdout]                                at /rustc/90b35a6239c3d8bdabc530a6a0816f7ff89a0aaf/library/std/src/sys/backtrace.rs:39:26
[INFO] [stdout]    4:     0x62dbd9f2f933 - core::fmt::rt::Argument::fmt::h270f6602a2b96f62
[INFO] [stdout]                                at /rustc/90b35a6239c3d8bdabc530a6a0816f7ff89a0aaf/library/core/src/fmt/rt.rs:177:76
[INFO] [stdout]    5:     0x62dbd9f2f933 - core::fmt::write::h7550c97b06c86515
[INFO] [stdout]                                at /rustc/90b35a6239c3d8bdabc530a6a0816f7ff89a0aaf/library/core/src/fmt/mod.rs:1186:21
[INFO] [stdout]    6:     0x62dbd9f04e73 - std::io::Write::write_fmt::h509ff860e5956e5e
[INFO] [stdout]                                at /rustc/90b35a6239c3d8bdabc530a6a0816f7ff89a0aaf/library/std/src/io/mod.rs:1839:15
[INFO] [stdout]    7:     0x62dbd9f07d42 - std::sys::backtrace::BacktraceLock::print::h2395ccd2c84ba3aa
[INFO] [stdout]                                at /rustc/90b35a6239c3d8bdabc530a6a0816f7ff89a0aaf/library/std/src/sys/backtrace.rs:42:9
[INFO] [stdout]    8:     0x62dbd9f0935a - std::panicking::default_hook::{{closure}}::he19d4c7230e07961
[INFO] [stdout]                                at /rustc/90b35a6239c3d8bdabc530a6a0816f7ff89a0aaf/library/std/src/panicking.rs:268:22
[INFO] [stdout]    9:     0x62dbd9f09164 - std::panicking::default_hook::hf614597d3c67bbdb
[INFO] [stdout]                                at /rustc/90b35a6239c3d8bdabc530a6a0816f7ff89a0aaf/library/std/src/panicking.rs:292:9
[INFO] [stdout]   10:     0x62dbd9ea8409 - <alloc::boxed::Box<F,A> as core::ops::function::Fn<Args>>::call::h39b51ce4599c23d1
[INFO] [stdout]                                at /rustc/90b35a6239c3d8bdabc530a6a0816f7ff89a0aaf/library/alloc/src/boxed.rs:2468:9
[INFO] [stdout]   11:     0x62dbd9ea8409 - test::test_main::{{closure}}::he977ae839a582784
[INFO] [stdout]                                at /rustc/90b35a6239c3d8bdabc530a6a0816f7ff89a0aaf/library/test/src/lib.rs:133:21
[INFO] [stdout]   12:     0x62dbd9f099f8 - <alloc::boxed::Box<F,A> as core::ops::function::Fn<Args>>::call::h9455091b6b06f9fb
[INFO] [stdout]                                at /rustc/90b35a6239c3d8bdabc530a6a0816f7ff89a0aaf/library/alloc/src/boxed.rs:2468:9
[INFO] [stdout]   13:     0x62dbd9f099f8 - std::panicking::rust_panic_with_hook::h8942133a8b252070
[INFO] [stdout]                                at /rustc/90b35a6239c3d8bdabc530a6a0816f7ff89a0aaf/library/std/src/panicking.rs:809:13
[INFO] [stdout]   14:     0x62dbd9f097ba - std::panicking::begin_panic_handler::{{closure}}::hb5f5963570096b29
[INFO] [stdout]                                at /rustc/90b35a6239c3d8bdabc530a6a0816f7ff89a0aaf/library/std/src/panicking.rs:674:13
[INFO] [stdout]   15:     0x62dbd9f083d9 - std::sys::backtrace::__rust_end_short_backtrace::h6208cedc1922feda
[INFO] [stdout]                                at /rustc/90b35a6239c3d8bdabc530a6a0816f7ff89a0aaf/library/std/src/sys/backtrace.rs:170:18
[INFO] [stdout]   16:     0x62dbd9f0944c - rust_begin_unwind
[INFO] [stdout]                                at /rustc/90b35a6239c3d8bdabc530a6a0816f7ff89a0aaf/library/std/src/panicking.rs:665:5
[INFO] [stdout]   17:     0x62dbd9e23be0 - core::panicking::panic_fmt::h0c3082644d1bf418
[INFO] [stdout]                                at /rustc/90b35a6239c3d8bdabc530a6a0816f7ff89a0aaf/library/core/src/panicking.rs:74:14
[INFO] [stdout]   18:     0x62dbd9e23fab - core::panicking::assert_failed_inner::h2ddf1fcc067fa858
[INFO] [stdout]   19:     0x62dbd9e60c89 - core::panicking::assert_failed::h57c0cab909d8a791
[INFO] [stdout]                                at /rustc/90b35a6239c3d8bdabc530a6a0816f7ff89a0aaf/library/core/src/panicking.rs:367:5
[INFO] [stdout]   20:     0x62dbd9e6bba7 - rush::parser::compound::tests::test_compound_parser_multiline::hd442160d801ab5dd
[INFO] [stdout]                                at /opt/rustwide/workdir/src/parser/compound.rs:49:9
[INFO] [stdout]   21:     0x62dbd9e6b007 - rush::parser::compound::tests::test_compound_parser_multiline::{{closure}}::haa1babb9bdb2d115
[INFO] [stdout]                                at /opt/rustwide/workdir/src/parser/compound.rs:47:40
[INFO] [stdout]   22:     0x62dbd9e5ef56 - core::ops::function::FnOnce::call_once::h2de1afce70b452b5
[INFO] [stdout]                                at /rustc/90b35a6239c3d8bdabc530a6a0816f7ff89a0aaf/library/core/src/ops/function.rs:250:5
[INFO] [stdout]   23:     0x62dbd9eacdcb - core::ops::function::FnOnce::call_once::h109cf8051a59b34e
[INFO] [stdout]                                at /rustc/90b35a6239c3d8bdabc530a6a0816f7ff89a0aaf/library/core/src/ops/function.rs:250:5
[INFO] [stdout]   24:     0x62dbd9eacdcb - test::__rust_begin_short_backtrace::hf4fff89d377446ba
[INFO] [stdout]                                at /rustc/90b35a6239c3d8bdabc530a6a0816f7ff89a0aaf/library/test/src/lib.rs:621:18
[INFO] [stdout]   25:     0x62dbd9eac607 - test::run_test_in_process::{{closure}}::h0e39181dd7ee5a43
[INFO] [stdout]                                at /rustc/90b35a6239c3d8bdabc530a6a0816f7ff89a0aaf/library/test/src/lib.rs:644:60
[INFO] [stdout]   26:     0x62dbd9eac607 - <core::panic::unwind_safe::AssertUnwindSafe<F> as core::ops::function::FnOnce<()>>::call_once::hc5a66a30f0bdfd1f
[INFO] [stdout]                                at /rustc/90b35a6239c3d8bdabc530a6a0816f7ff89a0aaf/library/core/src/panic/unwind_safe.rs:272:9
[INFO] [stdout]   27:     0x62dbd9eac607 - std::panicking::try::do_call::h873b7cf639554a5e
[INFO] [stdout]                                at /rustc/90b35a6239c3d8bdabc530a6a0816f7ff89a0aaf/library/std/src/panicking.rs:557:40
[INFO] [stdout]   28:     0x62dbd9eac607 - std::panicking::try::hdb19862fad9c8bd1
[INFO] [stdout]                                at /rustc/90b35a6239c3d8bdabc530a6a0816f7ff89a0aaf/library/std/src/panicking.rs:520:19
[INFO] [stdout]   29:     0x62dbd9eac607 - std::panic::catch_unwind::h281fe732d236d260
[INFO] [stdout]                                at /rustc/90b35a6239c3d8bdabc530a6a0816f7ff89a0aaf/library/std/src/panic.rs:358:14
[INFO] [stdout]   30:     0x62dbd9eac607 - test::run_test_in_process::h949b6df8457ed338
[INFO] [stdout]                                at /rustc/90b35a6239c3d8bdabc530a6a0816f7ff89a0aaf/library/test/src/lib.rs:644:27
[INFO] [stdout]   31:     0x62dbd9eac607 - test::run_test::{{closure}}::h52c556a6d4740e10
[INFO] [stdout]                                at /rustc/90b35a6239c3d8bdabc530a6a0816f7ff89a0aaf/library/test/src/lib.rs:565:43
[INFO] [stdout]   32:     0x62dbd9e718e4 - test::run_test::{{closure}}::h4237f6381c45ccb9
[INFO] [stdout]                                at /rustc/90b35a6239c3d8bdabc530a6a0816f7ff89a0aaf/library/test/src/lib.rs:595:41
[INFO] [stdout]   33:     0x62dbd9e718e4 - std::sys::backtrace::__rust_begin_short_backtrace::h505c97a579eca628
[INFO] [stdout]                                at /rustc/90b35a6239c3d8bdabc530a6a0816f7ff89a0aaf/library/std/src/sys/backtrace.rs:154:18
[INFO] [stdout]   34:     0x62dbd9e74fae - std::thread::Builder::spawn_unchecked_::{{closure}}::{{closure}}::h9e86b2e2bc107ea3
[INFO] [stdout]                                at /rustc/90b35a6239c3d8bdabc530a6a0816f7ff89a0aaf/library/std/src/thread/mod.rs:538:17
[INFO] [stdout]   35:     0x62dbd9e74fae - <core::panic::unwind_safe::AssertUnwindSafe<F> as core::ops::function::FnOnce<()>>::call_once::h8b06ddb275ff4a25
[INFO] [stdout]                                at /rustc/90b35a6239c3d8bdabc530a6a0816f7ff89a0aaf/library/core/src/panic/unwind_safe.rs:272:9
[INFO] [stdout]   36:     0x62dbd9e74fae - std::panicking::try::do_call::hb26ecd7cd9a9355d
[INFO] [stdout]                                at /rustc/90b35a6239c3d8bdabc530a6a0816f7ff89a0aaf/library/std/src/panicking.rs:557:40
[INFO] [stdout]   37:     0x62dbd9e74fae - std::panicking::try::h8ddeca9d705f9069
[INFO] [stdout]                                at /rustc/90b35a6239c3d8bdabc530a6a0816f7ff89a0aaf/library/std/src/panicking.rs:520:19
[INFO] [stdout]   38:     0x62dbd9e74fae - std::panic::catch_unwind::h49e1c33078844c46
[INFO] [stdout]                                at /rustc/90b35a6239c3d8bdabc530a6a0816f7ff89a0aaf/library/std/src/panic.rs:358:14
[INFO] [stdout]   39:     0x62dbd9e74fae - std::thread::Builder::spawn_unchecked_::{{closure}}::h6073db6ff56ad35d
[INFO] [stdout]                                at /rustc/90b35a6239c3d8bdabc530a6a0816f7ff89a0aaf/library/std/src/thread/mod.rs:537:30
[INFO] [stdout]   40:     0x62dbd9e74fae - core::ops::function::FnOnce::call_once{{vtable.shim}}::h2c5a5f3779c774f1
[INFO] [stdout]                                at /rustc/90b35a6239c3d8bdabc530a6a0816f7ff89a0aaf/library/core/src/ops/function.rs:250:5
[INFO] [stdout]   41:     0x62dbd9f0e1eb - <alloc::boxed::Box<F,A> as core::ops::function::FnOnce<Args>>::call_once::hf75717d9f28faebf
[INFO] [stdout]                                at /rustc/90b35a6239c3d8bdabc530a6a0816f7ff89a0aaf/library/alloc/src/boxed.rs:2454:9
[INFO] [stdout]   42:     0x62dbd9f0e1eb - <alloc::boxed::Box<F,A> as core::ops::function::FnOnce<Args>>::call_once::h7bd883a5f3c5f3c1
[INFO] [stdout]                                at /rustc/90b35a6239c3d8bdabc530a6a0816f7ff89a0aaf/library/alloc/src/boxed.rs:2454:9
[INFO] [stdout]   43:     0x62dbd9f0e1eb - std::sys::pal::unix::thread::Thread::new::thread_start::hcc78f3943333fa94
[INFO] [stdout]                                at /rustc/90b35a6239c3d8bdabc530a6a0816f7ff89a0aaf/library/std/src/sys/pal/unix/thread.rs:105:17
[INFO] [stdout]   44:     0x763a9d226ac3 - <unknown>
[INFO] [stdout]   45:     0x763a9d2b7a04 - clone
[INFO] [stdout]   46:                0x0 - <unknown>
[INFO] [stdout] 
[INFO] [stdout] 
[INFO] [stdout] failures:
[INFO] [stdout]     parser::compound::tests::test_compound_parser_multiline
[INFO] [stdout]     parser::control_flow::tests::test_for
[INFO] [stdout]     parser::program::tests::test_program
[INFO] [stdout] 
[INFO] [stdout] test result: FAILED. 11 passed; 3 failed; 0 ignored; 0 measured; 0 filtered out; finished in 0.06s
[INFO] [stdout] 
[INFO] [stderr] error: test failed, to rerun pass `--bin rush`
[INFO] running `Command { std: "docker" "inspect" "0a908a38ac9941f4462585d5fbcdec868968b4611538d7fa139bf6ae5281692a", kill_on_drop: false }`
[INFO] running `Command { std: "docker" "rm" "-f" "0a908a38ac9941f4462585d5fbcdec868968b4611538d7fa139bf6ae5281692a", kill_on_drop: false }`
[INFO] [stdout] 0a908a38ac9941f4462585d5fbcdec868968b4611538d7fa139bf6ae5281692a
