[INFO] cloning repository https://github.com/jackcooperusesvim/rust-ml-lib
[INFO] running `Command { std: "git" "-c" "credential.helper=" "-c" "credential.helper=/workspace/cargo-home/bin/git-credential-null" "clone" "--bare" "https://github.com/jackcooperusesvim/rust-ml-lib" "/workspace/cache/git-repos/https%3A%2F%2Fgithub.com%2Fjackcooperusesvim%2Frust-ml-lib", kill_on_drop: false }`
[INFO] [stderr] Cloning into bare repository '/workspace/cache/git-repos/https%3A%2F%2Fgithub.com%2Fjackcooperusesvim%2Frust-ml-lib'...
[INFO] running `Command { std: "git" "rev-parse" "HEAD", kill_on_drop: false }`
[INFO] [stdout] a0d3eba7ce97cee525f7ba2e065333456115dfca
[INFO] testing jackcooperusesvim/rust-ml-lib against beta-2024-12-08 for beta-1.84.0-4-retry
[INFO] running `Command { std: "git" "clone" "/workspace/cache/git-repos/https%3A%2F%2Fgithub.com%2Fjackcooperusesvim%2Frust-ml-lib" "/workspace/builds/worker-0-tc2/source", kill_on_drop: false }`
[INFO] [stderr] Cloning into '/workspace/builds/worker-0-tc2/source'...
[INFO] [stderr] done.
[INFO] validating manifest of git repo https://github.com/jackcooperusesvim/rust-ml-lib on toolchain beta-2024-12-08
[INFO] running `Command { std: CARGO_HOME="/workspace/cargo-home" RUSTUP_HOME="/workspace/rustup-home" "/workspace/cargo-home/bin/cargo" "+beta-2024-12-08" "metadata" "--manifest-path" "Cargo.toml" "--no-deps", kill_on_drop: false }`
[INFO] started tweaking git repo https://github.com/jackcooperusesvim/rust-ml-lib
[INFO] finished tweaking git repo https://github.com/jackcooperusesvim/rust-ml-lib
[INFO] tweaked toml for git repo https://github.com/jackcooperusesvim/rust-ml-lib written to /workspace/builds/worker-0-tc2/source/Cargo.toml
[INFO] crate git repo https://github.com/jackcooperusesvim/rust-ml-lib already has a lockfile, it will not be regenerated
[INFO] running `Command { std: CARGO_HOME="/workspace/cargo-home" RUSTUP_HOME="/workspace/rustup-home" "/workspace/cargo-home/bin/cargo" "+beta-2024-12-08" "fetch" "--manifest-path" "Cargo.toml", kill_on_drop: false }`
[INFO] running `Command { std: "docker" "create" "-v" "/var/lib/crater-agent-workspace/builds/worker-0-tc2/target:/opt/rustwide/target:rw,Z" "-v" "/var/lib/crater-agent-workspace/builds/worker-0-tc2/source:/opt/rustwide/workdir:ro,Z" "-v" "/var/lib/crater-agent-workspace/cargo-home:/opt/rustwide/cargo-home:ro,Z" "-v" "/var/lib/crater-agent-workspace/rustup-home:/opt/rustwide/rustup-home:ro,Z" "-e" "SOURCE_DIR=/opt/rustwide/workdir" "-e" "CARGO_TARGET_DIR=/opt/rustwide/target" "-e" "CARGO_HOME=/opt/rustwide/cargo-home" "-e" "RUSTUP_HOME=/opt/rustwide/rustup-home" "-w" "/opt/rustwide/workdir" "-m" "1610612736" "--user" "0:0" "--network" "none" "ghcr.io/rust-lang/crates-build-env/linux@sha256:f3a9d4ad9d972b27faf3965f35b62e55ba32bbce8f20bc8fe909558a86702fde" "/opt/rustwide/cargo-home/bin/cargo" "+beta-2024-12-08" "metadata" "--no-deps" "--format-version=1", kill_on_drop: false }`
[INFO] [stdout] 706595ab2a5394bb9c4be08a115e5de4f3671bcc0cb2fe452295593bb771ba71
[INFO] running `Command { std: "docker" "start" "-a" "706595ab2a5394bb9c4be08a115e5de4f3671bcc0cb2fe452295593bb771ba71", kill_on_drop: false }`
[INFO] running `Command { std: "docker" "inspect" "706595ab2a5394bb9c4be08a115e5de4f3671bcc0cb2fe452295593bb771ba71", kill_on_drop: false }`
[INFO] running `Command { std: "docker" "rm" "-f" "706595ab2a5394bb9c4be08a115e5de4f3671bcc0cb2fe452295593bb771ba71", kill_on_drop: false }`
[INFO] [stdout] 706595ab2a5394bb9c4be08a115e5de4f3671bcc0cb2fe452295593bb771ba71
[INFO] running `Command { std: "docker" "create" "-v" "/var/lib/crater-agent-workspace/builds/worker-0-tc2/target:/opt/rustwide/target:rw,Z" "-v" "/var/lib/crater-agent-workspace/builds/worker-0-tc2/source:/opt/rustwide/workdir:ro,Z" "-v" "/var/lib/crater-agent-workspace/cargo-home:/opt/rustwide/cargo-home:ro,Z" "-v" "/var/lib/crater-agent-workspace/rustup-home:/opt/rustwide/rustup-home:ro,Z" "-e" "SOURCE_DIR=/opt/rustwide/workdir" "-e" "CARGO_TARGET_DIR=/opt/rustwide/target" "-e" "CARGO_INCREMENTAL=0" "-e" "RUST_BACKTRACE=full" "-e" "RUSTFLAGS=--cap-lints=warn" "-e" "RUSTDOCFLAGS=--cap-lints=warn" "-e" "CARGO_HOME=/opt/rustwide/cargo-home" "-e" "RUSTUP_HOME=/opt/rustwide/rustup-home" "-w" "/opt/rustwide/workdir" "-m" "1610612736" "--user" "0:0" "--network" "none" "ghcr.io/rust-lang/crates-build-env/linux@sha256:f3a9d4ad9d972b27faf3965f35b62e55ba32bbce8f20bc8fe909558a86702fde" "/opt/rustwide/cargo-home/bin/cargo" "+beta-2024-12-08" "build" "--frozen" "--message-format=json", kill_on_drop: false }`
[INFO] [stdout] 04ac3e91e72d66b1a59418283b37dfa58fb878a4d9eb9b8a031f6a5442d31a0f
[INFO] running `Command { std: "docker" "start" "-a" "04ac3e91e72d66b1a59418283b37dfa58fb878a4d9eb9b8a031f6a5442d31a0f", kill_on_drop: false }`
[INFO] [stderr]    Compiling fastrand v2.2.0
[INFO] [stderr]    Compiling ml v0.1.0 (/opt/rustwide/workdir)
[INFO] [stdout] warning: unreachable pattern
[INFO] [stdout]   --> src/models/mlp.rs:82:13
[INFO] [stdout]    |
[INFO] [stdout] 81 |             SingleDimGrad::Dense(grad_dta) => {}
[INFO] [stdout]    |             ------------------------------ matches all the relevant values
[INFO] [stdout] 82 |             _ => panic!("improper gradient type applied to Dense"),
[INFO] [stdout]    |             ^ no value can reach this
[INFO] [stdout]    |
[INFO] [stdout]    = note: `#[warn(unreachable_patterns)]` on by default
[INFO] [stdout] 
[INFO] [stdout] 
[INFO] [stdout] warning: unused variable: `grad_dta`
[INFO] [stdout]   --> src/models/mlp.rs:81:34
[INFO] [stdout]    |
[INFO] [stdout] 81 |             SingleDimGrad::Dense(grad_dta) => {}
[INFO] [stdout]    |                                  ^^^^^^^^ help: if this is intentional, prefix it with an underscore: `_grad_dta`
[INFO] [stdout]    |
[INFO] [stdout]    = note: `#[warn(unused_variables)]` on by default
[INFO] [stdout] 
[INFO] [stdout] 
[INFO] [stdout] warning: unused variable: `opt_alg`
[INFO] [stdout]   --> src/models/mlp.rs:79:57
[INFO] [stdout]    |
[INFO] [stdout] 79 |     fn apply_gradients(&mut self, grads: SingleDimGrad, opt_alg: &mut dyn Optimizer) {
[INFO] [stdout]    |                                                         ^^^^^^^ help: if this is intentional, prefix it with an underscore: `_opt_alg`
[INFO] [stdout] 
[INFO] [stdout] 
[INFO] [stdout] warning: type `Sigmoid` is more private than the item `Activations::Sigmoid::0`
[INFO] [stdout]  --> src/models/mlp/activation.rs:4:13
[INFO] [stdout]   |
[INFO] [stdout] 4 |     Sigmoid(Sigmoid),
[INFO] [stdout]   |             ^^^^^^^ field `Activations::Sigmoid::0` is reachable at visibility `pub`
[INFO] [stdout]   |
[INFO] [stdout] note: but type `Sigmoid` is only usable at visibility `pub(self)`
[INFO] [stdout]  --> src/models/mlp/activation.rs:6:1
[INFO] [stdout]   |
[INFO] [stdout] 6 | struct Sigmoid {}
[INFO] [stdout]   | ^^^^^^^^^^^^^^
[INFO] [stdout]   = note: `#[warn(private_interfaces)]` on by default
[INFO] [stdout] 
[INFO] [stdout] 
[INFO] [stdout] warning: struct `MeanSquaredError` is never constructed
[INFO] [stdout]  --> src/loss.rs:6:8
[INFO] [stdout]   |
[INFO] [stdout] 6 | struct MeanSquaredError {}
[INFO] [stdout]   |        ^^^^^^^^^^^^^^^^
[INFO] [stdout]   |
[INFO] [stdout]   = note: `#[warn(dead_code)]` on by default
[INFO] [stdout] 
[INFO] [stdout] 
[INFO] [stdout] warning: struct `Knn` is never constructed
[INFO] [stdout]  --> src/models/classification/knn.rs:6:8
[INFO] [stdout]   |
[INFO] [stdout] 6 | struct Knn<C: Eq + Hash + Clone> {
[INFO] [stdout]   |        ^^^
[INFO] [stdout] 
[INFO] [stdout] 
[INFO] [stdout] warning: associated items `new`, `train`, and `eval` are never used
[INFO] [stdout]   --> src/models/classification/knn.rs:12:8
[INFO] [stdout]    |
[INFO] [stdout] 11 | impl<C: Clone + Eq + Hash> Knn<C> {
[INFO] [stdout]    | --------------------------------- associated items in this implementation
[INFO] [stdout] 12 |     fn new(k: usize) -> Self {
[INFO] [stdout]    |        ^^^
[INFO] [stdout] ...
[INFO] [stdout] 20 |     fn train(&mut self, data: Vec<(Vec<f32>, C)>) {
[INFO] [stdout]    |        ^^^^^
[INFO] [stdout] ...
[INFO] [stdout] 30 |     fn eval(&self, input: &Vec<f32>) -> Option<C> {
[INFO] [stdout]    |        ^^^^
[INFO] [stdout] 
[INFO] [stdout] 
[INFO] [stdout] warning: fields `weights`, `biases`, and `activation` are never read
[INFO] [stdout]   --> src/models/mlp.rs:13:5
[INFO] [stdout]    |
[INFO] [stdout] 12 | pub struct Dense<'a, const INPUT_SIZE: usize, const OUTPUT_SIZE: usize> {
[INFO] [stdout]    |            ----- fields in this struct
[INFO] [stdout] 13 |     weights: Vec<Vec<f32>>,
[INFO] [stdout]    |     ^^^^^^^
[INFO] [stdout] 14 |     biases: Vec<f32>,
[INFO] [stdout]    |     ^^^^^^
[INFO] [stdout] 15 |     activation: &'a mut dyn ActFunc,
[INFO] [stdout]    |     ^^^^^^^^^^
[INFO] [stdout] 
[INFO] [stdout] 
[INFO] [stdout] warning: struct `DenseGradient` is never constructed
[INFO] [stdout]   --> src/models/mlp.rs:18:8
[INFO] [stdout]    |
[INFO] [stdout] 18 | struct DenseGradient {
[INFO] [stdout]    |        ^^^^^^^^^^^^^
[INFO] [stdout] 
[INFO] [stdout] 
[INFO] [stdout] warning: enum `SingleDimGrad` is never used
[INFO] [stdout]   --> src/models/mlp.rs:23:6
[INFO] [stdout]    |
[INFO] [stdout] 23 | enum SingleDimGrad {
[INFO] [stdout]    |      ^^^^^^^^^^^^^
[INFO] [stdout] 
[INFO] [stdout] 
[INFO] [stdout] warning: trait `SingleDimLayer` is never used
[INFO] [stdout]   --> src/models/mlp.rs:27:7
[INFO] [stdout]    |
[INFO] [stdout] 27 | trait SingleDimLayer<const INPUT_SIZE: usize, const OUTPUT_SIZE: usize> {
[INFO] [stdout]    |       ^^^^^^^^^^^^^^
[INFO] [stdout] 
[INFO] [stdout] 
[INFO] [stdout] warning: associated function `new` is never used
[INFO] [stdout]   --> src/models/mlp.rs:36:8
[INFO] [stdout]    |
[INFO] [stdout] 35 | impl<const INPUT_SIZE: usize, const OUTPUT_SIZE: usize> Dense<'_, INPUT_SIZE, OUTPUT_SIZE> {
[INFO] [stdout]    | ------------------------------------------------------------------------------------------ associated function in this implementation
[INFO] [stdout] 36 |     fn new<'a>(
[INFO] [stdout]    |        ^^^
[INFO] [stdout] 
[INFO] [stdout] 
[INFO] [stdout] warning: struct `Relu` is never constructed
[INFO] [stdout]  --> src/models/mlp/activation.rs:7:8
[INFO] [stdout]   |
[INFO] [stdout] 7 | struct Relu {}
[INFO] [stdout]   |        ^^^^
[INFO] [stdout] 
[INFO] [stdout] 
[INFO] [stdout] warning: const parameter `len` should have an upper case name
[INFO] [stdout]  --> src/models/mlp/vec_math.rs:2:24
[INFO] [stdout]   |
[INFO] [stdout] 2 | pub fn slice_dot<const len: usize>(vec1: [f32; len], vec2: [f32; len]) -> f32 {
[INFO] [stdout]   |                        ^^^ help: convert the identifier to upper case: `LEN`
[INFO] [stdout]   |
[INFO] [stdout]   = note: `#[warn(non_upper_case_globals)]` on by default
[INFO] [stdout] 
[INFO] [stdout] 
[INFO] [stderr]     Finished `dev` profile [unoptimized + debuginfo] target(s) in 0.56s
[INFO] running `Command { std: "docker" "inspect" "04ac3e91e72d66b1a59418283b37dfa58fb878a4d9eb9b8a031f6a5442d31a0f", kill_on_drop: false }`
[INFO] running `Command { std: "docker" "rm" "-f" "04ac3e91e72d66b1a59418283b37dfa58fb878a4d9eb9b8a031f6a5442d31a0f", kill_on_drop: false }`
[INFO] [stdout] 04ac3e91e72d66b1a59418283b37dfa58fb878a4d9eb9b8a031f6a5442d31a0f
[INFO] running `Command { std: "docker" "create" "-v" "/var/lib/crater-agent-workspace/builds/worker-0-tc2/target:/opt/rustwide/target:rw,Z" "-v" "/var/lib/crater-agent-workspace/builds/worker-0-tc2/source:/opt/rustwide/workdir:ro,Z" "-v" "/var/lib/crater-agent-workspace/cargo-home:/opt/rustwide/cargo-home:ro,Z" "-v" "/var/lib/crater-agent-workspace/rustup-home:/opt/rustwide/rustup-home:ro,Z" "-e" "SOURCE_DIR=/opt/rustwide/workdir" "-e" "CARGO_TARGET_DIR=/opt/rustwide/target" "-e" "CARGO_INCREMENTAL=0" "-e" "RUST_BACKTRACE=full" "-e" "RUSTFLAGS=--cap-lints=warn" "-e" "RUSTDOCFLAGS=--cap-lints=warn" "-e" "CARGO_HOME=/opt/rustwide/cargo-home" "-e" "RUSTUP_HOME=/opt/rustwide/rustup-home" "-w" "/opt/rustwide/workdir" "-m" "1610612736" "--user" "0:0" "--network" "none" "ghcr.io/rust-lang/crates-build-env/linux@sha256:f3a9d4ad9d972b27faf3965f35b62e55ba32bbce8f20bc8fe909558a86702fde" "/opt/rustwide/cargo-home/bin/cargo" "+beta-2024-12-08" "test" "--frozen" "--no-run" "--message-format=json", kill_on_drop: false }`
[INFO] [stdout] a0c938b8eac53fe715c89f173004e2d27f12e2e69940cd94958cdb65262e826d
[INFO] running `Command { std: "docker" "start" "-a" "a0c938b8eac53fe715c89f173004e2d27f12e2e69940cd94958cdb65262e826d", kill_on_drop: false }`
[INFO] [stderr]    Compiling ml v0.1.0 (/opt/rustwide/workdir)
[INFO] [stdout] warning: unreachable pattern
[INFO] [stdout]   --> src/models/mlp.rs:82:13
[INFO] [stdout]    |
[INFO] [stdout] 81 |             SingleDimGrad::Dense(grad_dta) => {}
[INFO] [stdout]    |             ------------------------------ matches all the relevant values
[INFO] [stdout] 82 |             _ => panic!("improper gradient type applied to Dense"),
[INFO] [stdout]    |             ^ no value can reach this
[INFO] [stdout]    |
[INFO] [stdout]    = note: `#[warn(unreachable_patterns)]` on by default
[INFO] [stdout] 
[INFO] [stdout] 
[INFO] [stdout] warning: unused variable: `grad_dta`
[INFO] [stdout]   --> src/models/mlp.rs:81:34
[INFO] [stdout]    |
[INFO] [stdout] 81 |             SingleDimGrad::Dense(grad_dta) => {}
[INFO] [stdout]    |                                  ^^^^^^^^ help: if this is intentional, prefix it with an underscore: `_grad_dta`
[INFO] [stdout]    |
[INFO] [stdout]    = note: `#[warn(unused_variables)]` on by default
[INFO] [stdout] 
[INFO] [stdout] 
[INFO] [stdout] warning: unused variable: `opt_alg`
[INFO] [stdout]   --> src/models/mlp.rs:79:57
[INFO] [stdout]    |
[INFO] [stdout] 79 |     fn apply_gradients(&mut self, grads: SingleDimGrad, opt_alg: &mut dyn Optimizer) {
[INFO] [stdout]    |                                                         ^^^^^^^ help: if this is intentional, prefix it with an underscore: `_opt_alg`
[INFO] [stdout] 
[INFO] [stdout] 
[INFO] [stdout] warning: type `Sigmoid` is more private than the item `Activations::Sigmoid::0`
[INFO] [stdout]  --> src/models/mlp/activation.rs:4:13
[INFO] [stdout]   |
[INFO] [stdout] 4 |     Sigmoid(Sigmoid),
[INFO] [stdout]   |             ^^^^^^^ field `Activations::Sigmoid::0` is reachable at visibility `pub`
[INFO] [stdout]   |
[INFO] [stdout] note: but type `Sigmoid` is only usable at visibility `pub(self)`
[INFO] [stdout]  --> src/models/mlp/activation.rs:6:1
[INFO] [stdout]   |
[INFO] [stdout] 6 | struct Sigmoid {}
[INFO] [stdout]   | ^^^^^^^^^^^^^^
[INFO] [stdout]   = note: `#[warn(private_interfaces)]` on by default
[INFO] [stdout] 
[INFO] [stdout] 
[INFO] [stdout] warning: struct `MeanSquaredError` is never constructed
[INFO] [stdout]  --> src/loss.rs:6:8
[INFO] [stdout]   |
[INFO] [stdout] 6 | struct MeanSquaredError {}
[INFO] [stdout]   |        ^^^^^^^^^^^^^^^^
[INFO] [stdout]   |
[INFO] [stdout]   = note: `#[warn(dead_code)]` on by default
[INFO] [stdout] 
[INFO] [stdout] 
[INFO] [stdout] warning: struct `Knn` is never constructed
[INFO] [stdout]  --> src/models/classification/knn.rs:6:8
[INFO] [stdout]   |
[INFO] [stdout] 6 | struct Knn<C: Eq + Hash + Clone> {
[INFO] [stdout]   |        ^^^
[INFO] [stdout] 
[INFO] [stdout] 
[INFO] [stdout] warning: associated items `new`, `train`, and `eval` are never used
[INFO] [stdout]   --> src/models/classification/knn.rs:12:8
[INFO] [stdout]    |
[INFO] [stdout] 11 | impl<C: Clone + Eq + Hash> Knn<C> {
[INFO] [stdout]    | --------------------------------- associated items in this implementation
[INFO] [stdout] 12 |     fn new(k: usize) -> Self {
[INFO] [stdout]    |        ^^^
[INFO] [stdout] ...
[INFO] [stdout] 20 |     fn train(&mut self, data: Vec<(Vec<f32>, C)>) {
[INFO] [stdout]    |        ^^^^^
[INFO] [stdout] ...
[INFO] [stdout] 30 |     fn eval(&self, input: &Vec<f32>) -> Option<C> {
[INFO] [stdout]    |        ^^^^
[INFO] [stdout] 
[INFO] [stdout] 
[INFO] [stdout] warning: fields `weights`, `biases`, and `activation` are never read
[INFO] [stdout]   --> src/models/mlp.rs:13:5
[INFO] [stdout]    |
[INFO] [stdout] 12 | pub struct Dense<'a, const INPUT_SIZE: usize, const OUTPUT_SIZE: usize> {
[INFO] [stdout]    |            ----- fields in this struct
[INFO] [stdout] 13 |     weights: Vec<Vec<f32>>,
[INFO] [stdout]    |     ^^^^^^^
[INFO] [stdout] 14 |     biases: Vec<f32>,
[INFO] [stdout]    |     ^^^^^^
[INFO] [stdout] 15 |     activation: &'a mut dyn ActFunc,
[INFO] [stdout]    |     ^^^^^^^^^^
[INFO] [stdout] 
[INFO] [stdout] 
[INFO] [stdout] warning: struct `DenseGradient` is never constructed
[INFO] [stdout]   --> src/models/mlp.rs:18:8
[INFO] [stdout]    |
[INFO] [stdout] 18 | struct DenseGradient {
[INFO] [stdout]    |        ^^^^^^^^^^^^^
[INFO] [stdout] 
[INFO] [stdout] 
[INFO] [stdout] warning: enum `SingleDimGrad` is never used
[INFO] [stdout]   --> src/models/mlp.rs:23:6
[INFO] [stdout]    |
[INFO] [stdout] 23 | enum SingleDimGrad {
[INFO] [stdout]    |      ^^^^^^^^^^^^^
[INFO] [stdout] 
[INFO] [stdout] 
[INFO] [stdout] warning: trait `SingleDimLayer` is never used
[INFO] [stdout]   --> src/models/mlp.rs:27:7
[INFO] [stdout]    |
[INFO] [stdout] 27 | trait SingleDimLayer<const INPUT_SIZE: usize, const OUTPUT_SIZE: usize> {
[INFO] [stdout]    |       ^^^^^^^^^^^^^^
[INFO] [stdout] 
[INFO] [stdout] 
[INFO] [stdout] warning: associated function `new` is never used
[INFO] [stdout]   --> src/models/mlp.rs:36:8
[INFO] [stdout]    |
[INFO] [stdout] 35 | impl<const INPUT_SIZE: usize, const OUTPUT_SIZE: usize> Dense<'_, INPUT_SIZE, OUTPUT_SIZE> {
[INFO] [stdout]    | ------------------------------------------------------------------------------------------ associated function in this implementation
[INFO] [stdout] 36 |     fn new<'a>(
[INFO] [stdout]    |        ^^^
[INFO] [stdout] 
[INFO] [stdout] 
[INFO] [stdout] warning: struct `Relu` is never constructed
[INFO] [stdout]  --> src/models/mlp/activation.rs:7:8
[INFO] [stdout]   |
[INFO] [stdout] 7 | struct Relu {}
[INFO] [stdout]   |        ^^^^
[INFO] [stdout] 
[INFO] [stdout] 
[INFO] [stdout] warning: const parameter `len` should have an upper case name
[INFO] [stdout]  --> src/models/mlp/vec_math.rs:2:24
[INFO] [stdout]   |
[INFO] [stdout] 2 | pub fn slice_dot<const len: usize>(vec1: [f32; len], vec2: [f32; len]) -> f32 {
[INFO] [stdout]   |                        ^^^ help: convert the identifier to upper case: `LEN`
[INFO] [stdout]   |
[INFO] [stdout]   = note: `#[warn(non_upper_case_globals)]` on by default
[INFO] [stdout] 
[INFO] [stdout] 
[INFO] [stdout] warning: unused import: `super::*`
[INFO] [stdout]   --> src/lib.rs:11:9
[INFO] [stdout]    |
[INFO] [stdout] 11 |     use super::*;
[INFO] [stdout]    |         ^^^^^^^^
[INFO] [stdout]    |
[INFO] [stdout]    = note: `#[warn(unused_imports)]` on by default
[INFO] [stdout] 
[INFO] [stdout] 
[INFO] [stdout] warning: unreachable pattern
[INFO] [stdout]   --> src/models/mlp.rs:82:13
[INFO] [stdout]    |
[INFO] [stdout] 81 |             SingleDimGrad::Dense(grad_dta) => {}
[INFO] [stdout]    |             ------------------------------ matches all the relevant values
[INFO] [stdout] 82 |             _ => panic!("improper gradient type applied to Dense"),
[INFO] [stdout]    |             ^ no value can reach this
[INFO] [stdout]    |
[INFO] [stdout]    = note: `#[warn(unreachable_patterns)]` on by default
[INFO] [stdout] 
[INFO] [stdout] 
[INFO] [stdout] warning: unused variable: `grad_dta`
[INFO] [stdout]   --> src/models/mlp.rs:81:34
[INFO] [stdout]    |
[INFO] [stdout] 81 |             SingleDimGrad::Dense(grad_dta) => {}
[INFO] [stdout]    |                                  ^^^^^^^^ help: if this is intentional, prefix it with an underscore: `_grad_dta`
[INFO] [stdout]    |
[INFO] [stdout]    = note: `#[warn(unused_variables)]` on by default
[INFO] [stdout] 
[INFO] [stdout] 
[INFO] [stdout] warning: unused variable: `opt_alg`
[INFO] [stdout]   --> src/models/mlp.rs:79:57
[INFO] [stdout]    |
[INFO] [stdout] 79 |     fn apply_gradients(&mut self, grads: SingleDimGrad, opt_alg: &mut dyn Optimizer) {
[INFO] [stdout]    |                                                         ^^^^^^^ help: if this is intentional, prefix it with an underscore: `_opt_alg`
[INFO] [stdout] 
[INFO] [stdout] 
[INFO] [stdout] warning: type `Sigmoid` is more private than the item `Activations::Sigmoid::0`
[INFO] [stdout]  --> src/models/mlp/activation.rs:4:13
[INFO] [stdout]   |
[INFO] [stdout] 4 |     Sigmoid(Sigmoid),
[INFO] [stdout]   |             ^^^^^^^ field `Activations::Sigmoid::0` is reachable at visibility `pub`
[INFO] [stdout]   |
[INFO] [stdout] note: but type `Sigmoid` is only usable at visibility `pub(self)`
[INFO] [stdout]  --> src/models/mlp/activation.rs:6:1
[INFO] [stdout]   |
[INFO] [stdout] 6 | struct Sigmoid {}
[INFO] [stdout]   | ^^^^^^^^^^^^^^
[INFO] [stdout]   = note: `#[warn(private_interfaces)]` on by default
[INFO] [stdout] 
[INFO] [stdout] 
[INFO] [stdout] warning: fields `weights`, `biases`, and `activation` are never read
[INFO] [stdout]   --> src/models/mlp.rs:13:5
[INFO] [stdout]    |
[INFO] [stdout] 12 | pub struct Dense<'a, const INPUT_SIZE: usize, const OUTPUT_SIZE: usize> {
[INFO] [stdout]    |            ----- fields in this struct
[INFO] [stdout] 13 |     weights: Vec<Vec<f32>>,
[INFO] [stdout]    |     ^^^^^^^
[INFO] [stdout] 14 |     biases: Vec<f32>,
[INFO] [stdout]    |     ^^^^^^
[INFO] [stdout] 15 |     activation: &'a mut dyn ActFunc,
[INFO] [stdout]    |     ^^^^^^^^^^
[INFO] [stdout]    |
[INFO] [stdout]    = note: `#[warn(dead_code)]` on by default
[INFO] [stdout] 
[INFO] [stdout] 
[INFO] [stdout] warning: struct `DenseGradient` is never constructed
[INFO] [stdout]   --> src/models/mlp.rs:18:8
[INFO] [stdout]    |
[INFO] [stdout] 18 | struct DenseGradient {
[INFO] [stdout]    |        ^^^^^^^^^^^^^
[INFO] [stdout] 
[INFO] [stdout] 
[INFO] [stdout] warning: enum `SingleDimGrad` is never used
[INFO] [stdout]   --> src/models/mlp.rs:23:6
[INFO] [stdout]    |
[INFO] [stdout] 23 | enum SingleDimGrad {
[INFO] [stdout]    |      ^^^^^^^^^^^^^
[INFO] [stdout] 
[INFO] [stdout] 
[INFO] [stdout] warning: trait `SingleDimLayer` is never used
[INFO] [stdout]   --> src/models/mlp.rs:27:7
[INFO] [stdout]    |
[INFO] [stdout] 27 | trait SingleDimLayer<const INPUT_SIZE: usize, const OUTPUT_SIZE: usize> {
[INFO] [stdout]    |       ^^^^^^^^^^^^^^
[INFO] [stdout] 
[INFO] [stdout] 
[INFO] [stdout] warning: associated function `new` is never used
[INFO] [stdout]   --> src/models/mlp.rs:36:8
[INFO] [stdout]    |
[INFO] [stdout] 35 | impl<const INPUT_SIZE: usize, const OUTPUT_SIZE: usize> Dense<'_, INPUT_SIZE, OUTPUT_SIZE> {
[INFO] [stdout]    | ------------------------------------------------------------------------------------------ associated function in this implementation
[INFO] [stdout] 36 |     fn new<'a>(
[INFO] [stdout]    |        ^^^
[INFO] [stdout] 
[INFO] [stdout] 
[INFO] [stdout] warning: struct `Relu` is never constructed
[INFO] [stdout]  --> src/models/mlp/activation.rs:7:8
[INFO] [stdout]   |
[INFO] [stdout] 7 | struct Relu {}
[INFO] [stdout]   |        ^^^^
[INFO] [stdout] 
[INFO] [stdout] 
[INFO] [stdout] warning: const parameter `len` should have an upper case name
[INFO] [stdout]  --> src/models/mlp/vec_math.rs:2:24
[INFO] [stdout]   |
[INFO] [stdout] 2 | pub fn slice_dot<const len: usize>(vec1: [f32; len], vec2: [f32; len]) -> f32 {
[INFO] [stdout]   |                        ^^^ help: convert the identifier to upper case: `LEN`
[INFO] [stdout]   |
[INFO] [stdout]   = note: `#[warn(non_upper_case_globals)]` on by default
[INFO] [stdout] 
[INFO] [stdout] 
[INFO] [stderr]     Finished `test` profile [unoptimized + debuginfo] target(s) in 0.75s
[INFO] running `Command { std: "docker" "inspect" "a0c938b8eac53fe715c89f173004e2d27f12e2e69940cd94958cdb65262e826d", kill_on_drop: false }`
[INFO] running `Command { std: "docker" "rm" "-f" "a0c938b8eac53fe715c89f173004e2d27f12e2e69940cd94958cdb65262e826d", kill_on_drop: false }`
[INFO] [stdout] a0c938b8eac53fe715c89f173004e2d27f12e2e69940cd94958cdb65262e826d
[INFO] running `Command { std: "docker" "create" "-v" "/var/lib/crater-agent-workspace/builds/worker-0-tc2/target:/opt/rustwide/target:rw,Z" "-v" "/var/lib/crater-agent-workspace/builds/worker-0-tc2/source:/opt/rustwide/workdir:ro,Z" "-v" "/var/lib/crater-agent-workspace/cargo-home:/opt/rustwide/cargo-home:ro,Z" "-v" "/var/lib/crater-agent-workspace/rustup-home:/opt/rustwide/rustup-home:ro,Z" "-e" "SOURCE_DIR=/opt/rustwide/workdir" "-e" "CARGO_TARGET_DIR=/opt/rustwide/target" "-e" "CARGO_INCREMENTAL=0" "-e" "RUST_BACKTRACE=full" "-e" "RUSTFLAGS=--cap-lints=warn" "-e" "RUSTDOCFLAGS=--cap-lints=warn" "-e" "CARGO_HOME=/opt/rustwide/cargo-home" "-e" "RUSTUP_HOME=/opt/rustwide/rustup-home" "-w" "/opt/rustwide/workdir" "-m" "1610612736" "--user" "0:0" "--network" "none" "ghcr.io/rust-lang/crates-build-env/linux@sha256:f3a9d4ad9d972b27faf3965f35b62e55ba32bbce8f20bc8fe909558a86702fde" "/opt/rustwide/cargo-home/bin/cargo" "+beta-2024-12-08" "test" "--frozen", kill_on_drop: false }`
[INFO] [stdout] 10564ce548cd2158af98d179cc7af27eaf42c567eee4491cf2b25c9b00bf94ac
[INFO] running `Command { std: "docker" "start" "-a" "10564ce548cd2158af98d179cc7af27eaf42c567eee4491cf2b25c9b00bf94ac", kill_on_drop: false }`
[INFO] [stderr] warning: unreachable pattern
[INFO] [stderr]   --> src/models/mlp.rs:82:13
[INFO] [stderr]    |
[INFO] [stderr] 81 |             SingleDimGrad::Dense(grad_dta) => {}
[INFO] [stderr]    |             ------------------------------ matches all the relevant values
[INFO] [stderr] 82 |             _ => panic!("improper gradient type applied to Dense"),
[INFO] [stderr]    |             ^ no value can reach this
[INFO] [stderr]    |
[INFO] [stderr]    = note: `#[warn(unreachable_patterns)]` on by default
[INFO] [stderr] 
[INFO] [stderr] warning: unused variable: `grad_dta`
[INFO] [stderr]   --> src/models/mlp.rs:81:34
[INFO] [stderr]    |
[INFO] [stderr] 81 |             SingleDimGrad::Dense(grad_dta) => {}
[INFO] [stderr]    |                                  ^^^^^^^^ help: if this is intentional, prefix it with an underscore: `_grad_dta`
[INFO] [stderr]    |
[INFO] [stderr]    = note: `#[warn(unused_variables)]` on by default
[INFO] [stderr] 
[INFO] [stderr] warning: unused variable: `opt_alg`
[INFO] [stderr]   --> src/models/mlp.rs:79:57
[INFO] [stderr]    |
[INFO] [stderr] 79 |     fn apply_gradients(&mut self, grads: SingleDimGrad, opt_alg: &mut dyn Optimizer) {
[INFO] [stderr]    |                                                         ^^^^^^^ help: if this is intentional, prefix it with an underscore: `_opt_alg`
[INFO] [stderr] 
[INFO] [stderr] warning: type `Sigmoid` is more private than the item `Activations::Sigmoid::0`
[INFO] [stderr]  --> src/models/mlp/activation.rs:4:13
[INFO] [stderr]   |
[INFO] [stderr] 4 |     Sigmoid(Sigmoid),
[INFO] [stderr]   |             ^^^^^^^ field `Activations::Sigmoid::0` is reachable at visibility `pub`
[INFO] [stderr]   |
[INFO] [stderr] note: but type `Sigmoid` is only usable at visibility `pub(self)`
[INFO] [stderr]  --> src/models/mlp/activation.rs:6:1
[INFO] [stderr]   |
[INFO] [stderr] 6 | struct Sigmoid {}
[INFO] [stderr]   | ^^^^^^^^^^^^^^
[INFO] [stderr]   = note: `#[warn(private_interfaces)]` on by default
[INFO] [stderr] 
[INFO] [stderr] warning: struct `MeanSquaredError` is never constructed
[INFO] [stderr]  --> src/loss.rs:6:8
[INFO] [stderr]   |
[INFO] [stderr] 6 | struct MeanSquaredError {}
[INFO] [stderr]   |        ^^^^^^^^^^^^^^^^
[INFO] [stderr]   |
[INFO] [stderr]   = note: `#[warn(dead_code)]` on by default
[INFO] [stderr] 
[INFO] [stderr] warning: struct `Knn` is never constructed
[INFO] [stderr]  --> src/models/classification/knn.rs:6:8
[INFO] [stderr]   |
[INFO] [stderr] 6 | struct Knn<C: Eq + Hash + Clone> {
[INFO] [stderr]   |        ^^^
[INFO] [stderr] 
[INFO] [stderr] warning: associated items `new`, `train`, and `eval` are never used
[INFO] [stderr]   --> src/models/classification/knn.rs:12:8
[INFO] [stderr]    |
[INFO] [stderr] 11 | impl<C: Clone + Eq + Hash> Knn<C> {
[INFO] [stderr]    | --------------------------------- associated items in this implementation
[INFO] [stderr] 12 |     fn new(k: usize) -> Self {
[INFO] [stderr]    |        ^^^
[INFO] [stderr] ...
[INFO] [stderr] 20 |     fn train(&mut self, data: Vec<(Vec<f32>, C)>) {
[INFO] [stderr]    |        ^^^^^
[INFO] [stderr] ...
[INFO] [stderr] 30 |     fn eval(&self, input: &Vec<f32>) -> Option<C> {
[INFO] [stderr]    |        ^^^^
[INFO] [stderr] 
[INFO] [stderr] warning: fields `weights`, `biases`, and `activation` are never read
[INFO] [stderr]   --> src/models/mlp.rs:13:5
[INFO] [stderr]    |
[INFO] [stderr] 12 | pub struct Dense<'a, const INPUT_SIZE: usize, const OUTPUT_SIZE: usize> {
[INFO] [stderr]    |            ----- fields in this struct
[INFO] [stderr] 13 |     weights: Vec<Vec<f32>>,
[INFO] [stderr]    |     ^^^^^^^
[INFO] [stderr] 14 |     biases: Vec<f32>,
[INFO] [stderr]    |     ^^^^^^
[INFO] [stderr] 15 |     activation: &'a mut dyn ActFunc,
[INFO] [stderr]    |     ^^^^^^^^^^
[INFO] [stderr] 
[INFO] [stderr] warning: struct `DenseGradient` is never constructed
[INFO] [stderr]   --> src/models/mlp.rs:18:8
[INFO] [stderr]    |
[INFO] [stderr] 18 | struct DenseGradient {
[INFO] [stderr]    |        ^^^^^^^^^^^^^
[INFO] [stderr] 
[INFO] [stderr] warning: enum `SingleDimGrad` is never used
[INFO] [stderr]   --> src/models/mlp.rs:23:6
[INFO] [stderr]    |
[INFO] [stderr] 23 | enum SingleDimGrad {
[INFO] [stderr]    |      ^^^^^^^^^^^^^
[INFO] [stderr] 
[INFO] [stderr] warning: trait `SingleDimLayer` is never used
[INFO] [stderr]   --> src/models/mlp.rs:27:7
[INFO] [stderr]    |
[INFO] [stderr] 27 | trait SingleDimLayer<const INPUT_SIZE: usize, const OUTPUT_SIZE: usize> {
[INFO] [stderr]    |       ^^^^^^^^^^^^^^
[INFO] [stderr] 
[INFO] [stderr] warning: associated function `new` is never used
[INFO] [stderr]   --> src/models/mlp.rs:36:8
[INFO] [stderr]    |
[INFO] [stderr] 35 | impl<const INPUT_SIZE: usize, const OUTPUT_SIZE: usize> Dense<'_, INPUT_SIZE, OUTPUT_SIZE> {
[INFO] [stderr]    | ------------------------------------------------------------------------------------------ associated function in this implementation
[INFO] [stderr] 36 |     fn new<'a>(
[INFO] [stderr]    |        ^^^
[INFO] [stderr] 
[INFO] [stderr] warning: struct `Relu` is never constructed
[INFO] [stderr]  --> src/models/mlp/activation.rs:7:8
[INFO] [stderr]   |
[INFO] [stderr] 7 | struct Relu {}
[INFO] [stderr]   |        ^^^^
[INFO] [stderr] 
[INFO] [stderr] warning: const parameter `len` should have an upper case name
[INFO] [stderr]  --> src/models/mlp/vec_math.rs:2:24
[INFO] [stderr]   |
[INFO] [stderr] 2 | pub fn slice_dot<const len: usize>(vec1: [f32; len], vec2: [f32; len]) -> f32 {
[INFO] [stderr]   |                        ^^^ help: convert the identifier to upper case: `LEN`
[INFO] [stderr]   |
[INFO] [stderr]   = note: `#[warn(non_upper_case_globals)]` on by default
[INFO] [stderr] 
[INFO] [stderr] warning: `ml` (lib) generated 14 warnings
[INFO] [stderr] warning: unused import: `super::*`
[INFO] [stderr]   --> src/lib.rs:11:9
[INFO] [stderr]    |
[INFO] [stderr] 11 |     use super::*;
[INFO] [stderr]    |         ^^^^^^^^
[INFO] [stderr]    |
[INFO] [stderr]    = note: `#[warn(unused_imports)]` on by default
[INFO] [stderr] 
[INFO] [stderr] warning: fields `weights`, `biases`, and `activation` are never read
[INFO] [stderr]   --> src/models/mlp.rs:13:5
[INFO] [stderr]    |
[INFO] [stderr] 12 | pub struct Dense<'a, const INPUT_SIZE: usize, const OUTPUT_SIZE: usize> {
[INFO] [stderr]    |            ----- fields in this struct
[INFO] [stderr] 13 |     weights: Vec<Vec<f32>>,
[INFO] [stderr]    |     ^^^^^^^
[INFO] [stderr] 14 |     biases: Vec<f32>,
[INFO] [stderr]    |     ^^^^^^
[INFO] [stderr] 15 |     activation: &'a mut dyn ActFunc,
[INFO] [stderr]    |     ^^^^^^^^^^
[INFO] [stderr]    |
[INFO] [stderr]    = note: `#[warn(dead_code)]` on by default
[INFO] [stderr] 
[INFO] [stderr] warning: `ml` (lib test) generated 12 warnings (10 duplicates) (run `cargo fix --lib -p ml --tests` to apply 1 suggestion)
[INFO] [stderr]     Finished `test` profile [unoptimized + debuginfo] target(s) in 0.03s
[INFO] [stderr]      Running unittests src/lib.rs (/opt/rustwide/target/debug/deps/ml-3d659884e96f0e5d)
[INFO] [stdout] 
[INFO] [stdout] running 5 tests
[INFO] [stdout] test models::classification::knn::tests::k1_basic_knn ... ok
[INFO] [stdout] test tests::it_works ... ok
[INFO] [stdout] test loss::tests::mse_eval ... ok
[INFO] [stdout] test loss::tests::mse_grads ... ok
[INFO] [stdout] test models::classification::knn::tests::k2_basic_knn ... FAILED
[INFO] [stdout] 
[INFO] [stdout] failures:
[INFO] [stdout] 
[INFO] [stdout] ---- models::classification::knn::tests::k2_basic_knn stdout ----
[INFO] [stdout] thread 'models::classification::knn::tests::k2_basic_knn' panicked at src/models/classification/knn.rs:107:9:
[INFO] [stdout] assertion `left == right` failed
[INFO] [stdout]   left: 4
[INFO] [stdout]  right: 1
[INFO] [stdout] stack backtrace:
[INFO] [stdout]    0:     0x5ac33368329a - std::backtrace_rs::backtrace::libunwind::trace::h8810477743020387
[INFO] [stdout]                                at /rustc/202008a1b8de96d2e5b6bc02d379db03a877d34d/library/std/src/../../backtrace/src/backtrace/libunwind.rs:116:5
[INFO] [stdout]    1:     0x5ac33368329a - std::backtrace_rs::backtrace::trace_unsynchronized::h3aa55355dd6c54a6
[INFO] [stdout]                                at /rustc/202008a1b8de96d2e5b6bc02d379db03a877d34d/library/std/src/../../backtrace/src/backtrace/mod.rs:66:5
[INFO] [stdout]    2:     0x5ac33368329a - std::sys::backtrace::_print_fmt::h8588b0f62410823f
[INFO] [stdout]                                at /rustc/202008a1b8de96d2e5b6bc02d379db03a877d34d/library/std/src/sys/backtrace.rs:66:9
[INFO] [stdout]    3:     0x5ac33368329a - <std::sys::backtrace::BacktraceLock::print::DisplayBacktrace as core::fmt::Display>::fmt::h98c26ac25ffe89bb
[INFO] [stdout]                                at /rustc/202008a1b8de96d2e5b6bc02d379db03a877d34d/library/std/src/sys/backtrace.rs:39:26
[INFO] [stdout]    4:     0x5ac3336a97e3 - core::fmt::rt::Argument::fmt::hf95377f4aebd453b
[INFO] [stdout]                                at /rustc/202008a1b8de96d2e5b6bc02d379db03a877d34d/library/core/src/fmt/rt.rs:177:76
[INFO] [stdout]    5:     0x5ac3336a97e3 - core::fmt::write::h0dd5f6e2238c7982
[INFO] [stdout]                                at /rustc/202008a1b8de96d2e5b6bc02d379db03a877d34d/library/core/src/fmt/mod.rs:1189:21
[INFO] [stdout]    6:     0x5ac333680433 - std::io::Write::write_fmt::h03bb0ca26e6faf8c
[INFO] [stdout]                                at /rustc/202008a1b8de96d2e5b6bc02d379db03a877d34d/library/std/src/io/mod.rs:1884:15
[INFO] [stdout]    7:     0x5ac3336830e2 - std::sys::backtrace::BacktraceLock::print::h5c19c1c038ee186d
[INFO] [stdout]                                at /rustc/202008a1b8de96d2e5b6bc02d379db03a877d34d/library/std/src/sys/backtrace.rs:42:9
[INFO] [stdout]    8:     0x5ac33368471d - std::panicking::default_hook::{{closure}}::h77172f079a1fcb13
[INFO] [stdout]                                at /rustc/202008a1b8de96d2e5b6bc02d379db03a877d34d/library/std/src/panicking.rs:268:22
[INFO] [stdout]    9:     0x5ac333684527 - std::panicking::default_hook::he5f8e3b203ccddba
[INFO] [stdout]                                at /rustc/202008a1b8de96d2e5b6bc02d379db03a877d34d/library/std/src/panicking.rs:292:9
[INFO] [stdout]   10:     0x5ac33364cc07 - <alloc::boxed::Box<F,A> as core::ops::function::Fn<Args>>::call::h7a3c7b4a1ae77f2f
[INFO] [stdout]                                at /rustc/202008a1b8de96d2e5b6bc02d379db03a877d34d/library/alloc/src/boxed.rs:1986:9
[INFO] [stdout]   11:     0x5ac33364cc07 - test::test_main::{{closure}}::hf0d3b69ae9b353d1
[INFO] [stdout]                                at /rustc/202008a1b8de96d2e5b6bc02d379db03a877d34d/library/test/src/lib.rs:134:21
[INFO] [stdout]   12:     0x5ac333684dc8 - <alloc::boxed::Box<F,A> as core::ops::function::Fn<Args>>::call::h6332e82e7b189abd
[INFO] [stdout]                                at /rustc/202008a1b8de96d2e5b6bc02d379db03a877d34d/library/alloc/src/boxed.rs:1986:9
[INFO] [stdout]   13:     0x5ac333684dc8 - std::panicking::rust_panic_with_hook::h53863d4e9018df39
[INFO] [stdout]                                at /rustc/202008a1b8de96d2e5b6bc02d379db03a877d34d/library/std/src/panicking.rs:809:13
[INFO] [stdout]   14:     0x5ac333684b8a - std::panicking::begin_panic_handler::{{closure}}::h67280e6fa0757873
[INFO] [stdout]                                at /rustc/202008a1b8de96d2e5b6bc02d379db03a877d34d/library/std/src/panicking.rs:674:13
[INFO] [stdout]   15:     0x5ac333683779 - std::sys::backtrace::__rust_end_short_backtrace::h1dac3f54d6fbbeb2
[INFO] [stdout]                                at /rustc/202008a1b8de96d2e5b6bc02d379db03a877d34d/library/std/src/sys/backtrace.rs:170:18
[INFO] [stdout]   16:     0x5ac33368481c - rust_begin_unwind
[INFO] [stdout]                                at /rustc/202008a1b8de96d2e5b6bc02d379db03a877d34d/library/std/src/panicking.rs:665:5
[INFO] [stdout]   17:     0x5ac3335fdae0 - core::panicking::panic_fmt::h6792bd1b2bf01041
[INFO] [stdout]                                at /rustc/202008a1b8de96d2e5b6bc02d379db03a877d34d/library/core/src/panicking.rs:76:14
[INFO] [stdout]   18:     0x5ac3335fdeab - core::panicking::assert_failed_inner::hf2c17e6d30928787
[INFO] [stdout]   19:     0x5ac33360c802 - core::panicking::assert_failed::hac24025cfa9eaa37
[INFO] [stdout]                                at /rustc/202008a1b8de96d2e5b6bc02d379db03a877d34d/library/core/src/panicking.rs:373:5
[INFO] [stdout]   20:     0x5ac333613336 - ml::models::classification::knn::tests::k2_basic_knn::h5e0c57e0dcf699ec
[INFO] [stdout]                                at /opt/rustwide/workdir/src/models/classification/knn.rs:107:9
[INFO] [stdout]   21:     0x5ac333612a47 - ml::models::classification::knn::tests::k2_basic_knn::{{closure}}::h434be2f6c752a3ff
[INFO] [stdout]                                at /opt/rustwide/workdir/src/models/classification/knn.rs:91:22
[INFO] [stdout]   22:     0x5ac33360efd6 - core::ops::function::FnOnce::call_once::h582be80c2deb03c0
[INFO] [stdout]                                at /rustc/202008a1b8de96d2e5b6bc02d379db03a877d34d/library/core/src/ops/function.rs:250:5
[INFO] [stdout]   23:     0x5ac33365172b - core::ops::function::FnOnce::call_once::h871bf86719ec9aa4
[INFO] [stdout]                                at /rustc/202008a1b8de96d2e5b6bc02d379db03a877d34d/library/core/src/ops/function.rs:250:5
[INFO] [stdout]   24:     0x5ac33365172b - test::__rust_begin_short_backtrace::h2167df1e2b7d76fd
[INFO] [stdout]                                at /rustc/202008a1b8de96d2e5b6bc02d379db03a877d34d/library/test/src/lib.rs:632:18
[INFO] [stdout]   25:     0x5ac333651118 - test::run_test_in_process::{{closure}}::h15d92f75a3adfb79
[INFO] [stdout]                                at /rustc/202008a1b8de96d2e5b6bc02d379db03a877d34d/library/test/src/lib.rs:655:60
[INFO] [stdout]   26:     0x5ac333651118 - <core::panic::unwind_safe::AssertUnwindSafe<F> as core::ops::function::FnOnce<()>>::call_once::hb6c8955835a8dbbb
[INFO] [stdout]                                at /rustc/202008a1b8de96d2e5b6bc02d379db03a877d34d/library/core/src/panic/unwind_safe.rs:272:9
[INFO] [stdout]   27:     0x5ac333651118 - std::panicking::try::do_call::hc79d0fc888a0bd30
[INFO] [stdout]                                at /rustc/202008a1b8de96d2e5b6bc02d379db03a877d34d/library/std/src/panicking.rs:557:40
[INFO] [stdout]   28:     0x5ac333651118 - std::panicking::try::hb8a7878e3a8589d6
[INFO] [stdout]                                at /rustc/202008a1b8de96d2e5b6bc02d379db03a877d34d/library/std/src/panicking.rs:520:19
[INFO] [stdout]   29:     0x5ac333651118 - std::panic::catch_unwind::hb8e4600ff0ff5cfa
[INFO] [stdout]                                at /rustc/202008a1b8de96d2e5b6bc02d379db03a877d34d/library/std/src/panic.rs:358:14
[INFO] [stdout]   30:     0x5ac333651118 - test::run_test_in_process::hc2900b0b18688dd6
[INFO] [stdout]                                at /rustc/202008a1b8de96d2e5b6bc02d379db03a877d34d/library/test/src/lib.rs:655:27
[INFO] [stdout]   31:     0x5ac333651118 - test::run_test::{{closure}}::hac2a9cb07be3d48d
[INFO] [stdout]                                at /rustc/202008a1b8de96d2e5b6bc02d379db03a877d34d/library/test/src/lib.rs:576:43
[INFO] [stdout]   32:     0x5ac333614bba - test::run_test::{{closure}}::h4a5b729e66a38cd8
[INFO] [stdout]                                at /rustc/202008a1b8de96d2e5b6bc02d379db03a877d34d/library/test/src/lib.rs:606:41
[INFO] [stdout]   33:     0x5ac333614bba - std::sys::backtrace::__rust_begin_short_backtrace::h0496fb742492f573
[INFO] [stdout]                                at /rustc/202008a1b8de96d2e5b6bc02d379db03a877d34d/library/std/src/sys/backtrace.rs:154:18
[INFO] [stdout]   34:     0x5ac333618534 - std::thread::Builder::spawn_unchecked_::{{closure}}::{{closure}}::hbb6d257c550a54bd
[INFO] [stdout]                                at /rustc/202008a1b8de96d2e5b6bc02d379db03a877d34d/library/std/src/thread/mod.rs:561:17
[INFO] [stdout]   35:     0x5ac333618534 - <core::panic::unwind_safe::AssertUnwindSafe<F> as core::ops::function::FnOnce<()>>::call_once::h46696fe4a6832328
[INFO] [stdout]                                at /rustc/202008a1b8de96d2e5b6bc02d379db03a877d34d/library/core/src/panic/unwind_safe.rs:272:9
[INFO] [stdout]   36:     0x5ac333618534 - std::panicking::try::do_call::h2625a51b667bfb64
[INFO] [stdout]                                at /rustc/202008a1b8de96d2e5b6bc02d379db03a877d34d/library/std/src/panicking.rs:557:40
[INFO] [stdout]   37:     0x5ac333618534 - std::panicking::try::hb956a59a1973aa4c
[INFO] [stdout]                                at /rustc/202008a1b8de96d2e5b6bc02d379db03a877d34d/library/std/src/panicking.rs:520:19
[INFO] [stdout]   38:     0x5ac333618534 - std::panic::catch_unwind::h64f3b9d1067ef6a0
[INFO] [stdout]                                at /rustc/202008a1b8de96d2e5b6bc02d379db03a877d34d/library/std/src/panic.rs:358:14
[INFO] [stdout]   39:     0x5ac333618534 - std::thread::Builder::spawn_unchecked_::{{closure}}::h42b2841295b6c0b2
[INFO] [stdout]                                at /rustc/202008a1b8de96d2e5b6bc02d379db03a877d34d/library/std/src/thread/mod.rs:559:30
[INFO] [stdout]   40:     0x5ac333618534 - core::ops::function::FnOnce::call_once{{vtable.shim}}::h6127de71b8124639
[INFO] [stdout]                                at /rustc/202008a1b8de96d2e5b6bc02d379db03a877d34d/library/core/src/ops/function.rs:250:5
[INFO] [stdout]   41:     0x5ac333688d0b - <alloc::boxed::Box<F,A> as core::ops::function::FnOnce<Args>>::call_once::h42f0ba71002a1b2c
[INFO] [stdout]                                at /rustc/202008a1b8de96d2e5b6bc02d379db03a877d34d/library/alloc/src/boxed.rs:1972:9
[INFO] [stdout]   42:     0x5ac333688d0b - <alloc::boxed::Box<F,A> as core::ops::function::FnOnce<Args>>::call_once::had9e47d7a3dcecb8
[INFO] [stdout]                                at /rustc/202008a1b8de96d2e5b6bc02d379db03a877d34d/library/alloc/src/boxed.rs:1972:9
[INFO] [stdout]   43:     0x5ac333688d0b - std::sys::pal::unix::thread::Thread::new::thread_start::h48cf765408f6f5f2
[INFO] [stdout]                                at /rustc/202008a1b8de96d2e5b6bc02d379db03a877d34d/library/std/src/sys/pal/unix/thread.rs:105:17
[INFO] [stdout]   44:     0x7fdc893caac3 - <unknown>
[INFO] [stdout]   45:     0x7fdc8945ba04 - clone
[INFO] [stdout]   46:                0x0 - <unknown>
[INFO] [stdout] 
[INFO] [stdout] 
[INFO] [stdout] failures:
[INFO] [stdout]     models::classification::knn::tests::k2_basic_knn
[INFO] [stdout] 
[INFO] [stdout] test result: FAILED. 4 passed; 1 failed; 0 ignored; 0 measured; 0 filtered out; finished in 0.05s
[INFO] [stdout] 
[INFO] [stderr] error: test failed, to rerun pass `--lib`
[INFO] running `Command { std: "docker" "inspect" "10564ce548cd2158af98d179cc7af27eaf42c567eee4491cf2b25c9b00bf94ac", kill_on_drop: false }`
[INFO] running `Command { std: "docker" "rm" "-f" "10564ce548cd2158af98d179cc7af27eaf42c567eee4491cf2b25c9b00bf94ac", kill_on_drop: false }`
[INFO] [stdout] 10564ce548cd2158af98d179cc7af27eaf42c567eee4491cf2b25c9b00bf94ac
