[INFO] cloning repository https://github.com/j03-dev/russenger_macro
[INFO] running `Command { std: "git" "-c" "credential.helper=" "-c" "credential.helper=/workspace/cargo-home/bin/git-credential-null" "clone" "--bare" "https://github.com/j03-dev/russenger_macro" "/workspace/cache/git-repos/https%3A%2F%2Fgithub.com%2Fj03-dev%2Frussenger_macro", kill_on_drop: false }`
[INFO] [stderr] Cloning into bare repository '/workspace/cache/git-repos/https%3A%2F%2Fgithub.com%2Fj03-dev%2Frussenger_macro'...
[INFO] running `Command { std: "git" "rev-parse" "HEAD", kill_on_drop: false }`
[INFO] [stdout] 4a297197d93077e99d21510a5d639b7d988e66c9
[INFO] testing j03-dev/russenger_macro against 1.83.0 for beta-1.84.0-4-retry
[INFO] running `Command { std: "git" "clone" "/workspace/cache/git-repos/https%3A%2F%2Fgithub.com%2Fj03-dev%2Frussenger_macro" "/workspace/builds/worker-4-tc1/source", kill_on_drop: false }`
[INFO] [stderr] Cloning into '/workspace/builds/worker-4-tc1/source'...
[INFO] [stderr] done.
[INFO] validating manifest of git repo https://github.com/j03-dev/russenger_macro on toolchain 1.83.0
[INFO] running `Command { std: CARGO_HOME="/workspace/cargo-home" RUSTUP_HOME="/workspace/rustup-home" "/workspace/cargo-home/bin/cargo" "+1.83.0" "metadata" "--manifest-path" "Cargo.toml" "--no-deps", kill_on_drop: false }`
[INFO] started tweaking git repo https://github.com/j03-dev/russenger_macro
[INFO] finished tweaking git repo https://github.com/j03-dev/russenger_macro
[INFO] tweaked toml for git repo https://github.com/j03-dev/russenger_macro written to /workspace/builds/worker-4-tc1/source/Cargo.toml
[INFO] crate git repo https://github.com/j03-dev/russenger_macro already has a lockfile, it will not be regenerated
[INFO] running `Command { std: CARGO_HOME="/workspace/cargo-home" RUSTUP_HOME="/workspace/rustup-home" "/workspace/cargo-home/bin/cargo" "+1.83.0" "fetch" "--manifest-path" "Cargo.toml", kill_on_drop: false }`
[INFO] [stderr]     Blocking waiting for file lock on package cache
[INFO] [stderr]     Blocking waiting for file lock on package cache
[INFO] running `Command { std: "docker" "create" "-v" "/var/lib/crater-agent-workspace/builds/worker-4-tc1/target:/opt/rustwide/target:rw,Z" "-v" "/var/lib/crater-agent-workspace/builds/worker-4-tc1/source:/opt/rustwide/workdir:ro,Z" "-v" "/var/lib/crater-agent-workspace/cargo-home:/opt/rustwide/cargo-home:ro,Z" "-v" "/var/lib/crater-agent-workspace/rustup-home:/opt/rustwide/rustup-home:ro,Z" "-e" "SOURCE_DIR=/opt/rustwide/workdir" "-e" "CARGO_TARGET_DIR=/opt/rustwide/target" "-e" "CARGO_HOME=/opt/rustwide/cargo-home" "-e" "RUSTUP_HOME=/opt/rustwide/rustup-home" "-w" "/opt/rustwide/workdir" "-m" "1610612736" "--user" "0:0" "--network" "none" "ghcr.io/rust-lang/crates-build-env/linux@sha256:f3a9d4ad9d972b27faf3965f35b62e55ba32bbce8f20bc8fe909558a86702fde" "/opt/rustwide/cargo-home/bin/cargo" "+1.83.0" "metadata" "--no-deps" "--format-version=1", kill_on_drop: false }`
[INFO] [stdout] 85b16b8a78270ded20176fa84449ab035dcc4d49b721ae8e8d5efdba04ac1f2b
[INFO] running `Command { std: "docker" "start" "-a" "85b16b8a78270ded20176fa84449ab035dcc4d49b721ae8e8d5efdba04ac1f2b", kill_on_drop: false }`
[INFO] running `Command { std: "docker" "inspect" "85b16b8a78270ded20176fa84449ab035dcc4d49b721ae8e8d5efdba04ac1f2b", kill_on_drop: false }`
[INFO] running `Command { std: "docker" "rm" "-f" "85b16b8a78270ded20176fa84449ab035dcc4d49b721ae8e8d5efdba04ac1f2b", kill_on_drop: false }`
[INFO] [stdout] 85b16b8a78270ded20176fa84449ab035dcc4d49b721ae8e8d5efdba04ac1f2b
[INFO] running `Command { std: "docker" "create" "-v" "/var/lib/crater-agent-workspace/builds/worker-4-tc1/target:/opt/rustwide/target:rw,Z" "-v" "/var/lib/crater-agent-workspace/builds/worker-4-tc1/source:/opt/rustwide/workdir:ro,Z" "-v" "/var/lib/crater-agent-workspace/cargo-home:/opt/rustwide/cargo-home:ro,Z" "-v" "/var/lib/crater-agent-workspace/rustup-home:/opt/rustwide/rustup-home:ro,Z" "-e" "SOURCE_DIR=/opt/rustwide/workdir" "-e" "CARGO_TARGET_DIR=/opt/rustwide/target" "-e" "CARGO_INCREMENTAL=0" "-e" "RUST_BACKTRACE=full" "-e" "RUSTFLAGS=--cap-lints=warn" "-e" "RUSTDOCFLAGS=--cap-lints=warn" "-e" "CARGO_HOME=/opt/rustwide/cargo-home" "-e" "RUSTUP_HOME=/opt/rustwide/rustup-home" "-w" "/opt/rustwide/workdir" "-m" "1610612736" "--user" "0:0" "--network" "none" "ghcr.io/rust-lang/crates-build-env/linux@sha256:f3a9d4ad9d972b27faf3965f35b62e55ba32bbce8f20bc8fe909558a86702fde" "/opt/rustwide/cargo-home/bin/cargo" "+1.83.0" "build" "--frozen" "--message-format=json", kill_on_drop: false }`
[INFO] [stdout] 186477be65028bef785e3e608e3aa883eb51229218346a4500bc00657cdac516
[INFO] running `Command { std: "docker" "start" "-a" "186477be65028bef785e3e608e3aa883eb51229218346a4500bc00657cdac516", kill_on_drop: false }`
[INFO] [stderr]    Compiling proc-macro2 v1.0.82
[INFO] [stderr]    Compiling unicode-ident v1.0.12
[INFO] [stderr]    Compiling quote v1.0.36
[INFO] [stderr]    Compiling syn v2.0.64
[INFO] [stderr]    Compiling russenger_macro v0.1.2 (/opt/rustwide/workdir)
[INFO] [stderr]     Finished `dev` profile [unoptimized + debuginfo] target(s) in 6.15s
[INFO] running `Command { std: "docker" "inspect" "186477be65028bef785e3e608e3aa883eb51229218346a4500bc00657cdac516", kill_on_drop: false }`
[INFO] running `Command { std: "docker" "rm" "-f" "186477be65028bef785e3e608e3aa883eb51229218346a4500bc00657cdac516", kill_on_drop: false }`
[INFO] [stdout] 186477be65028bef785e3e608e3aa883eb51229218346a4500bc00657cdac516
[INFO] running `Command { std: "docker" "create" "-v" "/var/lib/crater-agent-workspace/builds/worker-4-tc1/target:/opt/rustwide/target:rw,Z" "-v" "/var/lib/crater-agent-workspace/builds/worker-4-tc1/source:/opt/rustwide/workdir:ro,Z" "-v" "/var/lib/crater-agent-workspace/cargo-home:/opt/rustwide/cargo-home:ro,Z" "-v" "/var/lib/crater-agent-workspace/rustup-home:/opt/rustwide/rustup-home:ro,Z" "-e" "SOURCE_DIR=/opt/rustwide/workdir" "-e" "CARGO_TARGET_DIR=/opt/rustwide/target" "-e" "CARGO_INCREMENTAL=0" "-e" "RUST_BACKTRACE=full" "-e" "RUSTFLAGS=--cap-lints=warn" "-e" "RUSTDOCFLAGS=--cap-lints=warn" "-e" "CARGO_HOME=/opt/rustwide/cargo-home" "-e" "RUSTUP_HOME=/opt/rustwide/rustup-home" "-w" "/opt/rustwide/workdir" "-m" "1610612736" "--user" "0:0" "--network" "none" "ghcr.io/rust-lang/crates-build-env/linux@sha256:f3a9d4ad9d972b27faf3965f35b62e55ba32bbce8f20bc8fe909558a86702fde" "/opt/rustwide/cargo-home/bin/cargo" "+1.83.0" "test" "--frozen" "--no-run" "--message-format=json", kill_on_drop: false }`
[INFO] [stdout] 41d9c9e365e67351425f350ccf8a77a292bd08d5d7a658d2cf11bc962cc8410b
[INFO] running `Command { std: "docker" "start" "-a" "41d9c9e365e67351425f350ccf8a77a292bd08d5d7a658d2cf11bc962cc8410b", kill_on_drop: false }`
[INFO] [stderr]    Compiling russenger_macro v0.1.2 (/opt/rustwide/workdir)
[INFO] [stderr]     Finished `test` profile [unoptimized + debuginfo] target(s) in 0.77s
[INFO] running `Command { std: "docker" "inspect" "41d9c9e365e67351425f350ccf8a77a292bd08d5d7a658d2cf11bc962cc8410b", kill_on_drop: false }`
[INFO] running `Command { std: "docker" "rm" "-f" "41d9c9e365e67351425f350ccf8a77a292bd08d5d7a658d2cf11bc962cc8410b", kill_on_drop: false }`
[INFO] [stdout] 41d9c9e365e67351425f350ccf8a77a292bd08d5d7a658d2cf11bc962cc8410b
[INFO] running `Command { std: "docker" "create" "-v" "/var/lib/crater-agent-workspace/builds/worker-4-tc1/target:/opt/rustwide/target:rw,Z" "-v" "/var/lib/crater-agent-workspace/builds/worker-4-tc1/source:/opt/rustwide/workdir:ro,Z" "-v" "/var/lib/crater-agent-workspace/cargo-home:/opt/rustwide/cargo-home:ro,Z" "-v" "/var/lib/crater-agent-workspace/rustup-home:/opt/rustwide/rustup-home:ro,Z" "-e" "SOURCE_DIR=/opt/rustwide/workdir" "-e" "CARGO_TARGET_DIR=/opt/rustwide/target" "-e" "CARGO_INCREMENTAL=0" "-e" "RUST_BACKTRACE=full" "-e" "RUSTFLAGS=--cap-lints=warn" "-e" "RUSTDOCFLAGS=--cap-lints=warn" "-e" "CARGO_HOME=/opt/rustwide/cargo-home" "-e" "RUSTUP_HOME=/opt/rustwide/rustup-home" "-w" "/opt/rustwide/workdir" "-m" "1610612736" "--user" "0:0" "--network" "none" "ghcr.io/rust-lang/crates-build-env/linux@sha256:f3a9d4ad9d972b27faf3965f35b62e55ba32bbce8f20bc8fe909558a86702fde" "/opt/rustwide/cargo-home/bin/cargo" "+1.83.0" "test" "--frozen", kill_on_drop: false }`
[INFO] [stdout] e7cee4ccc309c5c7d9763aeff1f1dcfc54bf1679c3653f16b72d7721b0fc6b5b
[INFO] running `Command { std: "docker" "start" "-a" "e7cee4ccc309c5c7d9763aeff1f1dcfc54bf1679c3653f16b72d7721b0fc6b5b", kill_on_drop: false }`
[INFO] [stderr]     Finished `test` profile [unoptimized + debuginfo] target(s) in 0.02s
[INFO] [stderr]      Running unittests src/lib.rs (/opt/rustwide/target/debug/deps/russenger_macro-f7427f302baa12bf)
[INFO] [stdout] 
[INFO] [stdout] running 0 tests
[INFO] [stdout] 
[INFO] [stderr]    Doc-tests russenger_macro
[INFO] [stdout] test result: ok. 0 passed; 0 failed; 0 ignored; 0 measured; 0 filtered out; finished in 0.00s
[INFO] [stdout] 
[INFO] [stdout] 
[INFO] [stdout] running 1 test
[INFO] [stdout] test src/lib.rs - action (line 19) ... FAILED
[INFO] [stdout] 
[INFO] [stdout] failures:
[INFO] [stdout] 
[INFO] [stdout] ---- src/lib.rs - action (line 19) stdout ----
[INFO] [stdout] error[E0433]: failed to resolve: use of undeclared crate or module `russenger`
[INFO] [stdout]  --> src/lib.rs:20:5
[INFO] [stdout]   |
[INFO] [stdout] 3 | use russenger::prelude::*;
[INFO] [stdout]   |     ^^^^^^^^^ use of undeclared crate or module `russenger`
[INFO] [stdout] 
[INFO] [stdout] error: cannot find attribute `action` in this scope
[INFO] [stdout]  --> src/lib.rs:22:3
[INFO] [stdout]   |
[INFO] [stdout] 5 | #[action]
[INFO] [stdout]   |   ^^^^^^
[INFO] [stdout]   |
[INFO] [stdout] help: consider importing this attribute macro
[INFO] [stdout]   |
[INFO] [stdout] 2 + use russenger_macro::action;
[INFO] [stdout]   |
[INFO] [stdout] 
[INFO] [stdout] error[E0433]: failed to resolve: use of undeclared crate or module `russenger`
[INFO] [stdout]  --> src/lib.rs:23:20
[INFO] [stdout]   |
[INFO] [stdout] 6 | async fn Main(res: russenger::prelude::Res, req: russenger::prelude::Req) {
[INFO] [stdout]   |                    ^^^^^^^^^ use of undeclared crate or module `russenger`
[INFO] [stdout] 
[INFO] [stdout] error[E0433]: failed to resolve: use of undeclared crate or module `russenger`
[INFO] [stdout]  --> src/lib.rs:23:50
[INFO] [stdout]   |
[INFO] [stdout] 6 | async fn Main(res: russenger::prelude::Res, req: russenger::prelude::Req) {
[INFO] [stdout]   |                                                  ^^^^^^^^^ use of undeclared crate or module `russenger`
[INFO] [stdout] 
[INFO] [stdout] error[E0433]: failed to resolve: use of undeclared type `TextModel`
[INFO] [stdout]  --> src/lib.rs:26:18
[INFO] [stdout]   |
[INFO] [stdout] 9 |         res.send(TextModel::new(&req.user, "Hello, welcome to our bot!")).await;
[INFO] [stdout]   |                  ^^^^^^^^^ use of undeclared type `TextModel`
[INFO] [stdout] 
[INFO] [stdout] error: aborting due to 5 previous errors
[INFO] [stdout] 
[INFO] [stdout] For more information about this error, try `rustc --explain E0433`.
[INFO] [stdout] Couldn't compile the test.
[INFO] [stdout] 
[INFO] [stdout] failures:
[INFO] [stdout]     src/lib.rs - action (line 19)
[INFO] [stdout] 
[INFO] [stdout] test result: FAILED. 0 passed; 1 failed; 0 ignored; 0 measured; 0 filtered out; finished in 0.17s
[INFO] [stdout] 
[INFO] [stderr] error: doctest failed, to rerun pass `--doc`
[INFO] running `Command { std: "docker" "inspect" "e7cee4ccc309c5c7d9763aeff1f1dcfc54bf1679c3653f16b72d7721b0fc6b5b", kill_on_drop: false }`
[INFO] running `Command { std: "docker" "rm" "-f" "e7cee4ccc309c5c7d9763aeff1f1dcfc54bf1679c3653f16b72d7721b0fc6b5b", kill_on_drop: false }`
[INFO] [stdout] e7cee4ccc309c5c7d9763aeff1f1dcfc54bf1679c3653f16b72d7721b0fc6b5b
