[INFO] cloning repository https://github.com/ivanizag/iz-cpm
[INFO] running `Command { std: "git" "-c" "credential.helper=" "-c" "credential.helper=/workspace/cargo-home/bin/git-credential-null" "clone" "--bare" "https://github.com/ivanizag/iz-cpm" "/workspace/cache/git-repos/https%3A%2F%2Fgithub.com%2Fivanizag%2Fiz-cpm", kill_on_drop: false }`
[INFO] [stderr] Cloning into bare repository '/workspace/cache/git-repos/https%3A%2F%2Fgithub.com%2Fivanizag%2Fiz-cpm'...
[INFO] running `Command { std: "git" "rev-parse" "HEAD", kill_on_drop: false }`
[INFO] [stdout] c4b0673a63bbe46c04124e3b310fec38e9414cf5
[INFO] testing ivanizag/iz-cpm against beta-2024-12-08 for beta-1.84.0-4-retry
[INFO] running `Command { std: "git" "clone" "/workspace/cache/git-repos/https%3A%2F%2Fgithub.com%2Fivanizag%2Fiz-cpm" "/workspace/builds/worker-5-tc2/source", kill_on_drop: false }`
[INFO] [stderr] Cloning into '/workspace/builds/worker-5-tc2/source'...
[INFO] [stderr] done.
[INFO] validating manifest of git repo https://github.com/ivanizag/iz-cpm on toolchain beta-2024-12-08
[INFO] running `Command { std: CARGO_HOME="/workspace/cargo-home" RUSTUP_HOME="/workspace/rustup-home" "/workspace/cargo-home/bin/cargo" "+beta-2024-12-08" "metadata" "--manifest-path" "Cargo.toml" "--no-deps", kill_on_drop: false }`
[INFO] started tweaking git repo https://github.com/ivanizag/iz-cpm
[INFO] finished tweaking git repo https://github.com/ivanizag/iz-cpm
[INFO] tweaked toml for git repo https://github.com/ivanizag/iz-cpm written to /workspace/builds/worker-5-tc2/source/Cargo.toml
[INFO] crate git repo https://github.com/ivanizag/iz-cpm already has a lockfile, it will not be regenerated
[INFO] running `Command { std: CARGO_HOME="/workspace/cargo-home" RUSTUP_HOME="/workspace/rustup-home" "/workspace/cargo-home/bin/cargo" "+beta-2024-12-08" "fetch" "--manifest-path" "Cargo.toml", kill_on_drop: false }`
[INFO] running `Command { std: "docker" "create" "-v" "/var/lib/crater-agent-workspace/builds/worker-5-tc2/target:/opt/rustwide/target:rw,Z" "-v" "/var/lib/crater-agent-workspace/builds/worker-5-tc2/source:/opt/rustwide/workdir:ro,Z" "-v" "/var/lib/crater-agent-workspace/cargo-home:/opt/rustwide/cargo-home:ro,Z" "-v" "/var/lib/crater-agent-workspace/rustup-home:/opt/rustwide/rustup-home:ro,Z" "-e" "SOURCE_DIR=/opt/rustwide/workdir" "-e" "CARGO_TARGET_DIR=/opt/rustwide/target" "-e" "CARGO_HOME=/opt/rustwide/cargo-home" "-e" "RUSTUP_HOME=/opt/rustwide/rustup-home" "-w" "/opt/rustwide/workdir" "-m" "1610612736" "--user" "0:0" "--network" "none" "ghcr.io/rust-lang/crates-build-env/linux@sha256:f3a9d4ad9d972b27faf3965f35b62e55ba32bbce8f20bc8fe909558a86702fde" "/opt/rustwide/cargo-home/bin/cargo" "+beta-2024-12-08" "metadata" "--no-deps" "--format-version=1", kill_on_drop: false }`
[INFO] [stdout] e7e45dc6471c82ce610fc4d070915b00183e9f31cf76b9c0f7f544ef392ec774
[INFO] running `Command { std: "docker" "start" "-a" "e7e45dc6471c82ce610fc4d070915b00183e9f31cf76b9c0f7f544ef392ec774", kill_on_drop: false }`
[INFO] running `Command { std: "docker" "inspect" "e7e45dc6471c82ce610fc4d070915b00183e9f31cf76b9c0f7f544ef392ec774", kill_on_drop: false }`
[INFO] running `Command { std: "docker" "rm" "-f" "e7e45dc6471c82ce610fc4d070915b00183e9f31cf76b9c0f7f544ef392ec774", kill_on_drop: false }`
[INFO] [stdout] e7e45dc6471c82ce610fc4d070915b00183e9f31cf76b9c0f7f544ef392ec774
[INFO] running `Command { std: "docker" "create" "-v" "/var/lib/crater-agent-workspace/builds/worker-5-tc2/target:/opt/rustwide/target:rw,Z" "-v" "/var/lib/crater-agent-workspace/builds/worker-5-tc2/source:/opt/rustwide/workdir:ro,Z" "-v" "/var/lib/crater-agent-workspace/cargo-home:/opt/rustwide/cargo-home:ro,Z" "-v" "/var/lib/crater-agent-workspace/rustup-home:/opt/rustwide/rustup-home:ro,Z" "-e" "SOURCE_DIR=/opt/rustwide/workdir" "-e" "CARGO_TARGET_DIR=/opt/rustwide/target" "-e" "CARGO_INCREMENTAL=0" "-e" "RUST_BACKTRACE=full" "-e" "RUSTFLAGS=--cap-lints=warn" "-e" "RUSTDOCFLAGS=--cap-lints=warn" "-e" "CARGO_HOME=/opt/rustwide/cargo-home" "-e" "RUSTUP_HOME=/opt/rustwide/rustup-home" "-w" "/opt/rustwide/workdir" "-m" "1610612736" "--user" "0:0" "--network" "none" "ghcr.io/rust-lang/crates-build-env/linux@sha256:f3a9d4ad9d972b27faf3965f35b62e55ba32bbce8f20bc8fe909558a86702fde" "/opt/rustwide/cargo-home/bin/cargo" "+beta-2024-12-08" "build" "--frozen" "--message-format=json", kill_on_drop: false }`
[INFO] [stdout] 3aa79d0c1dd14eaf7ada2b559dfdc04a24037b4e362fd646be072eb41782c1e7
[INFO] running `Command { std: "docker" "start" "-a" "3aa79d0c1dd14eaf7ada2b559dfdc04a24037b4e362fd646be072eb41782c1e7", kill_on_drop: false }`
[INFO] [stderr]    Compiling libc v0.2.126
[INFO] [stderr]    Compiling unicode-width v0.1.9
[INFO] [stderr]    Compiling vec_map v0.8.2
[INFO] [stderr]    Compiling ansi_term v0.12.1
[INFO] [stderr]    Compiling bitflags v1.3.2
[INFO] [stderr]    Compiling strsim v0.8.0
[INFO] [stderr]    Compiling iz80 v0.3.8
[INFO] [stderr]    Compiling textwrap v0.11.0
[INFO] [stderr]    Compiling atty v0.2.14
[INFO] [stderr]    Compiling termios v0.3.3
[INFO] [stderr]    Compiling clap v2.34.0
[INFO] [stderr]    Compiling izcpm v1.3.2 (/opt/rustwide/workdir)
[INFO] [stderr]     Finished `dev` profile [unoptimized + debuginfo] target(s) in 6.23s
[INFO] running `Command { std: "docker" "inspect" "3aa79d0c1dd14eaf7ada2b559dfdc04a24037b4e362fd646be072eb41782c1e7", kill_on_drop: false }`
[INFO] running `Command { std: "docker" "rm" "-f" "3aa79d0c1dd14eaf7ada2b559dfdc04a24037b4e362fd646be072eb41782c1e7", kill_on_drop: false }`
[INFO] [stdout] 3aa79d0c1dd14eaf7ada2b559dfdc04a24037b4e362fd646be072eb41782c1e7
[INFO] running `Command { std: "docker" "create" "-v" "/var/lib/crater-agent-workspace/builds/worker-5-tc2/target:/opt/rustwide/target:rw,Z" "-v" "/var/lib/crater-agent-workspace/builds/worker-5-tc2/source:/opt/rustwide/workdir:ro,Z" "-v" "/var/lib/crater-agent-workspace/cargo-home:/opt/rustwide/cargo-home:ro,Z" "-v" "/var/lib/crater-agent-workspace/rustup-home:/opt/rustwide/rustup-home:ro,Z" "-e" "SOURCE_DIR=/opt/rustwide/workdir" "-e" "CARGO_TARGET_DIR=/opt/rustwide/target" "-e" "CARGO_INCREMENTAL=0" "-e" "RUST_BACKTRACE=full" "-e" "RUSTFLAGS=--cap-lints=warn" "-e" "RUSTDOCFLAGS=--cap-lints=warn" "-e" "CARGO_HOME=/opt/rustwide/cargo-home" "-e" "RUSTUP_HOME=/opt/rustwide/rustup-home" "-w" "/opt/rustwide/workdir" "-m" "1610612736" "--user" "0:0" "--network" "none" "ghcr.io/rust-lang/crates-build-env/linux@sha256:f3a9d4ad9d972b27faf3965f35b62e55ba32bbce8f20bc8fe909558a86702fde" "/opt/rustwide/cargo-home/bin/cargo" "+beta-2024-12-08" "test" "--frozen" "--no-run" "--message-format=json", kill_on_drop: false }`
[INFO] [stdout] 22012a2da90328d9f0cd4f9ea2aacc437836b26b7b28f54dda4dc2a0b0fb12e2
[INFO] running `Command { std: "docker" "start" "-a" "22012a2da90328d9f0cd4f9ea2aacc437836b26b7b28f54dda4dc2a0b0fb12e2", kill_on_drop: false }`
[INFO] [stderr]    Compiling izcpm v1.3.2 (/opt/rustwide/workdir)
[INFO] [stderr]     Finished `test` profile [unoptimized + debuginfo] target(s) in 0.75s
[INFO] running `Command { std: "docker" "inspect" "22012a2da90328d9f0cd4f9ea2aacc437836b26b7b28f54dda4dc2a0b0fb12e2", kill_on_drop: false }`
[INFO] running `Command { std: "docker" "rm" "-f" "22012a2da90328d9f0cd4f9ea2aacc437836b26b7b28f54dda4dc2a0b0fb12e2", kill_on_drop: false }`
[INFO] [stdout] 22012a2da90328d9f0cd4f9ea2aacc437836b26b7b28f54dda4dc2a0b0fb12e2
[INFO] running `Command { std: "docker" "create" "-v" "/var/lib/crater-agent-workspace/builds/worker-5-tc2/target:/opt/rustwide/target:rw,Z" "-v" "/var/lib/crater-agent-workspace/builds/worker-5-tc2/source:/opt/rustwide/workdir:ro,Z" "-v" "/var/lib/crater-agent-workspace/cargo-home:/opt/rustwide/cargo-home:ro,Z" "-v" "/var/lib/crater-agent-workspace/rustup-home:/opt/rustwide/rustup-home:ro,Z" "-e" "SOURCE_DIR=/opt/rustwide/workdir" "-e" "CARGO_TARGET_DIR=/opt/rustwide/target" "-e" "CARGO_INCREMENTAL=0" "-e" "RUST_BACKTRACE=full" "-e" "RUSTFLAGS=--cap-lints=warn" "-e" "RUSTDOCFLAGS=--cap-lints=warn" "-e" "CARGO_HOME=/opt/rustwide/cargo-home" "-e" "RUSTUP_HOME=/opt/rustwide/rustup-home" "-w" "/opt/rustwide/workdir" "-m" "1610612736" "--user" "0:0" "--network" "none" "ghcr.io/rust-lang/crates-build-env/linux@sha256:f3a9d4ad9d972b27faf3965f35b62e55ba32bbce8f20bc8fe909558a86702fde" "/opt/rustwide/cargo-home/bin/cargo" "+beta-2024-12-08" "test" "--frozen", kill_on_drop: false }`
[INFO] [stdout] 520699a7666e74812cd6c53ce0e375fe1fb5a21dac5c13de66b8707a67fdeadb
[INFO] running `Command { std: "docker" "start" "-a" "520699a7666e74812cd6c53ce0e375fe1fb5a21dac5c13de66b8707a67fdeadb", kill_on_drop: false }`
[INFO] [stderr]     Finished `test` profile [unoptimized + debuginfo] target(s) in 0.03s
[INFO] [stderr]      Running unittests src/lib.rs (/opt/rustwide/target/debug/deps/izcpm-c9a2cd4bf240c606)
[INFO] [stdout] 
[INFO] [stdout] running 0 tests
[INFO] [stdout] 
[INFO] [stdout] test result: ok. 0 passed; 0 failed; 0 ignored; 0 measured; 0 filtered out; finished in 0.00s
[INFO] [stdout] 
[INFO] [stderr]      Running unittests src/bin/main.rs (/opt/rustwide/target/debug/deps/iz_cpm-aff0696503f3a3b9)
[INFO] [stdout] 
[INFO] [stdout] running 0 tests
[INFO] [stdout] 
[INFO] [stdout] test result: ok. 0 passed; 0 failed; 0 ignored; 0 measured; 0 filtered out; finished in 0.00s
[INFO] [stdout] 
[INFO] [stderr]      Running tests/boot.rs (/opt/rustwide/target/debug/deps/boot-522b8eb7a079e23b)
[INFO] [stdout] 
[INFO] [stdout] running 2 tests
[INFO] [stdout] test test_boot ... ok
[INFO] [stdout] test test_change_drive ... ok
[INFO] [stdout] 
[INFO] [stdout] test result: ok. 2 passed; 0 failed; 0 ignored; 0 measured; 0 filtered out; finished in 0.01s
[INFO] [stdout] 
[INFO] [stderr]      Running tests/issue13.rs (/opt/rustwide/target/debug/deps/issue13-32dc1af3bdd4169d)
[INFO] [stdout] 
[INFO] [stdout] running 4 tests
[INFO] [stdout] test test_issue13_rst ... ok
[INFO] [stdout] test test_issue13_jp ... ok
[INFO] [stdout] test test_issue13_call ... ok
[INFO] [stdout] test test_issue13_ret ... ok
[INFO] [stdout] 
[INFO] [stderr]      Running tests/issue16.rs (/opt/rustwide/target/debug/deps/issue16-e4c08a194af4a5b9)
[INFO] [stdout] test result: ok. 4 passed; 0 failed; 0 ignored; 0 measured; 0 filtered out; finished in 0.01s
[INFO] [stdout] 
[INFO] [stdout] 
[INFO] [stdout] running 1 test
[INFO] [stderr] error: test failed, to rerun pass `--test issue16`
[INFO] [stdout] test test_issue16 ... FAILED
[INFO] [stdout] 
[INFO] [stdout] failures:
[INFO] [stdout] 
[INFO] [stdout] ---- test_issue16 stdout ----
[INFO] [stdout] iz-cpm https://github.com/ivanizag/iz-cpm
[INFO] [stdout] CP/M 2.2 Emulation
[INFO] [stdout] Press ctrl-c ctrl-c Y to return to host
[INFO] [stdout] 
[INFO] [stdout] A>SLASH DIR;XYZ
[INFO] [stdout] 
[INFO] [stdout] A>thread 'test_issue16' panicked at src/console_test.rs:101:17:
[INFO] [stdout] Test failed in step 3: input not available waiting for expected text
[INFO] [stdout] stack backtrace:
[INFO] [stdout]    0:     0x5eb5622c2d9a - std::backtrace_rs::backtrace::libunwind::trace::h8810477743020387
[INFO] [stdout]                                at /rustc/202008a1b8de96d2e5b6bc02d379db03a877d34d/library/std/src/../../backtrace/src/backtrace/libunwind.rs:116:5
[INFO] [stdout]    1:     0x5eb5622c2d9a - std::backtrace_rs::backtrace::trace_unsynchronized::h3aa55355dd6c54a6
[INFO] [stdout]                                at /rustc/202008a1b8de96d2e5b6bc02d379db03a877d34d/library/std/src/../../backtrace/src/backtrace/mod.rs:66:5
[INFO] [stdout]    2:     0x5eb5622c2d9a - std::sys::backtrace::_print_fmt::h8588b0f62410823f
[INFO] [stdout]                                at /rustc/202008a1b8de96d2e5b6bc02d379db03a877d34d/library/std/src/sys/backtrace.rs:66:9
[INFO] [stdout]    3:     0x5eb5622c2d9a - <std::sys::backtrace::BacktraceLock::print::DisplayBacktrace as core::fmt::Display>::fmt::h98c26ac25ffe89bb
[INFO] [stdout]                                at /rustc/202008a1b8de96d2e5b6bc02d379db03a877d34d/library/std/src/sys/backtrace.rs:39:26
[INFO] [stdout]    4:     0x5eb5622ea353 - core::fmt::rt::Argument::fmt::hf95377f4aebd453b
[INFO] [stdout]                                at /rustc/202008a1b8de96d2e5b6bc02d379db03a877d34d/library/core/src/fmt/rt.rs:177:76
[INFO] [stdout]    5:     0x5eb5622ea353 - core::fmt::write::h0dd5f6e2238c7982
[INFO] [stdout]                                at /rustc/202008a1b8de96d2e5b6bc02d379db03a877d34d/library/core/src/fmt/mod.rs:1189:21
[INFO] [stdout]    6:     0x5eb5622bf593 - std::io::Write::write_fmt::h03bb0ca26e6faf8c
[INFO] [stdout]                                at /rustc/202008a1b8de96d2e5b6bc02d379db03a877d34d/library/std/src/io/mod.rs:1884:15
[INFO] [stdout]    7:     0x5eb5622c2be2 - std::sys::backtrace::BacktraceLock::print::h5c19c1c038ee186d
[INFO] [stdout]                                at /rustc/202008a1b8de96d2e5b6bc02d379db03a877d34d/library/std/src/sys/backtrace.rs:42:9
[INFO] [stdout]    8:     0x5eb5622c421d - std::panicking::default_hook::{{closure}}::h77172f079a1fcb13
[INFO] [stdout]                                at /rustc/202008a1b8de96d2e5b6bc02d379db03a877d34d/library/std/src/panicking.rs:268:22
[INFO] [stdout]    9:     0x5eb5622c4027 - std::panicking::default_hook::he5f8e3b203ccddba
[INFO] [stdout]                                at /rustc/202008a1b8de96d2e5b6bc02d379db03a877d34d/library/std/src/panicking.rs:292:9
[INFO] [stdout]   10:     0x5eb562140bf7 - <alloc::boxed::Box<F,A> as core::ops::function::Fn<Args>>::call::h7a3c7b4a1ae77f2f
[INFO] [stdout]                                at /rustc/202008a1b8de96d2e5b6bc02d379db03a877d34d/library/alloc/src/boxed.rs:1986:9
[INFO] [stdout]   11:     0x5eb562140bf7 - test::test_main::{{closure}}::hf0d3b69ae9b353d1
[INFO] [stdout]                                at /rustc/202008a1b8de96d2e5b6bc02d379db03a877d34d/library/test/src/lib.rs:134:21
[INFO] [stdout]   12:     0x5eb5622c48c8 - <alloc::boxed::Box<F,A> as core::ops::function::Fn<Args>>::call::h6332e82e7b189abd
[INFO] [stdout]                                at /rustc/202008a1b8de96d2e5b6bc02d379db03a877d34d/library/alloc/src/boxed.rs:1986:9
[INFO] [stdout]   13:     0x5eb5622c48c8 - std::panicking::rust_panic_with_hook::h53863d4e9018df39
[INFO] [stdout]                                at /rustc/202008a1b8de96d2e5b6bc02d379db03a877d34d/library/std/src/panicking.rs:809:13
[INFO] [stdout]   14:     0x5eb5622c468a - std::panicking::begin_panic_handler::{{closure}}::h67280e6fa0757873
[INFO] [stdout]                                at /rustc/202008a1b8de96d2e5b6bc02d379db03a877d34d/library/std/src/panicking.rs:674:13
[INFO] [stdout]   15:     0x5eb5622c3279 - std::sys::backtrace::__rust_end_short_backtrace::h1dac3f54d6fbbeb2
[INFO] [stdout]                                at /rustc/202008a1b8de96d2e5b6bc02d379db03a877d34d/library/std/src/sys/backtrace.rs:170:18
[INFO] [stdout]   16:     0x5eb5622c431c - rust_begin_unwind
[INFO] [stdout]                                at /rustc/202008a1b8de96d2e5b6bc02d379db03a877d34d/library/std/src/panicking.rs:665:5
[INFO] [stdout]   17:     0x5eb562105ce0 - core::panicking::panic_fmt::h6792bd1b2bf01041
[INFO] [stdout]                                at /rustc/202008a1b8de96d2e5b6bc02d379db03a877d34d/library/core/src/panicking.rs:76:14
[INFO] [stdout]   18:     0x5eb56214cb07 - <izcpm::console_test::ConsoleTest as izcpm::console_emulator::ConsoleEmulator>::read::h24e55f3bb58144c0
[INFO] [stdout]                                at /opt/rustwide/workdir/src/console_test.rs:101:17
[INFO] [stdout]   19:     0x5eb562164598 - izcpm::bios::Bios::read::hb745bed31274f249
[INFO] [stdout]                                at /opt/rustwide/workdir/src/bios.rs:59:18
[INFO] [stdout]   20:     0x5eb56215b38b - izcpm::bdos_console::read_string::h33ee7b74077a45e1
[INFO] [stdout]                                at /opt/rustwide/workdir/src/bdos_console.rs:66:18
[INFO] [stdout]   21:     0x5eb56216382d - izcpm::bdos::execute_bdos::h2d190984dc58e4ea
[INFO] [stdout]                                at /opt/rustwide/workdir/src/bdos.rs:167:30
[INFO] [stdout]   22:     0x5eb5621508eb - izcpm::run::run::hcbee74da93c8d8b6
[INFO] [stdout]                                at /opt/rustwide/workdir/src/run.rs:308:18
[INFO] [stdout]   23:     0x5eb56210703c - issue16::common::run_script_with_args::hc762e0093a24bcf0
[INFO] [stdout]                                at /opt/rustwide/workdir/tests/common/mod.rs:14:5
[INFO] [stdout]   24:     0x5eb56210730d - issue16::test_issue16::hb1044ed6754de88c
[INFO] [stdout]                                at /opt/rustwide/workdir/tests/issue16.rs:8:5
[INFO] [stdout]   25:     0x5eb5621070c7 - issue16::test_issue16::{{closure}}::hfd16572c8605ac0f
[INFO] [stdout]                                at /opt/rustwide/workdir/tests/issue16.rs:7:18
[INFO] [stdout]   26:     0x5eb5621066f6 - core::ops::function::FnOnce::call_once::hf62c63f09bbaafb2
[INFO] [stdout]                                at /rustc/202008a1b8de96d2e5b6bc02d379db03a877d34d/library/core/src/ops/function.rs:250:5
[INFO] [stdout]   27:     0x5eb56214571b - core::ops::function::FnOnce::call_once::h871bf86719ec9aa4
[INFO] [stdout]                                at /rustc/202008a1b8de96d2e5b6bc02d379db03a877d34d/library/core/src/ops/function.rs:250:5
[INFO] [stdout]   28:     0x5eb56214571b - test::__rust_begin_short_backtrace::h2167df1e2b7d76fd
[INFO] [stdout]                                at /rustc/202008a1b8de96d2e5b6bc02d379db03a877d34d/library/test/src/lib.rs:632:18
[INFO] [stdout]   29:     0x5eb562145108 - test::run_test_in_process::{{closure}}::h15d92f75a3adfb79
[INFO] [stdout]                                at /rustc/202008a1b8de96d2e5b6bc02d379db03a877d34d/library/test/src/lib.rs:655:60
[INFO] [stdout]   30:     0x5eb562145108 - <core::panic::unwind_safe::AssertUnwindSafe<F> as core::ops::function::FnOnce<()>>::call_once::hb6c8955835a8dbbb
[INFO] [stdout]                                at /rustc/202008a1b8de96d2e5b6bc02d379db03a877d34d/library/core/src/panic/unwind_safe.rs:272:9
[INFO] [stdout]   31:     0x5eb562145108 - std::panicking::try::do_call::hc79d0fc888a0bd30
[INFO] [stdout]                                at /rustc/202008a1b8de96d2e5b6bc02d379db03a877d34d/library/std/src/panicking.rs:557:40
[INFO] [stdout]   32:     0x5eb562145108 - std::panicking::try::hb8a7878e3a8589d6
[INFO] [stdout]                                at /rustc/202008a1b8de96d2e5b6bc02d379db03a877d34d/library/std/src/panicking.rs:520:19
[INFO] [stdout]   33:     0x5eb562145108 - std::panic::catch_unwind::hb8e4600ff0ff5cfa
[INFO] [stdout]                                at /rustc/202008a1b8de96d2e5b6bc02d379db03a877d34d/library/std/src/panic.rs:358:14
[INFO] [stdout]   34:     0x5eb562145108 - test::run_test_in_process::hc2900b0b18688dd6
[INFO] [stdout]                                at /rustc/202008a1b8de96d2e5b6bc02d379db03a877d34d/library/test/src/lib.rs:655:27
[INFO] [stdout]   35:     0x5eb562145108 - test::run_test::{{closure}}::hac2a9cb07be3d48d
[INFO] [stdout]                                at /rustc/202008a1b8de96d2e5b6bc02d379db03a877d34d/library/test/src/lib.rs:576:43
[INFO] [stdout]   36:     0x5eb562108baa - test::run_test::{{closure}}::h4a5b729e66a38cd8
[INFO] [stdout]                                at /rustc/202008a1b8de96d2e5b6bc02d379db03a877d34d/library/test/src/lib.rs:606:41
[INFO] [stdout]   37:     0x5eb562108baa - std::sys::backtrace::__rust_begin_short_backtrace::h0496fb742492f573
[INFO] [stdout]                                at /rustc/202008a1b8de96d2e5b6bc02d379db03a877d34d/library/std/src/sys/backtrace.rs:154:18
[INFO] [stdout]   38:     0x5eb56210c524 - std::thread::Builder::spawn_unchecked_::{{closure}}::{{closure}}::hbb6d257c550a54bd
[INFO] [stdout]                                at /rustc/202008a1b8de96d2e5b6bc02d379db03a877d34d/library/std/src/thread/mod.rs:561:17
[INFO] [stdout]   39:     0x5eb56210c524 - <core::panic::unwind_safe::AssertUnwindSafe<F> as core::ops::function::FnOnce<()>>::call_once::h46696fe4a6832328
[INFO] [stdout]                                at /rustc/202008a1b8de96d2e5b6bc02d379db03a877d34d/library/core/src/panic/unwind_safe.rs:272:9
[INFO] [stdout]   40:     0x5eb56210c524 - std::panicking::try::do_call::h2625a51b667bfb64
[INFO] [stdout]                                at /rustc/202008a1b8de96d2e5b6bc02d379db03a877d34d/library/std/src/panicking.rs:557:40
[INFO] [stdout]   41:     0x5eb56210c524 - std::panicking::try::hb956a59a1973aa4c
[INFO] [stdout]                                at /rustc/202008a1b8de96d2e5b6bc02d379db03a877d34d/library/std/src/panicking.rs:520:19
[INFO] [stdout]   42:     0x5eb56210c524 - std::panic::catch_unwind::h64f3b9d1067ef6a0
[INFO] [stdout]                                at /rustc/202008a1b8de96d2e5b6bc02d379db03a877d34d/library/std/src/panic.rs:358:14
[INFO] [stdout]   43:     0x5eb56210c524 - std::thread::Builder::spawn_unchecked_::{{closure}}::h42b2841295b6c0b2
[INFO] [stdout]                                at /rustc/202008a1b8de96d2e5b6bc02d379db03a877d34d/library/std/src/thread/mod.rs:559:30
[INFO] [stdout]   44:     0x5eb56210c524 - core::ops::function::FnOnce::call_once{{vtable.shim}}::h6127de71b8124639
[INFO] [stdout]                                at /rustc/202008a1b8de96d2e5b6bc02d379db03a877d34d/library/core/src/ops/function.rs:250:5
[INFO] [stdout]   45:     0x5eb5622c907b - <alloc::boxed::Box<F,A> as core::ops::function::FnOnce<Args>>::call_once::h42f0ba71002a1b2c
[INFO] [stdout]                                at /rustc/202008a1b8de96d2e5b6bc02d379db03a877d34d/library/alloc/src/boxed.rs:1972:9
[INFO] [stdout]   46:     0x5eb5622c907b - <alloc::boxed::Box<F,A> as core::ops::function::FnOnce<Args>>::call_once::had9e47d7a3dcecb8
[INFO] [stdout]                                at /rustc/202008a1b8de96d2e5b6bc02d379db03a877d34d/library/alloc/src/boxed.rs:1972:9
[INFO] [stdout]   47:     0x5eb5622c907b - std::sys::pal::unix::thread::Thread::new::thread_start::h48cf765408f6f5f2
[INFO] [stdout]                                at /rustc/202008a1b8de96d2e5b6bc02d379db03a877d34d/library/std/src/sys/pal/unix/thread.rs:105:17
[INFO] [stdout]   48:     0x7ea244a30ac3 - <unknown>
[INFO] [stdout]   49:     0x7ea244ac1a04 - clone
[INFO] [stdout]   50:                0x0 - <unknown>
[INFO] [stdout] 
[INFO] [stdout] 
[INFO] [stdout] failures:
[INFO] [stdout]     test_issue16
[INFO] [stdout] 
[INFO] [stdout] test result: FAILED. 0 passed; 1 failed; 0 ignored; 0 measured; 0 filtered out; finished in 0.02s
[INFO] [stdout] 
[INFO] running `Command { std: "docker" "inspect" "520699a7666e74812cd6c53ce0e375fe1fb5a21dac5c13de66b8707a67fdeadb", kill_on_drop: false }`
[INFO] running `Command { std: "docker" "rm" "-f" "520699a7666e74812cd6c53ce0e375fe1fb5a21dac5c13de66b8707a67fdeadb", kill_on_drop: false }`
[INFO] [stdout] 520699a7666e74812cd6c53ce0e375fe1fb5a21dac5c13de66b8707a67fdeadb
