[INFO] cloning repository https://github.com/ivanbgd/codecrafters-dns-server-rust
[INFO] running `Command { std: "git" "-c" "credential.helper=" "-c" "credential.helper=/workspace/cargo-home/bin/git-credential-null" "clone" "--bare" "https://github.com/ivanbgd/codecrafters-dns-server-rust" "/workspace/cache/git-repos/https%3A%2F%2Fgithub.com%2Fivanbgd%2Fcodecrafters-dns-server-rust", kill_on_drop: false }`
[INFO] [stderr] Cloning into bare repository '/workspace/cache/git-repos/https%3A%2F%2Fgithub.com%2Fivanbgd%2Fcodecrafters-dns-server-rust'...
[INFO] running `Command { std: "git" "rev-parse" "HEAD", kill_on_drop: false }`
[INFO] [stdout] 1880756ce8a2c7d091441a83da808d9a787a0ffb
[INFO] testing ivanbgd/codecrafters-dns-server-rust against 1.83.0 for beta-1.84.0-4-retry
[INFO] running `Command { std: "git" "clone" "/workspace/cache/git-repos/https%3A%2F%2Fgithub.com%2Fivanbgd%2Fcodecrafters-dns-server-rust" "/workspace/builds/worker-4-tc1/source", kill_on_drop: false }`
[INFO] [stderr] Cloning into '/workspace/builds/worker-4-tc1/source'...
[INFO] [stderr] done.
[INFO] validating manifest of git repo https://github.com/ivanbgd/codecrafters-dns-server-rust on toolchain 1.83.0
[INFO] running `Command { std: CARGO_HOME="/workspace/cargo-home" RUSTUP_HOME="/workspace/rustup-home" "/workspace/cargo-home/bin/cargo" "+1.83.0" "metadata" "--manifest-path" "Cargo.toml" "--no-deps", kill_on_drop: false }`
[INFO] started tweaking git repo https://github.com/ivanbgd/codecrafters-dns-server-rust
[INFO] finished tweaking git repo https://github.com/ivanbgd/codecrafters-dns-server-rust
[INFO] tweaked toml for git repo https://github.com/ivanbgd/codecrafters-dns-server-rust written to /workspace/builds/worker-4-tc1/source/Cargo.toml
[INFO] crate git repo https://github.com/ivanbgd/codecrafters-dns-server-rust already has a lockfile, it will not be regenerated
[INFO] running `Command { std: CARGO_HOME="/workspace/cargo-home" RUSTUP_HOME="/workspace/rustup-home" "/workspace/cargo-home/bin/cargo" "+1.83.0" "fetch" "--manifest-path" "Cargo.toml", kill_on_drop: false }`
[INFO] [stderr]     Updating crates.io index
[INFO] [stderr]  Downloading crates ...
[INFO] [stderr]   Downloaded thiserror v2.0.5
[INFO] [stderr]   Downloaded deku_derive v0.18.1
[INFO] [stderr]   Downloaded thiserror-impl v2.0.5
[INFO] [stderr]   Downloaded no_std_io2 v0.8.1
[INFO] [stderr]   Downloaded deku v0.18.1
[INFO] running `Command { std: "docker" "create" "-v" "/var/lib/crater-agent-workspace/builds/worker-4-tc1/target:/opt/rustwide/target:rw,Z" "-v" "/var/lib/crater-agent-workspace/builds/worker-4-tc1/source:/opt/rustwide/workdir:ro,Z" "-v" "/var/lib/crater-agent-workspace/cargo-home:/opt/rustwide/cargo-home:ro,Z" "-v" "/var/lib/crater-agent-workspace/rustup-home:/opt/rustwide/rustup-home:ro,Z" "-e" "SOURCE_DIR=/opt/rustwide/workdir" "-e" "CARGO_TARGET_DIR=/opt/rustwide/target" "-e" "CARGO_HOME=/opt/rustwide/cargo-home" "-e" "RUSTUP_HOME=/opt/rustwide/rustup-home" "-w" "/opt/rustwide/workdir" "-m" "1610612736" "--user" "0:0" "--network" "none" "ghcr.io/rust-lang/crates-build-env/linux@sha256:f3a9d4ad9d972b27faf3965f35b62e55ba32bbce8f20bc8fe909558a86702fde" "/opt/rustwide/cargo-home/bin/cargo" "+1.83.0" "metadata" "--no-deps" "--format-version=1", kill_on_drop: false }`
[INFO] [stdout] 8a987fc040c6b9a7026541a33ad3ceb572d83d2863419e5038d34ef784cdc84b
[INFO] running `Command { std: "docker" "start" "-a" "8a987fc040c6b9a7026541a33ad3ceb572d83d2863419e5038d34ef784cdc84b", kill_on_drop: false }`
[INFO] running `Command { std: "docker" "inspect" "8a987fc040c6b9a7026541a33ad3ceb572d83d2863419e5038d34ef784cdc84b", kill_on_drop: false }`
[INFO] running `Command { std: "docker" "rm" "-f" "8a987fc040c6b9a7026541a33ad3ceb572d83d2863419e5038d34ef784cdc84b", kill_on_drop: false }`
[INFO] [stdout] 8a987fc040c6b9a7026541a33ad3ceb572d83d2863419e5038d34ef784cdc84b
[INFO] running `Command { std: "docker" "create" "-v" "/var/lib/crater-agent-workspace/builds/worker-4-tc1/target:/opt/rustwide/target:rw,Z" "-v" "/var/lib/crater-agent-workspace/builds/worker-4-tc1/source:/opt/rustwide/workdir:ro,Z" "-v" "/var/lib/crater-agent-workspace/cargo-home:/opt/rustwide/cargo-home:ro,Z" "-v" "/var/lib/crater-agent-workspace/rustup-home:/opt/rustwide/rustup-home:ro,Z" "-e" "SOURCE_DIR=/opt/rustwide/workdir" "-e" "CARGO_TARGET_DIR=/opt/rustwide/target" "-e" "CARGO_INCREMENTAL=0" "-e" "RUST_BACKTRACE=full" "-e" "RUSTFLAGS=--cap-lints=warn" "-e" "RUSTDOCFLAGS=--cap-lints=warn" "-e" "CARGO_HOME=/opt/rustwide/cargo-home" "-e" "RUSTUP_HOME=/opt/rustwide/rustup-home" "-w" "/opt/rustwide/workdir" "-m" "1610612736" "--user" "0:0" "--network" "none" "ghcr.io/rust-lang/crates-build-env/linux@sha256:f3a9d4ad9d972b27faf3965f35b62e55ba32bbce8f20bc8fe909558a86702fde" "/opt/rustwide/cargo-home/bin/cargo" "+1.83.0" "build" "--frozen" "--message-format=json", kill_on_drop: false }`
[INFO] [stdout] 762da5e80e49533f58298f96284955af8cd385a822ceed49bf54f68ee44b97e2
[INFO] running `Command { std: "docker" "start" "-a" "762da5e80e49533f58298f96284955af8cd385a822ceed49bf54f68ee44b97e2", kill_on_drop: false }`
[INFO] [stderr]    Compiling proc-macro2 v1.0.92
[INFO] [stderr]    Compiling unicode-ident v1.0.12
[INFO] [stderr]    Compiling libc v0.2.167
[INFO] [stderr]    Compiling memchr v2.7.4
[INFO] [stderr]    Compiling equivalent v1.0.1
[INFO] [stderr]    Compiling fnv v1.0.7
[INFO] [stderr]    Compiling strsim v0.11.1
[INFO] [stderr]    Compiling autocfg v1.4.0
[INFO] [stderr]    Compiling ident_case v1.0.1
[INFO] [stderr]    Compiling hashbrown v0.15.2
[INFO] [stderr]    Compiling parking_lot_core v0.9.10
[INFO] [stderr]    Compiling toml_datetime v0.6.8
[INFO] [stderr]    Compiling radium v0.7.0
[INFO] [stderr]    Compiling regex-syntax v0.8.5
[INFO] [stderr]    Compiling winnow v0.6.20
[INFO] [stderr]    Compiling lock_api v0.4.12
[INFO] [stderr]    Compiling smallvec v1.13.2
[INFO] [stderr]    Compiling aho-corasick v1.1.3
[INFO] [stderr]    Compiling indexmap v2.7.0
[INFO] [stderr]    Compiling tap v1.0.1
[INFO] [stderr]    Compiling rustversion v1.0.18
[INFO] [stderr]    Compiling quote v1.0.36
[INFO] [stderr]    Compiling log v0.4.22
[INFO] [stderr]    Compiling syn v2.0.90
[INFO] [stderr]    Compiling utf8parse v0.2.2
[INFO] [stderr]    Compiling scopeguard v1.2.0
[INFO] [stderr]    Compiling anstyle-parse v0.2.6
[INFO] [stderr]    Compiling wyz v0.5.1
[INFO] [stderr]    Compiling anstyle v1.0.10
[INFO] [stderr]    Compiling regex-automata v0.4.9
[INFO] [stderr]    Compiling anyhow v1.0.94
[INFO] [stderr]    Compiling is_terminal_polyfill v1.70.1
[INFO] [stderr]    Compiling funty v2.0.0
[INFO] [stderr]    Compiling thiserror v2.0.5
[INFO] [stderr]    Compiling colorchoice v1.0.3
[INFO] [stderr]    Compiling anstyle-query v1.1.2
[INFO] [stderr]    Compiling anstream v0.6.18
[INFO] [stderr]    Compiling parking_lot v0.12.3
[INFO] [stderr]    Compiling bitvec v1.0.1
[INFO] [stderr]    Compiling toml_edit v0.22.22
[INFO] [stderr]    Compiling socket2 v0.5.8
[INFO] [stderr]    Compiling mio v1.0.3
[INFO] [stderr]    Compiling signal-hook-registry v1.4.2
[INFO] [stderr]    Compiling no_std_io2 v0.8.1
[INFO] [stderr]    Compiling bytes v1.9.0
[INFO] [stderr]    Compiling pin-project-lite v0.2.15
[INFO] [stderr]    Compiling humantime v2.1.0
[INFO] [stderr]    Compiling regex v1.11.1
[INFO] [stderr]    Compiling proc-macro-crate v3.2.0
[INFO] [stderr]    Compiling darling_core v0.20.10
[INFO] [stderr]    Compiling env_filter v0.1.2
[INFO] [stderr]    Compiling env_logger v0.11.5
[INFO] [stderr]    Compiling tokio-macros v2.4.0
[INFO] [stderr]    Compiling thiserror-impl v2.0.5
[INFO] [stderr]    Compiling tokio v1.42.0
[INFO] [stderr]    Compiling darling_macro v0.20.10
[INFO] [stderr]    Compiling darling v0.20.10
[INFO] [stderr]    Compiling deku_derive v0.18.1
[INFO] [stderr]    Compiling deku v0.18.1
[INFO] [stderr]    Compiling codecrafters-dns-server v0.1.0 (/opt/rustwide/workdir)
[INFO] [stderr]     Finished `dev` profile [unoptimized + debuginfo] target(s) in 1m 00s
[INFO] running `Command { std: "docker" "inspect" "762da5e80e49533f58298f96284955af8cd385a822ceed49bf54f68ee44b97e2", kill_on_drop: false }`
[INFO] running `Command { std: "docker" "rm" "-f" "762da5e80e49533f58298f96284955af8cd385a822ceed49bf54f68ee44b97e2", kill_on_drop: false }`
[INFO] [stdout] 762da5e80e49533f58298f96284955af8cd385a822ceed49bf54f68ee44b97e2
[INFO] running `Command { std: "docker" "create" "-v" "/var/lib/crater-agent-workspace/builds/worker-4-tc1/target:/opt/rustwide/target:rw,Z" "-v" "/var/lib/crater-agent-workspace/builds/worker-4-tc1/source:/opt/rustwide/workdir:ro,Z" "-v" "/var/lib/crater-agent-workspace/cargo-home:/opt/rustwide/cargo-home:ro,Z" "-v" "/var/lib/crater-agent-workspace/rustup-home:/opt/rustwide/rustup-home:ro,Z" "-e" "SOURCE_DIR=/opt/rustwide/workdir" "-e" "CARGO_TARGET_DIR=/opt/rustwide/target" "-e" "CARGO_INCREMENTAL=0" "-e" "RUST_BACKTRACE=full" "-e" "RUSTFLAGS=--cap-lints=warn" "-e" "RUSTDOCFLAGS=--cap-lints=warn" "-e" "CARGO_HOME=/opt/rustwide/cargo-home" "-e" "RUSTUP_HOME=/opt/rustwide/rustup-home" "-w" "/opt/rustwide/workdir" "-m" "1610612736" "--user" "0:0" "--network" "none" "ghcr.io/rust-lang/crates-build-env/linux@sha256:f3a9d4ad9d972b27faf3965f35b62e55ba32bbce8f20bc8fe909558a86702fde" "/opt/rustwide/cargo-home/bin/cargo" "+1.83.0" "test" "--frozen" "--no-run" "--message-format=json", kill_on_drop: false }`
[INFO] [stdout] 78cad420f1df88bef776a6de255ee4568745a304a91602911302a34fa1c5051b
[INFO] running `Command { std: "docker" "start" "-a" "78cad420f1df88bef776a6de255ee4568745a304a91602911302a34fa1c5051b", kill_on_drop: false }`
[INFO] [stderr]    Compiling codecrafters-dns-server v0.1.0 (/opt/rustwide/workdir)
[INFO] [stderr]     Finished `test` profile [unoptimized + debuginfo] target(s) in 1.27s
[INFO] running `Command { std: "docker" "inspect" "78cad420f1df88bef776a6de255ee4568745a304a91602911302a34fa1c5051b", kill_on_drop: false }`
[INFO] running `Command { std: "docker" "rm" "-f" "78cad420f1df88bef776a6de255ee4568745a304a91602911302a34fa1c5051b", kill_on_drop: false }`
[INFO] [stdout] 78cad420f1df88bef776a6de255ee4568745a304a91602911302a34fa1c5051b
[INFO] running `Command { std: "docker" "create" "-v" "/var/lib/crater-agent-workspace/builds/worker-4-tc1/target:/opt/rustwide/target:rw,Z" "-v" "/var/lib/crater-agent-workspace/builds/worker-4-tc1/source:/opt/rustwide/workdir:ro,Z" "-v" "/var/lib/crater-agent-workspace/cargo-home:/opt/rustwide/cargo-home:ro,Z" "-v" "/var/lib/crater-agent-workspace/rustup-home:/opt/rustwide/rustup-home:ro,Z" "-e" "SOURCE_DIR=/opt/rustwide/workdir" "-e" "CARGO_TARGET_DIR=/opt/rustwide/target" "-e" "CARGO_INCREMENTAL=0" "-e" "RUST_BACKTRACE=full" "-e" "RUSTFLAGS=--cap-lints=warn" "-e" "RUSTDOCFLAGS=--cap-lints=warn" "-e" "CARGO_HOME=/opt/rustwide/cargo-home" "-e" "RUSTUP_HOME=/opt/rustwide/rustup-home" "-w" "/opt/rustwide/workdir" "-m" "1610612736" "--user" "0:0" "--network" "none" "ghcr.io/rust-lang/crates-build-env/linux@sha256:f3a9d4ad9d972b27faf3965f35b62e55ba32bbce8f20bc8fe909558a86702fde" "/opt/rustwide/cargo-home/bin/cargo" "+1.83.0" "test" "--frozen", kill_on_drop: false }`
[INFO] [stdout] 3c1c54a33a545165436f9ed63da0fe5f8debcc3d5ae1753474b74d8b9db13f24
[INFO] running `Command { std: "docker" "start" "-a" "3c1c54a33a545165436f9ed63da0fe5f8debcc3d5ae1753474b74d8b9db13f24", kill_on_drop: false }`
[INFO] [stderr]     Finished `test` profile [unoptimized + debuginfo] target(s) in 0.10s
[INFO] [stdout] 
[INFO] [stderr]      Running unittests src/lib.rs (/opt/rustwide/target/debug/deps/codecrafters_dns_server-d86fbb9ca7191e3d)
[INFO] [stdout] running 0 tests
[INFO] [stdout] 
[INFO] [stdout] test result: ok. 0 passed; 0 failed; 0 ignored; 0 measured; 0 filtered out; finished in 0.00s
[INFO] [stdout] 
[INFO] [stderr]      Running unittests src/main.rs (/opt/rustwide/target/debug/deps/codecrafters_dns_server-1871706e4d876adc)
[INFO] [stdout] 
[INFO] [stdout] running 0 tests
[INFO] [stderr]    Doc-tests codecrafters_dns_server
[INFO] [stdout] 
[INFO] [stdout] test result: ok. 0 passed; 0 failed; 0 ignored; 0 measured; 0 filtered out; finished in 0.00s
[INFO] [stdout] 
[INFO] [stdout] 
[INFO] [stdout] running 4 tests
[INFO] [stdout] test src/message.rs - message::Message (line 17) ... FAILED
[INFO] [stdout] test src/message.rs - message::Question (line 200) ... FAILED
[INFO] [stdout] test src/message.rs - message::ResourceRecord (line 269) ... FAILED
[INFO] [stdout] test src/message.rs - message::Header (line 50) ... FAILED
[INFO] [stdout] 
[INFO] [stdout] failures:
[INFO] [stdout] 
[INFO] [stdout] ---- src/message.rs - message::Message (line 17) stdout ----
[INFO] [stdout] error: expected expression, found `+`
[INFO] [stdout]  --> src/message.rs:18:1
[INFO] [stdout]   |
[INFO] [stdout] 3 | +---------------------+
[INFO] [stdout]   | ^ expected expression
[INFO] [stdout] 
[INFO] [stdout] error: aborting due to 1 previous error
[INFO] [stdout] 
[INFO] [stdout] Couldn't compile the test.
[INFO] [stdout] ---- src/message.rs - message::Question (line 200) stdout ----
[INFO] [stdout] error: expected one of `.`, `;`, `?`, `}`, or an operator, found `1`
[INFO] [stdout]  --> src/message.rs:201:4
[INFO] [stdout]   |
[INFO] [stdout] 3 | 1  1  1  1  1  1
[INFO] [stdout]   |    ^ expected one of `.`, `;`, `?`, `}`, or an operator
[INFO] [stdout] 
[INFO] [stdout] error: aborting due to 1 previous error
[INFO] [stdout] 
[INFO] [stdout] Couldn't compile the test.
[INFO] [stdout] ---- src/message.rs - message::ResourceRecord (line 269) stdout ----
[INFO] [stdout] error: expected one of `.`, `;`, `?`, `}`, or an operator, found `1`
[INFO] [stdout]  --> src/message.rs:270:4
[INFO] [stdout]   |
[INFO] [stdout] 3 | 1  1  1  1  1  1
[INFO] [stdout]   |    ^ expected one of `.`, `;`, `?`, `}`, or an operator
[INFO] [stdout] 
[INFO] [stdout] error: aborting due to 1 previous error
[INFO] [stdout] 
[INFO] [stdout] Couldn't compile the test.
[INFO] [stdout] ---- src/message.rs - message::Header (line 50) stdout ----
[INFO] [stdout] error: expected one of `.`, `;`, `?`, `}`, or an operator, found `1`
[INFO] [stdout]  --> src/message.rs:51:4
[INFO] [stdout]   |
[INFO] [stdout] 3 | 1  1  1  1  1  1
[INFO] [stdout]   |    ^ expected one of `.`, `;`, `?`, `}`, or an operator
[INFO] [stdout] 
[INFO] [stdout] error: aborting due to 1 previous error
[INFO] [stdout] 
[INFO] [stdout] Couldn't compile the test.
[INFO] [stdout] 
[INFO] [stdout] failures:
[INFO] [stdout]     src/message.rs - message::Header (line 50)
[INFO] [stdout]     src/message.rs - message::Message (line 17)
[INFO] [stdout]     src/message.rs - message::Question (line 200)
[INFO] [stdout]     src/message.rs - message::ResourceRecord (line 269)
[INFO] [stdout] 
[INFO] [stdout] test result: FAILED. 0 passed; 4 failed; 0 ignored; 0 measured; 0 filtered out; finished in 0.09s
[INFO] [stdout] 
[INFO] [stderr] error: doctest failed, to rerun pass `--doc`
[INFO] running `Command { std: "docker" "inspect" "3c1c54a33a545165436f9ed63da0fe5f8debcc3d5ae1753474b74d8b9db13f24", kill_on_drop: false }`
[INFO] running `Command { std: "docker" "rm" "-f" "3c1c54a33a545165436f9ed63da0fe5f8debcc3d5ae1753474b74d8b9db13f24", kill_on_drop: false }`
[INFO] [stdout] 3c1c54a33a545165436f9ed63da0fe5f8debcc3d5ae1753474b74d8b9db13f24
