[INFO] cloning repository https://github.com/ivan-brko/grizzly_scheduler
[INFO] running `Command { std: "git" "-c" "credential.helper=" "-c" "credential.helper=/workspace/cargo-home/bin/git-credential-null" "clone" "--bare" "https://github.com/ivan-brko/grizzly_scheduler" "/workspace/cache/git-repos/https%3A%2F%2Fgithub.com%2Fivan-brko%2Fgrizzly_scheduler", kill_on_drop: false }`
[INFO] [stderr] Cloning into bare repository '/workspace/cache/git-repos/https%3A%2F%2Fgithub.com%2Fivan-brko%2Fgrizzly_scheduler'...
[INFO] running `Command { std: "git" "rev-parse" "HEAD", kill_on_drop: false }`
[INFO] [stdout] f6d027caf667faa4f232fd7e3b6dbd80f5ed2a69
[INFO] testing ivan-brko/grizzly_scheduler against beta-2024-12-08 for beta-1.84.0-4-retry
[INFO] running `Command { std: "git" "clone" "/workspace/cache/git-repos/https%3A%2F%2Fgithub.com%2Fivan-brko%2Fgrizzly_scheduler" "/workspace/builds/worker-2-tc2/source", kill_on_drop: false }`
[INFO] [stderr] Cloning into '/workspace/builds/worker-2-tc2/source'...
[INFO] [stderr] done.
[INFO] validating manifest of git repo https://github.com/ivan-brko/grizzly_scheduler on toolchain beta-2024-12-08
[INFO] running `Command { std: CARGO_HOME="/workspace/cargo-home" RUSTUP_HOME="/workspace/rustup-home" "/workspace/cargo-home/bin/cargo" "+beta-2024-12-08" "metadata" "--manifest-path" "Cargo.toml" "--no-deps", kill_on_drop: false }`
[INFO] started tweaking git repo https://github.com/ivan-brko/grizzly_scheduler
[INFO] finished tweaking git repo https://github.com/ivan-brko/grizzly_scheduler
[INFO] tweaked toml for git repo https://github.com/ivan-brko/grizzly_scheduler written to /workspace/builds/worker-2-tc2/source/Cargo.toml
[INFO] crate git repo https://github.com/ivan-brko/grizzly_scheduler already has a lockfile, it will not be regenerated
[INFO] running `Command { std: CARGO_HOME="/workspace/cargo-home" RUSTUP_HOME="/workspace/rustup-home" "/workspace/cargo-home/bin/cargo" "+beta-2024-12-08" "fetch" "--manifest-path" "Cargo.toml", kill_on_drop: false }`
[INFO] running `Command { std: "docker" "create" "-v" "/var/lib/crater-agent-workspace/builds/worker-2-tc2/target:/opt/rustwide/target:rw,Z" "-v" "/var/lib/crater-agent-workspace/builds/worker-2-tc2/source:/opt/rustwide/workdir:ro,Z" "-v" "/var/lib/crater-agent-workspace/cargo-home:/opt/rustwide/cargo-home:ro,Z" "-v" "/var/lib/crater-agent-workspace/rustup-home:/opt/rustwide/rustup-home:ro,Z" "-e" "SOURCE_DIR=/opt/rustwide/workdir" "-e" "CARGO_TARGET_DIR=/opt/rustwide/target" "-e" "CARGO_HOME=/opt/rustwide/cargo-home" "-e" "RUSTUP_HOME=/opt/rustwide/rustup-home" "-w" "/opt/rustwide/workdir" "-m" "1610612736" "--user" "0:0" "--network" "none" "ghcr.io/rust-lang/crates-build-env/linux@sha256:f3a9d4ad9d972b27faf3965f35b62e55ba32bbce8f20bc8fe909558a86702fde" "/opt/rustwide/cargo-home/bin/cargo" "+beta-2024-12-08" "metadata" "--no-deps" "--format-version=1", kill_on_drop: false }`
[INFO] [stdout] b4bb158f856f7f6f38f849eb380731a0ec1ed579b08a001a6ec27b7e7d31fba9
[INFO] running `Command { std: "docker" "start" "-a" "b4bb158f856f7f6f38f849eb380731a0ec1ed579b08a001a6ec27b7e7d31fba9", kill_on_drop: false }`
[INFO] running `Command { std: "docker" "inspect" "b4bb158f856f7f6f38f849eb380731a0ec1ed579b08a001a6ec27b7e7d31fba9", kill_on_drop: false }`
[INFO] running `Command { std: "docker" "rm" "-f" "b4bb158f856f7f6f38f849eb380731a0ec1ed579b08a001a6ec27b7e7d31fba9", kill_on_drop: false }`
[INFO] [stdout] b4bb158f856f7f6f38f849eb380731a0ec1ed579b08a001a6ec27b7e7d31fba9
[INFO] running `Command { std: "docker" "create" "-v" "/var/lib/crater-agent-workspace/builds/worker-2-tc2/target:/opt/rustwide/target:rw,Z" "-v" "/var/lib/crater-agent-workspace/builds/worker-2-tc2/source:/opt/rustwide/workdir:ro,Z" "-v" "/var/lib/crater-agent-workspace/cargo-home:/opt/rustwide/cargo-home:ro,Z" "-v" "/var/lib/crater-agent-workspace/rustup-home:/opt/rustwide/rustup-home:ro,Z" "-e" "SOURCE_DIR=/opt/rustwide/workdir" "-e" "CARGO_TARGET_DIR=/opt/rustwide/target" "-e" "CARGO_INCREMENTAL=0" "-e" "RUST_BACKTRACE=full" "-e" "RUSTFLAGS=--cap-lints=warn" "-e" "RUSTDOCFLAGS=--cap-lints=warn" "-e" "CARGO_HOME=/opt/rustwide/cargo-home" "-e" "RUSTUP_HOME=/opt/rustwide/rustup-home" "-w" "/opt/rustwide/workdir" "-m" "1610612736" "--user" "0:0" "--network" "none" "ghcr.io/rust-lang/crates-build-env/linux@sha256:f3a9d4ad9d972b27faf3965f35b62e55ba32bbce8f20bc8fe909558a86702fde" "/opt/rustwide/cargo-home/bin/cargo" "+beta-2024-12-08" "build" "--frozen" "--message-format=json", kill_on_drop: false }`
[INFO] [stdout] 5b16169ca6c8c102fba414153ff671101343f44468bc014711b24019f9679bf1
[INFO] running `Command { std: "docker" "start" "-a" "5b16169ca6c8c102fba414153ff671101343f44468bc014711b24019f9679bf1", kill_on_drop: false }`
[INFO] [stderr]    Compiling proc-macro2 v1.0.78
[INFO] [stderr]    Compiling unicode-ident v1.0.12
[INFO] [stderr]    Compiling autocfg v1.1.0
[INFO] [stderr]    Compiling libc v0.2.152
[INFO] [stderr]    Compiling pin-project-lite v0.2.13
[INFO] [stderr]    Compiling futures-core v0.3.30
[INFO] [stderr]    Compiling cfg-if v1.0.0
[INFO] [stderr]    Compiling futures-sink v0.3.30
[INFO] [stderr]    Compiling memchr v2.7.1
[INFO] [stderr]    Compiling ppv-lite86 v0.2.17
[INFO] [stderr]    Compiling futures-io v0.3.30
[INFO] [stderr]    Compiling futures-channel v0.3.30
[INFO] [stderr]    Compiling pin-utils v0.1.0
[INFO] [stderr]    Compiling once_cell v1.19.0
[INFO] [stderr]    Compiling futures-task v0.3.30
[INFO] [stderr]    Compiling slab v0.4.9
[INFO] [stderr]    Compiling num-traits v0.2.17
[INFO] [stderr]    Compiling thiserror v1.0.57
[INFO] [stderr]    Compiling minimal-lexical v0.2.1
[INFO] [stderr]    Compiling iana-time-zone v0.1.59
[INFO] [stderr]    Compiling tracing-core v0.1.32
[INFO] [stderr]    Compiling bytes v1.5.0
[INFO] [stderr]    Compiling quote v1.0.35
[INFO] [stderr]    Compiling nom v7.1.3
[INFO] [stderr]    Compiling syn v2.0.48
[INFO] [stderr]    Compiling getrandom v0.2.12
[INFO] [stderr]    Compiling rand_core v0.6.4
[INFO] [stderr]    Compiling rand_chacha v0.3.1
[INFO] [stderr]    Compiling rand v0.8.5
[INFO] [stderr]    Compiling chrono v0.4.33
[INFO] [stderr]    Compiling uuid v1.7.0
[INFO] [stderr]    Compiling cron v0.12.0
[INFO] [stderr]    Compiling futures-macro v0.3.30
[INFO] [stderr]    Compiling tokio-macros v2.2.0
[INFO] [stderr]    Compiling thiserror-impl v1.0.57
[INFO] [stderr]    Compiling tracing-attributes v0.1.27
[INFO] [stderr]    Compiling tokio v1.35.1
[INFO] [stderr]    Compiling tracing v0.1.40
[INFO] [stderr]    Compiling futures-util v0.3.30
[INFO] [stderr]    Compiling tokio-util v0.7.10
[INFO] [stderr]    Compiling futures-executor v0.3.30
[INFO] [stderr]    Compiling futures v0.3.30
[INFO] [stderr]    Compiling grizzly_scheduler v0.2.0 (/opt/rustwide/workdir)
[INFO] [stderr]     Finished `dev` profile [unoptimized + debuginfo] target(s) in 32.87s
[INFO] running `Command { std: "docker" "inspect" "5b16169ca6c8c102fba414153ff671101343f44468bc014711b24019f9679bf1", kill_on_drop: false }`
[INFO] running `Command { std: "docker" "rm" "-f" "5b16169ca6c8c102fba414153ff671101343f44468bc014711b24019f9679bf1", kill_on_drop: false }`
[INFO] [stdout] 5b16169ca6c8c102fba414153ff671101343f44468bc014711b24019f9679bf1
[INFO] running `Command { std: "docker" "create" "-v" "/var/lib/crater-agent-workspace/builds/worker-2-tc2/target:/opt/rustwide/target:rw,Z" "-v" "/var/lib/crater-agent-workspace/builds/worker-2-tc2/source:/opt/rustwide/workdir:ro,Z" "-v" "/var/lib/crater-agent-workspace/cargo-home:/opt/rustwide/cargo-home:ro,Z" "-v" "/var/lib/crater-agent-workspace/rustup-home:/opt/rustwide/rustup-home:ro,Z" "-e" "SOURCE_DIR=/opt/rustwide/workdir" "-e" "CARGO_TARGET_DIR=/opt/rustwide/target" "-e" "CARGO_INCREMENTAL=0" "-e" "RUST_BACKTRACE=full" "-e" "RUSTFLAGS=--cap-lints=warn" "-e" "RUSTDOCFLAGS=--cap-lints=warn" "-e" "CARGO_HOME=/opt/rustwide/cargo-home" "-e" "RUSTUP_HOME=/opt/rustwide/rustup-home" "-w" "/opt/rustwide/workdir" "-m" "1610612736" "--user" "0:0" "--network" "none" "ghcr.io/rust-lang/crates-build-env/linux@sha256:f3a9d4ad9d972b27faf3965f35b62e55ba32bbce8f20bc8fe909558a86702fde" "/opt/rustwide/cargo-home/bin/cargo" "+beta-2024-12-08" "test" "--frozen" "--no-run" "--message-format=json", kill_on_drop: false }`
[INFO] [stdout] d92050d03e0fc56933f3e76fa9236225023e2a4303f09a8bc524b5c5556255cd
[INFO] running `Command { std: "docker" "start" "-a" "d92050d03e0fc56933f3e76fa9236225023e2a4303f09a8bc524b5c5556255cd", kill_on_drop: false }`
[INFO] [stderr]    Compiling libc v0.2.152
[INFO] [stderr]    Compiling lock_api v0.4.11
[INFO] [stderr]    Compiling parking_lot_core v0.9.9
[INFO] [stderr]    Compiling smallvec v1.13.1
[INFO] [stderr]    Compiling scopeguard v1.2.0
[INFO] [stderr]    Compiling getrandom v0.2.12
[INFO] [stderr]    Compiling signal-hook-registry v1.4.1
[INFO] [stderr]    Compiling mio v0.8.10
[INFO] [stderr]    Compiling socket2 v0.5.5
[INFO] [stderr]    Compiling num_cpus v1.16.0
[INFO] [stderr]    Compiling rand_core v0.6.4
[INFO] [stderr]    Compiling parking_lot v0.12.1
[INFO] [stderr]    Compiling rand_chacha v0.3.1
[INFO] [stderr]    Compiling tokio v1.35.1
[INFO] [stderr]    Compiling rand v0.8.5
[INFO] [stderr]    Compiling uuid v1.7.0
[INFO] [stderr]    Compiling tokio-util v0.7.10
[INFO] [stderr]    Compiling grizzly_scheduler v0.2.0 (/opt/rustwide/workdir)
[INFO] [stderr]     Finished `test` profile [unoptimized + debuginfo] target(s) in 17.48s
[INFO] running `Command { std: "docker" "inspect" "d92050d03e0fc56933f3e76fa9236225023e2a4303f09a8bc524b5c5556255cd", kill_on_drop: false }`
[INFO] running `Command { std: "docker" "rm" "-f" "d92050d03e0fc56933f3e76fa9236225023e2a4303f09a8bc524b5c5556255cd", kill_on_drop: false }`
[INFO] [stdout] d92050d03e0fc56933f3e76fa9236225023e2a4303f09a8bc524b5c5556255cd
[INFO] running `Command { std: "docker" "create" "-v" "/var/lib/crater-agent-workspace/builds/worker-2-tc2/target:/opt/rustwide/target:rw,Z" "-v" "/var/lib/crater-agent-workspace/builds/worker-2-tc2/source:/opt/rustwide/workdir:ro,Z" "-v" "/var/lib/crater-agent-workspace/cargo-home:/opt/rustwide/cargo-home:ro,Z" "-v" "/var/lib/crater-agent-workspace/rustup-home:/opt/rustwide/rustup-home:ro,Z" "-e" "SOURCE_DIR=/opt/rustwide/workdir" "-e" "CARGO_TARGET_DIR=/opt/rustwide/target" "-e" "CARGO_INCREMENTAL=0" "-e" "RUST_BACKTRACE=full" "-e" "RUSTFLAGS=--cap-lints=warn" "-e" "RUSTDOCFLAGS=--cap-lints=warn" "-e" "CARGO_HOME=/opt/rustwide/cargo-home" "-e" "RUSTUP_HOME=/opt/rustwide/rustup-home" "-w" "/opt/rustwide/workdir" "-m" "1610612736" "--user" "0:0" "--network" "none" "ghcr.io/rust-lang/crates-build-env/linux@sha256:f3a9d4ad9d972b27faf3965f35b62e55ba32bbce8f20bc8fe909558a86702fde" "/opt/rustwide/cargo-home/bin/cargo" "+beta-2024-12-08" "test" "--frozen", kill_on_drop: false }`
[INFO] [stdout] e2acb09053716d411d1e56bb289ea775b807f408bad7769d423db211dfeb610a
[INFO] running `Command { std: "docker" "start" "-a" "e2acb09053716d411d1e56bb289ea775b807f408bad7769d423db211dfeb610a", kill_on_drop: false }`
[INFO] [stderr]     Finished `test` profile [unoptimized + debuginfo] target(s) in 0.07s
[INFO] [stderr]      Running unittests src/lib.rs (/opt/rustwide/target/debug/deps/grizzly_scheduler-1acc8c9e1e51b1be)
[INFO] [stdout] 
[INFO] [stdout] running 5 tests
[INFO] [stdout] test scheduler::inner::tests::test_new ... ok
[INFO] [stdout] test scheduler::inner::impl_parallel::tests::test_complex_multiple_triggers_atomic_increment ... ok
[INFO] [stdout] test scheduler::inner::impl_parallel::tests::test_simple_multiple_triggers_atomic_increment ... ok
[INFO] [stdout] test scheduler::inner::impl_sequential::tests::test_complex_multiple_triggers_atomic_increment ... ok
[INFO] [stdout] test scheduler::inner::impl_sequential::tests::test_simple_multiple_triggers_atomic_increment ... ok
[INFO] [stdout] 
[INFO] [stdout] test result: ok. 5 passed; 0 failed; 0 ignored; 0 measured; 0 filtered out; finished in 9.01s
[INFO] [stdout] 
[INFO] [stderr]    Doc-tests grizzly_scheduler
[INFO] [stdout] 
[INFO] [stdout] running 3 tests
[INFO] [stdout] test src/scheduler/mod.rs - scheduler::Scheduler<TZ>::schedule_sequential_job (line 174) ... ok
[INFO] [stdout] test src/lib.rs - (line 24) ... FAILED
[INFO] [stdout] test src/scheduler/mod.rs - scheduler::Scheduler<TZ>::schedule_parallel_job (line 110) ... ok
[INFO] [stdout] 
[INFO] [stdout] failures:
[INFO] [stdout] 
[INFO] [stdout] ---- src/lib.rs - (line 24) stdout ----
[INFO] [stdout] Test executable failed (exit status: 101).
[INFO] [stdout] 
[INFO] [stdout] stderr:
[INFO] [stdout] thread 'main' panicked at /opt/rustwide/workdir/src/scheduler/inner/impl_parallel.rs:77:24:
[INFO] [stdout] there is no reactor running, must be called from the context of a Tokio 1.x runtime
[INFO] [stdout] stack backtrace:
[INFO] [stdout]    0:     0x63084e299f5a - std::backtrace_rs::backtrace::libunwind::trace::h8810477743020387
[INFO] [stdout]                                at /rustc/202008a1b8de96d2e5b6bc02d379db03a877d34d/library/std/src/../../backtrace/src/backtrace/libunwind.rs:116:5
[INFO] [stdout]    1:     0x63084e299f5a - std::backtrace_rs::backtrace::trace_unsynchronized::h3aa55355dd6c54a6
[INFO] [stdout]                                at /rustc/202008a1b8de96d2e5b6bc02d379db03a877d34d/library/std/src/../../backtrace/src/backtrace/mod.rs:66:5
[INFO] [stdout]    2:     0x63084e299f5a - std::sys::backtrace::_print_fmt::h8588b0f62410823f
[INFO] [stdout]                                at /rustc/202008a1b8de96d2e5b6bc02d379db03a877d34d/library/std/src/sys/backtrace.rs:66:9
[INFO] [stdout]    3:     0x63084e299f5a - <std::sys::backtrace::BacktraceLock::print::DisplayBacktrace as core::fmt::Display>::fmt::h98c26ac25ffe89bb
[INFO] [stdout]                                at /rustc/202008a1b8de96d2e5b6bc02d379db03a877d34d/library/std/src/sys/backtrace.rs:39:26
[INFO] [stdout]    4:     0x63084e2b7493 - core::fmt::rt::Argument::fmt::hf95377f4aebd453b
[INFO] [stdout]                                at /rustc/202008a1b8de96d2e5b6bc02d379db03a877d34d/library/core/src/fmt/rt.rs:177:76
[INFO] [stdout]    5:     0x63084e2b7493 - core::fmt::write::h0dd5f6e2238c7982
[INFO] [stdout]                                at /rustc/202008a1b8de96d2e5b6bc02d379db03a877d34d/library/core/src/fmt/mod.rs:1189:21
[INFO] [stdout]    6:     0x63084e297aa3 - std::io::Write::write_fmt::hc00bff0a88e08857
[INFO] [stdout]                                at /rustc/202008a1b8de96d2e5b6bc02d379db03a877d34d/library/std/src/io/mod.rs:1884:15
[INFO] [stdout]    7:     0x63084e299da2 - std::sys::backtrace::BacktraceLock::print::h5c19c1c038ee186d
[INFO] [stdout]                                at /rustc/202008a1b8de96d2e5b6bc02d379db03a877d34d/library/std/src/sys/backtrace.rs:42:9
[INFO] [stdout]    8:     0x63084e29ad6c - std::panicking::default_hook::{{closure}}::h77172f079a1fcb13
[INFO] [stdout]                                at /rustc/202008a1b8de96d2e5b6bc02d379db03a877d34d/library/std/src/panicking.rs:268:22
[INFO] [stdout]    9:     0x63084e29abb2 - std::panicking::default_hook::he5f8e3b203ccddba
[INFO] [stdout]                                at /rustc/202008a1b8de96d2e5b6bc02d379db03a877d34d/library/std/src/panicking.rs:295:9
[INFO] [stdout]   10:     0x63084e29b347 - std::panicking::rust_panic_with_hook::h53863d4e9018df39
[INFO] [stdout]                                at /rustc/202008a1b8de96d2e5b6bc02d379db03a877d34d/library/std/src/panicking.rs:801:13
[INFO] [stdout]   11:     0x63084e29b1da - std::panicking::begin_panic_handler::{{closure}}::h67280e6fa0757873
[INFO] [stdout]                                at /rustc/202008a1b8de96d2e5b6bc02d379db03a877d34d/library/std/src/panicking.rs:674:13
[INFO] [stdout]   12:     0x63084e29a439 - std::sys::backtrace::__rust_end_short_backtrace::h1dac3f54d6fbbeb2
[INFO] [stdout]                                at /rustc/202008a1b8de96d2e5b6bc02d379db03a877d34d/library/std/src/sys/backtrace.rs:170:18
[INFO] [stdout]   13:     0x63084e29ae6c - rust_begin_unwind
[INFO] [stdout]                                at /rustc/202008a1b8de96d2e5b6bc02d379db03a877d34d/library/std/src/panicking.rs:665:5
[INFO] [stdout]   14:     0x63084e16e7e0 - core::panicking::panic_fmt::h6792bd1b2bf01041
[INFO] [stdout]                                at /rustc/202008a1b8de96d2e5b6bc02d379db03a877d34d/library/core/src/panicking.rs:76:14
[INFO] [stdout]   15:     0x63084e2487b3 - core::panicking::panic_display::h53d83770ceb6aa65
[INFO] [stdout]                                at /rustc/202008a1b8de96d2e5b6bc02d379db03a877d34d/library/core/src/panicking.rs:269:5
[INFO] [stdout]   16:     0x63084e18aeda - tokio::task::spawn::spawn_inner::panic_cold_display::h113662c5b1afd31a
[INFO] [stdout]   17:     0x63084e18ab39 - tokio::task::spawn::spawn_inner::hdc9fa993d938e3b9
[INFO] [stdout]   18:     0x63084e18b300 - tokio::task::spawn::spawn::h739c5297c6125dc9
[INFO] [stdout]   19:     0x63084e17462a - grizzly_scheduler::scheduler::inner::impl_parallel::<impl grizzly_scheduler::scheduler::inner::SchedulerInner<TZ>>::start_non_started_parallel_jobs::h985c55a5b5d82151
[INFO] [stdout]   20:     0x63084e17c341 - grizzly_scheduler::scheduler::inner::SchedulerInner<TZ>::start::he8d0fef1e860d44e
[INFO] [stdout]   21:     0x63084e171813 - grizzly_scheduler::scheduler::Scheduler<TZ>::start::ha160d7c0f399d8a9
[INFO] [stdout]   22:     0x63084e1a7bfe - rust_out::main::_doctest_main_src_lib_rs_24_0::h5a9430ce4d2629c8
[INFO] [stdout]   23:     0x63084e1a78a6 - rust_out::main::h57eefffa92e38ed0
[INFO] [stdout]   24:     0x63084e1827c3 - core::ops::function::FnOnce::call_once::hcb3872443a25b5b7
[INFO] [stdout]   25:     0x63084e17cff6 - std::sys::backtrace::__rust_begin_short_backtrace::hb8f53f53663d2e9e
[INFO] [stdout]   26:     0x63084e17cfd9 - std::rt::lang_start::{{closure}}::h0d6bdb8cb611c7e9
[INFO] [stdout]   27:     0x63084e295c87 - core::ops::function::impls::<impl core::ops::function::FnOnce<A> for &F>::call_once::hba2470d01d3f5e41
[INFO] [stdout]                                at /rustc/202008a1b8de96d2e5b6bc02d379db03a877d34d/library/core/src/ops/function.rs:284:13
[INFO] [stdout]   28:     0x63084e295c87 - std::panicking::try::do_call::hc063fb73159aab72
[INFO] [stdout]                                at /rustc/202008a1b8de96d2e5b6bc02d379db03a877d34d/library/std/src/panicking.rs:557:40
[INFO] [stdout]   29:     0x63084e295c87 - std::panicking::try::h2767c6d245d3a3bb
[INFO] [stdout]                                at /rustc/202008a1b8de96d2e5b6bc02d379db03a877d34d/library/std/src/panicking.rs:520:19
[INFO] [stdout]   30:     0x63084e295c87 - std::panic::catch_unwind::h061c6ef75790da63
[INFO] [stdout]                                at /rustc/202008a1b8de96d2e5b6bc02d379db03a877d34d/library/std/src/panic.rs:358:14
[INFO] [stdout]   31:     0x63084e295c87 - std::rt::lang_start_internal::{{closure}}::h5c5e35b11a4b8c4e
[INFO] [stdout]                                at /rustc/202008a1b8de96d2e5b6bc02d379db03a877d34d/library/std/src/rt.rs:174:48
[INFO] [stdout]   32:     0x63084e295c87 - std::panicking::try::do_call::h705e99690a8109cc
[INFO] [stdout]                                at /rustc/202008a1b8de96d2e5b6bc02d379db03a877d34d/library/std/src/panicking.rs:557:40
[INFO] [stdout]   33:     0x63084e295c87 - std::panicking::try::he5f4452754ed9a34
[INFO] [stdout]                                at /rustc/202008a1b8de96d2e5b6bc02d379db03a877d34d/library/std/src/panicking.rs:520:19
[INFO] [stdout]   34:     0x63084e295c87 - std::panic::catch_unwind::h5db61b3bcbe883e5
[INFO] [stdout]                                at /rustc/202008a1b8de96d2e5b6bc02d379db03a877d34d/library/std/src/panic.rs:358:14
[INFO] [stdout]   35:     0x63084e295c87 - std::rt::lang_start_internal::h81da9b59bab665c6
[INFO] [stdout]                                at /rustc/202008a1b8de96d2e5b6bc02d379db03a877d34d/library/std/src/rt.rs:174:20
[INFO] [stdout]   36:     0x63084e17cfb7 - std::rt::lang_start::h2798034e47ddebf9
[INFO] [stdout]   37:     0x63084e1a8375 - main
[INFO] [stdout]   38:     0x73cc2701cd90 - <unknown>
[INFO] [stdout]   39:     0x73cc2701ce40 - __libc_start_main
[INFO] [stdout]   40:     0x63084e16f0d5 - _start
[INFO] [stdout]   41:                0x0 - <unknown>
[INFO] [stdout] 
[INFO] [stdout] 
[INFO] [stdout] 
[INFO] [stdout] failures:
[INFO] [stdout]     src/lib.rs - (line 24)
[INFO] [stdout] 
[INFO] [stdout] test result: FAILED. 2 passed; 1 failed; 0 ignored; 0 measured; 0 filtered out; finished in 4.31s
[INFO] [stdout] 
[INFO] [stderr] error: doctest failed, to rerun pass `--doc`
[INFO] running `Command { std: "docker" "inspect" "e2acb09053716d411d1e56bb289ea775b807f408bad7769d423db211dfeb610a", kill_on_drop: false }`
[INFO] running `Command { std: "docker" "rm" "-f" "e2acb09053716d411d1e56bb289ea775b807f408bad7769d423db211dfeb610a", kill_on_drop: false }`
[INFO] [stdout] e2acb09053716d411d1e56bb289ea775b807f408bad7769d423db211dfeb610a
