[INFO] cloning repository https://github.com/istalabs/maviola
[INFO] running `Command { std: "git" "-c" "credential.helper=" "-c" "credential.helper=/workspace/cargo-home/bin/git-credential-null" "clone" "--bare" "https://github.com/istalabs/maviola" "/workspace/cache/git-repos/https%3A%2F%2Fgithub.com%2Fistalabs%2Fmaviola", kill_on_drop: false }`
[INFO] [stderr] Cloning into bare repository '/workspace/cache/git-repos/https%3A%2F%2Fgithub.com%2Fistalabs%2Fmaviola'...
[INFO] running `Command { std: "git" "rev-parse" "HEAD", kill_on_drop: false }`
[INFO] [stdout] 611fa33aedcac6bf355dd69b1b3739a6c90ecea3
[INFO] testing istalabs/maviola against beta-2024-12-08 for beta-1.84.0-4-retry
[INFO] running `Command { std: "git" "clone" "/workspace/cache/git-repos/https%3A%2F%2Fgithub.com%2Fistalabs%2Fmaviola" "/workspace/builds/worker-1-tc2/source", kill_on_drop: false }`
[INFO] [stderr] Cloning into '/workspace/builds/worker-1-tc2/source'...
[INFO] [stderr] done.
[INFO] validating manifest of git repo https://github.com/istalabs/maviola on toolchain beta-2024-12-08
[INFO] running `Command { std: CARGO_HOME="/workspace/cargo-home" RUSTUP_HOME="/workspace/rustup-home" "/workspace/cargo-home/bin/cargo" "+beta-2024-12-08" "metadata" "--manifest-path" "Cargo.toml" "--no-deps", kill_on_drop: false }`
[INFO] started tweaking git repo https://github.com/istalabs/maviola
[INFO] finished tweaking git repo https://github.com/istalabs/maviola
[INFO] tweaked toml for git repo https://github.com/istalabs/maviola written to /workspace/builds/worker-1-tc2/source/Cargo.toml
[INFO] crate git repo https://github.com/istalabs/maviola already has a lockfile, it will not be regenerated
[INFO] running `Command { std: CARGO_HOME="/workspace/cargo-home" RUSTUP_HOME="/workspace/rustup-home" "/workspace/cargo-home/bin/cargo" "+beta-2024-12-08" "fetch" "--manifest-path" "Cargo.toml", kill_on_drop: false }`
[INFO] running `Command { std: "docker" "create" "-v" "/var/lib/crater-agent-workspace/builds/worker-1-tc2/target:/opt/rustwide/target:rw,Z" "-v" "/var/lib/crater-agent-workspace/builds/worker-1-tc2/source:/opt/rustwide/workdir:ro,Z" "-v" "/var/lib/crater-agent-workspace/cargo-home:/opt/rustwide/cargo-home:ro,Z" "-v" "/var/lib/crater-agent-workspace/rustup-home:/opt/rustwide/rustup-home:ro,Z" "-e" "SOURCE_DIR=/opt/rustwide/workdir" "-e" "CARGO_TARGET_DIR=/opt/rustwide/target" "-e" "CARGO_HOME=/opt/rustwide/cargo-home" "-e" "RUSTUP_HOME=/opt/rustwide/rustup-home" "-w" "/opt/rustwide/workdir" "-m" "1610612736" "--user" "0:0" "--network" "none" "ghcr.io/rust-lang/crates-build-env/linux@sha256:f3a9d4ad9d972b27faf3965f35b62e55ba32bbce8f20bc8fe909558a86702fde" "/opt/rustwide/cargo-home/bin/cargo" "+beta-2024-12-08" "metadata" "--no-deps" "--format-version=1", kill_on_drop: false }`
[INFO] [stdout] 3a9a9890ea783d9273ed5e4bb59b3f70321a1850d29ba7b393266a4467f81224
[INFO] running `Command { std: "docker" "start" "-a" "3a9a9890ea783d9273ed5e4bb59b3f70321a1850d29ba7b393266a4467f81224", kill_on_drop: false }`
[INFO] running `Command { std: "docker" "inspect" "3a9a9890ea783d9273ed5e4bb59b3f70321a1850d29ba7b393266a4467f81224", kill_on_drop: false }`
[INFO] running `Command { std: "docker" "rm" "-f" "3a9a9890ea783d9273ed5e4bb59b3f70321a1850d29ba7b393266a4467f81224", kill_on_drop: false }`
[INFO] [stdout] 3a9a9890ea783d9273ed5e4bb59b3f70321a1850d29ba7b393266a4467f81224
[INFO] running `Command { std: "docker" "create" "-v" "/var/lib/crater-agent-workspace/builds/worker-1-tc2/target:/opt/rustwide/target:rw,Z" "-v" "/var/lib/crater-agent-workspace/builds/worker-1-tc2/source:/opt/rustwide/workdir:ro,Z" "-v" "/var/lib/crater-agent-workspace/cargo-home:/opt/rustwide/cargo-home:ro,Z" "-v" "/var/lib/crater-agent-workspace/rustup-home:/opt/rustwide/rustup-home:ro,Z" "-e" "SOURCE_DIR=/opt/rustwide/workdir" "-e" "CARGO_TARGET_DIR=/opt/rustwide/target" "-e" "CARGO_INCREMENTAL=0" "-e" "RUST_BACKTRACE=full" "-e" "RUSTFLAGS=--cap-lints=warn" "-e" "RUSTDOCFLAGS=--cap-lints=warn" "-e" "CARGO_HOME=/opt/rustwide/cargo-home" "-e" "RUSTUP_HOME=/opt/rustwide/rustup-home" "-w" "/opt/rustwide/workdir" "-m" "1610612736" "--user" "0:0" "--network" "none" "ghcr.io/rust-lang/crates-build-env/linux@sha256:f3a9d4ad9d972b27faf3965f35b62e55ba32bbce8f20bc8fe909558a86702fde" "/opt/rustwide/cargo-home/bin/cargo" "+beta-2024-12-08" "build" "--frozen" "--message-format=json", kill_on_drop: false }`
[INFO] [stdout] c354603b8954ae4292416584fa963ee19b4eff86e2e1ebf71b2fb10bfa6daf6b
[INFO] running `Command { std: "docker" "start" "-a" "c354603b8954ae4292416584fa963ee19b4eff86e2e1ebf71b2fb10bfa6daf6b", kill_on_drop: false }`
[INFO] [stderr]    Compiling proc-macro2 v1.0.79
[INFO] [stderr]    Compiling unicode-ident v1.0.12
[INFO] [stderr]    Compiling serde v1.0.197
[INFO] [stderr]    Compiling libc v0.2.151
[INFO] [stderr]    Compiling thiserror v1.0.58
[INFO] [stderr]    Compiling memchr v2.7.1
[INFO] [stderr]    Compiling equivalent v1.0.1
[INFO] [stderr]    Compiling hashbrown v0.14.3
[INFO] [stderr]    Compiling winnow v0.5.31
[INFO] [stderr]    Compiling crc-any v2.4.4
[INFO] [stderr]    Compiling typenum v1.17.0
[INFO] [stderr]    Compiling heck v0.5.0
[INFO] [stderr]    Compiling version_check v0.9.4
[INFO] [stderr]    Compiling prettyplease v0.2.17
[INFO] [stderr]    Compiling aho-corasick v1.1.2
[INFO] [stderr]    Compiling regex-syntax v0.8.2
[INFO] [stderr]    Compiling generic-array v0.14.7
[INFO] [stderr]    Compiling indexmap v2.1.0
[INFO] [stderr]    Compiling quote v1.0.35
[INFO] [stderr]    Compiling syn v2.0.55
[INFO] [stderr]    Compiling serde_json v1.0.114
[INFO] [stderr]    Compiling mavinspect v0.2.4
[INFO] [stderr]    Compiling cfg-if v1.0.0
[INFO] [stderr]    Compiling quick-xml v0.31.0
[INFO] [stderr]    Compiling mavspec_rust_gen v0.3.3
[INFO] [stderr]    Compiling log v0.4.21
[INFO] [stderr]    Compiling itoa v1.0.10
[INFO] [stderr]    Compiling ryu v1.0.16
[INFO] [stderr]    Compiling base64 v0.22.0
[INFO] [stderr]    Compiling pin-project-lite v0.2.13
[INFO] [stderr]    Compiling getrandom v0.2.11
[INFO] [stderr]    Compiling num_cpus v1.16.0
[INFO] [stderr]    Compiling mio v0.8.10
[INFO] [stderr]    Compiling socket2 v0.5.5
[INFO] [stderr]    Compiling bytes v1.5.0
[INFO] [stderr]    Compiling block-buffer v0.10.4
[INFO] [stderr]    Compiling crypto-common v0.1.6
[INFO] [stderr]    Compiling rand_core v0.6.4
[INFO] [stderr]    Compiling regex-automata v0.4.6
[INFO] [stderr]    Compiling paste v1.0.14
[INFO] [stderr]    Compiling ppv-lite86 v0.2.17
[INFO] [stderr]    Compiling futures-core v0.3.30
[INFO] [stderr]    Compiling digest v0.10.7
[INFO] [stderr]    Compiling futures-sink v0.3.29
[INFO] [stderr]    Compiling rand_chacha v0.3.1
[INFO] [stderr]    Compiling cpufeatures v0.2.11
[INFO] [stderr]    Compiling utf8parse v0.2.1
[INFO] [stderr]    Compiling async-trait v0.1.79
[INFO] [stderr]    Compiling anstyle-parse v0.2.3
[INFO] [stderr]    Compiling rand v0.8.5
[INFO] [stderr]    Compiling sha2 v0.10.8
[INFO] [stderr]    Compiling colorchoice v1.0.0
[INFO] [stderr]    Compiling anstyle-query v1.0.2
[INFO] [stderr]    Compiling anstyle v1.0.6
[INFO] [stderr]    Compiling portpicker v0.1.1
[INFO] [stderr]    Compiling anstream v0.6.11
[INFO] [stderr]    Compiling humantime v2.1.0
[INFO] [stderr]    Compiling serde_derive v1.0.197
[INFO] [stderr]    Compiling thiserror-impl v1.0.58
[INFO] [stderr]    Compiling tokio-macros v2.2.0
[INFO] [stderr]    Compiling async-stream-impl v0.3.5
[INFO] [stderr]    Compiling regex v1.10.4
[INFO] [stderr]    Compiling mavspec_rust_derive v0.3.3
[INFO] [stderr]    Compiling async-stream v0.3.5
[INFO] [stderr]    Compiling tokio v1.36.0
[INFO] [stderr]    Compiling env_filter v0.1.0
[INFO] [stderr]    Compiling env_logger v0.11.3
[INFO] [stderr]    Compiling tokio-util v0.7.10
[INFO] [stderr]    Compiling tokio-stream v0.1.15
[INFO] [stderr]    Compiling bitflags v2.5.0
[INFO] [stderr]    Compiling toml_datetime v0.6.5
[INFO] [stderr]    Compiling serde_spanned v0.6.5
[INFO] [stderr]    Compiling tbytes v0.1.0
[INFO] [stderr]    Compiling toml_edit v0.21.1
[INFO] [stderr]    Compiling serde_arrays v0.1.0
[INFO] [stderr]    Compiling mavspec_rust_spec v0.3.3
[INFO] [stderr]    Compiling mavspec v0.3.3
[INFO] [stderr]    Compiling toml v0.8.9
[INFO] [stderr]    Compiling cargo-manifest v0.13.0
[INFO] [stderr]    Compiling mavio v0.2.5
[INFO] [stderr]    Compiling maviola v0.1.2 (/opt/rustwide/workdir/maviola)
[INFO] [stdout] warning: unexpected `cfg` condition name: `rustdoc`
[INFO] [stdout]    --> maviola/src/lib.rs:127:25
[INFO] [stdout]     |
[INFO] [stdout] 127 | #[cfg(any(doc, doctest, rustdoc))]
[INFO] [stdout]     |                         ^^^^^^^
[INFO] [stdout]     |
[INFO] [stdout]     = help: expected names are: `clippy`, `debug_assertions`, `doc`, `docsrs`, `doctest`, `feature`, `fmt_debug`, `miri`, `overflow_checks`, `panic`, `proc_macro`, `relocation_model`, `rustfmt`, `sanitize`, `sanitizer_cfi_generalize_pointers`, `sanitizer_cfi_normalize_integers`, `target_abi`, `target_arch`, `target_endian`, `target_env`, `target_family`, `target_feature`, `target_has_atomic`, `target_has_atomic_equal_alignment`, `target_has_atomic_load_store`, `target_os`, `target_pointer_width`, `target_thread_local`, `target_vendor`, `test`, `ub_checks`, `unix`, and `windows`
[INFO] [stdout]     = help: consider using a Cargo feature instead
[INFO] [stdout]     = help: or consider adding in `Cargo.toml` the `check-cfg` lint config for the lint:
[INFO] [stdout]              [lints.rust]
[INFO] [stdout]              unexpected_cfgs = { level = "warn", check-cfg = ['cfg(rustdoc)'] }
[INFO] [stdout]     = help: or consider adding `println!("cargo::rustc-check-cfg=cfg(rustdoc)");` to the top of the `build.rs`
[INFO] [stdout]     = note: see <https://doc.rust-lang.org/nightly/rustc/check-cfg/cargo-specifics.html> for more information about checking conditional configuration
[INFO] [stdout]     = note: `#[warn(unexpected_cfgs)]` on by default
[INFO] [stdout] 
[INFO] [stdout] 
[INFO] [stdout] warning: creating a shared reference to mutable static is discouraged
[INFO] [stdout]    --> maviola/src/core/io/connection_info.rs:260:18
[INFO] [stdout]     |
[INFO] [stdout] 260 |         unsafe { UNKNOWN_CONNECTION.as_ref().unwrap() }
[INFO] [stdout]     |                  ^^^^^^^^^^^^^^^^^^^^^^^^^^^ shared reference to mutable static
[INFO] [stdout]     |
[INFO] [stdout]     = note: for more information, see <https://doc.rust-lang.org/nightly/edition-guide/rust-2024/static-mut-references.html>
[INFO] [stdout]     = note: shared references to mutable statics are dangerous; it's undefined behavior if the static is mutated or if a mutable reference is created for it while the shared reference lives
[INFO] [stdout]     = note: `#[warn(static_mut_refs)]` on by default
[INFO] [stdout] 
[INFO] [stdout] 
[INFO] [stderr]    Compiling maviola_benchmarks v0.0.0 (/opt/rustwide/workdir/benchmarks)
[INFO] [stderr]     Finished `dev` profile [unoptimized + debuginfo] target(s) in 1m 31s
[INFO] running `Command { std: "docker" "inspect" "c354603b8954ae4292416584fa963ee19b4eff86e2e1ebf71b2fb10bfa6daf6b", kill_on_drop: false }`
[INFO] running `Command { std: "docker" "rm" "-f" "c354603b8954ae4292416584fa963ee19b4eff86e2e1ebf71b2fb10bfa6daf6b", kill_on_drop: false }`
[INFO] [stdout] c354603b8954ae4292416584fa963ee19b4eff86e2e1ebf71b2fb10bfa6daf6b
[INFO] running `Command { std: "docker" "create" "-v" "/var/lib/crater-agent-workspace/builds/worker-1-tc2/target:/opt/rustwide/target:rw,Z" "-v" "/var/lib/crater-agent-workspace/builds/worker-1-tc2/source:/opt/rustwide/workdir:ro,Z" "-v" "/var/lib/crater-agent-workspace/cargo-home:/opt/rustwide/cargo-home:ro,Z" "-v" "/var/lib/crater-agent-workspace/rustup-home:/opt/rustwide/rustup-home:ro,Z" "-e" "SOURCE_DIR=/opt/rustwide/workdir" "-e" "CARGO_TARGET_DIR=/opt/rustwide/target" "-e" "CARGO_INCREMENTAL=0" "-e" "RUST_BACKTRACE=full" "-e" "RUSTFLAGS=--cap-lints=warn" "-e" "RUSTDOCFLAGS=--cap-lints=warn" "-e" "CARGO_HOME=/opt/rustwide/cargo-home" "-e" "RUSTUP_HOME=/opt/rustwide/rustup-home" "-w" "/opt/rustwide/workdir" "-m" "1610612736" "--user" "0:0" "--network" "none" "ghcr.io/rust-lang/crates-build-env/linux@sha256:f3a9d4ad9d972b27faf3965f35b62e55ba32bbce8f20bc8fe909558a86702fde" "/opt/rustwide/cargo-home/bin/cargo" "+beta-2024-12-08" "test" "--frozen" "--no-run" "--message-format=json", kill_on_drop: false }`
[INFO] [stdout] 86be7cbb07380228cf02faec48320f4ed4e6ea78e5571a2c5baa3620fd7eb8c9
[INFO] running `Command { std: "docker" "start" "-a" "86be7cbb07380228cf02faec48320f4ed4e6ea78e5571a2c5baa3620fd7eb8c9", kill_on_drop: false }`
[INFO] [stderr]    Compiling maviola v0.1.2 (/opt/rustwide/workdir/maviola)
[INFO] [stderr]    Compiling maviola_benchmarks v0.0.0 (/opt/rustwide/workdir/benchmarks)
[INFO] [stdout] warning: unexpected `cfg` condition name: `rustdoc`
[INFO] [stdout]    --> maviola/src/lib.rs:127:25
[INFO] [stdout]     |
[INFO] [stdout] 127 | #[cfg(any(doc, doctest, rustdoc))]
[INFO] [stdout]     |                         ^^^^^^^
[INFO] [stdout]     |
[INFO] [stdout]     = help: expected names are: `clippy`, `debug_assertions`, `doc`, `docsrs`, `doctest`, `feature`, `fmt_debug`, `miri`, `overflow_checks`, `panic`, `proc_macro`, `relocation_model`, `rustfmt`, `sanitize`, `sanitizer_cfi_generalize_pointers`, `sanitizer_cfi_normalize_integers`, `target_abi`, `target_arch`, `target_endian`, `target_env`, `target_family`, `target_feature`, `target_has_atomic`, `target_has_atomic_equal_alignment`, `target_has_atomic_load_store`, `target_os`, `target_pointer_width`, `target_thread_local`, `target_vendor`, `test`, `ub_checks`, `unix`, and `windows`
[INFO] [stdout]     = help: consider using a Cargo feature instead
[INFO] [stdout]     = help: or consider adding in `Cargo.toml` the `check-cfg` lint config for the lint:
[INFO] [stdout]              [lints.rust]
[INFO] [stdout]              unexpected_cfgs = { level = "warn", check-cfg = ['cfg(rustdoc)'] }
[INFO] [stdout]     = help: or consider adding `println!("cargo::rustc-check-cfg=cfg(rustdoc)");` to the top of the `build.rs`
[INFO] [stdout]     = note: see <https://doc.rust-lang.org/nightly/rustc/check-cfg/cargo-specifics.html> for more information about checking conditional configuration
[INFO] [stdout]     = note: `#[warn(unexpected_cfgs)]` on by default
[INFO] [stdout] 
[INFO] [stdout] 
[INFO] [stdout] warning: creating a shared reference to mutable static is discouraged
[INFO] [stdout]    --> maviola/src/core/io/connection_info.rs:260:18
[INFO] [stdout]     |
[INFO] [stdout] 260 |         unsafe { UNKNOWN_CONNECTION.as_ref().unwrap() }
[INFO] [stdout]     |                  ^^^^^^^^^^^^^^^^^^^^^^^^^^^ shared reference to mutable static
[INFO] [stdout]     |
[INFO] [stdout]     = note: for more information, see <https://doc.rust-lang.org/nightly/edition-guide/rust-2024/static-mut-references.html>
[INFO] [stdout]     = note: shared references to mutable statics are dangerous; it's undefined behavior if the static is mutated or if a mutable reference is created for it while the shared reference lives
[INFO] [stdout]     = note: `#[warn(static_mut_refs)]` on by default
[INFO] [stdout] 
[INFO] [stdout] 
[INFO] [stdout] warning: unexpected `cfg` condition name: `rustdoc`
[INFO] [stdout]    --> maviola/src/lib.rs:127:25
[INFO] [stdout]     |
[INFO] [stdout] 127 | #[cfg(any(doc, doctest, rustdoc))]
[INFO] [stdout]     |                         ^^^^^^^
[INFO] [stdout]     |
[INFO] [stdout]     = help: expected names are: `clippy`, `debug_assertions`, `doc`, `docsrs`, `doctest`, `feature`, `fmt_debug`, `miri`, `overflow_checks`, `panic`, `proc_macro`, `relocation_model`, `rustfmt`, `sanitize`, `sanitizer_cfi_generalize_pointers`, `sanitizer_cfi_normalize_integers`, `target_abi`, `target_arch`, `target_endian`, `target_env`, `target_family`, `target_feature`, `target_has_atomic`, `target_has_atomic_equal_alignment`, `target_has_atomic_load_store`, `target_os`, `target_pointer_width`, `target_thread_local`, `target_vendor`, `test`, `ub_checks`, `unix`, and `windows`
[INFO] [stdout]     = help: consider using a Cargo feature instead
[INFO] [stdout]     = help: or consider adding in `Cargo.toml` the `check-cfg` lint config for the lint:
[INFO] [stdout]              [lints.rust]
[INFO] [stdout]              unexpected_cfgs = { level = "warn", check-cfg = ['cfg(rustdoc)'] }
[INFO] [stdout]     = help: or consider adding `println!("cargo::rustc-check-cfg=cfg(rustdoc)");` to the top of the `build.rs`
[INFO] [stdout]     = note: see <https://doc.rust-lang.org/nightly/rustc/check-cfg/cargo-specifics.html> for more information about checking conditional configuration
[INFO] [stdout]     = note: `#[warn(unexpected_cfgs)]` on by default
[INFO] [stdout] 
[INFO] [stdout] 
[INFO] [stdout] warning: creating a shared reference to mutable static is discouraged
[INFO] [stdout]    --> maviola/src/core/io/connection_info.rs:260:18
[INFO] [stdout]     |
[INFO] [stdout] 260 |         unsafe { UNKNOWN_CONNECTION.as_ref().unwrap() }
[INFO] [stdout]     |                  ^^^^^^^^^^^^^^^^^^^^^^^^^^^ shared reference to mutable static
[INFO] [stdout]     |
[INFO] [stdout]     = note: for more information, see <https://doc.rust-lang.org/nightly/edition-guide/rust-2024/static-mut-references.html>
[INFO] [stdout]     = note: shared references to mutable statics are dangerous; it's undefined behavior if the static is mutated or if a mutable reference is created for it while the shared reference lives
[INFO] [stdout]     = note: `#[warn(static_mut_refs)]` on by default
[INFO] [stdout] 
[INFO] [stdout] 
[INFO] [stderr]     Finished `test` profile [unoptimized + debuginfo] target(s) in 1m 12s
[INFO] running `Command { std: "docker" "inspect" "86be7cbb07380228cf02faec48320f4ed4e6ea78e5571a2c5baa3620fd7eb8c9", kill_on_drop: false }`
[INFO] running `Command { std: "docker" "rm" "-f" "86be7cbb07380228cf02faec48320f4ed4e6ea78e5571a2c5baa3620fd7eb8c9", kill_on_drop: false }`
[INFO] [stdout] 86be7cbb07380228cf02faec48320f4ed4e6ea78e5571a2c5baa3620fd7eb8c9
[INFO] running `Command { std: "docker" "create" "-v" "/var/lib/crater-agent-workspace/builds/worker-1-tc2/target:/opt/rustwide/target:rw,Z" "-v" "/var/lib/crater-agent-workspace/builds/worker-1-tc2/source:/opt/rustwide/workdir:ro,Z" "-v" "/var/lib/crater-agent-workspace/cargo-home:/opt/rustwide/cargo-home:ro,Z" "-v" "/var/lib/crater-agent-workspace/rustup-home:/opt/rustwide/rustup-home:ro,Z" "-e" "SOURCE_DIR=/opt/rustwide/workdir" "-e" "CARGO_TARGET_DIR=/opt/rustwide/target" "-e" "CARGO_INCREMENTAL=0" "-e" "RUST_BACKTRACE=full" "-e" "RUSTFLAGS=--cap-lints=warn" "-e" "RUSTDOCFLAGS=--cap-lints=warn" "-e" "CARGO_HOME=/opt/rustwide/cargo-home" "-e" "RUSTUP_HOME=/opt/rustwide/rustup-home" "-w" "/opt/rustwide/workdir" "-m" "1610612736" "--user" "0:0" "--network" "none" "ghcr.io/rust-lang/crates-build-env/linux@sha256:f3a9d4ad9d972b27faf3965f35b62e55ba32bbce8f20bc8fe909558a86702fde" "/opt/rustwide/cargo-home/bin/cargo" "+beta-2024-12-08" "test" "--frozen", kill_on_drop: false }`
[INFO] [stdout] 504085c3e255b2b4b47c17dd38f4caf5679dd251e85b5bc5f4a1ee9e406a0274
[INFO] running `Command { std: "docker" "start" "-a" "504085c3e255b2b4b47c17dd38f4caf5679dd251e85b5bc5f4a1ee9e406a0274", kill_on_drop: false }`
[INFO] [stderr] warning: unexpected `cfg` condition name: `rustdoc`
[INFO] [stderr]    --> maviola/src/lib.rs:127:25
[INFO] [stderr]     |
[INFO] [stderr] 127 | #[cfg(any(doc, doctest, rustdoc))]
[INFO] [stderr]     |                         ^^^^^^^
[INFO] [stderr]     |
[INFO] [stderr]     = help: expected names are: `clippy`, `debug_assertions`, `doc`, `docsrs`, `doctest`, `feature`, `fmt_debug`, `miri`, `overflow_checks`, `panic`, `proc_macro`, `relocation_model`, `rustfmt`, `sanitize`, `sanitizer_cfi_generalize_pointers`, `sanitizer_cfi_normalize_integers`, `target_abi`, `target_arch`, `target_endian`, `target_env`, `target_family`, `target_feature`, `target_has_atomic`, `target_has_atomic_equal_alignment`, `target_has_atomic_load_store`, `target_os`, `target_pointer_width`, `target_thread_local`, `target_vendor`, `test`, `ub_checks`, `unix`, and `windows`
[INFO] [stderr]     = help: consider using a Cargo feature instead
[INFO] [stderr]     = help: or consider adding in `Cargo.toml` the `check-cfg` lint config for the lint:
[INFO] [stderr]              [lints.rust]
[INFO] [stderr]              unexpected_cfgs = { level = "warn", check-cfg = ['cfg(rustdoc)'] }
[INFO] [stderr]     = help: or consider adding `println!("cargo::rustc-check-cfg=cfg(rustdoc)");` to the top of the `build.rs`
[INFO] [stderr]     = note: see <https://doc.rust-lang.org/nightly/rustc/check-cfg/cargo-specifics.html> for more information about checking conditional configuration
[INFO] [stderr]     = note: `#[warn(unexpected_cfgs)]` on by default
[INFO] [stderr] 
[INFO] [stderr] warning: creating a shared reference to mutable static is discouraged
[INFO] [stderr]    --> maviola/src/core/io/connection_info.rs:260:18
[INFO] [stderr]     |
[INFO] [stderr] 260 |         unsafe { UNKNOWN_CONNECTION.as_ref().unwrap() }
[INFO] [stderr]     |                  ^^^^^^^^^^^^^^^^^^^^^^^^^^^ shared reference to mutable static
[INFO] [stderr]     |
[INFO] [stderr]     = note: for more information, see <https://doc.rust-lang.org/nightly/edition-guide/rust-2024/static-mut-references.html>
[INFO] [stderr]     = note: shared references to mutable statics are dangerous; it's undefined behavior if the static is mutated or if a mutable reference is created for it while the shared reference lives
[INFO] [stderr]     = note: `#[warn(static_mut_refs)]` on by default
[INFO] [stderr] 
[INFO] [stderr] warning: `maviola` (lib) generated 2 warnings
[INFO] [stderr] warning: `maviola` (lib test) generated 2 warnings (2 duplicates)
[INFO] [stderr]     Finished `test` profile [unoptimized + debuginfo] target(s) in 0.33s
[INFO] [stderr]      Running unittests src/lib.rs (/opt/rustwide/target/debug/deps/maviola-0ec2e3683b4278ff)
[INFO] [stdout] 
[INFO] [stdout] running 47 tests
[INFO] [stdout] test asnc::node::event::async_event_tests::test_event_stream ... ok
[INFO] [stdout] test asnc::io::transport::udp::udp_rw::tests::async_udp_read_workflow ... ok
[INFO] [stdout] test core::node::node_conf::tests::node_conf_builder_workflow ... ok
[INFO] [stdout] test asnc::io::transport::udp::udp_rw::tests::async_udp_write_workflow ... ok
[INFO] [stdout] test asnc::utils::mpsc_rw::tests::async_mpsc_reader_basic_workflow ... ok
[INFO] [stdout] test asnc::utils::mpsc_rw::tests::async_mpsc_writer_basic_workflow ... ok
[INFO] [stdout] test core::node::node_conf::tests::node_conf_no_dialect_no_id_builder_workflow ... ok
[INFO] [stdout] test core::utils::closable::test_closable::closer_state_is_passing ... ok
[INFO] [stdout] test core::node::node_conf::tests::node_conf_no_dialect_builder_workflow ... ok
[INFO] [stdout] test core::utils::closable::test_closable::drop_after_discard ... ok
[INFO] [stdout] test core::utils::closable::test_closable::dependent_shared_closers_can_be_discarded ... ok
[INFO] [stdout] test core::utils::closable::test_closable::discard_after_drop ... ok
[INFO] [stdout] test core::utils::closable::test_closable::shared_closers_behave_as_arc_closers ... ok
[INFO] [stdout] test core::utils::closable::test_closable::standalone_discard_closes ... ok
[INFO] [stdout] test core::utils::flipper::test_flipper::basic_switch_workflow ... ok
[INFO] [stdout] test core::utils::flipper::test_flipper::shared_switch_workflow ... ok
[INFO] [stdout] test core::utils::flipper::test_flipper::test_shared_flags ... ok
[INFO] [stdout] test core::utils::flipper::test_flipper::state_between_shared_switches_is_shared ... ok
[INFO] [stdout] test core::utils::flipper::test_flipper::test_watcher_flags ... ok
[INFO] [stdout] test core::utils::ring::tests::ring_basics ... ok
[INFO] [stdout] test core::utils::flipper::test_flipper::to_shared_switch_discard ... ok
[INFO] [stdout] test core::utils::ring::tests::extend_ring_capacity ... ok
[INFO] [stdout] test core::utils::ring::tests::ring_iterator ... ok
[INFO] [stdout] test core::utils::unique_id::unique_id_tests::test_unique_id ... ok
[INFO] [stdout] test protocol::peer::peer_tests::peer_comparisons ... ok
[INFO] [stdout] test protocol::processor::processor_tests::extend_processor_keep_compat ... ok
[INFO] [stdout] test protocol::processor::processor_tests::extend_processor_keep_signer ... ok
[INFO] [stdout] test protocol::processor::processor_tests::extend_processor_new_compat ... ok
[INFO] [stdout] test protocol::processor::processor_tests::extend_processor_new_signer ... ok
[INFO] [stdout] test core::utils::ring::tests::ring_zero_elements ... ok
[INFO] [stdout] test core::utils::closable::test_closable::closer_drop_means_closed ... ok
[INFO] [stdout] test core::utils::closable::test_closable::closer_arc_drop_mechanics ... ok
[INFO] [stdout] test core::utils::closable::test_closable::dependent_shared_closers_may_trigger_close ... ok
[INFO] [stdout] test sync::utils::mpmc::tests::inner_receiver_disconnects_when_guard_is_dropped ... ok
[INFO] [stdout] test sync::utils::mpmc::tests::mpmc_basic ... ok
[INFO] [stdout] test sync::utils::mpmc::tests::inner_receiver_is_active_while_guard_is_present ... ok
[INFO] [stdout] test sync::utils::mpmc::tests::mpmc_close_on_receivers_dropped ... ok
[INFO] [stdout] test sync::utils::mpmc::tests::mpmc_close_on_sender_dropped ... ok
[INFO] [stdout] test sync::utils::mpmc::tests::mpmc_multi_threading ... ok
[INFO] [stdout] test sync::utils::mpmc::tests::mpmc_multi_threading_try_recv_recv ... ok
[INFO] [stdout] test sync::utils::mpmc::tests::mpmc_multi_threading_try_recv_send ... ok
[INFO] [stdout] test sync::network::ext::tests::basic_network_workflow ... ok
[INFO] [stdout] test sync::io::connection::tests::standalone_connections ... ok
[INFO] [stdout] test sync::network::ext::tests::network_reconnect ... ok
[INFO] [stdout] test sync::utils::mpmc::tests::mpmc_basic_try_recv ... ok
[INFO] [stdout] test asnc::network::ext::tests::basic_network_workflow ... ok
[INFO] [stdout] test asnc::network::ext::tests::network_reconnect ... ok
[INFO] [stdout] 
[INFO] [stdout] test result: ok. 47 passed; 0 failed; 0 ignored; 0 measured; 0 filtered out; finished in 1.70s
[INFO] [stdout] 
[INFO] [stderr]      Running tests/mod.rs (/opt/rustwide/target/debug/deps/mod-669a4aa1cac9cc87)
[INFO] [stdout] 
[INFO] [stdout] running 8 tests
[INFO] [stdout] test io::message_signing_tests::define_signing_config ... ok
[INFO] [stderr] [2024-12-14T15:40:55Z DEBUG maviola::core::node::base] [TcpClient { remote_addr: 127.0.0.1:19029 }]: node is closed
[INFO] [stderr] [2024-12-14T15:40:55Z DEBUG maviola::core::node::base] [TcpServer { bind_addr: 127.0.0.1:19029 }]: node is closed
[INFO] [stderr] [2024-12-14T15:40:55Z DEBUG maviola::sync::io::connection] [TcpClient { remote_addr: 127.0.0.1:19029 }] connection stopped
[INFO] [stdout] test io::sync_node_tests::heartbeats_are_sent ... ok
[INFO] [stderr] [2024-12-14T15:40:55Z DEBUG maviola::sync::io::transport::tcp::server] [TcpServer { bind_addr: 127.0.0.1:19029 }] spawn wake-up connection to close server listening loop
[INFO] [stderr] [2024-12-14T15:40:55Z DEBUG maviola::sync::io::connection] [TcpServer { bind_addr: 127.0.0.1:19029 }] connection stopped
[INFO] [stderr] [2024-12-14T15:40:55Z DEBUG maviola::core::node::base] [TcpClient { remote_addr: 127.0.0.1:16176 }]: node is closed
[INFO] [stderr] [2024-12-14T15:40:55Z DEBUG maviola::core::node::base] [TcpServer { bind_addr: 127.0.0.1:16176 }]: node is closed
[INFO] [stderr] [2024-12-14T15:40:55Z DEBUG maviola::sync::io::connection] [TcpClient { remote_addr: 127.0.0.1:16176 }] connection stopped
[INFO] [stdout] test io::sync_node_tests::node_no_id ... ok
[INFO] [stderr] [2024-12-14T15:40:55Z DEBUG maviola::sync::node::handler::heartbeats] [TcpServer { bind_addr: 127.0.0.1:19029 }] heartbeats emitter stopped
[INFO] [stderr] [2024-12-14T15:40:55Z DEBUG maviola::core::node::base] [TcpClient { remote_addr: 127.0.0.1:24163 }]: node is closed
[INFO] [stderr] [2024-12-14T15:40:55Z DEBUG maviola::core::node::base] [TcpServer { bind_addr: 127.0.0.1:24163 }]: node is closed
[INFO] [stderr] [2024-12-14T15:40:55Z DEBUG maviola::sync::io::transport::tcp::server] [TcpServer { bind_addr: 127.0.0.1:16176 }] spawn wake-up connection to close server listening loop
[INFO] [stderr] [2024-12-14T15:40:55Z DEBUG maviola::sync::io::transport::tcp::server] [TcpServer { bind_addr: 127.0.0.1:24163 }] spawn wake-up connection to close server listening loop
[INFO] [stdout] test io::sync_node_tests::node_no_version ... ok
[INFO] [stderr] [2024-12-14T15:40:55Z DEBUG maviola::sync::io::connection] [TcpClient { remote_addr: 127.0.0.1:24163 }] connection stopped
[INFO] [stderr] [2024-12-14T15:40:55Z DEBUG maviola::sync::io::connection] [TcpServer { bind_addr: 127.0.0.1:16176 }] connection stopped
[INFO] [stderr] [2024-12-14T15:40:55Z DEBUG maviola::sync::io::connection] [TcpServer { bind_addr: 127.0.0.1:24163 }] connection stopped
[INFO] [stderr] [2024-12-14T15:40:55Z DEBUG maviola::sync::io::connection] [TcpClient { remote_addr: 127.0.0.1:16571 }] connection stopped
[INFO] [stderr] [2024-12-14T15:40:55Z DEBUG maviola::core::node::base] [TcpClient { remote_addr: 127.0.0.1:16571 }]: node is closed
[INFO] [stderr] [2024-12-14T15:40:55Z DEBUG maviola::core::node::base] [TcpClient { remote_addr: 127.0.0.1:16571 }]: node is closed
[INFO] [stderr] [2024-12-14T15:40:55Z DEBUG maviola::core::node::base] [TcpClient { remote_addr: 127.0.0.1:16571 }]: node is closed
[INFO] [stderr] [2024-12-14T15:40:55Z DEBUG maviola::core::node::base] [TcpClient { remote_addr: 127.0.0.1:16571 }]: node is closed
[INFO] [stderr] [2024-12-14T15:40:55Z DEBUG maviola::core::node::base] [TcpClient { remote_addr: 127.0.0.1:16571 }]: node is closed
[INFO] [stderr] [2024-12-14T15:40:55Z DEBUG maviola::core::node::base] [TcpServer { bind_addr: 127.0.0.1:16571 }]: node is closed
[INFO] [stderr] [2024-12-14T15:40:55Z DEBUG maviola::sync::io::connection] [TcpClient { remote_addr: 127.0.0.1:16571 }] connection stopped
[INFO] [stderr] [2024-12-14T15:40:55Z DEBUG maviola::sync::io::transport::tcp::server] [TcpServer { bind_addr: 127.0.0.1:16571 }] spawn wake-up connection to close server listening loop
[INFO] [stdout] test io::sync_node_tests::messages_are_sent_and_received_clients_server ... ok
[INFO] [stderr] [2024-12-14T15:40:55Z DEBUG maviola::sync::io::connection] [TcpClient { remote_addr: 127.0.0.1:16571 }] connection stopped
[INFO] [stderr] [2024-12-14T15:40:55Z DEBUG maviola::core::node::base] [TcpClient { remote_addr: 127.0.0.1:15513 }]: node is closed
[INFO] [stderr] [2024-12-14T15:40:55Z DEBUG maviola::core::node::base] [TcpClient { remote_addr: 127.0.0.1:15513 }]: node is closed
[INFO] [stderr] [2024-12-14T15:40:55Z DEBUG maviola::core::node::base] [TcpClient { remote_addr: 127.0.0.1:15513 }]: node is closed
[INFO] [stderr] [2024-12-14T15:40:55Z DEBUG maviola::core::node::base] [TcpClient { remote_addr: 127.0.0.1:15513 }]: node is closed
[INFO] [stderr] [2024-12-14T15:40:55Z DEBUG maviola::core::node::base] [TcpClient { remote_addr: 127.0.0.1:15513 }]: node is closed
[INFO] [stderr] [2024-12-14T15:40:55Z DEBUG maviola::core::node::base] [TcpServer { bind_addr: 127.0.0.1:15513 }]: node is closed
[INFO] [stderr] [2024-12-14T15:40:55Z DEBUG maviola::sync::io::transport::tcp::server] [TcpServer { bind_addr: 127.0.0.1:15513 }] spawn wake-up connection to close server listening loop
[INFO] [stderr] [2024-12-14T15:40:55Z DEBUG maviola::sync::io::connection] [TcpClient { remote_addr: 127.0.0.1:15513 }] connection stopped
[INFO] [stderr] [2024-12-14T15:40:55Z DEBUG maviola::sync::io::connection] [TcpServer { bind_addr: 127.0.0.1:15513 }] connection stopped
[INFO] [stdout] test io::sync_node_tests::messages_are_sent_and_received_server_clients ... ok
[INFO] [stderr] [2024-12-14T15:40:55Z DEBUG maviola::sync::io::connection] [TcpClient { remote_addr: 127.0.0.1:15513 }] connection stopped
[INFO] [stderr] [2024-12-14T15:40:55Z DEBUG maviola::sync::io::connection] [TcpServer { bind_addr: 127.0.0.1:16571 }] connection stopped
[INFO] [stderr] [2024-12-14T15:40:55Z DEBUG maviola::sync::io::connection] [TcpClient { remote_addr: 127.0.0.1:15513 }] connection stopped
[INFO] [stderr] [2024-12-14T15:40:55Z DEBUG maviola::sync::io::connection] [TcpClient { remote_addr: 127.0.0.1:16571 }] connection stopped
[INFO] [stderr] [2024-12-14T15:40:55Z DEBUG maviola::sync::io::connection] [TcpClient { remote_addr: 127.0.0.1:15513 }] connection stopped
[INFO] [stderr] [2024-12-14T15:40:55Z DEBUG maviola::sync::io::connection] [TcpClient { remote_addr: 127.0.0.1:16571 }] connection stopped
[INFO] [stderr] [2024-12-14T15:40:55Z DEBUG maviola::sync::io::connection] [TcpClient { remote_addr: 127.0.0.1:15513 }] connection stopped
[INFO] [stderr] [2024-12-14T15:40:56Z DEBUG maviola::core::node::base] [TcpClient { remote_addr: 127.0.0.1:16567 }]: node is closed
[INFO] [stdout] test io::sync_node_tests::events_are_received ... ok
[INFO] [stderr] [2024-12-14T15:40:56Z DEBUG maviola::core::node::base] [TcpServer { bind_addr: 127.0.0.1:16567 }]: node is closed
[INFO] [stderr] [2024-12-14T15:40:56Z DEBUG maviola::sync::io::connection] [TcpClient { remote_addr: 127.0.0.1:16567 }] connection stopped
[INFO] [stderr] [2024-12-14T15:40:56Z DEBUG maviola::core::node::base] [TcpClient { remote_addr: 127.0.0.1:22924 }]: node is closed
[INFO] [stderr] [2024-12-14T15:40:56Z DEBUG maviola::core::node::base] [TcpServer { bind_addr: 127.0.0.1:22924 }]: node is closed
[INFO] [stdout] test io::sync_node_tests::node_no_id_no_version ... ok
[INFO] [stdout] 
[INFO] [stdout] test result: ok. 8 passed; 0 failed; 0 ignored; 0 measured; 0 filtered out; finished in 1.20s
[INFO] [stdout] 
[INFO] [stderr]      Running unittests examples/async_file_rw.rs (/opt/rustwide/target/debug/examples/async_file_rw-8b47e69bc8997615)
[INFO] [stdout] 
[INFO] [stdout] running 1 test
[INFO] [stdout] test async_file_rw ... ok
[INFO] [stdout] 
[INFO] [stdout] test result: ok. 1 passed; 0 failed; 0 ignored; 0 measured; 0 filtered out; finished in 0.25s
[INFO] [stdout] 
[INFO] [stdout] 
[INFO] [stdout] running 1 test
[INFO] [stderr]      Running unittests examples/async_multiple_devices.rs (/opt/rustwide/target/debug/examples/async_multiple_devices-b50c9b9392ba7b78)
[INFO] [stderr]      Running unittests examples/async_network.rs (/opt/rustwide/target/debug/examples/async_network-6c46801266f3dfd3)
[INFO] [stdout] test async_multiple_devices ... ok
[INFO] [stdout] 
[INFO] [stdout] test result: ok. 1 passed; 0 failed; 0 ignored; 0 measured; 0 filtered out; finished in 0.76s
[INFO] [stdout] 
[INFO] [stdout] 
[INFO] [stdout] running 1 test
[INFO] [stdout] test network ... ok
[INFO] [stdout] 
[INFO] [stdout] test result: ok. 1 passed; 0 failed; 0 ignored; 0 measured; 0 filtered out; finished in 1.02s
[INFO] [stdout] 
[INFO] [stdout] 
[INFO] [stdout] running 1 test
[INFO] [stderr]      Running unittests examples/async_sock_ping_pong.rs (/opt/rustwide/target/debug/examples/async_sock_ping_pong-528ccebd73779ff3)
[INFO] [stdout] test async_sock_ping_pong ... ok
[INFO] [stderr]      Running unittests examples/async_tcp_ping_pong.rs (/opt/rustwide/target/debug/examples/async_tcp_ping_pong-87f73f242b8551d4)
[INFO] [stdout] 
[INFO] [stdout] test result: ok. 1 passed; 0 failed; 0 ignored; 0 measured; 0 filtered out; finished in 1.05s
[INFO] [stdout] 
[INFO] [stdout] 
[INFO] [stdout] running 1 test
[INFO] [stderr]      Running unittests examples/async_udp_ping_pong.rs (/opt/rustwide/target/debug/examples/async_udp_ping_pong-9295a9136f726d93)
[INFO] [stdout] test async_tcp_ping_pong ... ok
[INFO] [stdout] 
[INFO] [stdout] test result: ok. 1 passed; 0 failed; 0 ignored; 0 measured; 0 filtered out; finished in 1.01s
[INFO] [stdout] 
[INFO] [stdout] 
[INFO] [stdout] running 1 test
[INFO] [stdout] test async_udp_ping_pong ... ok
[INFO] [stdout] 
[INFO] [stderr]      Running unittests examples/file_rw.rs (/opt/rustwide/target/debug/examples/file_rw-078e095b30323e8b)
[INFO] [stdout] test result: ok. 1 passed; 0 failed; 0 ignored; 0 measured; 0 filtered out; finished in 1.52s
[INFO] [stdout] 
[INFO] [stdout] 
[INFO] [stdout] running 1 test
[INFO] [stdout] test file_rw ... ok
[INFO] [stderr]      Running unittests examples/message_signing.rs (/opt/rustwide/target/debug/examples/message_signing-f3226a8468ddd5d4)
[INFO] [stdout] 
[INFO] [stdout] test result: ok. 1 passed; 0 failed; 0 ignored; 0 measured; 0 filtered out; finished in 0.25s
[INFO] [stdout] 
[INFO] [stdout] 
[INFO] [stdout] running 1 test
[INFO] [stderr]      Running unittests examples/multiple_devices.rs (/opt/rustwide/target/debug/examples/multiple_devices-dcbd25dacc0e61f4)
[INFO] [stdout] test message_signing ... ok
[INFO] [stdout] 
[INFO] [stdout] test result: ok. 1 passed; 0 failed; 0 ignored; 0 measured; 0 filtered out; finished in 0.25s
[INFO] [stdout] 
[INFO] [stdout] 
[INFO] [stdout] running 1 test
[INFO] [stdout] test multiple_devices ... ok
[INFO] [stderr]      Running unittests examples/network.rs (/opt/rustwide/target/debug/examples/network-48ccc7e4be7b341a)
[INFO] [stdout] 
[INFO] [stdout] test result: ok. 1 passed; 0 failed; 0 ignored; 0 measured; 0 filtered out; finished in 0.76s
[INFO] [stdout] 
[INFO] [stdout] 
[INFO] [stdout] running 1 test
[INFO] [stdout] test network ... ok
[INFO] [stdout] 
[INFO] [stdout] test result: ok. 1 passed; 0 failed; 0 ignored; 0 measured; 0 filtered out; finished in 1.00s
[INFO] [stdout] 
[INFO] [stderr]      Running unittests examples/sock_ping_pong.rs (/opt/rustwide/target/debug/examples/sock_ping_pong-306a1ed1a7d23132)
[INFO] [stdout] 
[INFO] [stdout] running 1 test
[INFO] [stderr]      Running unittests examples/tcp_ping_pong.rs (/opt/rustwide/target/debug/examples/tcp_ping_pong-d690d530bb21a7db)
[INFO] [stdout] test tcp_ping_pong ... ok
[INFO] [stdout] 
[INFO] [stdout] test result: ok. 1 passed; 0 failed; 0 ignored; 0 measured; 0 filtered out; finished in 1.01s
[INFO] [stdout] 
[INFO] [stdout] 
[INFO] [stdout] running 1 test
[INFO] [stdout] test tcp_ping_pong ... ok
[INFO] [stdout] 
[INFO] [stdout] test result: ok. 1 passed; 0 failed; 0 ignored; 0 measured; 0 filtered out; finished in 0.76s
[INFO] [stdout] 
[INFO] [stdout] 
[INFO] [stderr]      Running unittests examples/udp_ping_pong.rs (/opt/rustwide/target/debug/examples/udp_ping_pong-e0504d010b20a52b)
[INFO] [stdout] running 1 test
[INFO] [stdout] test udp_ping_pong ... ok
[INFO] [stdout] 
[INFO] [stdout] test result: ok. 1 passed; 0 failed; 0 ignored; 0 measured; 0 filtered out; finished in 1.51s
[INFO] [stdout] 
[INFO] [stderr]      Running unittests src/lib.rs (/opt/rustwide/target/debug/deps/maviola_benchmarks-4cdd7fecd9f54e7a)
[INFO] [stdout] 
[INFO] [stdout] running 0 tests
[INFO] [stdout] 
[INFO] [stdout] test result: ok. 0 passed; 0 failed; 0 ignored; 0 measured; 0 filtered out; finished in 0.00s
[INFO] [stdout] 
[INFO] [stderr]      Running unittests src/bin/maviola_benchmarks.rs (/opt/rustwide/target/debug/deps/maviola_benchmarks-3095a74080287215)
[INFO] [stdout] 
[INFO] [stdout] running 0 tests
[INFO] [stderr]    Doc-tests maviola
[INFO] [stdout] 
[INFO] [stdout] test result: ok. 0 passed; 0 failed; 0 ignored; 0 measured; 0 filtered out; finished in 0.00s
[INFO] [stdout] 
[INFO] [stdout] 
[INFO] [stdout] running 124 tests
[INFO] [stdout] test maviola/src/core/consts.rs - core::consts::default_dialect (line 69) - compile ... ok
[INFO] [stdout] test maviola/src/core/io/transport/file/writer.rs - core::io::transport::file::writer::FileWriter (line 15) - compile ... ok
[INFO] [stdout] test maviola/src/core/io/transport/file/reader.rs - core::io::transport::file::reader::FileReader (line 33) - compile ... ok
[INFO] [stdout] test maviola/src/core/io/transport/file/reader.rs - core::io::transport::file::reader::FileReader (line 15) - compile ... ok
[INFO] [stdout] test maviola/src/asnc/node/build_ext.rs - asnc::node::build_ext::NodeBuilder<HasSystemId,HasComponentId,V,Unset,AsyncApi<V>>::build_from (line 147) - compile ... ok
[INFO] [stdout] test maviola/src/asnc/mod.rs - asnc (line 15) - compile ... ok
[INFO] [stdout] test maviola/src/asnc/node/mod.rs - asnc::node::EdgeNode (line 34) - compile ... ok
[INFO] [stdout] test maviola/src/core/io/transport/sock/server.rs - core::io::transport::sock::server::SockServer (line 19) - compile ... ok
[INFO] [stdout] test maviola/src/core/io/transport/file/writer.rs - core::io::transport::file::writer::FileWriter (line 35) - compile ... ok
[INFO] [stdout] test maviola/src/asnc/node/build_ext.rs - asnc::node::build_ext::NodeBuilder<HasSystemId,HasComponentId,V,Unset,AsyncApi<V>>::build_from (line 170) - compile fail ... ok
[INFO] [stdout] test maviola/src/core/io/transport/sock/client.rs - core::io::transport::sock::client::SockClient (line 35) - compile ... ok
[INFO] [stdout] test maviola/src/core/io/transport/sock/client.rs - core::io::transport::sock::client::SockClient (line 17) - compile ... ok
[INFO] [stdout] test maviola/src/core/io/transport/tcp/client.rs - core::io::transport::tcp::client::TcpClient (line 17) - compile ... ok
[INFO] [stdout] test maviola/src/core/io/transport/sock/server.rs - core::io::transport::sock::server::SockServer (line 37) - compile ... ok
[INFO] [stdout] test maviola/src/core/io/transport/tcp/server.rs - core::io::transport::tcp::server::TcpServer (line 20) - compile ... ok
[INFO] [stdout] test maviola/src/core/io/transport/tcp/client.rs - core::io::transport::tcp::client::TcpClient (line 35) - compile ... ok
[INFO] [stdout] test maviola/src/core/io/transport/udp/server.rs - core::io::transport::udp::server::UdpServer (line 21) - compile ... ok
[INFO] [stdout] test maviola/src/core/io/transport/udp/client.rs - core::io::transport::udp::client::UdpClient (line 22) - compile ... ok
[INFO] [stdout] test maviola/src/core/io/transport/udp/server.rs - core::io::transport::udp::server::UdpServer (line 39) - compile ... ok
[INFO] [stdout] test maviola/src/core/io/transport/udp/client.rs - core::io::transport::udp::client::UdpClient (line 43) - compile ... ok
[INFO] [stdout] test maviola/src/core/io/transport/tcp/server.rs - core::io::transport::tcp::server::TcpServer (line 38) - compile ... ok
[INFO] [stdout] test maviola/src/core/network/base.rs - core::network::base::Network (line 23) - compile ... ok
[INFO] [stdout] test maviola/src/core/network/base.rs - core::network::base::Network (line 52) - compile ... ok
[INFO] [stdout] test maviola/src/core/node/base.rs - core::node::base::Node (line 79) - compile ... ok
[INFO] [stdout] test maviola/src/core/node/base.rs - core::node::base::Node (line 124) - compile ... ok
[INFO] [stdout] test maviola/src/core/node/base.rs - core::node::base::Node (line 100) - compile ... ok
[INFO] [stdout] test maviola/src/core/node/base.rs - core::node::base::Node (line 155) - compile ... ok
[INFO] [stdout] test maviola/src/core/utils/closable.rs - core::utils::closable::Closer::to_shared (line 162) ... ok
[INFO] [stdout] test maviola/src/core/utils/flipper.rs - core::utils::flipper::Guarded<Closer,Switch>::new (line 42) ... ok
[INFO] [stdout] test maviola/src/core/utils/closable.rs - core::utils::closable::Closer (line 88) ... ok
[INFO] [stdout] test maviola/src/core/utils/closable.rs - core::utils::closable::Closer (line 67) ... ok
[INFO] [stdout] test maviola/src/docs/a1__quickstart.rs - docs::a1__quickstart (line 115) - compile ... ok
[INFO] [stdout] test maviola/src/core/utils/closable.rs - core::utils::closable::Closer::to_shared (line 140) ... ok
[INFO] [stdout] test maviola/src/docs/a1__quickstart.rs - docs::a1__quickstart (line 127) - compile ... ok
[INFO] [stdout] test maviola/src/docs/a1__quickstart.rs - docs::a1__quickstart (line 154) - compile ... ok
[INFO] [stdout] test maviola/src/docs/a1__quickstart.rs - docs::a1__quickstart (line 179) - compile ... ok
[INFO] [stdout] test maviola/src/core/utils/closable.rs - core::utils::closable::Closer::to_shared (line 152) ... ok
[INFO] [stdout] test maviola/src/docs/a1__quickstart.rs - docs::a1__quickstart (line 23) - compile ... FAILED
[INFO] [stdout] test maviola/src/docs/a1__quickstart.rs - docs::a1__quickstart (line 207) - compile ... ok
[INFO] [stdout] test maviola/src/docs/a1__quickstart.rs - docs::a1__quickstart (line 235) - compile ... ok
[INFO] [stdout] test maviola/src/docs/a1__quickstart.rs - docs::a1__quickstart (line 262) - compile ... ok
[INFO] [stdout] test maviola/src/docs/a1__quickstart.rs - docs::a1__quickstart (line 75) - compile ... ok
[INFO] [stdout] test maviola/src/docs/a2__overview.rs - docs::a2__overview (line 150) - compile ... ok
[INFO] [stdout] test maviola/src/docs/a1__quickstart.rs - docs::a1__quickstart (line 97) - compile ... ok
[INFO] [stdout] test maviola/src/docs/a2__overview.rs - docs::a2__overview (line 178) - compile ... ok
[INFO] [stdout] test maviola/src/docs/a2__overview.rs - docs::a2__overview (line 193) - compile ... ok
[INFO] [stdout] test maviola/src/docs/a2__overview.rs - docs::a2__overview (line 162) - compile ... ok
[INFO] [stdout] test maviola/src/docs/a2__overview.rs - docs::a2__overview (line 214) - compile ... ok
[INFO] [stdout] test maviola/src/docs/a2__overview.rs - docs::a2__overview (line 242) - compile ... ok
[INFO] [stdout] test maviola/src/docs/a2__overview.rs - docs::a2__overview (line 276) - compile ... ok
[INFO] [stdout] test maviola/src/docs/a2__overview.rs - docs::a2__overview (line 289) - compile ... ok
[INFO] [stdout] test maviola/src/docs/a2__overview.rs - docs::a2__overview (line 307) - compile ... ok
[INFO] [stdout] test maviola/src/docs/a1__quickstart.rs - docs::a1__quickstart (line 68) ... ok
[INFO] [stdout] test maviola/src/docs/a2__overview.rs - docs::a2__overview (line 360) - compile ... ok
[INFO] [stdout] test maviola/src/docs/a2__overview.rs - docs::a2__overview (line 325) - compile ... ok
[INFO] [stdout] test maviola/src/docs/a2__overview.rs - docs::a2__overview (line 347) - compile ... ok
[INFO] [stdout] test maviola/src/docs/a2__overview.rs - docs::a2__overview (line 375) - compile ... ok
[INFO] [stdout] test maviola/src/docs/a2__overview.rs - docs::a2__overview (line 417) - compile ... ok
[INFO] [stdout] test maviola/src/docs/a2__overview.rs - docs::a2__overview (line 446) - compile ... ok
[INFO] [stdout] test maviola/src/docs/a2__overview.rs - docs::a2__overview (line 474) - compile ... ok
[INFO] [stdout] test maviola/src/docs/a2__overview.rs - docs::a2__overview (line 496) - compile ... ok
[INFO] [stdout] test maviola/src/docs/a2__overview.rs - docs::a2__overview (line 585) - compile ... ok
[INFO] [stdout] test maviola/src/docs/a2__overview.rs - docs::a2__overview (line 574) - compile ... ok
[INFO] [stdout] test maviola/src/docs/a2__overview.rs - docs::a2__overview (line 520) - compile ... ok
[INFO] [stdout] test maviola/src/core/node/node_conf.rs - core::node::node_conf::NodeConf<Proxy,Versionless,Unset>::builder (line 67) ... ok
[INFO] [stdout] test maviola/src/docs/a3__sync_api.rs - docs::a3__sync_api (line 113) - compile ... ok
[INFO] [stdout] test maviola/src/docs/a3__sync_api.rs - docs::a3__sync_api (line 126) - compile ... ok
[INFO] [stdout] test maviola/src/docs/a3__sync_api.rs - docs::a3__sync_api (line 174) - compile ... ok
[INFO] [stdout] test maviola/src/docs/a3__sync_api.rs - docs::a3__sync_api (line 157) - compile ... ok
[INFO] [stdout] test maviola/src/docs/a3__sync_api.rs - docs::a3__sync_api (line 196) - compile ... ok
[INFO] [stdout] test maviola/src/docs/a3__sync_api.rs - docs::a3__sync_api (line 208) - compile ... ok
[INFO] [stdout] test maviola/src/docs/a3__sync_api.rs - docs::a3__sync_api (line 261) - compile ... ok
[INFO] [stdout] test maviola/src/docs/a3__sync_api.rs - docs::a3__sync_api (line 289) - compile ... ok
[INFO] [stdout] test maviola/src/docs/a3__sync_api.rs - docs::a3__sync_api (line 232) - compile ... ok
[INFO] [stdout] test maviola/src/core/node/node_conf.rs - core::node::node_conf::NodeConf<Proxy,Versionless,Unset>::builder (line 50) ... ok
[INFO] [stdout] test maviola/src/docs/a3__sync_api.rs - docs::a3__sync_api (line 277) - compile ... ok
[INFO] [stdout] test maviola/src/docs/a3__sync_api.rs - docs::a3__sync_api (line 304) - compile ... ok
[INFO] [stdout] test maviola/src/docs/a3__sync_api.rs - docs::a3__sync_api (line 334) - compile ... ok
[INFO] [stdout] test maviola/src/docs/a3__sync_api.rs - docs::a3__sync_api (line 37) - compile ... ok
[INFO] [stdout] test maviola/src/docs/a3__sync_api.rs - docs::a3__sync_api (line 356) - compile ... ok
[INFO] [stdout] test maviola/src/docs/a3__sync_api.rs - docs::a3__sync_api (line 88) - compile ... ok
[INFO] [stdout] test maviola/src/docs/a4__async_api.rs - docs::a4__async_api (line 177) - compile ... ok
[INFO] [stdout] test maviola/src/docs/a4__async_api.rs - docs::a4__async_api (line 129) - compile ... ok
[INFO] [stdout] test maviola/src/docs/a4__async_api.rs - docs::a4__async_api (line 196) - compile ... ok
[INFO] [stdout] test maviola/src/docs/a4__async_api.rs - docs::a4__async_api (line 101) - compile ... ok
[INFO] [stdout] test maviola/src/docs/a4__async_api.rs - docs::a4__async_api (line 144) - compile ... ok
[INFO] [stdout] test maviola/src/docs/a4__async_api.rs - docs::a4__async_api (line 220) - compile ... ok
[INFO] [stdout] test maviola/src/docs/a4__async_api.rs - docs::a4__async_api (line 307) - compile ... ok
[INFO] [stdout] test maviola/src/docs/a4__async_api.rs - docs::a4__async_api (line 338) - compile ... ok
[INFO] [stdout] test maviola/src/docs/a4__async_api.rs - docs::a4__async_api (line 234) - compile ... ok
[INFO] [stdout] test maviola/src/docs/a4__async_api.rs - docs::a4__async_api (line 321) - compile ... ok
[INFO] [stdout] test maviola/src/docs/a4__async_api.rs - docs::a4__async_api (line 291) - compile ... ok
[INFO] [stdout] test maviola/src/docs/a4__async_api.rs - docs::a4__async_api (line 260) - compile ... ok
[INFO] [stdout] test maviola/src/docs/b1__dialect_constraints.rs - docs::b1__dialect_constraints (line 126) - compile ... ok
[INFO] [stdout] test maviola/src/docs/b1__dialect_constraints.rs - docs::b1__dialect_constraints (line 111) - compile ... ok
[INFO] [stdout] test maviola/src/docs/a4__async_api.rs - docs::a4__async_api (line 392) - compile ... ok
[INFO] [stdout] test maviola/src/docs/b1__dialect_constraints.rs - docs::b1__dialect_constraints (line 96) - compile ... ok
[INFO] [stdout] test maviola/src/docs/a4__async_api.rs - docs::a4__async_api (line 38) - compile ... ok
[INFO] [stdout] test maviola/src/docs/b1__dialect_constraints.rs - docs::b1__dialect_constraints (line 157) - compile ... ok
[INFO] [stdout] test maviola/src/docs/a4__async_api.rs - docs::a4__async_api (line 368) - compile ... ok
[INFO] [stdout] test maviola/src/docs/b3__compat_checks.rs - docs::b3__compat_checks (line 11) - compile ... ok
[INFO] [stdout] test maviola/src/docs/b2__signing.rs - docs::b2__signing (line 70) - compile ... ok
[INFO] [stdout] test maviola/src/docs/b2__signing.rs - docs::b2__signing (line 112) - compile ... ok
[INFO] [stdout] test maviola/src/docs/b2__signing.rs - docs::b2__signing (line 91) - compile ... ok
[INFO] [stdout] test maviola/src/docs/b2__signing.rs - docs::b2__signing (line 45) - compile ... ok
[INFO] [stdout] test maviola/src/docs/b2__signing.rs - docs::b2__signing (line 25) - compile ... ok
[INFO] [stdout] test maviola/src/lib.rs - (line 33) - compile ... ok
[INFO] [stdout] test maviola/src/docs/c4__ad_hoc_dialects.rs - docs::c4__ad_hoc_dialects (line 115) - compile ... FAILED
[INFO] [stdout] test maviola/src/core/utils/flipper.rs - core::utils::flipper::Guarded<Closer,Switch>::shared (line 67) ... ok
[INFO] [stdout] test maviola/src/docs/c3__custom_processing.rs - docs::c3__custom_processing (line 16) - compile ... FAILED
[INFO] [stdout] test maviola/src/docs/c4__ad_hoc_dialects.rs - docs::c4__ad_hoc_dialects (line 18) - compile ... FAILED
[INFO] [stdout] test maviola/src/core/utils/flipper.rs - core::utils::flipper::Guarded<Closer,Switch>::up (line 86) ... ok
[INFO] [stdout] test maviola/src/sync/mod.rs - sync (line 15) - compile ... ok
[INFO] [stdout] test maviola/src/sync/node/build_ext.rs - sync::node::build_ext::NodeBuilder<HasSystemId,HasComponentId,V,Unset,SyncApi<V>>::build_from (line 147) - compile ... ok
[INFO] [stdout] test maviola/src/sync/node/mod.rs - sync::node::EdgeNode (line 34) - compile ... ok
[INFO] [stdout] test maviola/src/sync/node/build_ext.rs - sync::node::build_ext::NodeBuilder<HasSystemId,HasComponentId,V,Unset,SyncApi<V>>::build_from (line 168) - compile fail ... ok
[INFO] [stdout] test maviola/src/error.rs - error::CoreError (line 32) ... ok
[INFO] [stdout] test maviola/src/protocol/signature.rs - protocol::signature::FrameSigner::new (line 153) ... ok
[INFO] [stdout] test maviola/src/protocol/signature.rs - protocol::signature::FrameSigner (line 37) ... ok
[INFO] [stdout] test maviola/src/protocol/signature.rs - protocol::signature::FrameSigner::new (line 161) ... ok
[INFO] [stdout] test maviola/src/protocol/signature.rs - protocol::signature::builder::FrameSignerBuilder<NoLinkId,NoSecretKey>::new (line 543) ... ok
[INFO] [stdout] test maviola/src/sync/utils/mpmc.rs - sync::utils::mpmc::Receiver<T>::into_inner (line 180) ... ok
[INFO] [stdout] test maviola/src/sync/utils/mpmc.rs - sync::utils::mpmc (line 18) ... ok
[INFO] [stdout] test maviola/src/sync/utils/mpmc.rs - sync::utils::mpmc::Receiver<T>::into_inner (line 198) ... ok
[INFO] [stdout] 
[INFO] [stdout] failures:
[INFO] [stdout] 
[INFO] [stdout] ---- maviola/src/docs/a1__quickstart.rs - docs::a1__quickstart (line 23) stdout ----
[INFO] [stdout] error[E0432]: unresolved import `maviola::test_utils`
[INFO] [stdout]    --> maviola/src/docs/a1__quickstart.rs:25:5
[INFO] [stdout]     |
[INFO] [stdout] 4   | use maviola::test_utils;
[INFO] [stdout]     |     ^^^^^^^^^^^^^^^^^^^ no `test_utils` in the root
[INFO] [stdout]     |
[INFO] [stdout] note: found an item that was configured out
[INFO] [stdout]    --> /opt/rustwide/workdir/maviola/src/lib.rs:132:9
[INFO] [stdout]     |
[INFO] [stdout] 132 | pub mod test_utils;
[INFO] [stdout]     |         ^^^^^^^^^^
[INFO] [stdout] note: the item is gated behind the `test_utils` feature
[INFO] [stdout]    --> /opt/rustwide/workdir/maviola/src/lib.rs:130:7
[INFO] [stdout]     |
[INFO] [stdout] 130 | #[cfg(feature = "test_utils")]
[INFO] [stdout]     |       ^^^^^^^^^^^^^^^^^^^^^^
[INFO] [stdout] 
[INFO] [stdout] error: aborting due to 1 previous error
[INFO] [stdout] 
[INFO] [stdout] For more information about this error, try `rustc --explain E0432`.
[INFO] [stdout] Couldn't compile the test.
[INFO] [stdout] ---- maviola/src/docs/c4__ad_hoc_dialects.rs - docs::c4__ad_hoc_dialects (line 115) stdout ----
[INFO] [stdout] error[E0433]: failed to resolve: could not find `test_utils` in `maviola`
[INFO] [stdout]    --> maviola/src/docs/c4__ad_hoc_dialects.rs:119:14
[INFO] [stdout]     |
[INFO] [stdout] 7   | use maviola::test_utils::smalltalk::*;
[INFO] [stdout]     |              ^^^^^^^^^^ could not find `test_utils` in `maviola`
[INFO] [stdout]     |
[INFO] [stdout] note: found an item that was configured out
[INFO] [stdout]    --> /opt/rustwide/workdir/maviola/src/lib.rs:132:9
[INFO] [stdout]     |
[INFO] [stdout] 132 | pub mod test_utils;
[INFO] [stdout]     |         ^^^^^^^^^^
[INFO] [stdout] note: the item is gated behind the `test_utils` feature
[INFO] [stdout]    --> /opt/rustwide/workdir/maviola/src/lib.rs:130:7
[INFO] [stdout]     |
[INFO] [stdout] 130 | #[cfg(feature = "test_utils")]
[INFO] [stdout]     |       ^^^^^^^^^^^^^^^^^^^^^^
[INFO] [stdout] 
[INFO] [stdout] error[E0412]: cannot find type `SmallTalk` in this scope
[INFO] [stdout]   --> maviola/src/docs/c4__ad_hoc_dialects.rs:123:16
[INFO] [stdout]    |
[INFO] [stdout] 11 |     .dialect::<SmallTalk>()
[INFO] [stdout]    |                ^^^^^^^^^ not found in this scope
[INFO] [stdout]    |
[INFO] [stdout] help: you might be missing a type parameter
[INFO] [stdout]    |
[INFO] [stdout] 4  | fn main() { #[allow(non_snake_case)] fn _doctest_main_maviola_src_docs_c4__ad_hoc_dialects_rs_115_0<SmallTalk>() {
[INFO] [stdout]    |                                                                                                    +++++++++++
[INFO] [stdout] 
[INFO] [stdout] error[E0422]: cannot find struct, variant or union type `NonSequitur` in this scope
[INFO] [stdout]   --> maviola/src/docs/c4__ad_hoc_dialects.rs:128:12
[INFO] [stdout]    |
[INFO] [stdout] 16 | node.send(&NonSequitur{
[INFO] [stdout]    |            ^^^^^^^^^^^ not found in this scope
[INFO] [stdout] 
[INFO] [stdout] error[E0433]: failed to resolve: use of undeclared type `Mood`
[INFO] [stdout]   --> maviola/src/docs/c4__ad_hoc_dialects.rs:129:11
[INFO] [stdout]    |
[INFO] [stdout] 17 |     mood: Mood::Confused,
[INFO] [stdout]    |           ^^^^ use of undeclared type `Mood`
[INFO] [stdout] 
[INFO] [stdout] error: aborting due to 4 previous errors
[INFO] [stdout] 
[INFO] [stdout] Some errors have detailed explanations: E0412, E0422, E0433.
[INFO] [stdout] For more information about an error, try `rustc --explain E0412`.
[INFO] [stdout] Couldn't compile the test.
[INFO] [stdout] ---- maviola/src/docs/c3__custom_processing.rs - docs::c3__custom_processing (line 16) stdout ----
[INFO] [stdout] error[E0405]: cannot find trait `UpdateFrameUnsafe` in this scope
[INFO] [stdout]   --> maviola/src/docs/c3__custom_processing.rs:36:25
[INFO] [stdout]    |
[INFO] [stdout] 23 | impl<V: MaybeVersioned> UpdateFrameUnsafe<V> for Scrambler {
[INFO] [stdout]    |                         ^^^^^^^^^^^^^^^^^ not found in this scope
[INFO] [stdout] 
[INFO] [stdout] error[E0405]: cannot find trait `UpdateFrame` in this scope
[INFO] [stdout]   --> maviola/src/docs/c3__custom_processing.rs:52:25
[INFO] [stdout]    |
[INFO] [stdout] 39 | impl<V: MaybeVersioned> UpdateFrame<V> for Scrambler {}
[INFO] [stdout]    |                         ^^^^^^^^^^^ not found in this scope
[INFO] [stdout] 
[INFO] [stdout] error[E0405]: cannot find trait `ProcessFrame` in this scope
[INFO] [stdout]   --> maviola/src/docs/c3__custom_processing.rs:54:6
[INFO] [stdout]    |
[INFO] [stdout] 41 | impl ProcessFrame for CustomProcessor {
[INFO] [stdout]    |      ^^^^^^^^^^^^ not found in this scope
[INFO] [stdout] 
[INFO] [stdout] error[E0412]: cannot find type `ProcessFrameCase` in this scope
[INFO] [stdout]   --> maviola/src/docs/c3__custom_processing.rs:69:15
[INFO] [stdout]    |
[INFO] [stdout] 56 |         case: ProcessFrameCase,
[INFO] [stdout]    |               ^^^^^^^^^^^^^^^^ not found in this scope
[INFO] [stdout] 
[INFO] [stdout] error[E0433]: failed to resolve: use of undeclared type `ProcessFrameCase`
[INFO] [stdout]   --> maviola/src/docs/c3__custom_processing.rs:81:13
[INFO] [stdout]    |
[INFO] [stdout] 68 |             ProcessFrameCase::IncomingBefore | ProcessFrameCase::OutgoingAfter => {
[INFO] [stdout]    |             ^^^^^^^^^^^^^^^^ use of undeclared type `ProcessFrameCase`
[INFO] [stdout] 
[INFO] [stdout] error[E0433]: failed to resolve: use of undeclared type `ProcessFrameCase`
[INFO] [stdout]   --> maviola/src/docs/c3__custom_processing.rs:81:48
[INFO] [stdout]    |
[INFO] [stdout] 68 |             ProcessFrameCase::IncomingBefore | ProcessFrameCase::OutgoingAfter => {
[INFO] [stdout]    |                                                ^^^^^^^^^^^^^^^^ use of undeclared type `ProcessFrameCase`
[INFO] [stdout] 
[INFO] [stdout] error: aborting due to 6 previous errors
[INFO] [stdout] 
[INFO] [stdout] Some errors have detailed explanations: E0405, E0412, E0433.
[INFO] [stdout] For more information about an error, try `rustc --explain E0405`.
[INFO] [stdout] Couldn't compile the test.
[INFO] [stdout] ---- maviola/src/docs/c4__ad_hoc_dialects.rs - docs::c4__ad_hoc_dialects (line 18) stdout ----
[INFO] [stdout] error[E0432]: unresolved import `maviola::protocol::derive`
[INFO] [stdout]   --> maviola/src/docs/c4__ad_hoc_dialects.rs:21:24
[INFO] [stdout]    |
[INFO] [stdout] 6  | use maviola::protocol::derive::{Dialect, Enum, Message};
[INFO] [stdout]    |                        ^^^^^^ could not find `derive` in `protocol`
[INFO] [stdout]    |
[INFO] [stdout] note: found an item that was configured out
[INFO] [stdout]   --> /opt/rustwide/workdir/maviola/src/protocol/mod.rs:54:9
[INFO] [stdout]    |
[INFO] [stdout] 54 | pub mod derive {
[INFO] [stdout]    |         ^^^^^^
[INFO] [stdout] note: the item is gated behind the `derive` feature
[INFO] [stdout]   --> /opt/rustwide/workdir/maviola/src/protocol/mod.rs:53:7
[INFO] [stdout]    |
[INFO] [stdout] 53 | #[cfg(feature = "derive")]
[INFO] [stdout]    |       ^^^^^^^^^^^^^^^^^^
[INFO] [stdout] 
[INFO] [stdout] error: cannot find attribute `dialect` in this scope
[INFO] [stdout]   --> maviola/src/docs/c4__ad_hoc_dialects.rs:89:3
[INFO] [stdout]    |
[INFO] [stdout] 74 | #[dialect(1099)]
[INFO] [stdout]    |   ^^^^^^^
[INFO] [stdout] 
[INFO] [stdout] error: cannot find attribute `version` in this scope
[INFO] [stdout]   --> maviola/src/docs/c4__ad_hoc_dialects.rs:90:3
[INFO] [stdout]    |
[INFO] [stdout] 75 | #[version(99)]
[INFO] [stdout]    |   ^^^^^^^
[INFO] [stdout] 
[INFO] [stdout] error: cannot find attribute `message_id` in this scope
[INFO] [stdout]   --> maviola/src/docs/c4__ad_hoc_dialects.rs:80:3
[INFO] [stdout]    |
[INFO] [stdout] 65 | #[message_id(72004)]
[INFO] [stdout]    |   ^^^^^^^^^^
[INFO] [stdout] 
[INFO] [stdout] error: cannot find attribute `base_type` in this scope
[INFO] [stdout]   --> maviola/src/docs/c4__ad_hoc_dialects.rs:83:7
[INFO] [stdout]    |
[INFO] [stdout] 68 |     #[base_type(u8)]
[INFO] [stdout]    |       ^^^^^^^^^ help: a built-in attribute with a similar name exists: `crate_type`
[INFO] [stdout] 
[INFO] [stdout] error: cannot find attribute `message_id` in this scope
[INFO] [stdout]   --> maviola/src/docs/c4__ad_hoc_dialects.rs:71:3
[INFO] [stdout]    |
[INFO] [stdout] 56 | #[message_id(72003)]
[INFO] [stdout]    |   ^^^^^^^^^^
[INFO] [stdout] 
[INFO] [stdout] error: cannot find attribute `base_type` in this scope
[INFO] [stdout]   --> maviola/src/docs/c4__ad_hoc_dialects.rs:74:7
[INFO] [stdout]    |
[INFO] [stdout] 59 |     #[base_type(u8)]
[INFO] [stdout]    |       ^^^^^^^^^ help: a built-in attribute with a similar name exists: `crate_type`
[INFO] [stdout] 
[INFO] [stdout] error: cannot find attribute `message_id` in this scope
[INFO] [stdout]   --> maviola/src/docs/c4__ad_hoc_dialects.rs:62:3
[INFO] [stdout]    |
[INFO] [stdout] 47 | #[message_id(72002)]
[INFO] [stdout]    |   ^^^^^^^^^^
[INFO] [stdout] 
[INFO] [stdout] error: cannot find attribute `base_type` in this scope
[INFO] [stdout]   --> maviola/src/docs/c4__ad_hoc_dialects.rs:65:7
[INFO] [stdout]    |
[INFO] [stdout] 50 |     #[base_type(u8)]
[INFO] [stdout]    |       ^^^^^^^^^ help: a built-in attribute with a similar name exists: `crate_type`
[INFO] [stdout] 
[INFO] [stdout] error: cannot find attribute `message_id` in this scope
[INFO] [stdout]   --> maviola/src/docs/c4__ad_hoc_dialects.rs:53:3
[INFO] [stdout]    |
[INFO] [stdout] 38 | #[message_id(72001)]
[INFO] [stdout]    |   ^^^^^^^^^^
[INFO] [stdout] 
[INFO] [stdout] error: cannot find attribute `base_type` in this scope
[INFO] [stdout]   --> maviola/src/docs/c4__ad_hoc_dialects.rs:56:7
[INFO] [stdout]    |
[INFO] [stdout] 41 |     #[base_type(u8)]
[INFO] [stdout]    |       ^^^^^^^^^ help: a built-in attribute with a similar name exists: `crate_type`
[INFO] [stdout] 
[INFO] [stdout] error: cannot find attribute `message_id` in this scope
[INFO] [stdout]   --> maviola/src/docs/c4__ad_hoc_dialects.rs:44:3
[INFO] [stdout]    |
[INFO] [stdout] 29 | #[message_id(72000)]
[INFO] [stdout]    |   ^^^^^^^^^^
[INFO] [stdout] 
[INFO] [stdout] error: cannot find attribute `base_type` in this scope
[INFO] [stdout]   --> maviola/src/docs/c4__ad_hoc_dialects.rs:47:7
[INFO] [stdout]    |
[INFO] [stdout] 32 |     #[base_type(u8)]
[INFO] [stdout]    |       ^^^^^^^^^ help: a built-in attribute with a similar name exists: `crate_type`
[INFO] [stdout] 
[INFO] [stdout] error: aborting due to 13 previous errors
[INFO] [stdout] 
[INFO] [stdout] For more information about this error, try `rustc --explain E0432`.
[INFO] [stdout] Couldn't compile the test.
[INFO] [stdout] 
[INFO] [stdout] failures:
[INFO] [stdout]     maviola/src/docs/a1__quickstart.rs - docs::a1__quickstart (line 23)
[INFO] [stdout]     maviola/src/docs/c3__custom_processing.rs - docs::c3__custom_processing (line 16)
[INFO] [stdout]     maviola/src/docs/c4__ad_hoc_dialects.rs - docs::c4__ad_hoc_dialects (line 115)
[INFO] [stdout]     maviola/src/docs/c4__ad_hoc_dialects.rs - docs::c4__ad_hoc_dialects (line 18)
[INFO] [stdout] 
[INFO] [stdout] test result: FAILED. 120 passed; 4 failed; 0 ignored; 0 measured; 0 filtered out; finished in 21.64s
[INFO] [stdout] 
[INFO] [stderr] error: doctest failed, to rerun pass `-p maviola --doc`
[INFO] running `Command { std: "docker" "inspect" "504085c3e255b2b4b47c17dd38f4caf5679dd251e85b5bc5f4a1ee9e406a0274", kill_on_drop: false }`
[INFO] running `Command { std: "docker" "rm" "-f" "504085c3e255b2b4b47c17dd38f4caf5679dd251e85b5bc5f4a1ee9e406a0274", kill_on_drop: false }`
[INFO] [stdout] 504085c3e255b2b4b47c17dd38f4caf5679dd251e85b5bc5f4a1ee9e406a0274
