[INFO] cloning repository https://github.com/iqo/rust-chip8
[INFO] running `Command { std: "git" "-c" "credential.helper=" "-c" "credential.helper=/workspace/cargo-home/bin/git-credential-null" "clone" "--bare" "https://github.com/iqo/rust-chip8" "/workspace/cache/git-repos/https%3A%2F%2Fgithub.com%2Fiqo%2Frust-chip8", kill_on_drop: false }`
[INFO] [stderr] Cloning into bare repository '/workspace/cache/git-repos/https%3A%2F%2Fgithub.com%2Fiqo%2Frust-chip8'...
[INFO] running `Command { std: "git" "rev-parse" "HEAD", kill_on_drop: false }`
[INFO] [stdout] 0a1151ba1bcd73f3a7ac4632dce2e4f8aba54388
[INFO] testing iqo/rust-chip8 against 1.83.0 for beta-1.84.0-4-retry
[INFO] running `Command { std: "git" "clone" "/workspace/cache/git-repos/https%3A%2F%2Fgithub.com%2Fiqo%2Frust-chip8" "/workspace/builds/worker-0-tc1/source", kill_on_drop: false }`
[INFO] [stderr] Cloning into '/workspace/builds/worker-0-tc1/source'...
[INFO] [stderr] done.
[INFO] validating manifest of git repo https://github.com/iqo/rust-chip8 on toolchain 1.83.0
[INFO] running `Command { std: CARGO_HOME="/workspace/cargo-home" RUSTUP_HOME="/workspace/rustup-home" "/workspace/cargo-home/bin/cargo" "+1.83.0" "metadata" "--manifest-path" "Cargo.toml" "--no-deps", kill_on_drop: false }`
[INFO] started tweaking git repo https://github.com/iqo/rust-chip8
[INFO] finished tweaking git repo https://github.com/iqo/rust-chip8
[INFO] tweaked toml for git repo https://github.com/iqo/rust-chip8 written to /workspace/builds/worker-0-tc1/source/Cargo.toml
[INFO] crate git repo https://github.com/iqo/rust-chip8 already has a lockfile, it will not be regenerated
[INFO] running `Command { std: CARGO_HOME="/workspace/cargo-home" RUSTUP_HOME="/workspace/rustup-home" "/workspace/cargo-home/bin/cargo" "+1.83.0" "fetch" "--manifest-path" "Cargo.toml", kill_on_drop: false }`
[INFO] running `Command { std: "docker" "create" "-v" "/var/lib/crater-agent-workspace/builds/worker-0-tc1/target:/opt/rustwide/target:rw,Z" "-v" "/var/lib/crater-agent-workspace/builds/worker-0-tc1/source:/opt/rustwide/workdir:ro,Z" "-v" "/var/lib/crater-agent-workspace/cargo-home:/opt/rustwide/cargo-home:ro,Z" "-v" "/var/lib/crater-agent-workspace/rustup-home:/opt/rustwide/rustup-home:ro,Z" "-e" "SOURCE_DIR=/opt/rustwide/workdir" "-e" "CARGO_TARGET_DIR=/opt/rustwide/target" "-e" "CARGO_HOME=/opt/rustwide/cargo-home" "-e" "RUSTUP_HOME=/opt/rustwide/rustup-home" "-w" "/opt/rustwide/workdir" "-m" "1610612736" "--user" "0:0" "--network" "none" "ghcr.io/rust-lang/crates-build-env/linux@sha256:f3a9d4ad9d972b27faf3965f35b62e55ba32bbce8f20bc8fe909558a86702fde" "/opt/rustwide/cargo-home/bin/cargo" "+1.83.0" "metadata" "--no-deps" "--format-version=1", kill_on_drop: false }`
[INFO] [stdout] 192a81f9249213f4f33b1829b445fbbdf7e8da6daa139c73b10a1ed60236a238
[INFO] running `Command { std: "docker" "start" "-a" "192a81f9249213f4f33b1829b445fbbdf7e8da6daa139c73b10a1ed60236a238", kill_on_drop: false }`
[INFO] running `Command { std: "docker" "inspect" "192a81f9249213f4f33b1829b445fbbdf7e8da6daa139c73b10a1ed60236a238", kill_on_drop: false }`
[INFO] running `Command { std: "docker" "rm" "-f" "192a81f9249213f4f33b1829b445fbbdf7e8da6daa139c73b10a1ed60236a238", kill_on_drop: false }`
[INFO] [stdout] 192a81f9249213f4f33b1829b445fbbdf7e8da6daa139c73b10a1ed60236a238
[INFO] running `Command { std: "docker" "create" "-v" "/var/lib/crater-agent-workspace/builds/worker-0-tc1/target:/opt/rustwide/target:rw,Z" "-v" "/var/lib/crater-agent-workspace/builds/worker-0-tc1/source:/opt/rustwide/workdir:ro,Z" "-v" "/var/lib/crater-agent-workspace/cargo-home:/opt/rustwide/cargo-home:ro,Z" "-v" "/var/lib/crater-agent-workspace/rustup-home:/opt/rustwide/rustup-home:ro,Z" "-e" "SOURCE_DIR=/opt/rustwide/workdir" "-e" "CARGO_TARGET_DIR=/opt/rustwide/target" "-e" "CARGO_INCREMENTAL=0" "-e" "RUST_BACKTRACE=full" "-e" "RUSTFLAGS=--cap-lints=warn" "-e" "RUSTDOCFLAGS=--cap-lints=warn" "-e" "CARGO_HOME=/opt/rustwide/cargo-home" "-e" "RUSTUP_HOME=/opt/rustwide/rustup-home" "-w" "/opt/rustwide/workdir" "-m" "1610612736" "--user" "0:0" "--network" "none" "ghcr.io/rust-lang/crates-build-env/linux@sha256:f3a9d4ad9d972b27faf3965f35b62e55ba32bbce8f20bc8fe909558a86702fde" "/opt/rustwide/cargo-home/bin/cargo" "+1.83.0" "build" "--frozen" "--message-format=json", kill_on_drop: false }`
[INFO] [stdout] 4b40f7c89539dea1dffcfe48651276db5760a73b77119d789776e6ab07ed65ed
[INFO] running `Command { std: "docker" "start" "-a" "4b40f7c89539dea1dffcfe48651276db5760a73b77119d789776e6ab07ed65ed", kill_on_drop: false }`
[INFO] [stderr]    Compiling libc v0.2.139
[INFO] [stderr]    Compiling cfg-if v1.0.0
[INFO] [stderr]    Compiling ppv-lite86 v0.2.17
[INFO] [stderr]    Compiling getrandom v0.2.8
[INFO] [stderr]    Compiling rand_core v0.6.4
[INFO] [stderr]    Compiling rand_chacha v0.3.1
[INFO] [stderr]    Compiling rand v0.8.5
[INFO] [stderr]    Compiling rust-chip8 v0.1.0 (/opt/rustwide/workdir)
[INFO] [stdout] warning: unused import: `CHIP8_PIXEL_WIDTH`
[INFO] [stdout]  --> src/cpu.rs:5:55
[INFO] [stdout]   |
[INFO] [stdout] 5 | use crate::{ram::Ram, vram::Vram, CHIP8_PIXEL_HEIGHT, CHIP8_PIXEL_WIDTH};
[INFO] [stdout]   |                                                       ^^^^^^^^^^^^^^^^^
[INFO] [stdout]   |
[INFO] [stdout]   = note: `#[warn(unused_imports)]` on by default
[INFO] [stdout] 
[INFO] [stdout] 
[INFO] [stdout] warning: unreachable statement
[INFO] [stdout]    --> src/cpu.rs:395:9
[INFO] [stdout]     |
[INFO] [stdout] 394 |         todo!();
[INFO] [stdout]     |         ------- any code following this expression is unreachable
[INFO] [stdout] 395 |         self.write_reg(0x0f, 0);
[INFO] [stdout]     |         ^^^^^^^^^^^^^^^^^^^^^^^^ unreachable statement
[INFO] [stdout]     |
[INFO] [stdout]     = note: `#[warn(unreachable_code)]` on by default
[INFO] [stdout] 
[INFO] [stdout] 
[INFO] [stdout] warning: unused variable: `opcode`
[INFO] [stdout]   --> src/cpu.rs:75:13
[INFO] [stdout]    |
[INFO] [stdout] 75 |         let opcode = self.get_opcode();
[INFO] [stdout]    |             ^^^^^^ help: if this is intentional, prefix it with an underscore: `_opcode`
[INFO] [stdout]    |
[INFO] [stdout]    = note: `#[warn(unused_variables)]` on by default
[INFO] [stdout] 
[INFO] [stdout] 
[INFO] [stdout] warning: unused variable: `y`
[INFO] [stdout]    --> src/cpu.rs:397:17
[INFO] [stdout]     |
[INFO] [stdout] 397 |             let y = (self.read_reg(y) as usize + byte) % CHIP8_PIXEL_HEIGHT; 
[INFO] [stdout]     |                 ^ help: if this is intentional, prefix it with an underscore: `_y`
[INFO] [stdout] 
[INFO] [stdout] 
[INFO] [stdout] warning: unused variable: `x`
[INFO] [stdout]    --> src/cpu.rs:393:32
[INFO] [stdout]     |
[INFO] [stdout] 393 |     fn op_code_dxyn(&mut self, x: usize, y: usize, n: usize) -> ProgramCounter {
[INFO] [stdout]     |                                ^ help: if this is intentional, prefix it with an underscore: `_x`
[INFO] [stdout] 
[INFO] [stdout] 
[INFO] [stdout] warning: unused variable: `y`
[INFO] [stdout]    --> src/cpu.rs:393:42
[INFO] [stdout]     |
[INFO] [stdout] 393 |     fn op_code_dxyn(&mut self, x: usize, y: usize, n: usize) -> ProgramCounter {
[INFO] [stdout]     |                                          ^ help: if this is intentional, prefix it with an underscore: `_y`
[INFO] [stdout] 
[INFO] [stdout] 
[INFO] [stdout] warning: unused variable: `n`
[INFO] [stdout]    --> src/cpu.rs:393:52
[INFO] [stdout]     |
[INFO] [stdout] 393 |     fn op_code_dxyn(&mut self, x: usize, y: usize, n: usize) -> ProgramCounter {
[INFO] [stdout]     |                                                    ^ help: if this is intentional, prefix it with an underscore: `_n`
[INFO] [stdout] 
[INFO] [stdout] 
[INFO] [stdout] warning: variable does not need to be mutable
[INFO] [stdout]   --> src/vram.rs:10:13
[INFO] [stdout]    |
[INFO] [stdout] 10 |         let mut vram = Self {
[INFO] [stdout]    |             ----^^^^
[INFO] [stdout]    |             |
[INFO] [stdout]    |             help: remove this `mut`
[INFO] [stdout]    |
[INFO] [stdout]    = note: `#[warn(unused_mut)]` on by default
[INFO] [stdout] 
[INFO] [stdout] 
[INFO] [stdout] warning: constant `CHIP8_PIXEL_WIDTH` is never used
[INFO] [stdout]  --> src/main.rs:5:7
[INFO] [stdout]   |
[INFO] [stdout] 5 | const CHIP8_PIXEL_WIDTH: usize = 64;
[INFO] [stdout]   |       ^^^^^^^^^^^^^^^^^
[INFO] [stdout]   |
[INFO] [stdout]   = note: `#[warn(dead_code)]` on by default
[INFO] [stdout] 
[INFO] [stdout] 
[INFO] [stdout] warning: constant `CHIP8_PIXEL_HEIGHT` is never used
[INFO] [stdout]  --> src/main.rs:6:7
[INFO] [stdout]   |
[INFO] [stdout] 6 | const CHIP8_PIXEL_HEIGHT: usize = 32;
[INFO] [stdout]   |       ^^^^^^^^^^^^^^^^^^
[INFO] [stdout] 
[INFO] [stdout] 
[INFO] [stdout] warning: struct `Ram` is never constructed
[INFO] [stdout]  --> src/ram.rs:2:12
[INFO] [stdout]   |
[INFO] [stdout] 2 | pub struct Ram {
[INFO] [stdout]   |            ^^^
[INFO] [stdout]   |
[INFO] [stdout]   = note: `Ram` has a derived impl for the trait `Debug`, but this is intentionally ignored during dead code analysis
[INFO] [stdout] 
[INFO] [stdout] 
[INFO] [stdout] warning: associated items `new`, `read_byte`, and `write_byte` are never used
[INFO] [stdout]   --> src/ram.rs:7:12
[INFO] [stdout]    |
[INFO] [stdout] 6  | impl Ram {
[INFO] [stdout]    | -------- associated items in this implementation
[INFO] [stdout] 7  |     pub fn new() -> Ram {
[INFO] [stdout]    |            ^^^
[INFO] [stdout] ...
[INFO] [stdout] 45 |     pub fn read_byte(&self, adress: u16) -> u8 {
[INFO] [stdout]    |            ^^^^^^^^^
[INFO] [stdout] ...
[INFO] [stdout] 49 |     pub fn write_byte(&mut self, address: u16, value: u8) {
[INFO] [stdout]    |            ^^^^^^^^^^
[INFO] [stdout] 
[INFO] [stdout] 
[INFO] [stdout] warning: constant `OPCODE_SIZE` is never used
[INFO] [stdout]  --> src/cpu.rs:7:7
[INFO] [stdout]   |
[INFO] [stdout] 7 | const OPCODE_SIZE: u16 = 2;
[INFO] [stdout]   |       ^^^^^^^^^^^
[INFO] [stdout] 
[INFO] [stdout] 
[INFO] [stdout] warning: constant `PROGRAM_START` is never used
[INFO] [stdout]  --> src/cpu.rs:8:11
[INFO] [stdout]   |
[INFO] [stdout] 8 | pub const PROGRAM_START: u16 = 0x200;
[INFO] [stdout]   |           ^^^^^^^^^^^^^
[INFO] [stdout] 
[INFO] [stdout] 
[INFO] [stdout] warning: enum `ProgramCounter` is never used
[INFO] [stdout]   --> src/cpu.rs:10:6
[INFO] [stdout]    |
[INFO] [stdout] 10 | enum ProgramCounter {
[INFO] [stdout]    |      ^^^^^^^^^^^^^^
[INFO] [stdout] 
[INFO] [stdout] 
[INFO] [stdout] warning: associated function `skip_if` is never used
[INFO] [stdout]   --> src/cpu.rs:17:8
[INFO] [stdout]    |
[INFO] [stdout] 16 | impl ProgramCounter {
[INFO] [stdout]    | ------------------- associated function in this implementation
[INFO] [stdout] 17 |     fn skip_if(skip_condition: bool) -> ProgramCounter {
[INFO] [stdout]    |        ^^^^^^^
[INFO] [stdout] 
[INFO] [stdout] 
[INFO] [stdout] warning: struct `Cpu` is never constructed
[INFO] [stdout]   --> src/cpu.rs:27:12
[INFO] [stdout]    |
[INFO] [stdout] 27 | pub struct Cpu {
[INFO] [stdout]    |            ^^^
[INFO] [stdout] 
[INFO] [stdout] 
[INFO] [stdout] warning: multiple associated items are never used
[INFO] [stdout]    --> src/cpu.rs:41:12
[INFO] [stdout]     |
[INFO] [stdout] 40  | impl Cpu {
[INFO] [stdout]     | -------- associated items in this implementation
[INFO] [stdout] 41  |     pub fn new() -> Self {
[INFO] [stdout]     |            ^^^
[INFO] [stdout] ...
[INFO] [stdout] 56  |     pub fn get_opcode(&mut self) -> u16 {
[INFO] [stdout]     |            ^^^^^^^^^^
[INFO] [stdout] ...
[INFO] [stdout] 64  |     pub fn load(&mut self, rom: &[u8]) {
[INFO] [stdout]     |            ^^^^
[INFO] [stdout] ...
[INFO] [stdout] 74  |     pub fn tick(&mut self) {
[INFO] [stdout]     |            ^^^^
[INFO] [stdout] ...
[INFO] [stdout] 78  |     pub fn read_reg(&mut self, index: usize) -> u8 {
[INFO] [stdout]     |            ^^^^^^^^
[INFO] [stdout] ...
[INFO] [stdout] 82  |     pub fn write_reg(&mut self, index: usize, value: u8) {
[INFO] [stdout]     |            ^^^^^^^^^
[INFO] [stdout] ...
[INFO] [stdout] 86  |     fn run_opcode(&mut self, opcode: u16) {
[INFO] [stdout]     |        ^^^^^^^^^^
[INFO] [stdout] ...
[INFO] [stdout] 147 |     fn op_code_00E0(&mut self) -> ProgramCounter {
[INFO] [stdout]     |        ^^^^^^^^^^^^
[INFO] [stdout] ...
[INFO] [stdout] 157 |     fn op_code_00EE(&mut self) -> ProgramCounter {
[INFO] [stdout]     |        ^^^^^^^^^^^^
[INFO] [stdout] ...
[INFO] [stdout] 166 |     fn op_code_1nnn(&mut self, nnn: u16) -> ProgramCounter {
[INFO] [stdout]     |        ^^^^^^^^^^^^
[INFO] [stdout] ...
[INFO] [stdout] 174 |     fn op_code_2nnn(&mut self, nnn: u16) -> ProgramCounter {
[INFO] [stdout]     |        ^^^^^^^^^^^^
[INFO] [stdout] ...
[INFO] [stdout] 183 |     fn op_code_3xkk(&mut self, x: usize, kk: u8) -> ProgramCounter {
[INFO] [stdout]     |        ^^^^^^^^^^^^
[INFO] [stdout] ...
[INFO] [stdout] 191 |     fn op_code_4xkk(&mut self, x: usize, kk: u8) -> ProgramCounter {
[INFO] [stdout]     |        ^^^^^^^^^^^^
[INFO] [stdout] ...
[INFO] [stdout] 200 |     fn op_code_5xy0(&mut self, x: usize, y: usize) -> ProgramCounter {
[INFO] [stdout]     |        ^^^^^^^^^^^^
[INFO] [stdout] ...
[INFO] [stdout] 208 |     fn op_code_6xkk(&mut self, x: usize, kk: u8) -> ProgramCounter {
[INFO] [stdout]     |        ^^^^^^^^^^^^
[INFO] [stdout] ...
[INFO] [stdout] 216 |     fn op_code_7xkk(&mut self, x: usize, kk: u8) -> ProgramCounter {
[INFO] [stdout]     |        ^^^^^^^^^^^^
[INFO] [stdout] ...
[INFO] [stdout] 227 |     fn op_code_8xy0(&mut self, x: usize, y: usize) -> ProgramCounter {
[INFO] [stdout]     |        ^^^^^^^^^^^^
[INFO] [stdout] ...
[INFO] [stdout] 239 |     fn op_code_8xy1(&mut self, x: usize, y: usize) -> ProgramCounter {
[INFO] [stdout]     |        ^^^^^^^^^^^^
[INFO] [stdout] ...
[INFO] [stdout] 252 |     fn op_code_8xy2(&mut self, x: usize, y: usize) -> ProgramCounter {
[INFO] [stdout]     |        ^^^^^^^^^^^^
[INFO] [stdout] ...
[INFO] [stdout] 265 |     fn op_code_8xy3(&mut self, x: usize, y: usize) -> ProgramCounter {
[INFO] [stdout]     |        ^^^^^^^^^^^^
[INFO] [stdout] ...
[INFO] [stdout] 277 |     fn op_code_8xy4(&mut self, x: usize, y: usize) -> ProgramCounter {
[INFO] [stdout]     |        ^^^^^^^^^^^^
[INFO] [stdout] ...
[INFO] [stdout] 294 |     fn op_code_8xy5(&mut self, x: usize, y: usize) -> ProgramCounter {
[INFO] [stdout]     |        ^^^^^^^^^^^^
[INFO] [stdout] ...
[INFO] [stdout] 311 |     fn op_code_8xy6(&mut self, x: usize) -> ProgramCounter {
[INFO] [stdout]     |        ^^^^^^^^^^^^
[INFO] [stdout] ...
[INFO] [stdout] 322 |     fn op_code_8xy7(&mut self, x: usize, y: usize) -> ProgramCounter {
[INFO] [stdout]     |        ^^^^^^^^^^^^
[INFO] [stdout] ...
[INFO] [stdout] 339 |     fn op_code_8xye(&mut self, x: usize) -> ProgramCounter {
[INFO] [stdout]     |        ^^^^^^^^^^^^
[INFO] [stdout] ...
[INFO] [stdout] 350 |     fn op_code_9xy0(&mut self, x: usize, y: usize) -> ProgramCounter {
[INFO] [stdout]     |        ^^^^^^^^^^^^
[INFO] [stdout] ...
[INFO] [stdout] 360 |     fn op_code_annn(&mut self, nnn: u16) -> ProgramCounter {
[INFO] [stdout]     |        ^^^^^^^^^^^^
[INFO] [stdout] ...
[INFO] [stdout] 369 |     fn op_code_bnnn(&mut self, nnn: u16) -> ProgramCounter {
[INFO] [stdout]     |        ^^^^^^^^^^^^
[INFO] [stdout] ...
[INFO] [stdout] 379 |     fn op_code_cxkk(&mut self, x: usize, kk: u8) -> ProgramCounter {
[INFO] [stdout]     |        ^^^^^^^^^^^^
[INFO] [stdout] ...
[INFO] [stdout] 393 |     fn op_code_dxyn(&mut self, x: usize, y: usize, n: usize) -> ProgramCounter {
[INFO] [stdout]     |        ^^^^^^^^^^^^
[INFO] [stdout] ...
[INFO] [stdout] 406 |     fn op_code_ex9e(&mut self) -> ProgramCounter {
[INFO] [stdout]     |        ^^^^^^^^^^^^
[INFO] [stdout] ...
[INFO] [stdout] 414 |     fn op_code_exa1(&mut self) -> ProgramCounter {
[INFO] [stdout]     |        ^^^^^^^^^^^^
[INFO] [stdout] ...
[INFO] [stdout] 422 |     fn op_code_fx07(&mut self) -> ProgramCounter {
[INFO] [stdout]     |        ^^^^^^^^^^^^
[INFO] [stdout] ...
[INFO] [stdout] 430 |     fn op_code_fx0a(&mut self) -> ProgramCounter {
[INFO] [stdout]     |        ^^^^^^^^^^^^
[INFO] [stdout] ...
[INFO] [stdout] 438 |     fn op_code_fx15(&mut self) -> ProgramCounter {
[INFO] [stdout]     |        ^^^^^^^^^^^^
[INFO] [stdout] ...
[INFO] [stdout] 446 |     fn op_code_fx18(&mut self) -> ProgramCounter {
[INFO] [stdout]     |        ^^^^^^^^^^^^
[INFO] [stdout] ...
[INFO] [stdout] 454 |     fn op_code_fx1e(&mut self) -> ProgramCounter {
[INFO] [stdout]     |        ^^^^^^^^^^^^
[INFO] [stdout] ...
[INFO] [stdout] 463 |     fn op_code_fx29(&mut self) -> ProgramCounter {
[INFO] [stdout]     |        ^^^^^^^^^^^^
[INFO] [stdout] ...
[INFO] [stdout] 472 |     fn op_code_fx33(&mut self) -> ProgramCounter {
[INFO] [stdout]     |        ^^^^^^^^^^^^
[INFO] [stdout] ...
[INFO] [stdout] 480 |     fn op_code_fx55(&mut self) -> ProgramCounter {
[INFO] [stdout]     |        ^^^^^^^^^^^^
[INFO] [stdout] ...
[INFO] [stdout] 488 |     fn op_code_fx65(&mut self) -> ProgramCounter {
[INFO] [stdout]     |        ^^^^^^^^^^^^
[INFO] [stdout] 
[INFO] [stdout] 
[INFO] [stdout] warning: struct `Vram` is never constructed
[INFO] [stdout]  --> src/vram.rs:3:12
[INFO] [stdout]   |
[INFO] [stdout] 3 | pub struct Vram {
[INFO] [stdout]   |            ^^^^
[INFO] [stdout] 
[INFO] [stdout] 
[INFO] [stdout] warning: multiple associated items are never used
[INFO] [stdout]   --> src/vram.rs:9:12
[INFO] [stdout]    |
[INFO] [stdout] 8  | impl Vram {
[INFO] [stdout]    | --------- associated items in this implementation
[INFO] [stdout] 9  |     pub fn new () -> Vram {
[INFO] [stdout]    |            ^^^
[INFO] [stdout] ...
[INFO] [stdout] 16 |     pub fn clear_vram(&mut self) {
[INFO] [stdout]    |            ^^^^^^^^^^
[INFO] [stdout] ...
[INFO] [stdout] 24 |     pub fn write_vram(&mut self, mem: [[u8; CHIP8_PIXEL_WIDTH]; CHIP8_PIXEL_HEIGHT]) {
[INFO] [stdout]    |            ^^^^^^^^^^
[INFO] [stdout] ...
[INFO] [stdout] 28 |     pub fn write_vram_adress (&mut self,x: usize, y: usize, mem: u8) {
[INFO] [stdout]    |            ^^^^^^^^^^^^^^^^^
[INFO] [stdout] ...
[INFO] [stdout] 31 |     pub fn read_vram(&mut self, x: usize, y:usize) -> u8{
[INFO] [stdout]    |            ^^^^^^^^^
[INFO] [stdout] ...
[INFO] [stdout] 35 |     pub fn read_vram_flag (&mut self) -> bool {
[INFO] [stdout]    |            ^^^^^^^^^^^^^^
[INFO] [stdout] ...
[INFO] [stdout] 39 |     pub fn write_vram_flag (&mut self ,vram_flag: bool) {
[INFO] [stdout]    |            ^^^^^^^^^^^^^^^
[INFO] [stdout] 
[INFO] [stdout] 
[INFO] [stdout] warning: method `op_code_00E0` should have a snake case name
[INFO] [stdout]    --> src/cpu.rs:147:8
[INFO] [stdout]     |
[INFO] [stdout] 147 |     fn op_code_00E0(&mut self) -> ProgramCounter {
[INFO] [stdout]     |        ^^^^^^^^^^^^ help: convert the identifier to snake case: `op_code_00_e0`
[INFO] [stdout]     |
[INFO] [stdout]     = note: `#[warn(non_snake_case)]` on by default
[INFO] [stdout] 
[INFO] [stdout] 
[INFO] [stdout] warning: method `op_code_00EE` should have a snake case name
[INFO] [stdout]    --> src/cpu.rs:157:8
[INFO] [stdout]     |
[INFO] [stdout] 157 |     fn op_code_00EE(&mut self) -> ProgramCounter {
[INFO] [stdout]     |        ^^^^^^^^^^^^ help: convert the identifier to snake case: `op_code_00_ee`
[INFO] [stdout] 
[INFO] [stdout] 
[INFO] [stderr]     Finished `dev` profile [unoptimized + debuginfo] target(s) in 3.57s
[INFO] running `Command { std: "docker" "inspect" "4b40f7c89539dea1dffcfe48651276db5760a73b77119d789776e6ab07ed65ed", kill_on_drop: false }`
[INFO] running `Command { std: "docker" "rm" "-f" "4b40f7c89539dea1dffcfe48651276db5760a73b77119d789776e6ab07ed65ed", kill_on_drop: false }`
[INFO] [stdout] 4b40f7c89539dea1dffcfe48651276db5760a73b77119d789776e6ab07ed65ed
[INFO] running `Command { std: "docker" "create" "-v" "/var/lib/crater-agent-workspace/builds/worker-0-tc1/target:/opt/rustwide/target:rw,Z" "-v" "/var/lib/crater-agent-workspace/builds/worker-0-tc1/source:/opt/rustwide/workdir:ro,Z" "-v" "/var/lib/crater-agent-workspace/cargo-home:/opt/rustwide/cargo-home:ro,Z" "-v" "/var/lib/crater-agent-workspace/rustup-home:/opt/rustwide/rustup-home:ro,Z" "-e" "SOURCE_DIR=/opt/rustwide/workdir" "-e" "CARGO_TARGET_DIR=/opt/rustwide/target" "-e" "CARGO_INCREMENTAL=0" "-e" "RUST_BACKTRACE=full" "-e" "RUSTFLAGS=--cap-lints=warn" "-e" "RUSTDOCFLAGS=--cap-lints=warn" "-e" "CARGO_HOME=/opt/rustwide/cargo-home" "-e" "RUSTUP_HOME=/opt/rustwide/rustup-home" "-w" "/opt/rustwide/workdir" "-m" "1610612736" "--user" "0:0" "--network" "none" "ghcr.io/rust-lang/crates-build-env/linux@sha256:f3a9d4ad9d972b27faf3965f35b62e55ba32bbce8f20bc8fe909558a86702fde" "/opt/rustwide/cargo-home/bin/cargo" "+1.83.0" "test" "--frozen" "--no-run" "--message-format=json", kill_on_drop: false }`
[INFO] [stdout] fe3104a474033a904de7e7e853ce5cd05fcd178000385f6e5624f45c3bb93727
[INFO] running `Command { std: "docker" "start" "-a" "fe3104a474033a904de7e7e853ce5cd05fcd178000385f6e5624f45c3bb93727", kill_on_drop: false }`
[INFO] [stderr]    Compiling rust-chip8 v0.1.0 (/opt/rustwide/workdir)
[INFO] [stdout] warning: unreachable statement
[INFO] [stdout]    --> src/cpu.rs:395:9
[INFO] [stdout]     |
[INFO] [stdout] 394 |         todo!();
[INFO] [stdout]     |         ------- any code following this expression is unreachable
[INFO] [stdout] 395 |         self.write_reg(0x0f, 0);
[INFO] [stdout]     |         ^^^^^^^^^^^^^^^^^^^^^^^^ unreachable statement
[INFO] [stdout]     |
[INFO] [stdout]     = note: `#[warn(unreachable_code)]` on by default
[INFO] [stdout] 
[INFO] [stdout] 
[INFO] [stdout] warning: variable does not need to be mutable
[INFO] [stdout]  --> src/./ram_test.rs:4:9
[INFO] [stdout]   |
[INFO] [stdout] 4 |     let mut ram = Ram::new();
[INFO] [stdout]   |         ----^^^
[INFO] [stdout]   |         |
[INFO] [stdout]   |         help: remove this `mut`
[INFO] [stdout]   |
[INFO] [stdout]   = note: `#[warn(unused_mut)]` on by default
[INFO] [stdout] 
[INFO] [stdout] 
[INFO] [stdout] warning: unused variable: `opcode`
[INFO] [stdout]   --> src/cpu.rs:75:13
[INFO] [stdout]    |
[INFO] [stdout] 75 |         let opcode = self.get_opcode();
[INFO] [stdout]    |             ^^^^^^ help: if this is intentional, prefix it with an underscore: `_opcode`
[INFO] [stdout]    |
[INFO] [stdout]    = note: `#[warn(unused_variables)]` on by default
[INFO] [stdout] 
[INFO] [stdout] 
[INFO] [stdout] warning: unused variable: `y`
[INFO] [stdout]    --> src/cpu.rs:397:17
[INFO] [stdout]     |
[INFO] [stdout] 397 |             let y = (self.read_reg(y) as usize + byte) % CHIP8_PIXEL_HEIGHT; 
[INFO] [stdout]     |                 ^ help: if this is intentional, prefix it with an underscore: `_y`
[INFO] [stdout] 
[INFO] [stdout] 
[INFO] [stdout] warning: unused variable: `x`
[INFO] [stdout]    --> src/cpu.rs:393:32
[INFO] [stdout]     |
[INFO] [stdout] 393 |     fn op_code_dxyn(&mut self, x: usize, y: usize, n: usize) -> ProgramCounter {
[INFO] [stdout]     |                                ^ help: if this is intentional, prefix it with an underscore: `_x`
[INFO] [stdout] 
[INFO] [stdout] 
[INFO] [stdout] warning: unused variable: `y`
[INFO] [stdout]    --> src/cpu.rs:393:42
[INFO] [stdout]     |
[INFO] [stdout] 393 |     fn op_code_dxyn(&mut self, x: usize, y: usize, n: usize) -> ProgramCounter {
[INFO] [stdout]     |                                          ^ help: if this is intentional, prefix it with an underscore: `_y`
[INFO] [stdout] 
[INFO] [stdout] 
[INFO] [stdout] warning: unused variable: `n`
[INFO] [stdout]    --> src/cpu.rs:393:52
[INFO] [stdout]     |
[INFO] [stdout] 393 |     fn op_code_dxyn(&mut self, x: usize, y: usize, n: usize) -> ProgramCounter {
[INFO] [stdout]     |                                                    ^ help: if this is intentional, prefix it with an underscore: `_n`
[INFO] [stdout] 
[INFO] [stdout] 
[INFO] [stdout] warning: unused variable: `y`
[INFO] [stdout]    --> src/./cpu_test.rs:270:9
[INFO] [stdout]     |
[INFO] [stdout] 270 |     let y = CHIP8_PIXEL_HEIGHT - 1;
[INFO] [stdout]     |         ^ help: if this is intentional, prefix it with an underscore: `_y`
[INFO] [stdout] 
[INFO] [stdout] 
[INFO] [stdout] warning: variable does not need to be mutable
[INFO] [stdout]   --> src/vram.rs:10:13
[INFO] [stdout]    |
[INFO] [stdout] 10 |         let mut vram = Self {
[INFO] [stdout]    |             ----^^^^
[INFO] [stdout]    |             |
[INFO] [stdout]    |             help: remove this `mut`
[INFO] [stdout] 
[INFO] [stdout] 
[INFO] [stdout] warning: function `build_ram` is never used
[INFO] [stdout]  --> src/./ram_test.rs:3:4
[INFO] [stdout]   |
[INFO] [stdout] 3 | fn build_ram() -> Ram {
[INFO] [stdout]   |    ^^^^^^^^^
[INFO] [stdout]   |
[INFO] [stdout]   = note: `#[warn(dead_code)]` on by default
[INFO] [stdout] 
[INFO] [stdout] 
[INFO] [stdout] warning: methods `get_opcode` and `tick` are never used
[INFO] [stdout]   --> src/cpu.rs:56:12
[INFO] [stdout]    |
[INFO] [stdout] 40 | impl Cpu {
[INFO] [stdout]    | -------- methods in this implementation
[INFO] [stdout] ...
[INFO] [stdout] 56 |     pub fn get_opcode(&mut self) -> u16 {
[INFO] [stdout]    |            ^^^^^^^^^^
[INFO] [stdout] ...
[INFO] [stdout] 74 |     pub fn tick(&mut self) {
[INFO] [stdout]    |            ^^^^
[INFO] [stdout] 
[INFO] [stdout] 
[INFO] [stdout] warning: method `op_code_00E0` should have a snake case name
[INFO] [stdout]    --> src/cpu.rs:147:8
[INFO] [stdout]     |
[INFO] [stdout] 147 |     fn op_code_00E0(&mut self) -> ProgramCounter {
[INFO] [stdout]     |        ^^^^^^^^^^^^ help: convert the identifier to snake case: `op_code_00_e0`
[INFO] [stdout]     |
[INFO] [stdout]     = note: `#[warn(non_snake_case)]` on by default
[INFO] [stdout] 
[INFO] [stdout] 
[INFO] [stdout] warning: method `op_code_00EE` should have a snake case name
[INFO] [stdout]    --> src/cpu.rs:157:8
[INFO] [stdout]     |
[INFO] [stdout] 157 |     fn op_code_00EE(&mut self) -> ProgramCounter {
[INFO] [stdout]     |        ^^^^^^^^^^^^ help: convert the identifier to snake case: `op_code_00_ee`
[INFO] [stdout] 
[INFO] [stdout] 
[INFO] [stderr]     Finished `test` profile [unoptimized + debuginfo] target(s) in 0.80s
[INFO] running `Command { std: "docker" "inspect" "fe3104a474033a904de7e7e853ce5cd05fcd178000385f6e5624f45c3bb93727", kill_on_drop: false }`
[INFO] running `Command { std: "docker" "rm" "-f" "fe3104a474033a904de7e7e853ce5cd05fcd178000385f6e5624f45c3bb93727", kill_on_drop: false }`
[INFO] [stdout] fe3104a474033a904de7e7e853ce5cd05fcd178000385f6e5624f45c3bb93727
[INFO] running `Command { std: "docker" "create" "-v" "/var/lib/crater-agent-workspace/builds/worker-0-tc1/target:/opt/rustwide/target:rw,Z" "-v" "/var/lib/crater-agent-workspace/builds/worker-0-tc1/source:/opt/rustwide/workdir:ro,Z" "-v" "/var/lib/crater-agent-workspace/cargo-home:/opt/rustwide/cargo-home:ro,Z" "-v" "/var/lib/crater-agent-workspace/rustup-home:/opt/rustwide/rustup-home:ro,Z" "-e" "SOURCE_DIR=/opt/rustwide/workdir" "-e" "CARGO_TARGET_DIR=/opt/rustwide/target" "-e" "CARGO_INCREMENTAL=0" "-e" "RUST_BACKTRACE=full" "-e" "RUSTFLAGS=--cap-lints=warn" "-e" "RUSTDOCFLAGS=--cap-lints=warn" "-e" "CARGO_HOME=/opt/rustwide/cargo-home" "-e" "RUSTUP_HOME=/opt/rustwide/rustup-home" "-w" "/opt/rustwide/workdir" "-m" "1610612736" "--user" "0:0" "--network" "none" "ghcr.io/rust-lang/crates-build-env/linux@sha256:f3a9d4ad9d972b27faf3965f35b62e55ba32bbce8f20bc8fe909558a86702fde" "/opt/rustwide/cargo-home/bin/cargo" "+1.83.0" "test" "--frozen", kill_on_drop: false }`
[INFO] [stdout] 477cd28789e752a3d07b1c4095488c4a109b1de263e2bdfc57097ee0104de43d
[INFO] running `Command { std: "docker" "start" "-a" "477cd28789e752a3d07b1c4095488c4a109b1de263e2bdfc57097ee0104de43d", kill_on_drop: false }`
[INFO] [stderr] warning: unreachable statement
[INFO] [stderr]    --> src/cpu.rs:395:9
[INFO] [stderr]     |
[INFO] [stderr] 394 |         todo!();
[INFO] [stderr]     |         ------- any code following this expression is unreachable
[INFO] [stderr] 395 |         self.write_reg(0x0f, 0);
[INFO] [stderr]     |         ^^^^^^^^^^^^^^^^^^^^^^^^ unreachable statement
[INFO] [stderr]     |
[INFO] [stderr]     = note: `#[warn(unreachable_code)]` on by default
[INFO] [stderr] 
[INFO] [stderr] warning: variable does not need to be mutable
[INFO] [stderr]  --> src/./ram_test.rs:4:9
[INFO] [stderr]   |
[INFO] [stderr] 4 |     let mut ram = Ram::new();
[INFO] [stderr]   |         ----^^^
[INFO] [stderr]   |         |
[INFO] [stderr]   |         help: remove this `mut`
[INFO] [stderr]   |
[INFO] [stderr]   = note: `#[warn(unused_mut)]` on by default
[INFO] [stderr] 
[INFO] [stderr] warning: unused variable: `opcode`
[INFO] [stderr]   --> src/cpu.rs:75:13
[INFO] [stderr]    |
[INFO] [stderr] 75 |         let opcode = self.get_opcode();
[INFO] [stderr]    |             ^^^^^^ help: if this is intentional, prefix it with an underscore: `_opcode`
[INFO] [stderr]    |
[INFO] [stderr]    = note: `#[warn(unused_variables)]` on by default
[INFO] [stderr] 
[INFO] [stderr] warning: unused variable: `y`
[INFO] [stderr]    --> src/cpu.rs:397:17
[INFO] [stderr]     |
[INFO] [stderr] 397 |             let y = (self.read_reg(y) as usize + byte) % CHIP8_PIXEL_HEIGHT; 
[INFO] [stderr]     |                 ^ help: if this is intentional, prefix it with an underscore: `_y`
[INFO] [stderr] 
[INFO] [stderr] warning: unused variable: `x`
[INFO] [stderr]    --> src/cpu.rs:393:32
[INFO] [stderr]     |
[INFO] [stderr] 393 |     fn op_code_dxyn(&mut self, x: usize, y: usize, n: usize) -> ProgramCounter {
[INFO] [stderr]     |                                ^ help: if this is intentional, prefix it with an underscore: `_x`
[INFO] [stderr] 
[INFO] [stderr] warning: unused variable: `y`
[INFO] [stderr]    --> src/cpu.rs:393:42
[INFO] [stderr]     |
[INFO] [stderr] 393 |     fn op_code_dxyn(&mut self, x: usize, y: usize, n: usize) -> ProgramCounter {
[INFO] [stderr]     |                                          ^ help: if this is intentional, prefix it with an underscore: `_y`
[INFO] [stderr] 
[INFO] [stderr] warning: unused variable: `n`
[INFO] [stderr]    --> src/cpu.rs:393:52
[INFO] [stderr]     |
[INFO] [stderr] 393 |     fn op_code_dxyn(&mut self, x: usize, y: usize, n: usize) -> ProgramCounter {
[INFO] [stderr]     |                                                    ^ help: if this is intentional, prefix it with an underscore: `_n`
[INFO] [stderr] 
[INFO] [stderr] warning: unused variable: `y`
[INFO] [stderr]    --> src/./cpu_test.rs:270:9
[INFO] [stderr]     |
[INFO] [stderr] 270 |     let y = CHIP8_PIXEL_HEIGHT - 1;
[INFO] [stderr]     |         ^ help: if this is intentional, prefix it with an underscore: `_y`
[INFO] [stderr] 
[INFO] [stderr] warning: variable does not need to be mutable
[INFO] [stderr]   --> src/vram.rs:10:13
[INFO] [stderr]    |
[INFO] [stderr] 10 |         let mut vram = Self {
[INFO] [stderr]    |             ----^^^^
[INFO] [stderr]    |             |
[INFO] [stderr]    |             help: remove this `mut`
[INFO] [stderr] 
[INFO] [stderr] warning: function `build_ram` is never used
[INFO] [stderr]  --> src/./ram_test.rs:3:4
[INFO] [stderr]   |
[INFO] [stderr] 3 | fn build_ram() -> Ram {
[INFO] [stderr]   |    ^^^^^^^^^
[INFO] [stderr]   |
[INFO] [stderr]   = note: `#[warn(dead_code)]` on by default
[INFO] [stderr] 
[INFO] [stderr] warning: methods `get_opcode` and `tick` are never used
[INFO] [stderr]   --> src/cpu.rs:56:12
[INFO] [stderr]    |
[INFO] [stderr] 40 | impl Cpu {
[INFO] [stderr]    | -------- methods in this implementation
[INFO] [stderr] ...
[INFO] [stderr] 56 |     pub fn get_opcode(&mut self) -> u16 {
[INFO] [stderr]    |            ^^^^^^^^^^
[INFO] [stderr] ...
[INFO] [stderr] 74 |     pub fn tick(&mut self) {
[INFO] [stderr]    |            ^^^^
[INFO] [stderr] 
[INFO] [stderr] warning: method `op_code_00E0` should have a snake case name
[INFO] [stderr]    --> src/cpu.rs:147:8
[INFO] [stderr]     |
[INFO] [stderr] 147 |     fn op_code_00E0(&mut self) -> ProgramCounter {
[INFO] [stderr]     |        ^^^^^^^^^^^^ help: convert the identifier to snake case: `op_code_00_e0`
[INFO] [stderr]     |
[INFO] [stderr]     = note: `#[warn(non_snake_case)]` on by default
[INFO] [stderr] 
[INFO] [stderr] warning: method `op_code_00EE` should have a snake case name
[INFO] [stderr]    --> src/cpu.rs:157:8
[INFO] [stderr]     |
[INFO] [stderr] 157 |     fn op_code_00EE(&mut self) -> ProgramCounter {
[INFO] [stderr]     |        ^^^^^^^^^^^^ help: convert the identifier to snake case: `op_code_00_ee`
[INFO] [stderr] 
[INFO] [stderr] warning: `rust-chip8` (bin "rust-chip8" test) generated 13 warnings (run `cargo fix --bin "rust-chip8" --tests` to apply 2 suggestions)
[INFO] [stderr]     Finished `test` profile [unoptimized + debuginfo] target(s) in 0.02s
[INFO] [stderr]      Running unittests src/main.rs (/opt/rustwide/target/debug/deps/rust_chip8-639ea20bda37e233)
[INFO] [stdout] 
[INFO] [stdout] running 42 tests
[INFO] [stdout] test cpu::cpu_test::test_8xy3 ... ok
[INFO] [stdout] test cpu::cpu_test::test_op_00e0_cls ... ok
[INFO] [stdout] test cpu::cpu_test::test_load_data ... ok
[INFO] [stdout] test cpu::cpu_test::test_op_2nnn_cal_addr ... ok
[INFO] [stdout] test cpu::cpu_test::test_op_00ee_ret ... ok
[INFO] [stdout] test cpu::cpu_test::test_init_state ... ok
[INFO] [stdout] test cpu::cpu_test::test_op_1nnn_jp_addr ... ok
[INFO] [stdout] test cpu::cpu_test::test_op_34 ... ok
[INFO] [stdout] test cpu::cpu_test::test_op_35 ... ok
[INFO] [stdout] test cpu::cpu_test::test_op_36 ... ok
[INFO] [stdout] test cpu::cpu_test::test_op_3xkk ... ok
[INFO] [stdout] test cpu::cpu_test::test_op_5xy0 ... ok
[INFO] [stdout] test cpu::cpu_test::test_op_4xkk ... ok
[INFO] [stdout] test cpu::cpu_test::test_op_6xkk ... ok
[INFO] [stdout] test cpu::cpu_test::test_op_7xkk ... ok
[INFO] [stdout] test cpu::cpu_test::test_op_annn ... ok
[INFO] [stdout] test cpu::cpu_test::test_op_8xy0 ... ok
[INFO] [stdout] test cpu::cpu_test::test_op_8xy4 ... ok
[INFO] [stdout] test cpu::cpu_test::test_op_8xy1 ... ok
[INFO] [stdout] test cpu::cpu_test::test_op_bnnn ... ok
[INFO] [stdout] test cpu::cpu_test::test_op_8xy7 ... ok
[INFO] [stdout] test cpu::cpu_test::test_op_8xy5 ... ok
[INFO] [stdout] test cpu::cpu_test::test_op_8xy2 ... ok
[INFO] [stdout] test cpu::cpu_test::test_op_dxyn_wrap_vertical ... ok
[INFO] [stdout] test cpu::cpu_test::test_op_8xy6 ... ok
[INFO] [stdout] test cpu::cpu_test::test_op_fx07 ... ok
[INFO] [stdout] test cpu::cpu_test::test_op_ex9e ... ok
[INFO] [stdout] test cpu::cpu_test::test_op_8xye ... ok
[INFO] [stdout] test cpu::cpu_test::test_op_cxkk ... ok
[INFO] [stdout] test cpu::cpu_test::test_op_fx0a ... ok
[INFO] [stdout] test cpu::cpu_test::test_op_fx15 ... ok
[INFO] [stdout] test cpu::cpu_test::test_op_fx18 ... ok
[INFO] [stdout] test cpu::cpu_test::test_op_fx1e ... ok
[INFO] [stdout] test cpu::cpu_test::test_op_fx29 ... ok
[INFO] [stdout] test cpu::cpu_test::test_op_fx33 ... ok
[INFO] [stdout] test cpu::cpu_test::test_op_fx55 ... ok
[INFO] [stdout] test cpu::cpu_test::test_op_fx65 ... ok
[INFO] [stdout] test ram::map_test::test_init_state ... ok
[INFO] [stdout] test cpu::cpu_test::test_op_exa1 ... ok
[INFO] [stdout] test cpu::cpu_test::test_op_9xy0 ... ok
[INFO] [stdout] test cpu::cpu_test::test_op_dxyn_wrap_horizontal ... FAILED
[INFO] [stdout] test cpu::cpu_test::test_op_dxyn ... FAILED
[INFO] [stdout] 
[INFO] [stdout] failures:
[INFO] [stdout] 
[INFO] [stdout] ---- cpu::cpu_test::test_op_dxyn_wrap_horizontal stdout ----
[INFO] [stdout] thread 'cpu::cpu_test::test_op_dxyn_wrap_horizontal' panicked at src/cpu.rs:394:9:
[INFO] [stdout] not yet implemented
[INFO] [stdout] stack backtrace:
[INFO] [stdout]    0:     0x58ba6dfa126a - std::backtrace_rs::backtrace::libunwind::trace::h5a5b8284f2d0c266
[INFO] [stdout]                                at /rustc/90b35a6239c3d8bdabc530a6a0816f7ff89a0aaf/library/std/src/../../backtrace/src/backtrace/libunwind.rs:116:5
[INFO] [stdout]    1:     0x58ba6dfa126a - std::backtrace_rs::backtrace::trace_unsynchronized::h76d4f1c9b0b875e3
[INFO] [stdout]                                at /rustc/90b35a6239c3d8bdabc530a6a0816f7ff89a0aaf/library/std/src/../../backtrace/src/backtrace/mod.rs:66:5
[INFO] [stdout]    2:     0x58ba6dfa126a - std::sys::backtrace::_print_fmt::hc4546b8364a537c6
[INFO] [stdout]                                at /rustc/90b35a6239c3d8bdabc530a6a0816f7ff89a0aaf/library/std/src/sys/backtrace.rs:66:9
[INFO] [stdout]    3:     0x58ba6dfa126a - <std::sys::backtrace::BacktraceLock::print::DisplayBacktrace as core::fmt::Display>::fmt::h5b6bd5631a6d1f6b
[INFO] [stdout]                                at /rustc/90b35a6239c3d8bdabc530a6a0816f7ff89a0aaf/library/std/src/sys/backtrace.rs:39:26
[INFO] [stdout]    4:     0x58ba6dfc6673 - core::fmt::rt::Argument::fmt::h270f6602a2b96f62
[INFO] [stdout]                                at /rustc/90b35a6239c3d8bdabc530a6a0816f7ff89a0aaf/library/core/src/fmt/rt.rs:177:76
[INFO] [stdout]    5:     0x58ba6dfc6673 - core::fmt::write::h7550c97b06c86515
[INFO] [stdout]                                at /rustc/90b35a6239c3d8bdabc530a6a0816f7ff89a0aaf/library/core/src/fmt/mod.rs:1186:21
[INFO] [stdout]    6:     0x58ba6df9e433 - std::io::Write::write_fmt::h509ff860e5956e5e
[INFO] [stdout]                                at /rustc/90b35a6239c3d8bdabc530a6a0816f7ff89a0aaf/library/std/src/io/mod.rs:1839:15
[INFO] [stdout]    7:     0x58ba6dfa10b2 - std::sys::backtrace::BacktraceLock::print::h2395ccd2c84ba3aa
[INFO] [stdout]                                at /rustc/90b35a6239c3d8bdabc530a6a0816f7ff89a0aaf/library/std/src/sys/backtrace.rs:42:9
[INFO] [stdout]    8:     0x58ba6dfa26ca - std::panicking::default_hook::{{closure}}::he19d4c7230e07961
[INFO] [stdout]                                at /rustc/90b35a6239c3d8bdabc530a6a0816f7ff89a0aaf/library/std/src/panicking.rs:268:22
[INFO] [stdout]    9:     0x58ba6dfa24d4 - std::panicking::default_hook::hf614597d3c67bbdb
[INFO] [stdout]                                at /rustc/90b35a6239c3d8bdabc530a6a0816f7ff89a0aaf/library/std/src/panicking.rs:292:9
[INFO] [stdout]   10:     0x58ba6df34f29 - <alloc::boxed::Box<F,A> as core::ops::function::Fn<Args>>::call::h39b51ce4599c23d1
[INFO] [stdout]                                at /rustc/90b35a6239c3d8bdabc530a6a0816f7ff89a0aaf/library/alloc/src/boxed.rs:2468:9
[INFO] [stdout]   11:     0x58ba6df34f29 - test::test_main::{{closure}}::he977ae839a582784
[INFO] [stdout]                                at /rustc/90b35a6239c3d8bdabc530a6a0816f7ff89a0aaf/library/test/src/lib.rs:133:21
[INFO] [stdout]   12:     0x58ba6dfa2d68 - <alloc::boxed::Box<F,A> as core::ops::function::Fn<Args>>::call::h9455091b6b06f9fb
[INFO] [stdout]                                at /rustc/90b35a6239c3d8bdabc530a6a0816f7ff89a0aaf/library/alloc/src/boxed.rs:2468:9
[INFO] [stdout]   13:     0x58ba6dfa2d68 - std::panicking::rust_panic_with_hook::h8942133a8b252070
[INFO] [stdout]                                at /rustc/90b35a6239c3d8bdabc530a6a0816f7ff89a0aaf/library/std/src/panicking.rs:809:13
[INFO] [stdout]   14:     0x58ba6dfa2af6 - std::panicking::begin_panic_handler::{{closure}}::hb5f5963570096b29
[INFO] [stdout]                                at /rustc/90b35a6239c3d8bdabc530a6a0816f7ff89a0aaf/library/std/src/panicking.rs:667:13
[INFO] [stdout]   15:     0x58ba6dfa1749 - std::sys::backtrace::__rust_end_short_backtrace::h6208cedc1922feda
[INFO] [stdout]                                at /rustc/90b35a6239c3d8bdabc530a6a0816f7ff89a0aaf/library/std/src/sys/backtrace.rs:170:18
[INFO] [stdout]   16:     0x58ba6dfa27bc - rust_begin_unwind
[INFO] [stdout]                                at /rustc/90b35a6239c3d8bdabc530a6a0816f7ff89a0aaf/library/std/src/panicking.rs:665:5
[INFO] [stdout]   17:     0x58ba6def3fe0 - core::panicking::panic_fmt::h0c3082644d1bf418
[INFO] [stdout]                                at /rustc/90b35a6239c3d8bdabc530a6a0816f7ff89a0aaf/library/core/src/panicking.rs:74:14
[INFO] [stdout]   18:     0x58ba6def406c - core::panicking::panic::h957f98c65a3b3074
[INFO] [stdout]                                at /rustc/90b35a6239c3d8bdabc530a6a0816f7ff89a0aaf/library/core/src/panicking.rs:148:5
[INFO] [stdout]   19:     0x58ba6def96c4 - rust_chip8::cpu::Cpu::op_code_dxyn::h3fef188f0149e4e1
[INFO] [stdout]                                at /opt/rustwide/workdir/src/cpu.rs:394:9
[INFO] [stdout]   20:     0x58ba6def865b - rust_chip8::cpu::Cpu::run_opcode::h9b24e8b5a2a6f1f4
[INFO] [stdout]                                at /opt/rustwide/workdir/src/cpu.rs:122:32
[INFO] [stdout]   21:     0x58ba6defc18a - rust_chip8::cpu::cpu_test::test_op_dxyn_wrap_horizontal::h49d6253e21706934
[INFO] [stdout]                                at /opt/rustwide/workdir/src/./cpu_test.rs:251:5
[INFO] [stdout]   22:     0x58ba6defc0f7 - rust_chip8::cpu::cpu_test::test_op_dxyn_wrap_horizontal::{{closure}}::h35b6deffef173309
[INFO] [stdout]                                at /opt/rustwide/workdir/src/./cpu_test.rs:244:34
[INFO] [stdout]   23:     0x58ba6def5556 - core::ops::function::FnOnce::call_once::h3b421959b8108f86
[INFO] [stdout]                                at /rustc/90b35a6239c3d8bdabc530a6a0816f7ff89a0aaf/library/core/src/ops/function.rs:250:5
[INFO] [stdout]   24:     0x58ba6df398eb - core::ops::function::FnOnce::call_once::h109cf8051a59b34e
[INFO] [stdout]                                at /rustc/90b35a6239c3d8bdabc530a6a0816f7ff89a0aaf/library/core/src/ops/function.rs:250:5
[INFO] [stdout]   25:     0x58ba6df398eb - test::__rust_begin_short_backtrace::hf4fff89d377446ba
[INFO] [stdout]                                at /rustc/90b35a6239c3d8bdabc530a6a0816f7ff89a0aaf/library/test/src/lib.rs:621:18
[INFO] [stdout]   26:     0x58ba6df39127 - test::run_test_in_process::{{closure}}::h0e39181dd7ee5a43
[INFO] [stdout]                                at /rustc/90b35a6239c3d8bdabc530a6a0816f7ff89a0aaf/library/test/src/lib.rs:644:60
[INFO] [stdout]   27:     0x58ba6df39127 - <core::panic::unwind_safe::AssertUnwindSafe<F> as core::ops::function::FnOnce<()>>::call_once::hc5a66a30f0bdfd1f
[INFO] [stdout]                                at /rustc/90b35a6239c3d8bdabc530a6a0816f7ff89a0aaf/library/core/src/panic/unwind_safe.rs:272:9
[INFO] [stdout]   28:     0x58ba6df39127 - std::panicking::try::do_call::h873b7cf639554a5e
[INFO] [stdout]                                at /rustc/90b35a6239c3d8bdabc530a6a0816f7ff89a0aaf/library/std/src/panicking.rs:557:40
[INFO] [stdout]   29:     0x58ba6df39127 - std::panicking::try::hdb19862fad9c8bd1
[INFO] [stdout]                                at /rustc/90b35a6239c3d8bdabc530a6a0816f7ff89a0aaf/library/std/src/panicking.rs:520:19
[INFO] [stdout]   30:     0x58ba6df39127 - std::panic::catch_unwind::h281fe732d236d260
[INFO] [stdout]                                at /rustc/90b35a6239c3d8bdabc530a6a0816f7ff89a0aaf/library/std/src/panic.rs:358:14
[INFO] [stdout]   31:     0x58ba6df39127 - test::run_test_in_process::h949b6df8457ed338
[INFO] [stdout]                                at /rustc/90b35a6239c3d8bdabc530a6a0816f7ff89a0aaf/library/test/src/lib.rs:644:27
[INFO] [stdout]   32:     0x58ba6df39127 - test::run_test::{{closure}}::h52c556a6d4740e10
[INFO] [stdout]                                at /rustc/90b35a6239c3d8bdabc530a6a0816f7ff89a0aaf/library/test/src/lib.rs:565:43
[INFO] [stdout]   33:     0x58ba6defe404 - test::run_test::{{closure}}::h4237f6381c45ccb9
[INFO] [stdout]                                at /rustc/90b35a6239c3d8bdabc530a6a0816f7ff89a0aaf/library/test/src/lib.rs:595:41
[INFO] [stdout]   34:     0x58ba6defe404 - std::sys::backtrace::__rust_begin_short_backtrace::h505c97a579eca628
[INFO] [stdout]                                at /rustc/90b35a6239c3d8bdabc530a6a0816f7ff89a0aaf/library/std/src/sys/backtrace.rs:154:18
[INFO] [stdout]   35:     0x58ba6df01ace - std::thread::Builder::spawn_unchecked_::{{closure}}::{{closure}}::h9e86b2e2bc107ea3
[INFO] [stdout]                                at /rustc/90b35a6239c3d8bdabc530a6a0816f7ff89a0aaf/library/std/src/thread/mod.rs:538:17
[INFO] [stdout]   36:     0x58ba6df01ace - <core::panic::unwind_safe::AssertUnwindSafe<F> as core::ops::function::FnOnce<()>>::call_once::h8b06ddb275ff4a25
[INFO] [stdout]                                at /rustc/90b35a6239c3d8bdabc530a6a0816f7ff89a0aaf/library/core/src/panic/unwind_safe.rs:272:9
[INFO] [stdout]   37:     0x58ba6df01ace - std::panicking::try::do_call::hb26ecd7cd9a9355d
[INFO] [stdout]                                at /rustc/90b35a6239c3d8bdabc530a6a0816f7ff89a0aaf/library/std/src/panicking.rs:557:40
[INFO] [stdout]   38:     0x58ba6df01ace - std::panicking::try::h8ddeca9d705f9069
[INFO] [stdout]                                at /rustc/90b35a6239c3d8bdabc530a6a0816f7ff89a0aaf/library/std/src/panicking.rs:520:19
[INFO] [stdout]   39:     0x58ba6df01ace - std::panic::catch_unwind::h49e1c33078844c46
[INFO] [stdout]                                at /rustc/90b35a6239c3d8bdabc530a6a0816f7ff89a0aaf/library/std/src/panic.rs:358:14
[INFO] [stdout]   40:     0x58ba6df01ace - std::thread::Builder::spawn_unchecked_::{{closure}}::h6073db6ff56ad35d
[INFO] [stdout]                                at /rustc/90b35a6239c3d8bdabc530a6a0816f7ff89a0aaf/library/std/src/thread/mod.rs:537:30
[INFO] [stdout]   41:     0x58ba6df01ace - core::ops::function::FnOnce::call_once{{vtable.shim}}::h2c5a5f3779c774f1
[INFO] [stdout]                                at /rustc/90b35a6239c3d8bdabc530a6a0816f7ff89a0aaf/library/core/src/ops/function.rs:250:5
[INFO] [stdout]   42:     0x58ba6dfa6abb - <alloc::boxed::Box<F,A> as core::ops::function::FnOnce<Args>>::call_once::hf75717d9f28faebf
[INFO] [stdout]                                at /rustc/90b35a6239c3d8bdabc530a6a0816f7ff89a0aaf/library/alloc/src/boxed.rs:2454:9
[INFO] [stdout]   43:     0x58ba6dfa6abb - <alloc::boxed::Box<F,A> as core::ops::function::FnOnce<Args>>::call_once::h7bd883a5f3c5f3c1
[INFO] [stdout]                                at /rustc/90b35a6239c3d8bdabc530a6a0816f7ff89a0aaf/library/alloc/src/boxed.rs:2454:9
[INFO] [stdout]   44:     0x58ba6dfa6abb - std::sys::pal::unix::thread::Thread::new::thread_start::hcc78f3943333fa94
[INFO] [stdout]                                at /rustc/90b35a6239c3d8bdabc530a6a0816f7ff89a0aaf/library/std/src/sys/pal/unix/thread.rs:105:17
[INFO] [stdout]   45:     0x787b686f6ac3 - <unknown>
[INFO] [stdout]   46:     0x787b68787a04 - clone
[INFO] [stdout]   47:                0x0 - <unknown>
[INFO] [stdout] 
[INFO] [stdout] ---- cpu::cpu_test::test_op_dxyn stdout ----
[INFO] [stdout] thread 'cpu::cpu_test::test_op_dxyn' panicked at src/cpu.rs:394:9:
[INFO] [stdout] not yet implemented
[INFO] [stdout] stack backtrace:
[INFO] [stdout]    0:     0x58ba6dfa126a - std::backtrace_rs::backtrace::libunwind::trace::h5a5b8284f2d0c266
[INFO] [stdout]                                at /rustc/90b35a6239c3d8bdabc530a6a0816f7ff89a0aaf/library/std/src/../../backtrace/src/backtrace/libunwind.rs:116:5
[INFO] [stdout]    1:     0x58ba6dfa126a - std::backtrace_rs::backtrace::trace_unsynchronized::h76d4f1c9b0b875e3
[INFO] [stdout]                                at /rustc/90b35a6239c3d8bdabc530a6a0816f7ff89a0aaf/library/std/src/../../backtrace/src/backtrace/mod.rs:66:5
[INFO] [stdout]    2:     0x58ba6dfa126a - std::sys::backtrace::_print_fmt::hc4546b8364a537c6
[INFO] [stdout]                                at /rustc/90b35a6239c3d8bdabc530a6a0816f7ff89a0aaf/library/std/src/sys/backtrace.rs:66:9
[INFO] [stdout]    3:     0x58ba6dfa126a - <std::sys::backtrace::BacktraceLock::print::DisplayBacktrace as core::fmt::Display>::fmt::h5b6bd5631a6d1f6b
[INFO] [stdout]                                at /rustc/90b35a6239c3d8bdabc530a6a0816f7ff89a0aaf/library/std/src/sys/backtrace.rs:39:26
[INFO] [stdout]    4:     0x58ba6dfc6673 - core::fmt::rt::Argument::fmt::h270f6602a2b96f62
[INFO] [stdout]                                at /rustc/90b35a6239c3d8bdabc530a6a0816f7ff89a0aaf/library/core/src/fmt/rt.rs:177:76
[INFO] [stdout]    5:     0x58ba6dfc6673 - core::fmt::write::h7550c97b06c86515
[INFO] [stdout]                                at /rustc/90b35a6239c3d8bdabc530a6a0816f7ff89a0aaf/library/core/src/fmt/mod.rs:1186:21
[INFO] [stdout]    6:     0x58ba6df9e433 - std::io::Write::write_fmt::h509ff860e5956e5e
[INFO] [stdout]                                at /rustc/90b35a6239c3d8bdabc530a6a0816f7ff89a0aaf/library/std/src/io/mod.rs:1839:15
[INFO] [stdout]    7:     0x58ba6dfa10b2 - std::sys::backtrace::BacktraceLock::print::h2395ccd2c84ba3aa
[INFO] [stdout]                                at /rustc/90b35a6239c3d8bdabc530a6a0816f7ff89a0aaf/library/std/src/sys/backtrace.rs:42:9
[INFO] [stdout]    8:     0x58ba6dfa26ca - std::panicking::default_hook::{{closure}}::he19d4c7230e07961
[INFO] [stdout]                                at /rustc/90b35a6239c3d8bdabc530a6a0816f7ff89a0aaf/library/std/src/panicking.rs:268:22
[INFO] [stdout]    9:     0x58ba6dfa24d4 - std::panicking::default_hook::hf614597d3c67bbdb
[INFO] [stdout]                                at /rustc/90b35a6239c3d8bdabc530a6a0816f7ff89a0aaf/library/std/src/panicking.rs:292:9
[INFO] [stdout]   10:     0x58ba6df34f29 - <alloc::boxed::Box<F,A> as core::ops::function::Fn<Args>>::call::h39b51ce4599c23d1
[INFO] [stdout]                                at /rustc/90b35a6239c3d8bdabc530a6a0816f7ff89a0aaf/library/alloc/src/boxed.rs:2468:9
[INFO] [stdout]   11:     0x58ba6df34f29 - test::test_main::{{closure}}::he977ae839a582784
[INFO] [stdout]                                at /rustc/90b35a6239c3d8bdabc530a6a0816f7ff89a0aaf/library/test/src/lib.rs:133:21
[INFO] [stdout]   12:     0x58ba6dfa2d68 - <alloc::boxed::Box<F,A> as core::ops::function::Fn<Args>>::call::h9455091b6b06f9fb
[INFO] [stdout]                                at /rustc/90b35a6239c3d8bdabc530a6a0816f7ff89a0aaf/library/alloc/src/boxed.rs:2468:9
[INFO] [stdout]   13:     0x58ba6dfa2d68 - std::panicking::rust_panic_with_hook::h8942133a8b252070
[INFO] [stdout]                                at /rustc/90b35a6239c3d8bdabc530a6a0816f7ff89a0aaf/library/std/src/panicking.rs:809:13
[INFO] [stdout]   14:     0x58ba6dfa2af6 - std::panicking::begin_panic_handler::{{closure}}::hb5f5963570096b29
[INFO] [stdout]                                at /rustc/90b35a6239c3d8bdabc530a6a0816f7ff89a0aaf/library/std/src/panicking.rs:667:13
[INFO] [stdout]   15:     0x58ba6dfa1749 - std::sys::backtrace::__rust_end_short_backtrace::h6208cedc1922feda
[INFO] [stdout]                                at /rustc/90b35a6239c3d8bdabc530a6a0816f7ff89a0aaf/library/std/src/sys/backtrace.rs:170:18
[INFO] [stdout]   16:     0x58ba6dfa27bc - rust_begin_unwind
[INFO] [stdout]                                at /rustc/90b35a6239c3d8bdabc530a6a0816f7ff89a0aaf/library/std/src/panicking.rs:665:5
[INFO] [stdout]   17:     0x58ba6def3fe0 - core::panicking::panic_fmt::h0c3082644d1bf418
[INFO] [stdout]                                at /rustc/90b35a6239c3d8bdabc530a6a0816f7ff89a0aaf/library/core/src/panicking.rs:74:14
[INFO] [stdout]   18:     0x58ba6def406c - core::panicking::panic::h957f98c65a3b3074
[INFO] [stdout]                                at /rustc/90b35a6239c3d8bdabc530a6a0816f7ff89a0aaf/library/core/src/panicking.rs:148:5
[INFO] [stdout]   19:     0x58ba6def96c4 - rust_chip8::cpu::Cpu::op_code_dxyn::h3fef188f0149e4e1
[INFO] [stdout]                                at /opt/rustwide/workdir/src/cpu.rs:394:9
[INFO] [stdout]   20:     0x58ba6def865b - rust_chip8::cpu::Cpu::run_opcode::h9b24e8b5a2a6f1f4
[INFO] [stdout]                                at /opt/rustwide/workdir/src/cpu.rs:122:32
[INFO] [stdout]   21:     0x58ba6defbd71 - rust_chip8::cpu::cpu_test::test_op_dxyn::hf41f5d91bfdcb0dc
[INFO] [stdout]                                at /opt/rustwide/workdir/src/./cpu_test.rs:233:5
[INFO] [stdout]   22:     0x58ba6defbc77 - rust_chip8::cpu::cpu_test::test_op_dxyn::{{closure}}::h526bcde93e82179c
[INFO] [stdout]                                at /opt/rustwide/workdir/src/./cpu_test.rs:223:18
[INFO] [stdout]   23:     0x58ba6def5726 - core::ops::function::FnOnce::call_once::h5db48f9757b24c10
[INFO] [stdout]                                at /rustc/90b35a6239c3d8bdabc530a6a0816f7ff89a0aaf/library/core/src/ops/function.rs:250:5
[INFO] [stdout]   24:     0x58ba6df398eb - core::ops::function::FnOnce::call_once::h109cf8051a59b34e
[INFO] [stdout]                                at /rustc/90b35a6239c3d8bdabc530a6a0816f7ff89a0aaf/library/core/src/ops/function.rs:250:5
[INFO] [stdout]   25:     0x58ba6df398eb - test::__rust_begin_short_backtrace::hf4fff89d377446ba
[INFO] [stdout]                                at /rustc/90b35a6239c3d8bdabc530a6a0816f7ff89a0aaf/library/test/src/lib.rs:621:18
[INFO] [stdout]   26:     0x58ba6df39127 - test::run_test_in_process::{{closure}}::h0e39181dd7ee5a43
[INFO] [stdout]                                at /rustc/90b35a6239c3d8bdabc530a6a0816f7ff89a0aaf/library/test/src/lib.rs:644:60
[INFO] [stdout]   27:     0x58ba6df39127 - <core::panic::unwind_safe::AssertUnwindSafe<F> as core::ops::function::FnOnce<()>>::call_once::hc5a66a30f0bdfd1f
[INFO] [stdout]                                at /rustc/90b35a6239c3d8bdabc530a6a0816f7ff89a0aaf/library/core/src/panic/unwind_safe.rs:272:9
[INFO] [stdout]   28:     0x58ba6df39127 - std::panicking::try::do_call::h873b7cf639554a5e
[INFO] [stdout]                                at /rustc/90b35a6239c3d8bdabc530a6a0816f7ff89a0aaf/library/std/src/panicking.rs:557:40
[INFO] [stdout]   29:     0x58ba6df39127 - std::panicking::try::hdb19862fad9c8bd1
[INFO] [stdout]                                at /rustc/90b35a6239c3d8bdabc530a6a0816f7ff89a0aaf/library/std/src/panicking.rs:520:19
[INFO] [stdout]   30:     0x58ba6df39127 - std::panic::catch_unwind::h281fe732d236d260
[INFO] [stdout]                                at /rustc/90b35a6239c3d8bdabc530a6a0816f7ff89a0aaf/library/std/src/panic.rs:358:14
[INFO] [stdout]   31:     0x58ba6df39127 - test::run_test_in_process::h949b6df8457ed338
[INFO] [stdout]                                at /rustc/90b35a6239c3d8bdabc530a6a0816f7ff89a0aaf/library/test/src/lib.rs:644:27
[INFO] [stdout]   32:     0x58ba6df39127 - test::run_test::{{closure}}::h52c556a6d4740e10
[INFO] [stdout]                                at /rustc/90b35a6239c3d8bdabc530a6a0816f7ff89a0aaf/library/test/src/lib.rs:565:43
[INFO] [stdout]   33:     0x58ba6defe404 - test::run_test::{{closure}}::h4237f6381c45ccb9
[INFO] [stdout]                                at /rustc/90b35a6239c3d8bdabc530a6a0816f7ff89a0aaf/library/test/src/lib.rs:595:41
[INFO] [stdout]   34:     0x58ba6defe404 - std::sys::backtrace::__rust_begin_short_backtrace::h505c97a579eca628
[INFO] [stdout]                                at /rustc/90b35a6239c3d8bdabc530a6a0816f7ff89a0aaf/library/std/src/sys/backtrace.rs:154:18
[INFO] [stdout]   35:     0x58ba6df01ace - std::thread::Builder::spawn_unchecked_::{{closure}}::{{closure}}::h9e86b2e2bc107ea3
[INFO] [stdout]                                at /rustc/90b35a6239c3d8bdabc530a6a0816f7ff89a0aaf/library/std/src/thread/mod.rs:538:17
[INFO] [stdout]   36:     0x58ba6df01ace - <core::panic::unwind_safe::AssertUnwindSafe<F> as core::ops::function::FnOnce<()>>::call_once::h8b06ddb275ff4a25
[INFO] [stdout]                                at /rustc/90b35a6239c3d8bdabc530a6a0816f7ff89a0aaf/library/core/src/panic/unwind_safe.rs:272:9
[INFO] [stdout]   37:     0x58ba6df01ace - std::panicking::try::do_call::hb26ecd7cd9a9355d
[INFO] [stdout]                                at /rustc/90b35a6239c3d8bdabc530a6a0816f7ff89a0aaf/library/std/src/panicking.rs:557:40
[INFO] [stdout]   38:     0x58ba6df01ace - std::panicking::try::h8ddeca9d705f9069
[INFO] [stdout]                                at /rustc/90b35a6239c3d8bdabc530a6a0816f7ff89a0aaf/library/std/src/panicking.rs:520:19
[INFO] [stdout]   39:     0x58ba6df01ace - std::panic::catch_unwind::h49e1c33078844c46
[INFO] [stdout]                                at /rustc/90b35a6239c3d8bdabc530a6a0816f7ff89a0aaf/library/std/src/panic.rs:358:14
[INFO] [stdout]   40:     0x58ba6df01ace - std::thread::Builder::spawn_unchecked_::{{closure}}::h6073db6ff56ad35d
[INFO] [stdout]                                at /rustc/90b35a6239c3d8bdabc530a6a0816f7ff89a0aaf/library/std/src/thread/mod.rs:537:30
[INFO] [stdout]   41:     0x58ba6df01ace - core::ops::function::FnOnce::call_once{{vtable.shim}}::h2c5a5f3779c774f1
[INFO] [stdout]                                at /rustc/90b35a6239c3d8bdabc530a6a0816f7ff89a0aaf/library/core/src/ops/function.rs:250:5
[INFO] [stdout]   42:     0x58ba6dfa6abb - <alloc::boxed::Box<F,A> as core::ops::function::FnOnce<Args>>::call_once::hf75717d9f28faebf
[INFO] [stdout]                                at /rustc/90b35a6239c3d8bdabc530a6a0816f7ff89a0aaf/library/alloc/src/boxed.rs:2454:9
[INFO] [stdout]   43:     0x58ba6dfa6abb - <alloc::boxed::Box<F,A> as core::ops::function::FnOnce<Args>>::call_once::h7bd883a5f3c5f3c1
[INFO] [stdout]                                at /rustc/90b35a6239c3d8bdabc530a6a0816f7ff89a0aaf/library/alloc/src/boxed.rs:2454:9
[INFO] [stdout]   44:     0x58ba6dfa6abb - std::sys::pal::unix::thread::Thread::new::thread_start::hcc78f3943333fa94
[INFO] [stdout]                                at /rustc/90b35a6239c3d8bdabc530a6a0816f7ff89a0aaf/library/std/src/sys/pal/unix/thread.rs:105:17
[INFO] [stdout]   45:     0x787b686f6ac3 - <unknown>
[INFO] [stdout]   46:     0x787b68787a04 - clone
[INFO] [stdout]   47:                0x0 - <unknown>
[INFO] [stdout] 
[INFO] [stdout] 
[INFO] [stdout] failures:
[INFO] [stdout]     cpu::cpu_test::test_op_dxyn
[INFO] [stdout]     cpu::cpu_test::test_op_dxyn_wrap_horizontal
[INFO] [stdout] 
[INFO] [stdout] test result: FAILED. 40 passed; 2 failed; 0 ignored; 0 measured; 0 filtered out; finished in 0.06s
[INFO] [stdout] 
[INFO] [stderr] error: test failed, to rerun pass `--bin rust-chip8`
[INFO] running `Command { std: "docker" "inspect" "477cd28789e752a3d07b1c4095488c4a109b1de263e2bdfc57097ee0104de43d", kill_on_drop: false }`
[INFO] running `Command { std: "docker" "rm" "-f" "477cd28789e752a3d07b1c4095488c4a109b1de263e2bdfc57097ee0104de43d", kill_on_drop: false }`
[INFO] [stdout] 477cd28789e752a3d07b1c4095488c4a109b1de263e2bdfc57097ee0104de43d
