[INFO] cloning repository https://github.com/instantOS/imosid-next
[INFO] running `Command { std: "git" "-c" "credential.helper=" "-c" "credential.helper=/workspace/cargo-home/bin/git-credential-null" "clone" "--bare" "https://github.com/instantOS/imosid-next" "/workspace/cache/git-repos/https%3A%2F%2Fgithub.com%2FinstantOS%2Fimosid-next", kill_on_drop: false }`
[INFO] [stderr] Cloning into bare repository '/workspace/cache/git-repos/https%3A%2F%2Fgithub.com%2FinstantOS%2Fimosid-next'...
[INFO] running `Command { std: "git" "rev-parse" "HEAD", kill_on_drop: false }`
[INFO] [stdout] e285425246da6f12a4c8dce4e43908a83cf116b5
[INFO] testing instantOS/imosid-next against beta-2024-12-08 for beta-1.84.0-4-retry
[INFO] running `Command { std: "git" "clone" "/workspace/cache/git-repos/https%3A%2F%2Fgithub.com%2FinstantOS%2Fimosid-next" "/workspace/builds/worker-7-tc2/source", kill_on_drop: false }`
[INFO] [stderr] Cloning into '/workspace/builds/worker-7-tc2/source'...
[INFO] [stderr] done.
[INFO] validating manifest of git repo https://github.com/instantOS/imosid-next on toolchain beta-2024-12-08
[INFO] running `Command { std: CARGO_HOME="/workspace/cargo-home" RUSTUP_HOME="/workspace/rustup-home" "/workspace/cargo-home/bin/cargo" "+beta-2024-12-08" "metadata" "--manifest-path" "Cargo.toml" "--no-deps", kill_on_drop: false }`
[INFO] started tweaking git repo https://github.com/instantOS/imosid-next
[INFO] finished tweaking git repo https://github.com/instantOS/imosid-next
[INFO] tweaked toml for git repo https://github.com/instantOS/imosid-next written to /workspace/builds/worker-7-tc2/source/Cargo.toml
[INFO] crate git repo https://github.com/instantOS/imosid-next already has a lockfile, it will not be regenerated
[INFO] running `Command { std: CARGO_HOME="/workspace/cargo-home" RUSTUP_HOME="/workspace/rustup-home" "/workspace/cargo-home/bin/cargo" "+beta-2024-12-08" "fetch" "--manifest-path" "Cargo.toml", kill_on_drop: false }`
[INFO] running `Command { std: "docker" "create" "-v" "/var/lib/crater-agent-workspace/builds/worker-7-tc2/target:/opt/rustwide/target:rw,Z" "-v" "/var/lib/crater-agent-workspace/builds/worker-7-tc2/source:/opt/rustwide/workdir:ro,Z" "-v" "/var/lib/crater-agent-workspace/cargo-home:/opt/rustwide/cargo-home:ro,Z" "-v" "/var/lib/crater-agent-workspace/rustup-home:/opt/rustwide/rustup-home:ro,Z" "-e" "SOURCE_DIR=/opt/rustwide/workdir" "-e" "CARGO_TARGET_DIR=/opt/rustwide/target" "-e" "CARGO_HOME=/opt/rustwide/cargo-home" "-e" "RUSTUP_HOME=/opt/rustwide/rustup-home" "-w" "/opt/rustwide/workdir" "-m" "1610612736" "--user" "0:0" "--network" "none" "ghcr.io/rust-lang/crates-build-env/linux@sha256:f3a9d4ad9d972b27faf3965f35b62e55ba32bbce8f20bc8fe909558a86702fde" "/opt/rustwide/cargo-home/bin/cargo" "+beta-2024-12-08" "metadata" "--no-deps" "--format-version=1", kill_on_drop: false }`
[INFO] [stdout] 98627af040a619d71c10861681ca360c8877486f98edcf15de43d7aae6a6280e
[INFO] running `Command { std: "docker" "start" "-a" "98627af040a619d71c10861681ca360c8877486f98edcf15de43d7aae6a6280e", kill_on_drop: false }`
[INFO] running `Command { std: "docker" "inspect" "98627af040a619d71c10861681ca360c8877486f98edcf15de43d7aae6a6280e", kill_on_drop: false }`
[INFO] running `Command { std: "docker" "rm" "-f" "98627af040a619d71c10861681ca360c8877486f98edcf15de43d7aae6a6280e", kill_on_drop: false }`
[INFO] [stdout] 98627af040a619d71c10861681ca360c8877486f98edcf15de43d7aae6a6280e
[INFO] running `Command { std: "docker" "create" "-v" "/var/lib/crater-agent-workspace/builds/worker-7-tc2/target:/opt/rustwide/target:rw,Z" "-v" "/var/lib/crater-agent-workspace/builds/worker-7-tc2/source:/opt/rustwide/workdir:ro,Z" "-v" "/var/lib/crater-agent-workspace/cargo-home:/opt/rustwide/cargo-home:ro,Z" "-v" "/var/lib/crater-agent-workspace/rustup-home:/opt/rustwide/rustup-home:ro,Z" "-e" "SOURCE_DIR=/opt/rustwide/workdir" "-e" "CARGO_TARGET_DIR=/opt/rustwide/target" "-e" "CARGO_INCREMENTAL=0" "-e" "RUST_BACKTRACE=full" "-e" "RUSTFLAGS=--cap-lints=warn" "-e" "RUSTDOCFLAGS=--cap-lints=warn" "-e" "CARGO_HOME=/opt/rustwide/cargo-home" "-e" "RUSTUP_HOME=/opt/rustwide/rustup-home" "-w" "/opt/rustwide/workdir" "-m" "1610612736" "--user" "0:0" "--network" "none" "ghcr.io/rust-lang/crates-build-env/linux@sha256:f3a9d4ad9d972b27faf3965f35b62e55ba32bbce8f20bc8fe909558a86702fde" "/opt/rustwide/cargo-home/bin/cargo" "+beta-2024-12-08" "build" "--frozen" "--message-format=json", kill_on_drop: false }`
[INFO] [stdout] 4e90175276788f47efef45f34ed8ceddbfdac8f99c5a96eccf4a6378f0109f4b
[INFO] running `Command { std: "docker" "start" "-a" "4e90175276788f47efef45f34ed8ceddbfdac8f99c5a96eccf4a6378f0109f4b", kill_on_drop: false }`
[INFO] [stderr]    Compiling proc-macro2 v1.0.47
[INFO] [stderr]    Compiling libc v0.2.146
[INFO] [stderr]    Compiling unicode-ident v1.0.5
[INFO] [stderr]    Compiling quote v1.0.21
[INFO] [stderr]    Compiling syn v1.0.105
[INFO] [stderr]    Compiling serde_derive v1.0.149
[INFO] [stderr]    Compiling tinyvec_macros v0.1.0
[INFO] [stderr]    Compiling serde v1.0.149
[INFO] [stderr]    Compiling typenum v1.16.0
[INFO] [stderr]    Compiling version_check v0.9.4
[INFO] [stderr]    Compiling io-lifetimes v1.0.3
[INFO] [stderr]    Compiling percent-encoding v2.2.0
[INFO] [stderr]    Compiling semver v1.0.17
[INFO] [stderr]    Compiling rustix v0.37.7
[INFO] [stderr]    Compiling unicode-bidi v0.3.8
[INFO] [stderr]    Compiling tinyvec v1.6.0
[INFO] [stderr]    Compiling autocfg v1.1.0
[INFO] [stderr]    Compiling form_urlencoded v1.1.0
[INFO] [stderr]    Compiling bitflags v1.3.2
[INFO] [stderr]    Compiling linux-raw-sys v0.3.8
[INFO] [stderr]    Compiling memchr v2.5.0
[INFO] [stderr]    Compiling utf8parse v0.2.1
[INFO] [stderr]    Compiling anstyle-query v1.0.0
[INFO] [stderr]    Compiling anstyle-parse v0.2.0
[INFO] [stderr]    Compiling hashbrown v0.12.3
[INFO] [stderr]    Compiling colorchoice v1.0.0
[INFO] [stderr]    Compiling generic-array v0.14.6
[INFO] [stderr]    Compiling anstyle v1.0.0
[INFO] [stderr]    Compiling indexmap v1.9.3
[INFO] [stderr]    Compiling clap_lex v0.5.0
[INFO] [stderr]    Compiling cfg-if v1.0.0
[INFO] [stderr]    Compiling winnow v0.4.6
[INFO] [stderr]    Compiling once_cell v1.16.0
[INFO] [stderr]    Compiling cpufeatures v0.2.5
[INFO] [stderr]    Compiling strsim v0.10.0
[INFO] [stderr]    Compiling same-file v1.0.6
[INFO] [stderr]    Compiling hex v0.4.3
[INFO] [stderr]    Compiling regex-syntax v0.7.2
[INFO] [stderr]    Compiling lazy_static v1.4.0
[INFO] [stderr]    Compiling remove_dir_all v0.5.3
[INFO] [stderr]    Compiling walkdir v2.3.3
[INFO] [stderr]    Compiling home v0.5.5
[INFO] [stderr]    Compiling aho-corasick v1.0.2
[INFO] [stderr]    Compiling crypto-common v0.1.6
[INFO] [stderr]    Compiling block-buffer v0.10.4
[INFO] [stderr]    Compiling unicode-normalization v0.1.22
[INFO] [stderr]    Compiling digest v0.10.7
[INFO] [stderr]    Compiling sha2 v0.10.6
[INFO] [stderr]    Compiling idna v0.3.0
[INFO] [stderr]    Compiling sha256 v1.1.3
[INFO] [stderr]    Compiling atty v0.2.14
[INFO] [stderr]    Compiling rand v0.4.6
[INFO] [stderr]    Compiling colored v2.0.0
[INFO] [stderr]    Compiling url v2.3.1
[INFO] [stderr]    Compiling regex v1.8.4
[INFO] [stderr]    Compiling tempdir v0.3.7
[INFO] [stderr]    Compiling is-terminal v0.4.7
[INFO] [stderr]    Compiling anstream v0.3.2
[INFO] [stderr]    Compiling clap_builder v4.3.1
[INFO] [stderr]    Compiling serde_spanned v0.6.2
[INFO] [stderr]    Compiling toml_datetime v0.6.2
[INFO] [stderr]    Compiling toml_edit v0.19.10
[INFO] [stderr]    Compiling clap v4.3.2
[INFO] [stderr]    Compiling toml v0.7.4
[INFO] [stderr]    Compiling toml v0.5.9
[INFO] [stderr]    Compiling cargo-lock v8.0.3
[INFO] [stderr]    Compiling built v0.5.2
[INFO] [stderr]    Compiling imosid v0.0.1 (/opt/rustwide/workdir)
[INFO] [stdout] warning: unused import: `std::clone`
[INFO] [stdout]  --> src/files.rs:9:5
[INFO] [stdout]   |
[INFO] [stdout] 9 | use std::clone;
[INFO] [stdout]   |     ^^^^^^^^^^
[INFO] [stdout]   |
[INFO] [stdout]   = note: `#[warn(unused_imports)]` on by default
[INFO] [stdout] 
[INFO] [stdout] 
[INFO] [stdout] warning: unreachable statement
[INFO] [stdout]    --> src/main.rs:113:17
[INFO] [stdout]     |
[INFO] [stdout] 112 |                 todo!("add message for this");
[INFO] [stdout]     |                 ----------------------------- any code following this expression is unreachable
[INFO] [stdout] 113 |                 return Ok(());
[INFO] [stdout]     |                 ^^^^^^^^^^^^^^ unreachable statement
[INFO] [stdout]     |
[INFO] [stdout]     = note: `#[warn(unreachable_code)]` on by default
[INFO] [stdout] 
[INFO] [stdout] 
[INFO] [stdout] warning: unused variable: `section_map`
[INFO] [stdout]   --> src/files.rs:78:17
[INFO] [stdout]    |
[INFO] [stdout] 78 |         let mut section_map: HashMap<String, Vec<Specialcomment>> = HashMap::new();
[INFO] [stdout]    |                 ^^^^^^^^^^^ help: if this is intentional, prefix it with an underscore: `_section_map`
[INFO] [stdout]    |
[INFO] [stdout]    = note: `#[warn(unused_variables)]` on by default
[INFO] [stdout] 
[INFO] [stdout] 
[INFO] [stdout] warning: variable does not need to be mutable
[INFO] [stdout]   --> src/files.rs:78:13
[INFO] [stdout]    |
[INFO] [stdout] 78 |         let mut section_map: HashMap<String, Vec<Specialcomment>> = HashMap::new();
[INFO] [stdout]    |             ----^^^^^^^^^^^
[INFO] [stdout]    |             |
[INFO] [stdout]    |             help: remove this `mut`
[INFO] [stdout]    |
[INFO] [stdout]    = note: `#[warn(unused_mut)]` on by default
[INFO] [stdout] 
[INFO] [stdout] 
[INFO] [stdout] warning: variable does not need to be mutable
[INFO] [stdout]    --> src/files.rs:188:13
[INFO] [stdout]     |
[INFO] [stdout] 188 |         let mut modified = false;
[INFO] [stdout]     |             ----^^^^^^^^
[INFO] [stdout]     |             |
[INFO] [stdout]     |             help: remove this `mut`
[INFO] [stdout] 
[INFO] [stdout] 
[INFO] [stdout] warning: variable `modified` is assigned to, but never used
[INFO] [stdout]    --> src/files.rs:306:17
[INFO] [stdout]     |
[INFO] [stdout] 306 |         let mut modified = false;
[INFO] [stdout]     |                 ^^^^^^^^
[INFO] [stdout]     |
[INFO] [stdout]     = note: consider using `_modified` instead
[INFO] [stdout] 
[INFO] [stdout] 
[INFO] [stdout] warning: value assigned to `modified` is never read
[INFO] [stdout]    --> src/files.rs:320:21
[INFO] [stdout]     |
[INFO] [stdout] 320 |                     modified = self.applyfile(&file);
[INFO] [stdout]     |                     ^^^^^^^^
[INFO] [stdout]     |
[INFO] [stdout]     = help: maybe it is overwritten before being read?
[INFO] [stdout]     = note: `#[warn(unused_assignments)]` on by default
[INFO] [stdout] 
[INFO] [stdout] 
[INFO] [stdout] warning: unused variable: `data`
[INFO] [stdout]    --> src/files.rs:330:35
[INFO] [stdout]     |
[INFO] [stdout] 330 |             if let Section::Named(data, named_data) = section {
[INFO] [stdout]     |                                   ^^^^ help: if this is intentional, prefix it with an underscore: `_data`
[INFO] [stdout] 
[INFO] [stdout] 
[INFO] [stdout] warning: variable does not need to be mutable
[INFO] [stdout]    --> src/files.rs:585:21
[INFO] [stdout]     |
[INFO] [stdout] 585 |                 let mut allsections = self.has_same_sections(&inputfile);
[INFO] [stdout]     |                     ----^^^^^^^^^^^
[INFO] [stdout]     |                     |
[INFO] [stdout]     |                     help: remove this `mut`
[INFO] [stdout] 
[INFO] [stdout] 
[INFO] [stdout] warning: unused variable: `src_data`
[INFO] [stdout]    --> src/files.rs:678:35
[INFO] [stdout]     |
[INFO] [stdout] 678 |             if let Section::Named(src_data, src_named_data) = tmpsection {
[INFO] [stdout]     |                                   ^^^^^^^^ help: if this is intentional, prefix it with an underscore: `_src_data`
[INFO] [stdout] 
[INFO] [stdout] 
[INFO] [stdout] warning: unused variable: `targetfile`
[INFO] [stdout]    --> src/files.rs:702:21
[INFO] [stdout]     |
[INFO] [stdout] 702 |         if let Some(targetfile) = &self.targetfile {
[INFO] [stdout]     |                     ^^^^^^^^^^ help: if this is intentional, prefix it with an underscore: `_targetfile`
[INFO] [stdout] 
[INFO] [stdout] 
[INFO] [stdout] warning: variable does not need to be mutable
[INFO] [stdout]    --> src/files.rs:789:9
[INFO] [stdout]     |
[INFO] [stdout] 789 |     let mut file_type_commentsigns: HashMap<&str, &str> = HashMap::from([
[INFO] [stdout]     |         ----^^^^^^^^^^^^^^^^^^^^^^
[INFO] [stdout]     |         |
[INFO] [stdout]     |         help: remove this `mut`
[INFO] [stdout] 
[INFO] [stdout] 
[INFO] [stdout] warning: variable does not need to be mutable
[INFO] [stdout]    --> src/files.rs:825:9
[INFO] [stdout]     |
[INFO] [stdout] 825 |     let mut file_hashbang_commentsigns: HashMap<&str, &str> = HashMap::from([
[INFO] [stdout]     |         ----^^^^^^^^^^^^^^^^^^^^^^^^^^
[INFO] [stdout]     |         |
[INFO] [stdout]     |         help: remove this `mut`
[INFO] [stdout] 
[INFO] [stdout] 
[INFO] [stdout] warning: variable `anymodified` is assigned to, but never used
[INFO] [stdout]   --> src/main.rs:87:21
[INFO] [stdout]    |
[INFO] [stdout] 87 |             let mut anymodified = false;
[INFO] [stdout]    |                     ^^^^^^^^^^^
[INFO] [stdout]    |
[INFO] [stdout]    = note: consider using `_anymodified` instead
[INFO] [stdout] 
[INFO] [stdout] 
[INFO] [stdout] warning: value assigned to `anymodified` is never read
[INFO] [stdout]   --> src/main.rs:91:21
[INFO] [stdout]    |
[INFO] [stdout] 91 |                     anymodified = true;
[INFO] [stdout]    |                     ^^^^^^^^^^^
[INFO] [stdout]    |
[INFO] [stdout]    = help: maybe it is overwritten before being read?
[INFO] [stdout] 
[INFO] [stdout] 
[INFO] [stdout] warning: unused variable: `entrypath`
[INFO] [stdout]    --> src/main.rs:173:25
[INFO] [stdout]     |
[INFO] [stdout] 173 |                     let entrypath = entry.path().to_path_buf();
[INFO] [stdout]     |                         ^^^^^^^^^ help: if this is intentional, prefix it with an underscore: `_entrypath`
[INFO] [stdout] 
[INFO] [stdout] 
[INFO] [stdout] warning: unused variable: `entrystring`
[INFO] [stdout]    --> src/main.rs:174:25
[INFO] [stdout]     |
[INFO] [stdout] 174 |                     let entrystring = entry.path().to_str();
[INFO] [stdout]     |                         ^^^^^^^^^^^ help: if this is intentional, prefix it with an underscore: `_entrystring`
[INFO] [stdout] 
[INFO] [stdout] 
[INFO] [stdout] warning: method `get_comments` is never used
[INFO] [stdout]   --> src/commentmap.rs:64:12
[INFO] [stdout]    |
[INFO] [stdout] 10 | impl CommentMap {
[INFO] [stdout]    | --------------- method in this implementation
[INFO] [stdout] ...
[INFO] [stdout] 64 |     pub fn get_comments(&self, section: &str) -> Option<&Vec<Specialcomment>> {
[INFO] [stdout]    |            ^^^^^^^^^^^^
[INFO] [stdout]    |
[INFO] [stdout]    = note: `#[warn(dead_code)]` on by default
[INFO] [stdout] 
[INFO] [stdout] 
[INFO] [stdout] warning: call to `.clone()` on a reference in this situation does nothing
[INFO] [stdout]    --> src/files.rs:344:51
[INFO] [stdout]     |
[INFO] [stdout] 344 |                         source_sections.push(sfile.clone().get_section(source).unwrap());
[INFO] [stdout]     |                                                   ^^^^^^^^
[INFO] [stdout]     |
[INFO] [stdout]     = note: the type `DotFile` does not implement `Clone`, so calling `clone` on `&DotFile` copies the reference, which does not do anything and can be removed
[INFO] [stdout]     = note: `#[warn(noop_method_call)]` on by default
[INFO] [stdout] help: remove this redundant call
[INFO] [stdout]     |
[INFO] [stdout] 344 -                         source_sections.push(sfile.clone().get_section(source).unwrap());
[INFO] [stdout] 344 +                         source_sections.push(sfile.get_section(source).unwrap());
[INFO] [stdout]     |
[INFO] [stdout] help: if you meant to clone `DotFile`, implement `Clone` for it
[INFO] [stdout]     |
[INFO] [stdout] 27  + #[derive(Clone)]
[INFO] [stdout] 28  | pub struct DotFile {
[INFO] [stdout]     |
[INFO] [stdout] 
[INFO] [stdout] 
[INFO] [stdout] warning: using `.deref()` on a double reference, which returns `&str` instead of dereferencing the inner type
[INFO] [stdout]    --> src/files.rs:781:45
[INFO] [stdout]     |
[INFO] [stdout] 781 |                     return String::from(sign.deref());
[INFO] [stdout]     |                                             ^^^^^^^^
[INFO] [stdout]     |
[INFO] [stdout]     = note: `#[warn(suspicious_double_ref_op)]` on by default
[INFO] [stdout] 
[INFO] [stdout] 
[INFO] [stdout] warning: using `.deref()` on a double reference, which returns `&str` instead of dereferencing the inner type
[INFO] [stdout]    --> src/files.rs:815:45
[INFO] [stdout]     |
[INFO] [stdout] 815 |                     return String::from(sign.deref());
[INFO] [stdout]     |                                             ^^^^^^^^
[INFO] [stdout] 
[INFO] [stdout] 
[INFO] [stdout] warning: using `.deref()` on a double reference, which returns `&str` instead of dereferencing the inner type
[INFO] [stdout]    --> src/files.rs:839:45
[INFO] [stdout]     |
[INFO] [stdout] 839 |                     return String::from(sign.deref());
[INFO] [stdout]     |                                             ^^^^^^^^
[INFO] [stdout] 
[INFO] [stdout] 
[INFO] [stderr]     Finished `dev` profile [unoptimized + debuginfo] target(s) in 38.07s
[INFO] running `Command { std: "docker" "inspect" "4e90175276788f47efef45f34ed8ceddbfdac8f99c5a96eccf4a6378f0109f4b", kill_on_drop: false }`
[INFO] running `Command { std: "docker" "rm" "-f" "4e90175276788f47efef45f34ed8ceddbfdac8f99c5a96eccf4a6378f0109f4b", kill_on_drop: false }`
[INFO] [stdout] 4e90175276788f47efef45f34ed8ceddbfdac8f99c5a96eccf4a6378f0109f4b
[INFO] running `Command { std: "docker" "create" "-v" "/var/lib/crater-agent-workspace/builds/worker-7-tc2/target:/opt/rustwide/target:rw,Z" "-v" "/var/lib/crater-agent-workspace/builds/worker-7-tc2/source:/opt/rustwide/workdir:ro,Z" "-v" "/var/lib/crater-agent-workspace/cargo-home:/opt/rustwide/cargo-home:ro,Z" "-v" "/var/lib/crater-agent-workspace/rustup-home:/opt/rustwide/rustup-home:ro,Z" "-e" "SOURCE_DIR=/opt/rustwide/workdir" "-e" "CARGO_TARGET_DIR=/opt/rustwide/target" "-e" "CARGO_INCREMENTAL=0" "-e" "RUST_BACKTRACE=full" "-e" "RUSTFLAGS=--cap-lints=warn" "-e" "RUSTDOCFLAGS=--cap-lints=warn" "-e" "CARGO_HOME=/opt/rustwide/cargo-home" "-e" "RUSTUP_HOME=/opt/rustwide/rustup-home" "-w" "/opt/rustwide/workdir" "-m" "1610612736" "--user" "0:0" "--network" "none" "ghcr.io/rust-lang/crates-build-env/linux@sha256:f3a9d4ad9d972b27faf3965f35b62e55ba32bbce8f20bc8fe909558a86702fde" "/opt/rustwide/cargo-home/bin/cargo" "+beta-2024-12-08" "test" "--frozen" "--no-run" "--message-format=json", kill_on_drop: false }`
[INFO] [stdout] f3306dc7ebb5f3f337239b9f6e7e9aabe8faf8c0d13201efcdcaf2294484a9aa
[INFO] running `Command { std: "docker" "start" "-a" "f3306dc7ebb5f3f337239b9f6e7e9aabe8faf8c0d13201efcdcaf2294484a9aa", kill_on_drop: false }`
[INFO] [stderr]    Compiling imosid v0.0.1 (/opt/rustwide/workdir)
[INFO] [stdout] warning: unused import: `std::clone`
[INFO] [stdout]  --> src/files.rs:9:5
[INFO] [stdout]   |
[INFO] [stdout] 9 | use std::clone;
[INFO] [stdout]   |     ^^^^^^^^^^
[INFO] [stdout]   |
[INFO] [stdout]   = note: `#[warn(unused_imports)]` on by default
[INFO] [stdout] 
[INFO] [stdout] 
[INFO] [stdout] warning: unreachable statement
[INFO] [stdout]    --> src/main.rs:113:17
[INFO] [stdout]     |
[INFO] [stdout] 112 |                 todo!("add message for this");
[INFO] [stdout]     |                 ----------------------------- any code following this expression is unreachable
[INFO] [stdout] 113 |                 return Ok(());
[INFO] [stdout]     |                 ^^^^^^^^^^^^^^ unreachable statement
[INFO] [stdout]     |
[INFO] [stdout]     = note: `#[warn(unreachable_code)]` on by default
[INFO] [stdout] 
[INFO] [stdout] 
[INFO] [stdout] warning: unused variable: `section_map`
[INFO] [stdout]   --> src/files.rs:78:17
[INFO] [stdout]    |
[INFO] [stdout] 78 |         let mut section_map: HashMap<String, Vec<Specialcomment>> = HashMap::new();
[INFO] [stdout]    |                 ^^^^^^^^^^^ help: if this is intentional, prefix it with an underscore: `_section_map`
[INFO] [stdout]    |
[INFO] [stdout]    = note: `#[warn(unused_variables)]` on by default
[INFO] [stdout] 
[INFO] [stdout] 
[INFO] [stdout] warning: variable does not need to be mutable
[INFO] [stdout]   --> src/files.rs:78:13
[INFO] [stdout]    |
[INFO] [stdout] 78 |         let mut section_map: HashMap<String, Vec<Specialcomment>> = HashMap::new();
[INFO] [stdout]    |             ----^^^^^^^^^^^
[INFO] [stdout]    |             |
[INFO] [stdout]    |             help: remove this `mut`
[INFO] [stdout]    |
[INFO] [stdout]    = note: `#[warn(unused_mut)]` on by default
[INFO] [stdout] 
[INFO] [stdout] 
[INFO] [stdout] warning: variable does not need to be mutable
[INFO] [stdout]    --> src/files.rs:188:13
[INFO] [stdout]     |
[INFO] [stdout] 188 |         let mut modified = false;
[INFO] [stdout]     |             ----^^^^^^^^
[INFO] [stdout]     |             |
[INFO] [stdout]     |             help: remove this `mut`
[INFO] [stdout] 
[INFO] [stdout] 
[INFO] [stdout] warning: variable `modified` is assigned to, but never used
[INFO] [stdout]    --> src/files.rs:306:17
[INFO] [stdout]     |
[INFO] [stdout] 306 |         let mut modified = false;
[INFO] [stdout]     |                 ^^^^^^^^
[INFO] [stdout]     |
[INFO] [stdout]     = note: consider using `_modified` instead
[INFO] [stdout] 
[INFO] [stdout] 
[INFO] [stdout] warning: value assigned to `modified` is never read
[INFO] [stdout]    --> src/files.rs:320:21
[INFO] [stdout]     |
[INFO] [stdout] 320 |                     modified = self.applyfile(&file);
[INFO] [stdout]     |                     ^^^^^^^^
[INFO] [stdout]     |
[INFO] [stdout]     = help: maybe it is overwritten before being read?
[INFO] [stdout]     = note: `#[warn(unused_assignments)]` on by default
[INFO] [stdout] 
[INFO] [stdout] 
[INFO] [stdout] warning: unused variable: `data`
[INFO] [stdout]    --> src/files.rs:330:35
[INFO] [stdout]     |
[INFO] [stdout] 330 |             if let Section::Named(data, named_data) = section {
[INFO] [stdout]     |                                   ^^^^ help: if this is intentional, prefix it with an underscore: `_data`
[INFO] [stdout] 
[INFO] [stdout] 
[INFO] [stdout] warning: variable does not need to be mutable
[INFO] [stdout]    --> src/files.rs:585:21
[INFO] [stdout]     |
[INFO] [stdout] 585 |                 let mut allsections = self.has_same_sections(&inputfile);
[INFO] [stdout]     |                     ----^^^^^^^^^^^
[INFO] [stdout]     |                     |
[INFO] [stdout]     |                     help: remove this `mut`
[INFO] [stdout] 
[INFO] [stdout] 
[INFO] [stdout] warning: unused variable: `src_data`
[INFO] [stdout]    --> src/files.rs:678:35
[INFO] [stdout]     |
[INFO] [stdout] 678 |             if let Section::Named(src_data, src_named_data) = tmpsection {
[INFO] [stdout]     |                                   ^^^^^^^^ help: if this is intentional, prefix it with an underscore: `_src_data`
[INFO] [stdout] 
[INFO] [stdout] 
[INFO] [stdout] warning: unused variable: `targetfile`
[INFO] [stdout]    --> src/files.rs:702:21
[INFO] [stdout]     |
[INFO] [stdout] 702 |         if let Some(targetfile) = &self.targetfile {
[INFO] [stdout]     |                     ^^^^^^^^^^ help: if this is intentional, prefix it with an underscore: `_targetfile`
[INFO] [stdout] 
[INFO] [stdout] 
[INFO] [stdout] warning: variable does not need to be mutable
[INFO] [stdout]    --> src/files.rs:789:9
[INFO] [stdout]     |
[INFO] [stdout] 789 |     let mut file_type_commentsigns: HashMap<&str, &str> = HashMap::from([
[INFO] [stdout]     |         ----^^^^^^^^^^^^^^^^^^^^^^
[INFO] [stdout]     |         |
[INFO] [stdout]     |         help: remove this `mut`
[INFO] [stdout] 
[INFO] [stdout] 
[INFO] [stdout] warning: variable does not need to be mutable
[INFO] [stdout]    --> src/files.rs:825:9
[INFO] [stdout]     |
[INFO] [stdout] 825 |     let mut file_hashbang_commentsigns: HashMap<&str, &str> = HashMap::from([
[INFO] [stdout]     |         ----^^^^^^^^^^^^^^^^^^^^^^^^^^
[INFO] [stdout]     |         |
[INFO] [stdout]     |         help: remove this `mut`
[INFO] [stdout] 
[INFO] [stdout] 
[INFO] [stdout] warning: variable `anymodified` is assigned to, but never used
[INFO] [stdout]   --> src/main.rs:87:21
[INFO] [stdout]    |
[INFO] [stdout] 87 |             let mut anymodified = false;
[INFO] [stdout]    |                     ^^^^^^^^^^^
[INFO] [stdout]    |
[INFO] [stdout]    = note: consider using `_anymodified` instead
[INFO] [stdout] 
[INFO] [stdout] 
[INFO] [stdout] warning: value assigned to `anymodified` is never read
[INFO] [stdout]   --> src/main.rs:91:21
[INFO] [stdout]    |
[INFO] [stdout] 91 |                     anymodified = true;
[INFO] [stdout]    |                     ^^^^^^^^^^^
[INFO] [stdout]    |
[INFO] [stdout]    = help: maybe it is overwritten before being read?
[INFO] [stdout] 
[INFO] [stdout] 
[INFO] [stdout] warning: unused variable: `entrypath`
[INFO] [stdout]    --> src/main.rs:173:25
[INFO] [stdout]     |
[INFO] [stdout] 173 |                     let entrypath = entry.path().to_path_buf();
[INFO] [stdout]     |                         ^^^^^^^^^ help: if this is intentional, prefix it with an underscore: `_entrypath`
[INFO] [stdout] 
[INFO] [stdout] 
[INFO] [stdout] warning: unused variable: `entrystring`
[INFO] [stdout]    --> src/main.rs:174:25
[INFO] [stdout]     |
[INFO] [stdout] 174 |                     let entrystring = entry.path().to_str();
[INFO] [stdout]     |                         ^^^^^^^^^^^ help: if this is intentional, prefix it with an underscore: `_entrystring`
[INFO] [stdout] 
[INFO] [stdout] 
[INFO] [stdout] warning: method `get_comments` is never used
[INFO] [stdout]   --> src/commentmap.rs:64:12
[INFO] [stdout]    |
[INFO] [stdout] 10 | impl CommentMap {
[INFO] [stdout]    | --------------- method in this implementation
[INFO] [stdout] ...
[INFO] [stdout] 64 |     pub fn get_comments(&self, section: &str) -> Option<&Vec<Specialcomment>> {
[INFO] [stdout]    |            ^^^^^^^^^^^^
[INFO] [stdout]    |
[INFO] [stdout]    = note: `#[warn(dead_code)]` on by default
[INFO] [stdout] 
[INFO] [stdout] 
[INFO] [stdout] warning: call to `.clone()` on a reference in this situation does nothing
[INFO] [stdout]    --> src/files.rs:344:51
[INFO] [stdout]     |
[INFO] [stdout] 344 |                         source_sections.push(sfile.clone().get_section(source).unwrap());
[INFO] [stdout]     |                                                   ^^^^^^^^
[INFO] [stdout]     |
[INFO] [stdout]     = note: the type `DotFile` does not implement `Clone`, so calling `clone` on `&DotFile` copies the reference, which does not do anything and can be removed
[INFO] [stdout]     = note: `#[warn(noop_method_call)]` on by default
[INFO] [stdout] help: remove this redundant call
[INFO] [stdout]     |
[INFO] [stdout] 344 -                         source_sections.push(sfile.clone().get_section(source).unwrap());
[INFO] [stdout] 344 +                         source_sections.push(sfile.get_section(source).unwrap());
[INFO] [stdout]     |
[INFO] [stdout] help: if you meant to clone `DotFile`, implement `Clone` for it
[INFO] [stdout]     |
[INFO] [stdout] 27  + #[derive(Clone)]
[INFO] [stdout] 28  | pub struct DotFile {
[INFO] [stdout]     |
[INFO] [stdout] 
[INFO] [stdout] 
[INFO] [stdout] warning: using `.deref()` on a double reference, which returns `&str` instead of dereferencing the inner type
[INFO] [stdout]    --> src/files.rs:781:45
[INFO] [stdout]     |
[INFO] [stdout] 781 |                     return String::from(sign.deref());
[INFO] [stdout]     |                                             ^^^^^^^^
[INFO] [stdout]     |
[INFO] [stdout]     = note: `#[warn(suspicious_double_ref_op)]` on by default
[INFO] [stdout] 
[INFO] [stdout] 
[INFO] [stdout] warning: using `.deref()` on a double reference, which returns `&str` instead of dereferencing the inner type
[INFO] [stdout]    --> src/files.rs:815:45
[INFO] [stdout]     |
[INFO] [stdout] 815 |                     return String::from(sign.deref());
[INFO] [stdout]     |                                             ^^^^^^^^
[INFO] [stdout] 
[INFO] [stdout] 
[INFO] [stdout] warning: using `.deref()` on a double reference, which returns `&str` instead of dereferencing the inner type
[INFO] [stdout]    --> src/files.rs:839:45
[INFO] [stdout]     |
[INFO] [stdout] 839 |                     return String::from(sign.deref());
[INFO] [stdout]     |                                             ^^^^^^^^
[INFO] [stdout] 
[INFO] [stdout] 
[INFO] [stderr]     Finished `test` profile [unoptimized + debuginfo] target(s) in 3.22s
[INFO] running `Command { std: "docker" "inspect" "f3306dc7ebb5f3f337239b9f6e7e9aabe8faf8c0d13201efcdcaf2294484a9aa", kill_on_drop: false }`
[INFO] running `Command { std: "docker" "rm" "-f" "f3306dc7ebb5f3f337239b9f6e7e9aabe8faf8c0d13201efcdcaf2294484a9aa", kill_on_drop: false }`
[INFO] [stdout] f3306dc7ebb5f3f337239b9f6e7e9aabe8faf8c0d13201efcdcaf2294484a9aa
[INFO] running `Command { std: "docker" "create" "-v" "/var/lib/crater-agent-workspace/builds/worker-7-tc2/target:/opt/rustwide/target:rw,Z" "-v" "/var/lib/crater-agent-workspace/builds/worker-7-tc2/source:/opt/rustwide/workdir:ro,Z" "-v" "/var/lib/crater-agent-workspace/cargo-home:/opt/rustwide/cargo-home:ro,Z" "-v" "/var/lib/crater-agent-workspace/rustup-home:/opt/rustwide/rustup-home:ro,Z" "-e" "SOURCE_DIR=/opt/rustwide/workdir" "-e" "CARGO_TARGET_DIR=/opt/rustwide/target" "-e" "CARGO_INCREMENTAL=0" "-e" "RUST_BACKTRACE=full" "-e" "RUSTFLAGS=--cap-lints=warn" "-e" "RUSTDOCFLAGS=--cap-lints=warn" "-e" "CARGO_HOME=/opt/rustwide/cargo-home" "-e" "RUSTUP_HOME=/opt/rustwide/rustup-home" "-w" "/opt/rustwide/workdir" "-m" "1610612736" "--user" "0:0" "--network" "none" "ghcr.io/rust-lang/crates-build-env/linux@sha256:f3a9d4ad9d972b27faf3965f35b62e55ba32bbce8f20bc8fe909558a86702fde" "/opt/rustwide/cargo-home/bin/cargo" "+beta-2024-12-08" "test" "--frozen", kill_on_drop: false }`
[INFO] [stdout] b7bb5c3ac2783cf52cd0571b54e2b736c5773a6fc210e7024be1b4216d95fdb5
[INFO] running `Command { std: "docker" "start" "-a" "b7bb5c3ac2783cf52cd0571b54e2b736c5773a6fc210e7024be1b4216d95fdb5", kill_on_drop: false }`
[INFO] [stderr] warning: unused import: `std::clone`
[INFO] [stderr]  --> src/files.rs:9:5
[INFO] [stderr]   |
[INFO] [stderr] 9 | use std::clone;
[INFO] [stderr]   |     ^^^^^^^^^^
[INFO] [stderr]   |
[INFO] [stderr]   = note: `#[warn(unused_imports)]` on by default
[INFO] [stderr] 
[INFO] [stderr] warning: unreachable statement
[INFO] [stderr]    --> src/main.rs:113:17
[INFO] [stderr]     |
[INFO] [stderr] 112 |                 todo!("add message for this");
[INFO] [stderr]     |                 ----------------------------- any code following this expression is unreachable
[INFO] [stderr] 113 |                 return Ok(());
[INFO] [stderr]     |                 ^^^^^^^^^^^^^^ unreachable statement
[INFO] [stderr]     |
[INFO] [stderr]     = note: `#[warn(unreachable_code)]` on by default
[INFO] [stderr] 
[INFO] [stderr] warning: unused variable: `section_map`
[INFO] [stderr]   --> src/files.rs:78:17
[INFO] [stderr]    |
[INFO] [stderr] 78 |         let mut section_map: HashMap<String, Vec<Specialcomment>> = HashMap::new();
[INFO] [stderr]    |                 ^^^^^^^^^^^ help: if this is intentional, prefix it with an underscore: `_section_map`
[INFO] [stderr]    |
[INFO] [stderr]    = note: `#[warn(unused_variables)]` on by default
[INFO] [stderr] 
[INFO] [stderr] warning: variable does not need to be mutable
[INFO] [stderr]   --> src/files.rs:78:13
[INFO] [stderr]    |
[INFO] [stderr] 78 |         let mut section_map: HashMap<String, Vec<Specialcomment>> = HashMap::new();
[INFO] [stderr]    |             ----^^^^^^^^^^^
[INFO] [stderr]    |             |
[INFO] [stderr]    |             help: remove this `mut`
[INFO] [stderr]    |
[INFO] [stderr]    = note: `#[warn(unused_mut)]` on by default
[INFO] [stderr] 
[INFO] [stderr] warning: variable does not need to be mutable
[INFO] [stderr]    --> src/files.rs:188:13
[INFO] [stderr]     |
[INFO] [stderr] 188 |         let mut modified = false;
[INFO] [stderr]     |             ----^^^^^^^^
[INFO] [stderr]     |             |
[INFO] [stderr]     |             help: remove this `mut`
[INFO] [stderr] 
[INFO] [stderr] warning: variable `modified` is assigned to, but never used
[INFO] [stderr]    --> src/files.rs:306:17
[INFO] [stderr]     |
[INFO] [stderr] 306 |         let mut modified = false;
[INFO] [stderr]     |                 ^^^^^^^^
[INFO] [stderr]     |
[INFO] [stderr]     = note: consider using `_modified` instead
[INFO] [stderr] 
[INFO] [stderr] warning: value assigned to `modified` is never read
[INFO] [stderr]    --> src/files.rs:320:21
[INFO] [stderr]     |
[INFO] [stderr] 320 |                     modified = self.applyfile(&file);
[INFO] [stderr]     |                     ^^^^^^^^
[INFO] [stderr]     |
[INFO] [stderr]     = help: maybe it is overwritten before being read?
[INFO] [stderr]     = note: `#[warn(unused_assignments)]` on by default
[INFO] [stderr] 
[INFO] [stderr] warning: unused variable: `data`
[INFO] [stderr]    --> src/files.rs:330:35
[INFO] [stderr]     |
[INFO] [stderr] 330 |             if let Section::Named(data, named_data) = section {
[INFO] [stderr]     |                                   ^^^^ help: if this is intentional, prefix it with an underscore: `_data`
[INFO] [stderr] 
[INFO] [stderr] warning: variable does not need to be mutable
[INFO] [stderr]    --> src/files.rs:585:21
[INFO] [stderr]     |
[INFO] [stderr] 585 |                 let mut allsections = self.has_same_sections(&inputfile);
[INFO] [stderr]     |                     ----^^^^^^^^^^^
[INFO] [stderr]     |                     |
[INFO] [stderr]     |                     help: remove this `mut`
[INFO] [stderr] 
[INFO] [stderr] warning: unused variable: `src_data`
[INFO] [stderr]    --> src/files.rs:678:35
[INFO] [stderr]     |
[INFO] [stderr] 678 |             if let Section::Named(src_data, src_named_data) = tmpsection {
[INFO] [stderr]     |                                   ^^^^^^^^ help: if this is intentional, prefix it with an underscore: `_src_data`
[INFO] [stderr] 
[INFO] [stderr] warning: unused variable: `targetfile`
[INFO] [stderr]    --> src/files.rs:702:21
[INFO] [stderr]     |
[INFO] [stderr] 702 |         if let Some(targetfile) = &self.targetfile {
[INFO] [stderr]     |                     ^^^^^^^^^^ help: if this is intentional, prefix it with an underscore: `_targetfile`
[INFO] [stderr] 
[INFO] [stderr] warning: variable does not need to be mutable
[INFO] [stderr]    --> src/files.rs:789:9
[INFO] [stderr]     |
[INFO] [stderr] 789 |     let mut file_type_commentsigns: HashMap<&str, &str> = HashMap::from([
[INFO] [stderr]     |         ----^^^^^^^^^^^^^^^^^^^^^^
[INFO] [stderr]     |         |
[INFO] [stderr]     |         help: remove this `mut`
[INFO] [stderr] 
[INFO] [stderr] warning: variable does not need to be mutable
[INFO] [stderr]    --> src/files.rs:825:9
[INFO] [stderr]     |
[INFO] [stderr] 825 |     let mut file_hashbang_commentsigns: HashMap<&str, &str> = HashMap::from([
[INFO] [stderr]     |         ----^^^^^^^^^^^^^^^^^^^^^^^^^^
[INFO] [stderr]     |         |
[INFO] [stderr]     |         help: remove this `mut`
[INFO] [stderr] 
[INFO] [stderr] warning: variable `anymodified` is assigned to, but never used
[INFO] [stderr]   --> src/main.rs:87:21
[INFO] [stderr]    |
[INFO] [stderr] 87 |             let mut anymodified = false;
[INFO] [stderr]    |                     ^^^^^^^^^^^
[INFO] [stderr]    |
[INFO] [stderr]    = note: consider using `_anymodified` instead
[INFO] [stderr] 
[INFO] [stderr] warning: value assigned to `anymodified` is never read
[INFO] [stderr]   --> src/main.rs:91:21
[INFO] [stderr]    |
[INFO] [stderr] 91 |                     anymodified = true;
[INFO] [stderr]    |                     ^^^^^^^^^^^
[INFO] [stderr]    |
[INFO] [stderr]    = help: maybe it is overwritten before being read?
[INFO] [stderr] 
[INFO] [stderr] warning: unused variable: `entrypath`
[INFO] [stderr]    --> src/main.rs:173:25
[INFO] [stderr]     |
[INFO] [stderr] 173 |                     let entrypath = entry.path().to_path_buf();
[INFO] [stderr]     |                         ^^^^^^^^^ help: if this is intentional, prefix it with an underscore: `_entrypath`
[INFO] [stderr] 
[INFO] [stderr] warning: unused variable: `entrystring`
[INFO] [stderr]    --> src/main.rs:174:25
[INFO] [stderr]     |
[INFO] [stderr] 174 |                     let entrystring = entry.path().to_str();
[INFO] [stderr]     |                         ^^^^^^^^^^^ help: if this is intentional, prefix it with an underscore: `_entrystring`
[INFO] [stderr] 
[INFO] [stderr] warning: method `get_comments` is never used
[INFO] [stderr]   --> src/commentmap.rs:64:12
[INFO] [stderr]    |
[INFO] [stderr] 10 | impl CommentMap {
[INFO] [stderr]    | --------------- method in this implementation
[INFO] [stderr] ...
[INFO] [stderr] 64 |     pub fn get_comments(&self, section: &str) -> Option<&Vec<Specialcomment>> {
[INFO] [stderr]    |            ^^^^^^^^^^^^
[INFO] [stderr]    |
[INFO] [stderr]    = note: `#[warn(dead_code)]` on by default
[INFO] [stderr] 
[INFO] [stderr] warning: call to `.clone()` on a reference in this situation does nothing
[INFO] [stderr]    --> src/files.rs:344:51
[INFO] [stderr]     |
[INFO] [stderr] 344 |                         source_sections.push(sfile.clone().get_section(source).unwrap());
[INFO] [stderr]     |                                                   ^^^^^^^^
[INFO] [stderr]     |
[INFO] [stderr]     = note: the type `DotFile` does not implement `Clone`, so calling `clone` on `&DotFile` copies the reference, which does not do anything and can be removed
[INFO] [stderr]     = note: `#[warn(noop_method_call)]` on by default
[INFO] [stderr] help: remove this redundant call
[INFO] [stderr]     |
[INFO] [stderr] 344 -                         source_sections.push(sfile.clone().get_section(source).unwrap());
[INFO] [stderr] 344 +                         source_sections.push(sfile.get_section(source).unwrap());
[INFO] [stderr]     |
[INFO] [stderr] help: if you meant to clone `DotFile`, implement `Clone` for it
[INFO] [stderr]     |
[INFO] [stderr] 27  + #[derive(Clone)]
[INFO] [stderr] 28  | pub struct DotFile {
[INFO] [stderr]     |
[INFO] [stderr] 
[INFO] [stderr] warning: using `.deref()` on a double reference, which returns `&str` instead of dereferencing the inner type
[INFO] [stderr]    --> src/files.rs:781:45
[INFO] [stderr]     |
[INFO] [stderr] 781 |                     return String::from(sign.deref());
[INFO] [stderr]     |                                             ^^^^^^^^
[INFO] [stderr]     |
[INFO] [stderr]     = note: `#[warn(suspicious_double_ref_op)]` on by default
[INFO] [stderr] 
[INFO] [stderr] warning: using `.deref()` on a double reference, which returns `&str` instead of dereferencing the inner type
[INFO] [stderr]    --> src/files.rs:815:45
[INFO] [stderr]     |
[INFO] [stderr] 815 |                     return String::from(sign.deref());
[INFO] [stderr]     |                                             ^^^^^^^^
[INFO] [stderr] 
[INFO] [stderr] warning: using `.deref()` on a double reference, which returns `&str` instead of dereferencing the inner type
[INFO] [stderr]    --> src/files.rs:839:45
[INFO] [stderr]     |
[INFO] [stderr] 839 |                     return String::from(sign.deref());
[INFO] [stderr]     |                                             ^^^^^^^^
[INFO] [stderr] 
[INFO] [stderr] warning: `imosid` (bin "imosid" test) generated 22 warnings (run `cargo fix --bin "imosid" --tests` to apply 7 suggestions)
[INFO] [stderr]     Finished `test` profile [unoptimized + debuginfo] target(s) in 0.11s
[INFO] [stderr]      Running unittests src/main.rs (/opt/rustwide/target/debug/deps/imosid-eeb041569d80a604)
[INFO] [stdout] 
[INFO] [stdout] running 5 tests
[INFO] [stdout] test test::tests::it_works ... ok
[INFO] [stdout] test test::tests::test_comment_argument ... ok
[INFO] [stdout] test test::tests::test_section ... FAILED
[INFO] [stdout] test test::tests::test_comment ... FAILED
[INFO] [stdout] test test::tests::testfile ... FAILED
[INFO] [stdout] 
[INFO] [stdout] failures:
[INFO] [stdout] 
[INFO] [stdout] ---- test::tests::test_section stdout ----
[INFO] [stdout] thread 'test::tests::test_section' panicked at src/test.rs:67:9:
[INFO] [stdout] assertion `left == right` failed
[INFO] [stdout]   left: "#... test begin\n#... test hash 88968C2B101A58A04D3D8ABDBC2D46B7F1C55D0448108E752282EB4570AFCE98\nhello worldtesting123#... test end\n"
[INFO] [stdout]  right: "#... test begin\n#... test hash 0DD9C99DCB5D37FB872A7FC801D8EE38922E477AE4C65F6486B02AE31981C28E\nhello world\ntesting123\n#... test end\n"
[INFO] [stdout] stack backtrace:
[INFO] [stdout]    0:     0x6116fd6edefa - std::backtrace_rs::backtrace::libunwind::trace::h8810477743020387
[INFO] [stdout]                                at /rustc/202008a1b8de96d2e5b6bc02d379db03a877d34d/library/std/src/../../backtrace/src/backtrace/libunwind.rs:116:5
[INFO] [stdout]    1:     0x6116fd6edefa - std::backtrace_rs::backtrace::trace_unsynchronized::h3aa55355dd6c54a6
[INFO] [stdout]                                at /rustc/202008a1b8de96d2e5b6bc02d379db03a877d34d/library/std/src/../../backtrace/src/backtrace/mod.rs:66:5
[INFO] [stdout]    2:     0x6116fd6edefa - std::sys::backtrace::_print_fmt::h8588b0f62410823f
[INFO] [stdout]                                at /rustc/202008a1b8de96d2e5b6bc02d379db03a877d34d/library/std/src/sys/backtrace.rs:66:9
[INFO] [stdout]    3:     0x6116fd6edefa - <std::sys::backtrace::BacktraceLock::print::DisplayBacktrace as core::fmt::Display>::fmt::h98c26ac25ffe89bb
[INFO] [stdout]                                at /rustc/202008a1b8de96d2e5b6bc02d379db03a877d34d/library/std/src/sys/backtrace.rs:39:26
[INFO] [stdout]    4:     0x6116fd715f53 - core::fmt::rt::Argument::fmt::hf95377f4aebd453b
[INFO] [stdout]                                at /rustc/202008a1b8de96d2e5b6bc02d379db03a877d34d/library/core/src/fmt/rt.rs:177:76
[INFO] [stdout]    5:     0x6116fd715f53 - core::fmt::write::h0dd5f6e2238c7982
[INFO] [stdout]                                at /rustc/202008a1b8de96d2e5b6bc02d379db03a877d34d/library/core/src/fmt/mod.rs:1189:21
[INFO] [stdout]    6:     0x6116fd6ead93 - std::io::Write::write_fmt::h03bb0ca26e6faf8c
[INFO] [stdout]                                at /rustc/202008a1b8de96d2e5b6bc02d379db03a877d34d/library/std/src/io/mod.rs:1884:15
[INFO] [stdout]    7:     0x6116fd6edd42 - std::sys::backtrace::BacktraceLock::print::h5c19c1c038ee186d
[INFO] [stdout]                                at /rustc/202008a1b8de96d2e5b6bc02d379db03a877d34d/library/std/src/sys/backtrace.rs:42:9
[INFO] [stdout]    8:     0x6116fd6ef37d - std::panicking::default_hook::{{closure}}::h77172f079a1fcb13
[INFO] [stdout]                                at /rustc/202008a1b8de96d2e5b6bc02d379db03a877d34d/library/std/src/panicking.rs:268:22
[INFO] [stdout]    9:     0x6116fd6ef187 - std::panicking::default_hook::he5f8e3b203ccddba
[INFO] [stdout]                                at /rustc/202008a1b8de96d2e5b6bc02d379db03a877d34d/library/std/src/panicking.rs:292:9
[INFO] [stdout]   10:     0x6116fd3df7e7 - <alloc::boxed::Box<F,A> as core::ops::function::Fn<Args>>::call::h7a3c7b4a1ae77f2f
[INFO] [stdout]                                at /rustc/202008a1b8de96d2e5b6bc02d379db03a877d34d/library/alloc/src/boxed.rs:1986:9
[INFO] [stdout]   11:     0x6116fd3df7e7 - test::test_main::{{closure}}::hf0d3b69ae9b353d1
[INFO] [stdout]                                at /rustc/202008a1b8de96d2e5b6bc02d379db03a877d34d/library/test/src/lib.rs:134:21
[INFO] [stdout]   12:     0x6116fd6efa28 - <alloc::boxed::Box<F,A> as core::ops::function::Fn<Args>>::call::h6332e82e7b189abd
[INFO] [stdout]                                at /rustc/202008a1b8de96d2e5b6bc02d379db03a877d34d/library/alloc/src/boxed.rs:1986:9
[INFO] [stdout]   13:     0x6116fd6efa28 - std::panicking::rust_panic_with_hook::h53863d4e9018df39
[INFO] [stdout]                                at /rustc/202008a1b8de96d2e5b6bc02d379db03a877d34d/library/std/src/panicking.rs:809:13
[INFO] [stdout]   14:     0x6116fd6ef7ea - std::panicking::begin_panic_handler::{{closure}}::h67280e6fa0757873
[INFO] [stdout]                                at /rustc/202008a1b8de96d2e5b6bc02d379db03a877d34d/library/std/src/panicking.rs:674:13
[INFO] [stdout]   15:     0x6116fd6ee3d9 - std::sys::backtrace::__rust_end_short_backtrace::h1dac3f54d6fbbeb2
[INFO] [stdout]                                at /rustc/202008a1b8de96d2e5b6bc02d379db03a877d34d/library/std/src/sys/backtrace.rs:170:18
[INFO] [stdout]   16:     0x6116fd6ef47c - rust_begin_unwind
[INFO] [stdout]                                at /rustc/202008a1b8de96d2e5b6bc02d379db03a877d34d/library/std/src/panicking.rs:665:5
[INFO] [stdout]   17:     0x6116fd37a230 - core::panicking::panic_fmt::h6792bd1b2bf01041
[INFO] [stderr] error: test failed, to rerun pass `--bin imosid`
[INFO] [stdout]                                at /rustc/202008a1b8de96d2e5b6bc02d379db03a877d34d/library/core/src/panicking.rs:76:14
[INFO] [stdout]   18:     0x6116fd37a634 - core::panicking::assert_failed_inner::hf2c17e6d30928787
[INFO] [stdout]   19:     0x6116fd6c1bde - core::panicking::assert_failed::hf64a2ac0d40e36bf
[INFO] [stdout]                                at /rustc/202008a1b8de96d2e5b6bc02d379db03a877d34d/library/core/src/panicking.rs:373:5
[INFO] [stdout]   20:     0x6116fd392e18 - imosid::test::tests::test_section::h1fba09c8fa3a7f25
[INFO] [stdout]                                at /opt/rustwide/workdir/src/test.rs:67:9
[INFO] [stdout]   21:     0x6116fd392ac7 - imosid::test::tests::test_section::{{closure}}::hd3b8f3066c6e2ebf
[INFO] [stdout]                                at /opt/rustwide/workdir/src/test.rs:51:22
[INFO] [stdout]   22:     0x6116fd397c76 - core::ops::function::FnOnce::call_once::hc4b3bce72061363d
[INFO] [stdout]                                at /rustc/202008a1b8de96d2e5b6bc02d379db03a877d34d/library/core/src/ops/function.rs:250:5
[INFO] [stdout]   23:     0x6116fd3e430b - core::ops::function::FnOnce::call_once::h871bf86719ec9aa4
[INFO] [stdout]                                at /rustc/202008a1b8de96d2e5b6bc02d379db03a877d34d/library/core/src/ops/function.rs:250:5
[INFO] [stdout]   24:     0x6116fd3e430b - test::__rust_begin_short_backtrace::h2167df1e2b7d76fd
[INFO] [stdout]                                at /rustc/202008a1b8de96d2e5b6bc02d379db03a877d34d/library/test/src/lib.rs:632:18
[INFO] [stdout]   25:     0x6116fd3e3cf8 - test::run_test_in_process::{{closure}}::h15d92f75a3adfb79
[INFO] [stdout]                                at /rustc/202008a1b8de96d2e5b6bc02d379db03a877d34d/library/test/src/lib.rs:655:60
[INFO] [stdout]   26:     0x6116fd3e3cf8 - <core::panic::unwind_safe::AssertUnwindSafe<F> as core::ops::function::FnOnce<()>>::call_once::hb6c8955835a8dbbb
[INFO] [stdout]                                at /rustc/202008a1b8de96d2e5b6bc02d379db03a877d34d/library/core/src/panic/unwind_safe.rs:272:9
[INFO] [stdout]   27:     0x6116fd3e3cf8 - std::panicking::try::do_call::hc79d0fc888a0bd30
[INFO] [stdout]                                at /rustc/202008a1b8de96d2e5b6bc02d379db03a877d34d/library/std/src/panicking.rs:557:40
[INFO] [stdout]   28:     0x6116fd3e3cf8 - std::panicking::try::hb8a7878e3a8589d6
[INFO] [stdout]                                at /rustc/202008a1b8de96d2e5b6bc02d379db03a877d34d/library/std/src/panicking.rs:520:19
[INFO] [stdout]   29:     0x6116fd3e3cf8 - std::panic::catch_unwind::hb8e4600ff0ff5cfa
[INFO] [stdout]                                at /rustc/202008a1b8de96d2e5b6bc02d379db03a877d34d/library/std/src/panic.rs:358:14
[INFO] [stdout]   30:     0x6116fd3e3cf8 - test::run_test_in_process::hc2900b0b18688dd6
[INFO] [stdout]                                at /rustc/202008a1b8de96d2e5b6bc02d379db03a877d34d/library/test/src/lib.rs:655:27
[INFO] [stdout]   31:     0x6116fd3e3cf8 - test::run_test::{{closure}}::hac2a9cb07be3d48d
[INFO] [stdout]                                at /rustc/202008a1b8de96d2e5b6bc02d379db03a877d34d/library/test/src/lib.rs:576:43
[INFO] [stdout]   32:     0x6116fd3a779a - test::run_test::{{closure}}::h4a5b729e66a38cd8
[INFO] [stdout]                                at /rustc/202008a1b8de96d2e5b6bc02d379db03a877d34d/library/test/src/lib.rs:606:41
[INFO] [stdout]   33:     0x6116fd3a779a - std::sys::backtrace::__rust_begin_short_backtrace::h0496fb742492f573
[INFO] [stdout]                                at /rustc/202008a1b8de96d2e5b6bc02d379db03a877d34d/library/std/src/sys/backtrace.rs:154:18
[INFO] [stdout]   34:     0x6116fd3ab114 - std::thread::Builder::spawn_unchecked_::{{closure}}::{{closure}}::hbb6d257c550a54bd
[INFO] [stdout]                                at /rustc/202008a1b8de96d2e5b6bc02d379db03a877d34d/library/std/src/thread/mod.rs:561:17
[INFO] [stdout]   35:     0x6116fd3ab114 - <core::panic::unwind_safe::AssertUnwindSafe<F> as core::ops::function::FnOnce<()>>::call_once::h46696fe4a6832328
[INFO] [stdout]                                at /rustc/202008a1b8de96d2e5b6bc02d379db03a877d34d/library/core/src/panic/unwind_safe.rs:272:9
[INFO] [stdout]   36:     0x6116fd3ab114 - std::panicking::try::do_call::h2625a51b667bfb64
[INFO] [stdout]                                at /rustc/202008a1b8de96d2e5b6bc02d379db03a877d34d/library/std/src/panicking.rs:557:40
[INFO] [stdout]   37:     0x6116fd3ab114 - std::panicking::try::hb956a59a1973aa4c
[INFO] [stdout]                                at /rustc/202008a1b8de96d2e5b6bc02d379db03a877d34d/library/std/src/panicking.rs:520:19
[INFO] [stdout]   38:     0x6116fd3ab114 - std::panic::catch_unwind::h64f3b9d1067ef6a0
[INFO] [stdout]                                at /rustc/202008a1b8de96d2e5b6bc02d379db03a877d34d/library/std/src/panic.rs:358:14
[INFO] [stdout]   39:     0x6116fd3ab114 - std::thread::Builder::spawn_unchecked_::{{closure}}::h42b2841295b6c0b2
[INFO] [stdout]                                at /rustc/202008a1b8de96d2e5b6bc02d379db03a877d34d/library/std/src/thread/mod.rs:559:30
[INFO] [stdout]   40:     0x6116fd3ab114 - core::ops::function::FnOnce::call_once{{vtable.shim}}::h6127de71b8124639
[INFO] [stdout]                                at /rustc/202008a1b8de96d2e5b6bc02d379db03a877d34d/library/core/src/ops/function.rs:250:5
[INFO] [stdout]   41:     0x6116fd6f43eb - <alloc::boxed::Box<F,A> as core::ops::function::FnOnce<Args>>::call_once::h42f0ba71002a1b2c
[INFO] [stdout]                                at /rustc/202008a1b8de96d2e5b6bc02d379db03a877d34d/library/alloc/src/boxed.rs:1972:9
[INFO] [stdout]   42:     0x6116fd6f43eb - <alloc::boxed::Box<F,A> as core::ops::function::FnOnce<Args>>::call_once::had9e47d7a3dcecb8
[INFO] [stdout]                                at /rustc/202008a1b8de96d2e5b6bc02d379db03a877d34d/library/alloc/src/boxed.rs:1972:9
[INFO] [stdout]   43:     0x6116fd6f43eb - std::sys::pal::unix::thread::Thread::new::thread_start::h48cf765408f6f5f2
[INFO] [stdout]                                at /rustc/202008a1b8de96d2e5b6bc02d379db03a877d34d/library/std/src/sys/pal/unix/thread.rs:105:17
[INFO] [stdout]   44:     0x753b88d4eac3 - <unknown>
[INFO] [stdout]   45:     0x753b88ddfa04 - clone
[INFO] [stdout]   46:                0x0 - <unknown>
[INFO] [stdout] 
[INFO] [stdout] ---- test::tests::test_comment stdout ----
[INFO] [stdout] warning: incomplete imosid comment on 20
[INFO] [stdout] thread 'test::tests::test_comment' panicked at src/test.rs:35:78:
[INFO] [stdout] called `Option::unwrap()` on a `None` value
[INFO] [stdout] stack backtrace:
[INFO] [stdout]    0:     0x6116fd6edefa - std::backtrace_rs::backtrace::libunwind::trace::h8810477743020387
[INFO] [stdout]                                at /rustc/202008a1b8de96d2e5b6bc02d379db03a877d34d/library/std/src/../../backtrace/src/backtrace/libunwind.rs:116:5
[INFO] [stdout]    1:     0x6116fd6edefa - std::backtrace_rs::backtrace::trace_unsynchronized::h3aa55355dd6c54a6
[INFO] [stdout]                                at /rustc/202008a1b8de96d2e5b6bc02d379db03a877d34d/library/std/src/../../backtrace/src/backtrace/mod.rs:66:5
[INFO] [stdout]    2:     0x6116fd6edefa - std::sys::backtrace::_print_fmt::h8588b0f62410823f
[INFO] [stdout]                                at /rustc/202008a1b8de96d2e5b6bc02d379db03a877d34d/library/std/src/sys/backtrace.rs:66:9
[INFO] [stdout]    3:     0x6116fd6edefa - <std::sys::backtrace::BacktraceLock::print::DisplayBacktrace as core::fmt::Display>::fmt::h98c26ac25ffe89bb
[INFO] [stdout]                                at /rustc/202008a1b8de96d2e5b6bc02d379db03a877d34d/library/std/src/sys/backtrace.rs:39:26
[INFO] [stdout]    4:     0x6116fd715f53 - core::fmt::rt::Argument::fmt::hf95377f4aebd453b
[INFO] [stdout]                                at /rustc/202008a1b8de96d2e5b6bc02d379db03a877d34d/library/core/src/fmt/rt.rs:177:76
[INFO] [stdout]    5:     0x6116fd715f53 - core::fmt::write::h0dd5f6e2238c7982
[INFO] [stdout]                                at /rustc/202008a1b8de96d2e5b6bc02d379db03a877d34d/library/core/src/fmt/mod.rs:1189:21
[INFO] [stdout]    6:     0x6116fd6ead93 - std::io::Write::write_fmt::h03bb0ca26e6faf8c
[INFO] [stdout]                                at /rustc/202008a1b8de96d2e5b6bc02d379db03a877d34d/library/std/src/io/mod.rs:1884:15
[INFO] [stdout]    7:     0x6116fd6edd42 - std::sys::backtrace::BacktraceLock::print::h5c19c1c038ee186d
[INFO] [stdout]                                at /rustc/202008a1b8de96d2e5b6bc02d379db03a877d34d/library/std/src/sys/backtrace.rs:42:9
[INFO] [stdout]    8:     0x6116fd6ef37d - std::panicking::default_hook::{{closure}}::h77172f079a1fcb13
[INFO] [stdout]                                at /rustc/202008a1b8de96d2e5b6bc02d379db03a877d34d/library/std/src/panicking.rs:268:22
[INFO] [stdout]    9:     0x6116fd6ef187 - std::panicking::default_hook::he5f8e3b203ccddba
[INFO] [stdout]                                at /rustc/202008a1b8de96d2e5b6bc02d379db03a877d34d/library/std/src/panicking.rs:292:9
[INFO] [stdout]   10:     0x6116fd3df7e7 - <alloc::boxed::Box<F,A> as core::ops::function::Fn<Args>>::call::h7a3c7b4a1ae77f2f
[INFO] [stdout]                                at /rustc/202008a1b8de96d2e5b6bc02d379db03a877d34d/library/alloc/src/boxed.rs:1986:9
[INFO] [stdout]   11:     0x6116fd3df7e7 - test::test_main::{{closure}}::hf0d3b69ae9b353d1
[INFO] [stdout]                                at /rustc/202008a1b8de96d2e5b6bc02d379db03a877d34d/library/test/src/lib.rs:134:21
[INFO] [stdout]   12:     0x6116fd6efa28 - <alloc::boxed::Box<F,A> as core::ops::function::Fn<Args>>::call::h6332e82e7b189abd
[INFO] [stdout]                                at /rustc/202008a1b8de96d2e5b6bc02d379db03a877d34d/library/alloc/src/boxed.rs:1986:9
[INFO] [stdout]   13:     0x6116fd6efa28 - std::panicking::rust_panic_with_hook::h53863d4e9018df39
[INFO] [stdout]                                at /rustc/202008a1b8de96d2e5b6bc02d379db03a877d34d/library/std/src/panicking.rs:809:13
[INFO] [stdout]   14:     0x6116fd6ef7b6 - std::panicking::begin_panic_handler::{{closure}}::h67280e6fa0757873
[INFO] [stdout]                                at /rustc/202008a1b8de96d2e5b6bc02d379db03a877d34d/library/std/src/panicking.rs:667:13
[INFO] [stdout]   15:     0x6116fd6ee3d9 - std::sys::backtrace::__rust_end_short_backtrace::h1dac3f54d6fbbeb2
[INFO] [stdout]                                at /rustc/202008a1b8de96d2e5b6bc02d379db03a877d34d/library/std/src/sys/backtrace.rs:170:18
[INFO] [stdout]   16:     0x6116fd6ef47c - rust_begin_unwind
[INFO] [stdout]                                at /rustc/202008a1b8de96d2e5b6bc02d379db03a877d34d/library/std/src/panicking.rs:665:5
[INFO] [stdout]   17:     0x6116fd37a230 - core::panicking::panic_fmt::h6792bd1b2bf01041
[INFO] [stdout]                                at /rustc/202008a1b8de96d2e5b6bc02d379db03a877d34d/library/core/src/panicking.rs:76:14
[INFO] [stdout]   18:     0x6116fd37a2bc - core::panicking::panic::hbb5c236a846c507c
[INFO] [stdout]                                at /rustc/202008a1b8de96d2e5b6bc02d379db03a877d34d/library/core/src/panicking.rs:148:5
[INFO] [stdout]   19:     0x6116fd37a1a9 - core::option::unwrap_failed::hc5b7b0e3b50bafe9
[INFO] [stdout]                                at /rustc/202008a1b8de96d2e5b6bc02d379db03a877d34d/library/core/src/option.rs:2009:5
[INFO] [stdout]   20:     0x6116fd3924d8 - core::option::Option<T>::unwrap::hf57a959580228384
[INFO] [stdout]                                at /rustc/202008a1b8de96d2e5b6bc02d379db03a877d34d/library/core/src/option.rs:972:21
[INFO] [stdout]   21:     0x6116fd3924d8 - imosid::test::tests::test_comment::h65b9b3e33758a4bc
[INFO] [stdout]                                at /opt/rustwide/workdir/src/test.rs:35:23
[INFO] [stdout]   22:     0x6116fd392467 - imosid::test::tests::test_comment::{{closure}}::h8809ffcb303ce425
[INFO] [stdout]                                at /opt/rustwide/workdir/src/test.rs:34:22
[INFO] [stdout]   23:     0x6116fd397bb6 - core::ops::function::FnOnce::call_once::haf9f959875df99c4
[INFO] [stdout]                                at /rustc/202008a1b8de96d2e5b6bc02d379db03a877d34d/library/core/src/ops/function.rs:250:5
[INFO] [stdout]   24:     0x6116fd3e430b - core::ops::function::FnOnce::call_once::h871bf86719ec9aa4
[INFO] [stdout]                                at /rustc/202008a1b8de96d2e5b6bc02d379db03a877d34d/library/core/src/ops/function.rs:250:5
[INFO] [stdout]   25:     0x6116fd3e430b - test::__rust_begin_short_backtrace::h2167df1e2b7d76fd
[INFO] [stdout]                                at /rustc/202008a1b8de96d2e5b6bc02d379db03a877d34d/library/test/src/lib.rs:632:18
[INFO] [stdout]   26:     0x6116fd3e3cf8 - test::run_test_in_process::{{closure}}::h15d92f75a3adfb79
[INFO] [stdout]                                at /rustc/202008a1b8de96d2e5b6bc02d379db03a877d34d/library/test/src/lib.rs:655:60
[INFO] [stdout]   27:     0x6116fd3e3cf8 - <core::panic::unwind_safe::AssertUnwindSafe<F> as core::ops::function::FnOnce<()>>::call_once::hb6c8955835a8dbbb
[INFO] [stdout]                                at /rustc/202008a1b8de96d2e5b6bc02d379db03a877d34d/library/core/src/panic/unwind_safe.rs:272:9
[INFO] [stdout]   28:     0x6116fd3e3cf8 - std::panicking::try::do_call::hc79d0fc888a0bd30
[INFO] [stdout]                                at /rustc/202008a1b8de96d2e5b6bc02d379db03a877d34d/library/std/src/panicking.rs:557:40
[INFO] [stdout]   29:     0x6116fd3e3cf8 - std::panicking::try::hb8a7878e3a8589d6
[INFO] [stdout]                                at /rustc/202008a1b8de96d2e5b6bc02d379db03a877d34d/library/std/src/panicking.rs:520:19
[INFO] [stdout]   30:     0x6116fd3e3cf8 - std::panic::catch_unwind::hb8e4600ff0ff5cfa
[INFO] [stdout]                                at /rustc/202008a1b8de96d2e5b6bc02d379db03a877d34d/library/std/src/panic.rs:358:14
[INFO] [stdout]   31:     0x6116fd3e3cf8 - test::run_test_in_process::hc2900b0b18688dd6
[INFO] [stdout]                                at /rustc/202008a1b8de96d2e5b6bc02d379db03a877d34d/library/test/src/lib.rs:655:27
[INFO] [stdout]   32:     0x6116fd3e3cf8 - test::run_test::{{closure}}::hac2a9cb07be3d48d
[INFO] [stdout]                                at /rustc/202008a1b8de96d2e5b6bc02d379db03a877d34d/library/test/src/lib.rs:576:43
[INFO] [stdout]   33:     0x6116fd3a779a - test::run_test::{{closure}}::h4a5b729e66a38cd8
[INFO] [stdout]                                at /rustc/202008a1b8de96d2e5b6bc02d379db03a877d34d/library/test/src/lib.rs:606:41
[INFO] [stdout]   34:     0x6116fd3a779a - std::sys::backtrace::__rust_begin_short_backtrace::h0496fb742492f573
[INFO] [stdout]                                at /rustc/202008a1b8de96d2e5b6bc02d379db03a877d34d/library/std/src/sys/backtrace.rs:154:18
[INFO] [stdout]   35:     0x6116fd3ab114 - std::thread::Builder::spawn_unchecked_::{{closure}}::{{closure}}::hbb6d257c550a54bd
[INFO] [stdout]                                at /rustc/202008a1b8de96d2e5b6bc02d379db03a877d34d/library/std/src/thread/mod.rs:561:17
[INFO] [stdout]   36:     0x6116fd3ab114 - <core::panic::unwind_safe::AssertUnwindSafe<F> as core::ops::function::FnOnce<()>>::call_once::h46696fe4a6832328
[INFO] [stdout]                                at /rustc/202008a1b8de96d2e5b6bc02d379db03a877d34d/library/core/src/panic/unwind_safe.rs:272:9
[INFO] [stdout]   37:     0x6116fd3ab114 - std::panicking::try::do_call::h2625a51b667bfb64
[INFO] [stdout]                                at /rustc/202008a1b8de96d2e5b6bc02d379db03a877d34d/library/std/src/panicking.rs:557:40
[INFO] [stdout]   38:     0x6116fd3ab114 - std::panicking::try::hb956a59a1973aa4c
[INFO] [stdout]                                at /rustc/202008a1b8de96d2e5b6bc02d379db03a877d34d/library/std/src/panicking.rs:520:19
[INFO] [stdout]   39:     0x6116fd3ab114 - std::panic::catch_unwind::h64f3b9d1067ef6a0
[INFO] [stdout]                                at /rustc/202008a1b8de96d2e5b6bc02d379db03a877d34d/library/std/src/panic.rs:358:14
[INFO] [stdout]   40:     0x6116fd3ab114 - std::thread::Builder::spawn_unchecked_::{{closure}}::h42b2841295b6c0b2
[INFO] [stdout]                                at /rustc/202008a1b8de96d2e5b6bc02d379db03a877d34d/library/std/src/thread/mod.rs:559:30
[INFO] [stdout]   41:     0x6116fd3ab114 - core::ops::function::FnOnce::call_once{{vtable.shim}}::h6127de71b8124639
[INFO] [stdout]                                at /rustc/202008a1b8de96d2e5b6bc02d379db03a877d34d/library/core/src/ops/function.rs:250:5
[INFO] [stdout]   42:     0x6116fd6f43eb - <alloc::boxed::Box<F,A> as core::ops::function::FnOnce<Args>>::call_once::h42f0ba71002a1b2c
[INFO] [stdout]                                at /rustc/202008a1b8de96d2e5b6bc02d379db03a877d34d/library/alloc/src/boxed.rs:1972:9
[INFO] [stdout]   43:     0x6116fd6f43eb - <alloc::boxed::Box<F,A> as core::ops::function::FnOnce<Args>>::call_once::had9e47d7a3dcecb8
[INFO] [stdout]                                at /rustc/202008a1b8de96d2e5b6bc02d379db03a877d34d/library/alloc/src/boxed.rs:1972:9
[INFO] [stdout]   44:     0x6116fd6f43eb - std::sys::pal::unix::thread::Thread::new::thread_start::h48cf765408f6f5f2
[INFO] [stdout]                                at /rustc/202008a1b8de96d2e5b6bc02d379db03a877d34d/library/std/src/sys/pal/unix/thread.rs:105:17
[INFO] [stdout]   45:     0x753b88d4eac3 - <unknown>
[INFO] [stdout]   46:     0x753b88ddfa04 - clone
[INFO] [stdout]   47:                0x0 - <unknown>
[INFO] [stdout] 
[INFO] [stdout] ---- test::tests::testfile stdout ----
[INFO] [stdout] warning: incomplete imosid comment on 3
[INFO] [stdout] warning: incomplete imosid comment on 7
[INFO] [stdout] warning: incomplete imosid comment on 9
[INFO] [stdout] warning: incomplete imosid comment on 13
[INFO] [stdout] thread 'test::tests::testfile' panicked at src/test.rs:87:9:
[INFO] [stdout] assertion `left == right` failed
[INFO] [stdout]   left: 0
[INFO] [stdout]  right: 2
[INFO] [stdout] stack backtrace:
[INFO] [stdout]    0:     0x6116fd6edefa - std::backtrace_rs::backtrace::libunwind::trace::h8810477743020387
[INFO] [stdout]                                at /rustc/202008a1b8de96d2e5b6bc02d379db03a877d34d/library/std/src/../../backtrace/src/backtrace/libunwind.rs:116:5
[INFO] [stdout]    1:     0x6116fd6edefa - std::backtrace_rs::backtrace::trace_unsynchronized::h3aa55355dd6c54a6
[INFO] [stdout]                                at /rustc/202008a1b8de96d2e5b6bc02d379db03a877d34d/library/std/src/../../backtrace/src/backtrace/mod.rs:66:5
[INFO] [stdout]    2:     0x6116fd6edefa - std::sys::backtrace::_print_fmt::h8588b0f62410823f
[INFO] [stdout]                                at /rustc/202008a1b8de96d2e5b6bc02d379db03a877d34d/library/std/src/sys/backtrace.rs:66:9
[INFO] [stdout]    3:     0x6116fd6edefa - <std::sys::backtrace::BacktraceLock::print::DisplayBacktrace as core::fmt::Display>::fmt::h98c26ac25ffe89bb
[INFO] [stdout]                                at /rustc/202008a1b8de96d2e5b6bc02d379db03a877d34d/library/std/src/sys/backtrace.rs:39:26
[INFO] [stdout]    4:     0x6116fd715f53 - core::fmt::rt::Argument::fmt::hf95377f4aebd453b
[INFO] [stdout]                                at /rustc/202008a1b8de96d2e5b6bc02d379db03a877d34d/library/core/src/fmt/rt.rs:177:76
[INFO] [stdout]    5:     0x6116fd715f53 - core::fmt::write::h0dd5f6e2238c7982
[INFO] [stdout]                                at /rustc/202008a1b8de96d2e5b6bc02d379db03a877d34d/library/core/src/fmt/mod.rs:1189:21
[INFO] [stdout]    6:     0x6116fd6ead93 - std::io::Write::write_fmt::h03bb0ca26e6faf8c
[INFO] [stdout]                                at /rustc/202008a1b8de96d2e5b6bc02d379db03a877d34d/library/std/src/io/mod.rs:1884:15
[INFO] [stdout]    7:     0x6116fd6edd42 - std::sys::backtrace::BacktraceLock::print::h5c19c1c038ee186d
[INFO] [stdout]                                at /rustc/202008a1b8de96d2e5b6bc02d379db03a877d34d/library/std/src/sys/backtrace.rs:42:9
[INFO] [stdout]    8:     0x6116fd6ef37d - std::panicking::default_hook::{{closure}}::h77172f079a1fcb13
[INFO] [stdout]                                at /rustc/202008a1b8de96d2e5b6bc02d379db03a877d34d/library/std/src/panicking.rs:268:22
[INFO] [stdout]    9:     0x6116fd6ef187 - std::panicking::default_hook::he5f8e3b203ccddba
[INFO] [stdout]                                at /rustc/202008a1b8de96d2e5b6bc02d379db03a877d34d/library/std/src/panicking.rs:292:9
[INFO] [stdout]   10:     0x6116fd3df7e7 - <alloc::boxed::Box<F,A> as core::ops::function::Fn<Args>>::call::h7a3c7b4a1ae77f2f
[INFO] [stdout]                                at /rustc/202008a1b8de96d2e5b6bc02d379db03a877d34d/library/alloc/src/boxed.rs:1986:9
[INFO] [stdout]   11:     0x6116fd3df7e7 - test::test_main::{{closure}}::hf0d3b69ae9b353d1
[INFO] [stdout]                                at /rustc/202008a1b8de96d2e5b6bc02d379db03a877d34d/library/test/src/lib.rs:134:21
[INFO] [stdout]   12:     0x6116fd6efa28 - <alloc::boxed::Box<F,A> as core::ops::function::Fn<Args>>::call::h6332e82e7b189abd
[INFO] [stdout]                                at /rustc/202008a1b8de96d2e5b6bc02d379db03a877d34d/library/alloc/src/boxed.rs:1986:9
[INFO] [stdout]   13:     0x6116fd6efa28 - std::panicking::rust_panic_with_hook::h53863d4e9018df39
[INFO] [stdout]                                at /rustc/202008a1b8de96d2e5b6bc02d379db03a877d34d/library/std/src/panicking.rs:809:13
[INFO] [stdout]   14:     0x6116fd6ef7ea - std::panicking::begin_panic_handler::{{closure}}::h67280e6fa0757873
[INFO] [stdout]                                at /rustc/202008a1b8de96d2e5b6bc02d379db03a877d34d/library/std/src/panicking.rs:674:13
[INFO] [stdout]   15:     0x6116fd6ee3d9 - std::sys::backtrace::__rust_end_short_backtrace::h1dac3f54d6fbbeb2
[INFO] [stdout]                                at /rustc/202008a1b8de96d2e5b6bc02d379db03a877d34d/library/std/src/sys/backtrace.rs:170:18
[INFO] [stdout]   16:     0x6116fd6ef47c - rust_begin_unwind
[INFO] [stdout]                                at /rustc/202008a1b8de96d2e5b6bc02d379db03a877d34d/library/std/src/panicking.rs:665:5
[INFO] [stdout]   17:     0x6116fd37a230 - core::panicking::panic_fmt::h6792bd1b2bf01041
[INFO] [stdout]                                at /rustc/202008a1b8de96d2e5b6bc02d379db03a877d34d/library/core/src/panicking.rs:76:14
[INFO] [stdout]   18:     0x6116fd37a634 - core::panicking::assert_failed_inner::hf2c17e6d30928787
[INFO] [stdout]   19:     0x6116fd6bfba6 - core::panicking::assert_failed::h79e4909a12ee8a75
[INFO] [stdout]                                at /rustc/202008a1b8de96d2e5b6bc02d379db03a877d34d/library/core/src/panicking.rs:373:5
[INFO] [stdout]   20:     0x6116fd39354e - imosid::test::tests::testfile::ha34a69b5070861b2
[INFO] [stdout]                                at /opt/rustwide/workdir/src/test.rs:87:9
[INFO] [stdout]   21:     0x6116fd392ea7 - imosid::test::tests::testfile::{{closure}}::h63127579238d931b
[INFO] [stdout]                                at /opt/rustwide/workdir/src/test.rs:71:18
[INFO] [stdout]   22:     0x6116fd397c36 - core::ops::function::FnOnce::call_once::hc4a16c4e03efca0c
[INFO] [stdout]                                at /rustc/202008a1b8de96d2e5b6bc02d379db03a877d34d/library/core/src/ops/function.rs:250:5
[INFO] [stdout]   23:     0x6116fd3e430b - core::ops::function::FnOnce::call_once::h871bf86719ec9aa4
[INFO] [stdout]                                at /rustc/202008a1b8de96d2e5b6bc02d379db03a877d34d/library/core/src/ops/function.rs:250:5
[INFO] [stdout]   24:     0x6116fd3e430b - test::__rust_begin_short_backtrace::h2167df1e2b7d76fd
[INFO] [stdout]                                at /rustc/202008a1b8de96d2e5b6bc02d379db03a877d34d/library/test/src/lib.rs:632:18
[INFO] [stdout]   25:     0x6116fd3e3cf8 - test::run_test_in_process::{{closure}}::h15d92f75a3adfb79
[INFO] [stdout]                                at /rustc/202008a1b8de96d2e5b6bc02d379db03a877d34d/library/test/src/lib.rs:655:60
[INFO] [stdout]   26:     0x6116fd3e3cf8 - <core::panic::unwind_safe::AssertUnwindSafe<F> as core::ops::function::FnOnce<()>>::call_once::hb6c8955835a8dbbb
[INFO] [stdout]                                at /rustc/202008a1b8de96d2e5b6bc02d379db03a877d34d/library/core/src/panic/unwind_safe.rs:272:9
[INFO] [stdout]   27:     0x6116fd3e3cf8 - std::panicking::try::do_call::hc79d0fc888a0bd30
[INFO] [stdout]                                at /rustc/202008a1b8de96d2e5b6bc02d379db03a877d34d/library/std/src/panicking.rs:557:40
[INFO] [stdout]   28:     0x6116fd3e3cf8 - std::panicking::try::hb8a7878e3a8589d6
[INFO] [stdout]                                at /rustc/202008a1b8de96d2e5b6bc02d379db03a877d34d/library/std/src/panicking.rs:520:19
[INFO] [stdout]   29:     0x6116fd3e3cf8 - std::panic::catch_unwind::hb8e4600ff0ff5cfa
[INFO] [stdout]                                at /rustc/202008a1b8de96d2e5b6bc02d379db03a877d34d/library/std/src/panic.rs:358:14
[INFO] [stdout]   30:     0x6116fd3e3cf8 - test::run_test_in_process::hc2900b0b18688dd6
[INFO] [stdout]                                at /rustc/202008a1b8de96d2e5b6bc02d379db03a877d34d/library/test/src/lib.rs:655:27
[INFO] [stdout]   31:     0x6116fd3e3cf8 - test::run_test::{{closure}}::hac2a9cb07be3d48d
[INFO] [stdout]                                at /rustc/202008a1b8de96d2e5b6bc02d379db03a877d34d/library/test/src/lib.rs:576:43
[INFO] [stdout]   32:     0x6116fd3a779a - test::run_test::{{closure}}::h4a5b729e66a38cd8
[INFO] [stdout]                                at /rustc/202008a1b8de96d2e5b6bc02d379db03a877d34d/library/test/src/lib.rs:606:41
[INFO] [stdout]   33:     0x6116fd3a779a - std::sys::backtrace::__rust_begin_short_backtrace::h0496fb742492f573
[INFO] [stdout]                                at /rustc/202008a1b8de96d2e5b6bc02d379db03a877d34d/library/std/src/sys/backtrace.rs:154:18
[INFO] [stdout]   34:     0x6116fd3ab114 - std::thread::Builder::spawn_unchecked_::{{closure}}::{{closure}}::hbb6d257c550a54bd
[INFO] [stdout]                                at /rustc/202008a1b8de96d2e5b6bc02d379db03a877d34d/library/std/src/thread/mod.rs:561:17
[INFO] [stdout]   35:     0x6116fd3ab114 - <core::panic::unwind_safe::AssertUnwindSafe<F> as core::ops::function::FnOnce<()>>::call_once::h46696fe4a6832328
[INFO] [stdout]                                at /rustc/202008a1b8de96d2e5b6bc02d379db03a877d34d/library/core/src/panic/unwind_safe.rs:272:9
[INFO] [stdout]   36:     0x6116fd3ab114 - std::panicking::try::do_call::h2625a51b667bfb64
[INFO] [stdout]                                at /rustc/202008a1b8de96d2e5b6bc02d379db03a877d34d/library/std/src/panicking.rs:557:40
[INFO] [stdout]   37:     0x6116fd3ab114 - std::panicking::try::hb956a59a1973aa4c
[INFO] [stdout]                                at /rustc/202008a1b8de96d2e5b6bc02d379db03a877d34d/library/std/src/panicking.rs:520:19
[INFO] [stdout]   38:     0x6116fd3ab114 - std::panic::catch_unwind::h64f3b9d1067ef6a0
[INFO] [stdout]                                at /rustc/202008a1b8de96d2e5b6bc02d379db03a877d34d/library/std/src/panic.rs:358:14
[INFO] [stdout]   39:     0x6116fd3ab114 - std::thread::Builder::spawn_unchecked_::{{closure}}::h42b2841295b6c0b2
[INFO] [stdout]                                at /rustc/202008a1b8de96d2e5b6bc02d379db03a877d34d/library/std/src/thread/mod.rs:559:30
[INFO] [stdout]   40:     0x6116fd3ab114 - core::ops::function::FnOnce::call_once{{vtable.shim}}::h6127de71b8124639
[INFO] [stdout]                                at /rustc/202008a1b8de96d2e5b6bc02d379db03a877d34d/library/core/src/ops/function.rs:250:5
[INFO] [stdout]   41:     0x6116fd6f43eb - <alloc::boxed::Box<F,A> as core::ops::function::FnOnce<Args>>::call_once::h42f0ba71002a1b2c
[INFO] [stdout]                                at /rustc/202008a1b8de96d2e5b6bc02d379db03a877d34d/library/alloc/src/boxed.rs:1972:9
[INFO] [stdout]   42:     0x6116fd6f43eb - <alloc::boxed::Box<F,A> as core::ops::function::FnOnce<Args>>::call_once::had9e47d7a3dcecb8
[INFO] [stdout]                                at /rustc/202008a1b8de96d2e5b6bc02d379db03a877d34d/library/alloc/src/boxed.rs:1972:9
[INFO] [stdout]   43:     0x6116fd6f43eb - std::sys::pal::unix::thread::Thread::new::thread_start::h48cf765408f6f5f2
[INFO] [stdout]                                at /rustc/202008a1b8de96d2e5b6bc02d379db03a877d34d/library/std/src/sys/pal/unix/thread.rs:105:17
[INFO] [stdout]   44:     0x753b88d4eac3 - <unknown>
[INFO] [stdout]   45:     0x753b88ddfa04 - clone
[INFO] [stdout]   46:                0x0 - <unknown>
[INFO] [stdout] 
[INFO] [stdout] 
[INFO] [stdout] failures:
[INFO] [stdout]     test::tests::test_comment
[INFO] [stdout]     test::tests::test_section
[INFO] [stdout]     test::tests::testfile
[INFO] [stdout] 
[INFO] [stdout] test result: FAILED. 2 passed; 3 failed; 0 ignored; 0 measured; 0 filtered out; finished in 0.05s
[INFO] [stdout] 
[INFO] running `Command { std: "docker" "inspect" "b7bb5c3ac2783cf52cd0571b54e2b736c5773a6fc210e7024be1b4216d95fdb5", kill_on_drop: false }`
[INFO] running `Command { std: "docker" "rm" "-f" "b7bb5c3ac2783cf52cd0571b54e2b736c5773a6fc210e7024be1b4216d95fdb5", kill_on_drop: false }`
[INFO] [stdout] b7bb5c3ac2783cf52cd0571b54e2b736c5773a6fc210e7024be1b4216d95fdb5
