[INFO] cloning repository https://github.com/infernojs/swc-plugin-inferno
[INFO] running `Command { std: "git" "-c" "credential.helper=" "-c" "credential.helper=/workspace/cargo-home/bin/git-credential-null" "clone" "--bare" "https://github.com/infernojs/swc-plugin-inferno" "/workspace/cache/git-repos/https%3A%2F%2Fgithub.com%2Finfernojs%2Fswc-plugin-inferno", kill_on_drop: false }`
[INFO] [stderr] Cloning into bare repository '/workspace/cache/git-repos/https%3A%2F%2Fgithub.com%2Finfernojs%2Fswc-plugin-inferno'...
[INFO] running `Command { std: "git" "rev-parse" "HEAD", kill_on_drop: false }`
[INFO] [stdout] d50f9a17d9db1ebd755377fca4bf553a91550049
[INFO] testing infernojs/swc-plugin-inferno against beta-2024-12-08 for beta-1.84.0-4-retry
[INFO] running `Command { std: "git" "clone" "/workspace/cache/git-repos/https%3A%2F%2Fgithub.com%2Finfernojs%2Fswc-plugin-inferno" "/workspace/builds/worker-4-tc2/source", kill_on_drop: false }`
[INFO] [stderr] Cloning into '/workspace/builds/worker-4-tc2/source'...
[INFO] [stderr] done.
[INFO] validating manifest of git repo https://github.com/infernojs/swc-plugin-inferno on toolchain beta-2024-12-08
[INFO] running `Command { std: CARGO_HOME="/workspace/cargo-home" RUSTUP_HOME="/workspace/rustup-home" "/workspace/cargo-home/bin/cargo" "+beta-2024-12-08" "metadata" "--manifest-path" "Cargo.toml" "--no-deps", kill_on_drop: false }`
[INFO] started tweaking git repo https://github.com/infernojs/swc-plugin-inferno
[INFO] finished tweaking git repo https://github.com/infernojs/swc-plugin-inferno
[INFO] tweaked toml for git repo https://github.com/infernojs/swc-plugin-inferno written to /workspace/builds/worker-4-tc2/source/Cargo.toml
[INFO] crate git repo https://github.com/infernojs/swc-plugin-inferno already has a lockfile, it will not be regenerated
[INFO] running `Command { std: CARGO_HOME="/workspace/cargo-home" RUSTUP_HOME="/workspace/rustup-home" "/workspace/cargo-home/bin/cargo" "+beta-2024-12-08" "fetch" "--manifest-path" "Cargo.toml", kill_on_drop: false }`
[INFO] running `Command { std: "docker" "create" "-v" "/var/lib/crater-agent-workspace/builds/worker-4-tc2/target:/opt/rustwide/target:rw,Z" "-v" "/var/lib/crater-agent-workspace/builds/worker-4-tc2/source:/opt/rustwide/workdir:ro,Z" "-v" "/var/lib/crater-agent-workspace/cargo-home:/opt/rustwide/cargo-home:ro,Z" "-v" "/var/lib/crater-agent-workspace/rustup-home:/opt/rustwide/rustup-home:ro,Z" "-e" "SOURCE_DIR=/opt/rustwide/workdir" "-e" "CARGO_TARGET_DIR=/opt/rustwide/target" "-e" "CARGO_HOME=/opt/rustwide/cargo-home" "-e" "RUSTUP_HOME=/opt/rustwide/rustup-home" "-w" "/opt/rustwide/workdir" "-m" "1610612736" "--user" "0:0" "--network" "none" "ghcr.io/rust-lang/crates-build-env/linux@sha256:f3a9d4ad9d972b27faf3965f35b62e55ba32bbce8f20bc8fe909558a86702fde" "/opt/rustwide/cargo-home/bin/cargo" "+beta-2024-12-08" "metadata" "--no-deps" "--format-version=1", kill_on_drop: false }`
[INFO] [stdout] 6c7ed07d8176c77535b26f81ef2c15c20210b1b2e8c74fb93891e46a5eda08bb
[INFO] running `Command { std: "docker" "start" "-a" "6c7ed07d8176c77535b26f81ef2c15c20210b1b2e8c74fb93891e46a5eda08bb", kill_on_drop: false }`
[INFO] running `Command { std: "docker" "inspect" "6c7ed07d8176c77535b26f81ef2c15c20210b1b2e8c74fb93891e46a5eda08bb", kill_on_drop: false }`
[INFO] running `Command { std: "docker" "rm" "-f" "6c7ed07d8176c77535b26f81ef2c15c20210b1b2e8c74fb93891e46a5eda08bb", kill_on_drop: false }`
[INFO] [stdout] 6c7ed07d8176c77535b26f81ef2c15c20210b1b2e8c74fb93891e46a5eda08bb
[INFO] running `Command { std: "docker" "create" "-v" "/var/lib/crater-agent-workspace/builds/worker-4-tc2/target:/opt/rustwide/target:rw,Z" "-v" "/var/lib/crater-agent-workspace/builds/worker-4-tc2/source:/opt/rustwide/workdir:ro,Z" "-v" "/var/lib/crater-agent-workspace/cargo-home:/opt/rustwide/cargo-home:ro,Z" "-v" "/var/lib/crater-agent-workspace/rustup-home:/opt/rustwide/rustup-home:ro,Z" "-e" "SOURCE_DIR=/opt/rustwide/workdir" "-e" "CARGO_TARGET_DIR=/opt/rustwide/target" "-e" "CARGO_INCREMENTAL=0" "-e" "RUST_BACKTRACE=full" "-e" "RUSTFLAGS=--cap-lints=warn" "-e" "RUSTDOCFLAGS=--cap-lints=warn" "-e" "CARGO_HOME=/opt/rustwide/cargo-home" "-e" "RUSTUP_HOME=/opt/rustwide/rustup-home" "-w" "/opt/rustwide/workdir" "-m" "1610612736" "--user" "0:0" "--network" "none" "ghcr.io/rust-lang/crates-build-env/linux@sha256:f3a9d4ad9d972b27faf3965f35b62e55ba32bbce8f20bc8fe909558a86702fde" "/opt/rustwide/cargo-home/bin/cargo" "+beta-2024-12-08" "build" "--frozen" "--message-format=json", kill_on_drop: false }`
[INFO] [stdout] c95d8d585baf761cee076cc4b76c17baf1c0cfd92219e5c4fa68d6ea7c83562b
[INFO] running `Command { std: "docker" "start" "-a" "c95d8d585baf761cee076cc4b76c17baf1c0cfd92219e5c4fa68d6ea7c83562b", kill_on_drop: false }`
[INFO] [stderr]    Compiling proc-macro2 v1.0.92
[INFO] [stderr]    Compiling unicode-ident v1.0.14
[INFO] [stderr]    Compiling version_check v0.9.5
[INFO] [stderr]    Compiling cfg-if v1.0.0
[INFO] [stderr]    Compiling once_cell v1.20.2
[INFO] [stderr]    Compiling libc v0.2.164
[INFO] [stderr]    Compiling stable_deref_trait v1.2.0
[INFO] [stderr]    Compiling serde v1.0.215
[INFO] [stderr]    Compiling autocfg v1.4.0
[INFO] [stderr]    Compiling syn v1.0.109
[INFO] [stderr]    Compiling smallvec v1.13.2
[INFO] [stderr]    Compiling serde_json v1.0.133
[INFO] [stderr]    Compiling anyhow v1.0.93
[INFO] [stderr]    Compiling memchr v2.7.4
[INFO] [stderr]    Compiling writeable v0.5.5
[INFO] [stderr]    Compiling itoa v1.0.13
[INFO] [stderr]    Compiling ryu v1.0.18
[INFO] [stderr]    Compiling litemap v0.7.4
[INFO] [stderr]    Compiling allocator-api2 v0.2.20
[INFO] [stderr]    Compiling zerocopy v0.7.35
[INFO] [stderr]    Compiling icu_locid_transform_data v1.5.0
[INFO] [stderr]    Compiling siphasher v0.3.11
[INFO] [stderr]    Compiling parking_lot_core v0.9.10
[INFO] [stderr]    Compiling rand_core v0.6.4
[INFO] [stderr]    Compiling ahash v0.8.11
[INFO] [stderr]    Compiling icu_properties_data v1.5.0
[INFO] [stderr]    Compiling ahash v0.7.8
[INFO] [stderr]    Compiling scopeguard v1.2.0
[INFO] [stderr]    Compiling rand v0.8.5
[INFO] [stderr]    Compiling phf_shared v0.11.2
[INFO] [stderr]    Compiling bytecheck v0.6.12
[INFO] [stderr]    Compiling icu_normalizer_data v1.5.0
[INFO] [stderr]    Compiling utf16_iter v1.0.5
[INFO] [stderr]    Compiling write16 v1.0.0
[INFO] [stderr]    Compiling utf8_iter v1.0.4
[INFO] [stderr]    Compiling simdutf8 v0.1.5
[INFO] [stderr]    Compiling rend v0.4.2
[INFO] [stderr]    Compiling radium v0.7.0
[INFO] [stderr]    Compiling rustc-hash v1.1.0
[INFO] [stderr]    Compiling lock_api v0.4.12
[INFO] [stderr]    Compiling num-traits v0.2.19
[INFO] [stderr]    Compiling tracing-core v0.1.32
[INFO] [stderr]    Compiling regex-syntax v0.8.5
[INFO] [stderr]    Compiling new_debug_unreachable v1.0.6
[INFO] [stderr]    Compiling outref v0.1.0
[INFO] [stderr]    Compiling percent-encoding v2.3.1
[INFO] [stderr]    Compiling rkyv v0.7.45
[INFO] [stderr]    Compiling tap v1.0.1
[INFO] [stderr]    Compiling wyz v0.5.1
[INFO] [stderr]    Compiling form_urlencoded v1.2.1
[INFO] [stderr]    Compiling simd-abstraction v0.7.1
[INFO] [stderr]    Compiling uuid v1.11.0
[INFO] [stderr]    Compiling unicode-width v0.1.14
[INFO] [stderr]    Compiling pin-project-lite v0.2.15
[INFO] [stderr]    Compiling phf_generator v0.11.2
[INFO] [stderr]    Compiling funty v2.0.0
[INFO] [stderr]    Compiling seahash v4.1.0
[INFO] [stderr]    Compiling quote v1.0.37
[INFO] [stderr]    Compiling base64-simd v0.7.0
[INFO] [stderr]    Compiling bumpalo v3.16.0
[INFO] [stderr]    Compiling either v1.13.0
[INFO] [stderr]    Compiling unicode-id-start v1.3.1
[INFO] [stderr]    Compiling data-encoding v2.6.0
[INFO] [stderr]    Compiling if_chain v1.0.2
[INFO] [stderr]    Compiling scoped-tls v1.0.1
[INFO] [stderr]    Compiling syn v2.0.89
[INFO] [stderr]    Compiling better_scoped_tls v1.0.0
[INFO] [stderr]    Compiling termcolor v1.4.1
[INFO] [stderr]    Compiling thiserror v1.0.69
[INFO] [stderr]    Compiling swc_visit v2.0.0
[INFO] [stderr]    Compiling camino v1.1.9
[INFO] [stderr]    Compiling semver v1.0.23
[INFO] [stderr]    Compiling typenum v1.17.0
[INFO] [stderr]    Compiling bitflags v2.6.0
[INFO] [stderr]    Compiling num-integer v0.1.46
[INFO] [stderr]    Compiling ident_case v1.0.1
[INFO] [stderr]    Compiling getrandom v0.2.15
[INFO] [stderr]    Compiling bitvec v1.0.1
[INFO] [stderr]    Compiling shlex v1.3.0
[INFO] [stderr]    Compiling parking_lot v0.12.3
[INFO] [stderr]    Compiling strsim v0.11.1
[INFO] [stderr]    Compiling fnv v1.0.7
[INFO] [stderr]    Compiling rustversion v1.0.18
[INFO] [stderr]    Compiling cc v1.2.1
[INFO] [stderr]    Compiling aho-corasick v1.1.3
[INFO] [stderr]    Compiling generic-array v0.14.7
[INFO] [stderr]    Compiling heck v0.5.0
[INFO] [stderr]    Compiling hashbrown v0.12.3
[INFO] [stderr]    Compiling owo-colors v4.1.0
[INFO] [stderr]    Compiling unicode-linebreak v0.1.5
[INFO] [stderr]    Compiling hashbrown v0.14.5
[INFO] [stderr]    Compiling regex-syntax v0.6.29
[INFO] [stderr]    Compiling smawk v0.3.2
[INFO] [stderr]    Compiling smartstring v1.0.1
[INFO] [stderr]    Compiling textwrap v0.16.1
[INFO] [stderr]    Compiling lazy_static v1.5.0
[INFO] [stderr]    Compiling log v0.4.22
[INFO] [stderr]    Compiling equivalent v1.0.1
[INFO] [stderr]    Compiling overload v0.1.1
[INFO] [stderr]    Compiling hashbrown v0.15.1
[INFO] [stderr]    Compiling nu-ansi-term v0.46.0
[INFO] [stderr]    Compiling tracing-log v0.2.0
[INFO] [stderr]    Compiling vergen-lib v0.1.4
[INFO] [stderr]    Compiling vergen v9.0.1
[INFO] [stderr]    Compiling block-buffer v0.10.4
[INFO] [stderr]    Compiling crypto-common v0.1.6
[INFO] [stderr]    Compiling digest v0.10.7
[INFO] [stderr]    Compiling sharded-slab v0.1.7
[INFO] [stderr]    Compiling thread_local v1.1.8
[INFO] [stderr]    Compiling yansi v1.0.1
[INFO] [stderr]    Compiling relative-path v1.9.3
[INFO] [stderr]    Compiling glob v0.3.1
[INFO] [stderr]    Compiling indexmap v2.6.0
[INFO] [stderr]    Compiling static_assertions v1.1.0
[INFO] [stderr]    Compiling rustix v0.38.41
[INFO] [stderr]    Compiling diff v0.1.13
[INFO] [stderr]    Compiling regex-automata v0.4.9
[INFO] [stderr]    Compiling cpufeatures v0.2.16
[INFO] [stderr]    Compiling pretty_assertions v1.4.1
[INFO] [stderr]    Compiling num_cpus v1.16.0
[INFO] [stderr]    Compiling difference v2.0.0
[INFO] [stderr]    Compiling unicode-id v0.3.5
[INFO] [stderr]    Compiling typed-arena v2.0.2
[INFO] [stderr]    Compiling ansi_term v0.12.1
[INFO] [stderr]    Compiling linux-raw-sys v0.4.14
[INFO] [stderr]    Compiling ryu-js v1.0.1
[INFO] [stderr]    Compiling sha2 v0.10.8
[INFO] [stderr]    Compiling fastrand v2.2.0
[INFO] [stderr]    Compiling psm v0.1.24
[INFO] [stderr]    Compiling stacker v0.1.17
[INFO] [stderr]    Compiling regex-automata v0.1.10
[INFO] [stderr]    Compiling hex v0.4.3
[INFO] [stderr]    Compiling dashmap v5.5.3
[INFO] [stderr]    Compiling base64 v0.21.7
[INFO] [stderr]    Compiling synstructure v0.13.1
[INFO] [stderr]    Compiling swc_macros_common v1.0.0
[INFO] [stderr]    Compiling darling_core v0.20.10
[INFO] [stderr]    Compiling swc_plugin v1.0.0
[INFO] [stderr]    Compiling sha-1 v0.10.1
[INFO] [stderr]    Compiling base64 v0.22.1
[INFO] [stderr]    Compiling matchers v0.1.0
[INFO] [stderr]    Compiling serde_derive v1.0.215
[INFO] [stderr]    Compiling zerofrom-derive v0.1.5
[INFO] [stderr]    Compiling yoke-derive v0.7.5
[INFO] [stderr]    Compiling zerovec-derive v0.10.3
[INFO] [stderr]    Compiling displaydoc v0.2.5
[INFO] [stderr]    Compiling icu_provider_macros v1.5.0
[INFO] [stderr]    Compiling phf_macros v0.11.2
[INFO] [stderr]    Compiling tracing-attributes v0.1.27
[INFO] [stderr]    Compiling ast_node v2.0.0
[INFO] [stderr]    Compiling from_variant v2.0.0
[INFO] [stderr]    Compiling swc_eq_ignore_macros v1.0.0
[INFO] [stderr]    Compiling ptr_meta_derive v0.1.4
[INFO] [stderr]    Compiling bytecheck_derive v0.6.12
[INFO] [stderr]    Compiling ptr_meta v0.1.4
[INFO] [stderr]    Compiling rkyv_derive v0.7.45
[INFO] [stderr]    Compiling thiserror-impl v1.0.69
[INFO] [stderr]    Compiling is-macro v0.3.7
[INFO] [stderr]    Compiling string_enum v1.0.0
[INFO] [stderr]    Compiling phf v0.11.2
[INFO] [stderr]    Compiling regex v1.11.1
[INFO] [stderr]    Compiling miette-derive v7.2.0
[INFO] [stderr]    Compiling swc_ecma_codegen_macros v1.0.0
[INFO] [stderr]    Compiling zerofrom v0.1.5
[INFO] [stderr]    Compiling tempfile v3.14.0
[INFO] [stderr]    Compiling swc_trace_macro v2.0.0
[INFO] [stderr]    Compiling swc_plugin_macro v1.0.0
[INFO] [stderr]    Compiling yoke v0.7.5
[INFO] [stderr]    Compiling tracing v0.1.40
[INFO] [stderr]    Compiling swc_config_macro v1.0.0
[INFO] [stderr]    Compiling zerovec v0.10.4
[INFO] [stderr]    Compiling tracing-subscriber v0.3.18
[INFO] [stderr]    Compiling darling_macro v0.20.10
[INFO] [stderr]    Compiling miette v7.2.0
[INFO] [stderr]    Compiling darling v0.20.10
[INFO] [stderr]    Compiling derive_builder_core v0.20.2
[INFO] [stderr]    Compiling testing_macros v1.0.0
[INFO] [stderr]    Compiling tinystr v0.7.6
[INFO] [stderr]    Compiling icu_collections v1.5.0
[INFO] [stderr]    Compiling derive_builder_macro v0.20.2
[INFO] [stderr]    Compiling icu_locid v1.5.0
[INFO] [stderr]    Compiling derive_builder v0.20.2
[INFO] [stderr]    Compiling icu_provider v1.5.0
[INFO] [stderr]    Compiling icu_locid_transform v1.5.0
[INFO] [stderr]    Compiling icu_properties v1.5.1
[INFO] [stderr]    Compiling cargo-platform v0.1.8
[INFO] [stderr]    Compiling triomphe v0.1.14
[INFO] [stderr]    Compiling debugid v0.8.0
[INFO] [stderr]    Compiling num-bigint v0.4.6
[INFO] [stderr]    Compiling swc_cached v1.0.0
[INFO] [stderr]    Compiling hstr v0.2.12
[INFO] [stderr]    Compiling swc_allocator v1.0.0
[INFO] [stderr]    Compiling swc_atoms v2.0.0
[INFO] [stderr]    Compiling cargo_metadata v0.18.1
[INFO] [stderr]    Compiling icu_normalizer v1.5.0
[INFO] [stderr]    Compiling swc_config v1.0.0
[INFO] [stderr]    Compiling idna_adapter v1.2.0
[INFO] [stderr]    Compiling idna v1.0.3
[INFO] [stderr]    Compiling url v2.5.4
[INFO] [stderr]    Compiling sourcemap v9.1.0
[INFO] [stderr]    Compiling swc_core v6.0.1
[INFO] [stderr]    Compiling swc_common v4.0.1
[INFO] [stderr]    Compiling swc_ecma_ast v4.0.1
[INFO] [stderr]    Compiling swc_error_reporters v5.0.0
[INFO] [stderr]    Compiling testing v4.0.0
[INFO] [stderr]    Compiling swc_ecma_testing v4.0.0
[INFO] [stderr]    Compiling swc_ecma_visit v4.0.1
[INFO] [stderr]    Compiling swc_ecma_parser v5.0.0
[INFO] [stderr]    Compiling swc_ecma_codegen v4.0.2
[INFO] [stderr]    Compiling swc_plugin_proxy v4.0.0
[INFO] [stderr]    Compiling swc_ecma_utils v5.0.1
[INFO] [stderr]    Compiling swc_ecma_transforms_base v5.0.1
[INFO] [stderr]    Compiling swc_ecma_transforms_testing v5.0.0
[INFO] [stderr]    Compiling swc-plugin-inferno v2.0.0 (/opt/rustwide/workdir)
[INFO] [stderr]     Finished `dev` profile [unoptimized + debuginfo] target(s) in 1m 38s
[INFO] running `Command { std: "docker" "inspect" "c95d8d585baf761cee076cc4b76c17baf1c0cfd92219e5c4fa68d6ea7c83562b", kill_on_drop: false }`
[INFO] running `Command { std: "docker" "rm" "-f" "c95d8d585baf761cee076cc4b76c17baf1c0cfd92219e5c4fa68d6ea7c83562b", kill_on_drop: false }`
[INFO] [stdout] c95d8d585baf761cee076cc4b76c17baf1c0cfd92219e5c4fa68d6ea7c83562b
[INFO] running `Command { std: "docker" "create" "-v" "/var/lib/crater-agent-workspace/builds/worker-4-tc2/target:/opt/rustwide/target:rw,Z" "-v" "/var/lib/crater-agent-workspace/builds/worker-4-tc2/source:/opt/rustwide/workdir:ro,Z" "-v" "/var/lib/crater-agent-workspace/cargo-home:/opt/rustwide/cargo-home:ro,Z" "-v" "/var/lib/crater-agent-workspace/rustup-home:/opt/rustwide/rustup-home:ro,Z" "-e" "SOURCE_DIR=/opt/rustwide/workdir" "-e" "CARGO_TARGET_DIR=/opt/rustwide/target" "-e" "CARGO_INCREMENTAL=0" "-e" "RUST_BACKTRACE=full" "-e" "RUSTFLAGS=--cap-lints=warn" "-e" "RUSTDOCFLAGS=--cap-lints=warn" "-e" "CARGO_HOME=/opt/rustwide/cargo-home" "-e" "RUSTUP_HOME=/opt/rustwide/rustup-home" "-w" "/opt/rustwide/workdir" "-m" "1610612736" "--user" "0:0" "--network" "none" "ghcr.io/rust-lang/crates-build-env/linux@sha256:f3a9d4ad9d972b27faf3965f35b62e55ba32bbce8f20bc8fe909558a86702fde" "/opt/rustwide/cargo-home/bin/cargo" "+beta-2024-12-08" "test" "--frozen" "--no-run" "--message-format=json", kill_on_drop: false }`
[INFO] [stdout] f02716ea63140e58506471666369c28171eac3717e9cfe07025342af11fa9662
[INFO] running `Command { std: "docker" "start" "-a" "f02716ea63140e58506471666369c28171eac3717e9cfe07025342af11fa9662", kill_on_drop: false }`
[INFO] [stderr]    Compiling swc_ecma_transforms_macros v1.0.0
[INFO] [stderr]    Compiling arrayvec v0.7.6
[INFO] [stderr]    Compiling swc_ecma_compat_common v5.0.0
[INFO] [stderr]    Compiling swc_ecma_transforms_classes v5.0.0
[INFO] [stderr]    Compiling swc_ecma_compat_es2021 v5.0.0
[INFO] [stderr]    Compiling swc_ecma_compat_es2019 v5.0.0
[INFO] [stderr]    Compiling swc_ecma_compat_es3 v5.0.0
[INFO] [stderr]    Compiling swc_ecma_transforms v6.0.0
[INFO] [stderr]    Compiling swc_ecma_compat_es2015 v5.0.1
[INFO] [stderr]    Compiling swc_ecma_compat_es2022 v6.0.1
[INFO] [stderr]    Compiling swc_ecma_compat_es2017 v5.0.0
[INFO] [stderr]    Compiling swc_ecma_compat_es2016 v5.0.0
[INFO] [stderr]    Compiling swc_ecma_compat_es2018 v5.0.0
[INFO] [stderr]    Compiling swc_ecma_compat_es2020 v6.0.0
[INFO] [stderr]    Compiling swc_ecma_compat_bugfixes v5.0.0
[INFO] [stderr]    Compiling swc_ecma_transforms_compat v6.0.1
[INFO] [stderr]    Compiling swc-plugin-inferno v2.0.0 (/opt/rustwide/workdir)
[INFO] [stderr]     Finished `test` profile [unoptimized + debuginfo] target(s) in 33.00s
[INFO] running `Command { std: "docker" "inspect" "f02716ea63140e58506471666369c28171eac3717e9cfe07025342af11fa9662", kill_on_drop: false }`
[INFO] running `Command { std: "docker" "rm" "-f" "f02716ea63140e58506471666369c28171eac3717e9cfe07025342af11fa9662", kill_on_drop: false }`
[INFO] [stdout] f02716ea63140e58506471666369c28171eac3717e9cfe07025342af11fa9662
[INFO] running `Command { std: "docker" "create" "-v" "/var/lib/crater-agent-workspace/builds/worker-4-tc2/target:/opt/rustwide/target:rw,Z" "-v" "/var/lib/crater-agent-workspace/builds/worker-4-tc2/source:/opt/rustwide/workdir:ro,Z" "-v" "/var/lib/crater-agent-workspace/cargo-home:/opt/rustwide/cargo-home:ro,Z" "-v" "/var/lib/crater-agent-workspace/rustup-home:/opt/rustwide/rustup-home:ro,Z" "-e" "SOURCE_DIR=/opt/rustwide/workdir" "-e" "CARGO_TARGET_DIR=/opt/rustwide/target" "-e" "CARGO_INCREMENTAL=0" "-e" "RUST_BACKTRACE=full" "-e" "RUSTFLAGS=--cap-lints=warn" "-e" "RUSTDOCFLAGS=--cap-lints=warn" "-e" "CARGO_HOME=/opt/rustwide/cargo-home" "-e" "RUSTUP_HOME=/opt/rustwide/rustup-home" "-w" "/opt/rustwide/workdir" "-m" "1610612736" "--user" "0:0" "--network" "none" "ghcr.io/rust-lang/crates-build-env/linux@sha256:f3a9d4ad9d972b27faf3965f35b62e55ba32bbce8f20bc8fe909558a86702fde" "/opt/rustwide/cargo-home/bin/cargo" "+beta-2024-12-08" "test" "--frozen", kill_on_drop: false }`
[INFO] [stdout] 656a72863ab4a86cf7472515ec65619809ed5f23e9f943715827d679dfdf1de6
[INFO] running `Command { std: "docker" "start" "-a" "656a72863ab4a86cf7472515ec65619809ed5f23e9f943715827d679dfdf1de6", kill_on_drop: false }`
[INFO] [stderr]     Finished `test` profile [unoptimized + debuginfo] target(s) in 0.58s
[INFO] [stderr]      Running unittests src/lib.rs (/opt/rustwide/target/debug/deps/swc_plugin_inferno-9997d9293a057205)
[INFO] [stdout] 
[INFO] [stdout] running 373 tests
[INFO] [stdout] test jsx::tests::fixture_tests__jsx__fixture__autoImport__after_polyfills_script_not_supported__input_js ... ignored
[INFO] [stdout] test jsx::tests::fixture_tests__jsx__fixture__autoImport__auto_import_react_source_type_script__input_js ... ignored
[INFO] [stdout] test jsx::tests::component_should_use_prop_if_no_children_exists ... ok
[INFO] [stdout] test jsx::tests::contenteditbale_3 ... ok
[INFO] [stdout] test jsx::tests::contenteditbale_4 ... ok
[INFO] [stdout] test jsx::tests::fixture_tests__jsx__fixture__autoImport__complicated_scope_script__input_js ... ignored
[INFO] [stdout] test jsx::tests::component_should_prefer_child_element_over_children_props ... ok
[INFO] [stdout] test jsx::tests::contenteditbale_2 ... ok
[INFO] [stdout] test jsx::tests::contenteditbale_5 ... ok
[INFO] [stdout] test jsx::tests::component_should_prefer_prop_over_empty_children ... ok
[INFO] [stdout] test jsx::tests::events_should_be_in_props ... ok
[INFO] [stdout] test jsx::tests::component_array_empty_children ... ok
[INFO] [stdout] test jsx::tests::fixture_tests__jsx__fixture__autoImport__import_source__input_js ... ok
[INFO] [stdout] test jsx::tests::contenteditbale_1 ... ok
[INFO] [stdout] test jsx::tests::fixture_tests__jsx__fixture__autoImport__complicated_scope_module__input_js ... ok
[INFO] [stdout] test jsx::tests::class_name_should_be_in_fifth_parameter_as_string_when_its_component ... ok
[INFO] [stdout] test jsx::tests::class_name_should_be_in_third_parameter_as_string_when_its_element ... ok
[INFO] [stdout] test jsx::tests::fixture_tests__jsx__fixture__autoImport__import_source_pragma__input_js ... ok
[INFO] [stdout] test jsx::tests::fixture_tests__jsx__fixture__cmt__1__input_js ... ok
[INFO] [stdout] test jsx::tests::component_should_create_vnode_for_prop ... ok
[INFO] [stdout] test jsx::tests::fixture_tests__jsx__fixture__inferno__children_1__input_js ... ok
[INFO] [stdout] test jsx::tests::fixture_tests__jsx__fixture__autoImport__no_jsx__input_js ... ok
[INFO] [stdout] test jsx::tests::fixture_tests__jsx__fixture__inferno__element_children_1__input_js ... ok
[INFO] [stdout] test jsx::tests::fixture_tests__jsx__fixture__autoImport__auto_import_react_source_type_module__input_js ... ok
[INFO] [stdout] test jsx::tests::fixture_tests__jsx__fixture__issue_299__2__input_js ... ok
[INFO] [stdout] test jsx::tests::fixture_tests__jsx__fixture__issue_1446__input_js ... ok
[INFO] [stdout] test jsx::tests::fixture_tests__jsx__fixture__issue_299__1__input_js ... ok
[INFO] [stdout] test jsx::tests::fixture_tests__jsx__fixture__autoImport__react_defined__input_js ... ok
[INFO] [stdout] test jsx::tests::fixture_tests__jsx__fixture__inferno__element_children_3__input_js ... ok
[INFO] [stdout] test jsx::tests::fixture_tests__jsx__fixture__inferno__element_children_2__input_js ... ok
[INFO] [stdout] test jsx::tests::fixture_tests__jsx__fixture__inferno__children_2__input_js ... ok
[INFO] [stdout] test jsx::tests::fixture_tests__jsx__fixture__inferno__children_3__input_js ... ok
[INFO] [stdout] test jsx::tests::fixture_tests__jsx__fixture__issue_4703__1__input_js ... ok
[INFO] [stdout] test jsx::tests::fixture_tests__jsx__fixture__issue_4070__input_js ... ok
[INFO] [stdout] test jsx::tests::fixture_tests__jsx__fixture__issue_2037__input_js ... ok
[INFO] [stdout] test jsx::tests::fixture_tests__jsx__fixture__3__input_js ... ok
[INFO] [stdout] test jsx::tests::fixture_tests__jsx__fixture__issue_1933__input_js ... ok
[INFO] [stdout] test jsx::tests::fixture_tests__jsx__fixture__issue_5099__2__input_js ... ok
[INFO] [stdout] test jsx::tests::fixture_tests__jsx__fixture__issue_5099__empty_pragma__input_js ... ok
[INFO] [stdout] test jsx::tests::fixture_tests__jsx__fixture__issue_6977__1__input_js ... ok
[INFO] [stdout] test jsx::tests::fixture_tests__jsx__fixture__issue_1799__case1__input_js ... ok
[INFO] [stdout] test jsx::tests::fixture_tests__jsx__fixture__issue_6931__input_js ... ok
[INFO] [stdout] test jsx::tests::fixture_tests__jsx__fixture__issue_6939__input_js ... ok
[INFO] [stdout] test jsx::tests::fixture_tests__jsx__fixture__issue_5099__1__input_js ... ok
[INFO] [stdout] test jsx::tests::fixture_tests__jsx__fixture__issue_2177__input_js ... ok
[INFO] [stdout] test jsx::tests::fixture_tests__jsx__fixture__pure__false_default_pragma_automatic_runtime__input_js ... ignored
[INFO] [stdout] test jsx::tests::fixture_tests__jsx__fixture__issue_5072__input_js ... ok
[INFO] [stdout] test jsx::tests::fixture_tests__jsx__fixture__pure__false_default_pragma_classic_runtime__input_js ... ok
[INFO] [stdout] test jsx::tests::fixture_tests__jsx__fixture__issue_6977__2__input_js ... ok
[INFO] [stdout] test jsx::tests::fixture_tests__jsx__fixture__react__adds_appropriate_newlines_when_using_spread_attribute_babel_7__input_js ... ignored
[INFO] [stdout] test jsx::tests::fixture_tests__jsx__fixture__react__arrow_functions__input_js ... ignored
[INFO] [stdout] test jsx::tests::fixture_tests__jsx__fixture__react__assignment_babel_7__input_js ... ignored
[INFO] [stdout] test jsx::tests::fixture_tests__jsx__fixture__react__avoids_spread_babel_7__input_js ... ignored
[INFO] [stdout] test jsx::tests::fixture_tests__jsx__fixture__pure__unset_default_pragma_automatic_runtime__input_js ... ok
[INFO] [stdout] test jsx::tests::fixture_tests__jsx__fixture__pure__false_pragma_comment_classic_runtime__input_js ... ok
[INFO] [stdout] test jsx::tests::fixture_tests__jsx__fixture__pure__true_pragma_option_classic_runtime__input_js ... ok
[INFO] [stdout] test jsx::tests::fixture_tests__jsx__fixture__issue_6987__input_js ... ok
[INFO] [stdout] test jsx::tests::fixture_tests__jsx__fixture__pure__true_pragma_comment_classic_runtime__input_js ... ok
[INFO] [stdout] test jsx::tests::fixture_tests__jsx__fixture__react__duplicate_props__input_js ... ok
[INFO] [stdout] test jsx::tests::fixture_tests__jsx__fixture__react__dont_coerce_expression_containers__input_js ... ok
[INFO] [stdout] test jsx::tests::fixture_tests__jsx__fixture__react__adds_appropriate_newlines_when_using_spread_attribute__input_js ... ok
[INFO] [stdout] test jsx::tests::fixture_tests__jsx__fixture__pure__unset_pragma_comment_classic_runtime__input_js ... ok
[INFO] [stdout] test jsx::tests::fixture_tests__jsx__fixture__react__flattens_spread__input_js ... ok
[INFO] [stdout] test jsx::tests::fixture_tests__jsx__fixture__react__assignment__input_js ... ok
[INFO] [stdout] test jsx::tests::fixture_tests__jsx__fixture__pure__unset_default_pragma_classic_runtime__input_js ... ok
[INFO] [stdout] test jsx::tests::fixture_tests__jsx__fixture__pure__unset_pragma_option_classic_runtime__input_js ... ok
[INFO] [stdout] test jsx::tests::fixture_tests__jsx__fixture__pure__true_default_pragma_automatic_runtime__input_js ... ok
[INFO] [stdout] test jsx::tests::fixture_tests__jsx__fixture__pure__true_default_pragma_classic_runtime__input_js ... ok
[INFO] [stdout] test jsx::tests::fixture_tests__jsx__fixture__react__jsx_with_retainlines_option__input_js ... ignored
[INFO] [stdout] test jsx::tests::fixture_tests__jsx__fixture__react__optimisation_react_constant_elements__input_js ... ignored
[INFO] [stdout] test jsx::tests::fixture_tests__jsx__fixture__react__should_add_quotes_es3__input_js ... ignored
[INFO] [stdout] test jsx::tests::fixture_tests__jsx__fixture__react__honor_custom_jsx_comment__input_js ... ok
[INFO] [stdout] test jsx::tests::fixture_tests__jsx__fixture__pure__false_pragma_option_classic_runtime__input_js ... ok
[INFO] [stdout] test jsx::tests::fixture_tests__jsx__fixture__react__jsx_without_retainlines_option__input_js ... ok
[INFO] [stdout] test jsx::tests::fixture_tests__jsx__fixture__react__concatenates_adjacent_string_literals__input_js ... ok
[INFO] [stdout] test jsx::tests::fixture_tests__jsx__fixture__react__pragma_works_with_no_space_at_the_end__input_js ... ok
[INFO] [stdout] test jsx::tests::fixture_tests__jsx__fixture__react__honor_custom_jsx_pragma_option__input_js ... ok
[INFO] [stdout] test jsx::tests::fixture_tests__jsx__fixture__react__should_allow_constructor_as_prop__input_js ... ok
[INFO] [stdout] test jsx::tests::fixture_tests__jsx__fixture__react__should_allow_deeper_js_namespacing__input_js ... ok
[INFO] [stdout] test jsx::tests::fixture_tests__jsx__fixture__react__should_allow_elements_as_attributes__input_js ... ok
[INFO] [stdout] test jsx::tests::fixture_tests__jsx__fixture__react__should_allow_js_namespacing__input_js ... ok
[INFO] [stdout] test jsx::tests::fixture_tests__jsx__fixture__react__should_allow_no_pragmafrag_if_frag_unused__input_js ... ok
[INFO] [stdout] test jsx::tests::fixture_tests__jsx__fixture__react__should_avoid_wrapping_in_extra_parens_if_not_needed__input_js ... ok
[INFO] [stdout] test jsx::tests::fixture_tests__jsx__fixture__react__should_allow_multiple_pragmas_per_line__input_js ... ok
[INFO] [stdout] test jsx::tests::fixture_tests__jsx__fixture__react__should_allow_nested_fragments__input_js ... ok
[INFO] [stdout] test jsx::tests::fixture_tests__jsx__fixture__react__should_convert_simple_text__input_js ... ok
[INFO] [stdout] test jsx::tests::fixture_tests__jsx__fixture__react__should_insert_commas_after_expressions_before_whitespace__input_js ... ok
[INFO] [stdout] test jsx::tests::fixture_tests__jsx__fixture__react__should_handle_has_own_property_correctly__input_js ... ok
[INFO] [stdout] test jsx::tests::fixture_tests__jsx__fixture__react__should_not_add_quotes_to_identifier_names__input_js ... ok
[INFO] [stdout] test jsx::tests::fixture_tests__jsx__fixture__react__should_disallow_spread_children__input_js ... ok
[INFO] [stdout] test jsx::tests::fixture_tests__jsx__fixture__react__should_allow_pragmafrag_and_frag__input_js ... ok
[INFO] [stdout] test jsx::tests::fixture_tests__jsx__fixture__react__should_have_correct_comma_in_nested_children__input_js ... ok
[INFO] [stdout] test jsx::tests::fixture_tests__jsx__fixture__react__should_convert_simple_tags__input_js ... ok
[INFO] [stdout] test jsx::tests::fixture_tests__jsx__fixture__react__honor_custom_jsx_comment_if_jsx_pragma_option_set__input_js ... ok
[INFO] [stdout] test jsx::tests::fixture_tests__jsx__fixture__react__should_escape_xhtml_jsxattribute__input_js ... ok
[INFO] [stdout] test jsx::tests::fixture_tests__jsx__fixture__react__should_properly_handle_comments_adjacent_to_children__input_js ... ignored
[INFO] [stdout] test jsx::tests::fixture_tests__jsx__fixture__react__should_warn_when_importSource_is_set__input_js ... ignored
[INFO] [stdout] test jsx::tests::fixture_tests__jsx__fixture__react__should_warn_when_importSource_pragma_is_set__input_js ... ignored
[INFO] [stdout] test jsx::tests::fixture_tests__jsx__fixture__react__should_not_strip_nbsp_even_coupled_with_other_whitespace__input_js ... ok
[INFO] [stdout] test jsx::tests::fixture_tests__jsx__fixture__react__should_not_strip_tags_with_a_single_child_of_nbsp__input_js ... ok
[INFO] [stdout] test jsx::tests::fixture_tests__jsx__fixture__react__should_quote_jsx_attributes__input_js ... ok
[INFO] [stdout] test jsx::tests::fixture_tests__jsx__fixture__react__should_transform_known_hyphenated_tags__input_js ... ok
[INFO] [stdout] test jsx::tests::fixture_tests__jsx__fixture__react__this_tag_name__input_js ... ok
[INFO] [stdout] test jsx::tests::fixture_tests__jsx__fixture__react__should_escape_xhtml_jsxtext__input_js ... ok
[INFO] [stdout] test jsx::tests::fixture_tests__jsx__fixture__react__should_properly_handle_comments_between_props__input_js ... ok
[INFO] [stdout] test jsx::tests::fixture_tests__jsx__fixture__react__wraps_props_in_react_spread_for_first_spread_attributes_babel_7__input_js ... ignored
[INFO] [stdout] test jsx::tests::fixture_tests__jsx__fixture__react__wraps_props_in_react_spread_for_last_spread_attributes_babel_7__input_js ... ignored
[INFO] [stdout] test jsx::tests::fixture_tests__jsx__fixture__react__wraps_props_in_react_spread_for_middle_spread_attributes_babel_7__input_js ... ignored
[INFO] [stdout] test jsx::tests::fixture_tests__jsx__fixture__react_automatic__arrow_functions__input_js ... ignored
[INFO] [stdout] test jsx::tests::fixture_tests__jsx__fixture__react__should_handle_attributed_elements__input_js ... ok
[INFO] [stdout] test jsx::tests::fixture_tests__jsx__fixture__react__should_escape_xhtml_jsxtext_babel_7__input_js ... ok
[INFO] [stdout] test jsx::tests::fixture_tests__jsx__fixture__react__should_not_mangle_expressioncontainer_attribute_values__input_js ... ok
[INFO] [stdout] test jsx::tests::fixture_tests__jsx__fixture__react_automatic__concatenates_adjacent_string_literals__input_js ... ok
[INFO] [stdout] test jsx::tests::fixture_tests__jsx__fixture__react_automatic__handle_fragments_with_no_children__input_js ... ok
[INFO] [stdout] test jsx::tests::fixture_tests__jsx__fixture__react_automatic__adds_appropriate_newlines_when_using_spread_attribute__input_js ... ok
[INFO] [stdout] test jsx::tests::fixture_tests__jsx__fixture__react__should_escape_xhtml_jsxattribute_babel_7__input_js ... ok
[INFO] [stdout] test jsx::tests::fixture_tests__jsx__fixture__react_automatic__jsx_with_retainlines_option__input_js ... ignored
[INFO] [stdout] test jsx::tests::fixture_tests__jsx__fixture__react__weird_symbols__input_js ... ok
[INFO] [stdout] test jsx::tests::fixture_tests__jsx__fixture__react__wraps_props_in_react_spread_for_middle_spread_attributes__input_js ... ok
[INFO] [stdout] test jsx::tests::fixture_tests__jsx__fixture__react__wraps_props_in_react_spread_for_first_spread_attributes__input_js ... ok
[INFO] [stdout] test jsx::tests::fixture_tests__jsx__fixture__react_automatic__handle_fragments__input_js ... ok
[INFO] [stdout] test jsx::tests::fixture_tests__jsx__fixture__react_automatic__handle_nonstatic_children__input_js ... ok
[INFO] [stdout] test jsx::tests::fixture_tests__jsx__fixture__react_automatic__key_undefined_works__input_js ... ok
[INFO] [stdout] test jsx::tests::fixture_tests__jsx__fixture__react_automatic__assignment__input_js ... ok
[INFO] [stdout] test jsx::tests::fixture_tests__jsx__fixture__react_automatic__jsx_without_retainlines_option__input_js ... ok
[INFO] [stdout] test jsx::tests::fixture_tests__jsx__fixture__react__wraps_props_in_react_spread_for_last_spread_attributes__input_js ... ok
[INFO] [stdout] test jsx::tests::fixture_tests__jsx__fixture__react_automatic__dont_coerce_expression_containers__input_js ... ok
[INFO] [stdout] test jsx::tests::fixture_tests__jsx__fixture__react_automatic__handle_static_children__input_js ... ok
[INFO] [stdout] test jsx::tests::fixture_tests__jsx__fixture__react_automatic__optimisation_react_constant_elements__input_js ... ignored
[INFO] [stdout] test jsx::tests::fixture_tests__jsx__fixture__react_automatic__should_add_quotes_es3__input_js ... ignored
[INFO] [stdout] test jsx::tests::fixture_tests__jsx__fixture__react_automatic__handle_fragments_with_key__input_js ... ok
[INFO] [stdout] test jsx::tests::fixture_tests__jsx__fixture__react_automatic__flattens_spread__input_js ... ok
[INFO] [stdout] test jsx::tests::fixture_tests__jsx__fixture__react_automatic__pragma_works_with_no_space_at_the_end__input_js ... ok
[INFO] [stdout] test jsx::tests::fixture_tests__jsx__fixture__react_automatic__should_allow_deeper_js_namespacing__input_js ... ok
[INFO] [stdout] test jsx::tests::fixture_tests__jsx__fixture__react_automatic__should_escape_xhtml_jsxattribute_babel_7__input_js ... ignored
[INFO] [stdout] test jsx::tests::fixture_tests__jsx__fixture__react_automatic__should_escape_xhtml_jsxtext_babel_7__input_js ... ignored
[INFO] [stdout] test jsx::tests::fixture_tests__jsx__fixture__react_automatic__should_allow_constructor_as_prop__input_js ... ok
[INFO] [stdout] test jsx::tests::fixture_tests__jsx__fixture__react_automatic__should_allow_nested_fragments__input_js ... ok
[INFO] [stdout] test jsx::tests::fixture_tests__jsx__fixture__react_automatic__should_escape_xhtml_jsxattribute__input_js ... ok
[INFO] [stdout] test jsx::tests::fixture_tests__jsx__fixture__react_automatic__should_insert_commas_after_expressions_before_whitespace__input_js ... ok
[INFO] [stdout] test jsx::tests::fixture_tests__jsx__fixture__react_automatic__should_allow_js_namespacing__input_js ... ok
[INFO] [stdout] test jsx::tests::fixture_tests__jsx__fixture__react_automatic__should_handle_has_own_property_correctly__input_js ... ok
[INFO] [stdout] test jsx::tests::fixture_tests__jsx__fixture__react_automatic__should_properly_handle_comments_adjacent_to_children__input_js ... ignored
[INFO] [stdout] test jsx::tests::fixture_tests__jsx__fixture__react_automatic__should_escape_xhtml_jsxtext__input_js ... ok
[INFO] [stdout] test jsx::tests::fixture_tests__jsx__fixture__react_automatic__should_convert_simple_text__input_js ... ok
[INFO] [stdout] test jsx::tests::fixture_tests__jsx__fixture__react_automatic__should_properly_handle_comments_between_props__input_js ... ok
[INFO] [stdout] test jsx::tests::fixture_tests__jsx__fixture__react_automatic__should_convert_simple_tags__input_js ... ok
[INFO] [stdout] test jsx::tests::fixture_tests__jsx__fixture__react_automatic__should_not_add_quotes_to_identifier_names__input_js ... ok
[INFO] [stdout] test jsx::tests::fixture_tests__jsx__fixture__react_automatic__should_not_mangle_expressioncontainer_attribute_values__input_js ... ok
[INFO] [stdout] test jsx::tests::fixture_tests__jsx__fixture__react_automatic__should_have_correct_comma_in_nested_children__input_js ... ok
[INFO] [stdout] test jsx::tests::fixture_tests__jsx__fixture__react_automatic__duplicate_props__input_js ... ok
[INFO] [stdout] test jsx::tests::fixture_tests__jsx__fixture__react_automatic__should_not_strip_tags_with_a_single_child_of_nbsp__input_js ... ok
[INFO] [stdout] test jsx::tests::fixture_tests__jsx__fixture__react_automatic__should_properly_handle_null_prop_spread__input_js ... ok
[INFO] [stdout] test jsx::tests::fixture_tests__jsx__fixture__react_automatic__should_allow_elements_as_attributes__input_js ... ok
[INFO] [stdout] test jsx::tests::fixture_tests__jsx__fixture__react_automatic__should_properly_handle_keys__input_js ... ok
[INFO] [stdout] test jsx::tests::fixture_tests__jsx__fixture__react_automatic__should_not_strip_nbsp_even_coupled_with_other_whitespace__input_js ... ok
[INFO] [stdout] test jsx::tests::fixture_tests__jsx__fixture__react_automatic__should_avoid_wrapping_in_extra_parens_if_not_needed__input_js ... ok
[INFO] [stdout] test jsx::tests::fixture_tests__jsx__fixture__react_automatic__should_handle_attributed_elements__input_js ... ok
[INFO] [stdout] test jsx::tests::fixture_tests__jsx__fixture__regression__issue_12478_automatic__input_js ... ignored
[INFO] [stdout] test jsx::tests::fixture_tests__jsx__fixture__regression__issue_12478_classic__input_js ... ignored
[INFO] [stdout] test jsx::tests::fixture_tests__jsx__fixture__removed_options__invalid_use_builtins_false__input_js ... ignored
[INFO] [stdout] test jsx::tests::fixture_tests__jsx__fixture__removed_options__invalid_use_builtins_true__input_js ... ignored
[INFO] [stdout] test jsx::tests::fixture_tests__jsx__fixture__removed_options__invalid_use_spread_false__input_js ... ignored
[INFO] [stdout] test jsx::tests::fixture_tests__jsx__fixture__removed_options__invalid_use_spread_true__input_js ... ignored
[INFO] [stdout] test jsx::tests::fixture_tests__jsx__fixture__react_automatic__should_transform_known_hyphenated_tags__input_js ... ok
[INFO] [stdout] test jsx::tests::fixture_tests__jsx__fixture__runtime__defaults_to_automatic__input_js ... ignored
[INFO] [stdout] test jsx::tests::fixture_tests__jsx__fixture__runtime__invalid_runtime__input_js ... ignored
[INFO] [stdout] test jsx::tests::fixture_tests__jsx__fixture__runtime__runtime_automatic__input_js ... ignored
[INFO] [stdout] test jsx::tests::fixture_tests__jsx__fixture__spread_transform__transform_to_babel_extend__input_js ... ignored
[INFO] [stdout] test jsx::tests::fixture_tests__jsx__fixture__spread_transform__transform_to_object_assign__input_js ... ignored
[INFO] [stdout] test jsx::tests::fixture_tests__jsx__fixture__react_automatic__should_quote_jsx_attributes__input_js ... ok
[INFO] [stdout] test jsx::tests::fixture_tests__jsx__fixture__react_automatic__should_use_jsx_when_key_comes_before_spread__input_js ... ok
[INFO] [stdout] test jsx::tests::fragment_long_should_create_empty_create_fragment1 ... ok
[INFO] [stdout] test jsx::tests::fixture_tests__jsx__fixture__react_automatic__weird_symbols__input_js ... ok
[INFO] [stdout] test jsx::tests::fixture_tests__jsx__fixture__react_automatic__should_use_createElement_when_key_comes_after_spread__input_js ... ok
[INFO] [stdout] test jsx::tests::fixture_tests__jsx__fixture__regression__pragma_frag_set_default_classic_runtime__input_js ... ok
[INFO] [stdout] test jsx::tests::fixture_tests__jsx__fixture__runtime__pragma_runtime_classsic__input_js ... ok
[INFO] [stdout] test jsx::tests::fixture_tests__jsx__fixture__react_automatic__wraps_props_in_react_spread_for_middle_spread_attributes__input_js ... ok
[INFO] [stdout] test jsx::tests::fixture_tests__jsx__fixture__vercel__2__input_js ... ok
[INFO] [stdout] test jsx::tests::fixture_tests__jsx__fixture__runtime__defaults_to_classis_babel_7__input_js ... ok
[INFO] [stdout] test jsx::tests::fixture_tests__jsx__fixture__react_automatic__this_tag_name__input_js ... ok
[INFO] [stdout] test jsx::tests::fragment_long_should_create_fragment ... ok
[INFO] [stdout] test jsx::tests::fixture_tests__jsx__fixture__react_automatic__wraps_props_in_react_spread_for_last_spread_attributes__input_js ... ok
[INFO] [stdout] test jsx::tests::fragments_syntax_should_create_empty_create_fragment ... ok
[INFO] [stdout] test jsx::tests::fragment_long_should_create_fragment_keyed_children ... ok
[INFO] [stdout] test jsx::tests::fragments_syntax_should_create_fragment ... ok
[INFO] [stdout] test jsx::tests::fragments_syntax_should_create_fragment_keyed_children ... ok
[INFO] [stdout] test jsx::tests::fragments_syntax_should_create_fragment_non_keyed_children ... ok
[INFO] [stdout] test jsx::tests::fixture_tests__jsx__fixture__runtime__classic__input_js ... ok
[INFO] [stdout] test jsx::tests::integration_tests__integration__fixture__jsx_transform__input_js ... ok
[INFO] [stdout] test jsx::tests::fragments_syntax_should_create_fragment_dynamic_children ... ok
[INFO] [stdout] test jsx::tests::fragment_long_should_create_fragment_dynamic_children ... ok
[INFO] [stdout] test jsx::tests::fragment_long_should_create_fragment_keyed_children_2 ... ok
[INFO] [stdout] test jsx::tests::integration_tests__integration__fixture__jsx_dev_transform__input_js ... ok
[INFO] [stdout] test jsx::tests::fragment_long_should_create_fragment_non_keyed_children_2 ... ok
[INFO] [stdout] test jsx::tests::fragment_long_should_create_fragment_non_keyed_children ... ok
[INFO] [stdout] test jsx::tests::fragment_long_should_create_fragment_non_keyed_children_3 ... ok
[INFO] [stdout] test jsx::tests::issue_351 ... ok
[INFO] [stdout] test jsx::tests::jsx_text ... ok
[INFO] [stdout] test jsx::tests::issue_4956 ... ok
[INFO] [stdout] test jsx::tests::issue_542 ... ok
[INFO] [stdout] test jsx::tests::integration_tests__integration__fixture__with_pragma__input_js ... ok
[INFO] [stdout] test jsx::tests::ported_add_appropriate_newlines ... ok
[INFO] [stdout] test jsx::tests::ported_noop_jsx_without_retainlines_option ... ok
[INFO] [stdout] test jsx::tests::issue_229 ... ok
[INFO] [stdout] test jsx::tests::fragment_long_should_create_empty_create_fragment2 ... ok
[INFO] [stdout] test jsx::tests::ported_attribute_html_entity_quote ... ok
[INFO] [stdout] test jsx::tests::issue_481 ... ok
[INFO] [stdout] test jsx::tests::integration_tests__integration__fixture__jsxdev_args_with_fragment__input_js ... ok
[INFO] [stdout] test jsx::tests::ported_arrow_functions ... ok
[INFO] [stdout] test jsx::tests::ported_concatenates_adjacent_string_literals ... ok
[INFO] [stdout] test jsx::tests::integration_tests__integration__fixture__jsxdev_fragment__input_js ... ok
[INFO] [stdout] test jsx::tests::ported_noop_jsx_with_retainlines_option ... ok
[INFO] [stdout] test jsx::tests::ported_noop_honor_custom_jsx_comment ... ok
[INFO] [stdout] test jsx::tests::ported_dont_coerce_expression_containers ... ok
[INFO] [stdout] test jsx::tests::ported_noop_should_allow_pragmafrag_and_frag ... ok
[INFO] [stdout] test jsx::tests::ported_should_allow_deeper_js_namespacing ... ok
[INFO] [stdout] test jsx::tests::ported_noop_honor_custom_jsx_pragma_option ... ok
[INFO] [stdout] test jsx::tests::ported_noop_should_allow_no_pragmafrag_if_frag_unused ... ok
[INFO] [stdout] test jsx::tests::jsxmember_expressions_should_work ... ok
[INFO] [stdout] test jsx::tests::ported_should_add_quotes_es3 ... ok
[INFO] [stdout] test jsx::tests::ported_noop_should_properly_handle_comments_between_props ... ok
[INFO] [stdout] test jsx::tests::ported_noop_optimisation_ported_constant_elements ... ok
[INFO] [stdout] test jsx::tests::ported_should_allow_constructor_as_prop ... ok
[INFO] [stdout] test jsx::tests::ported_noop_ported_honor_custom_jsx_comment_if_jsx_pragma_option_set ... ok
[INFO] [stdout] test jsx::tests::ported_should_allow_elements_as_attributes ... ok
[INFO] [stdout] test jsx::tests::issue_517 ... ok
[INFO] [stdout] test jsx::tests::ported_should_convert_simple_tags ... ok
[INFO] [stdout] test jsx::tests::ported_should_allow_nested_fragments ... ok
[INFO] [stdout] test jsx::tests::ported_should_escape_xhtml_jsxtext_2 ... ok
[INFO] [stdout] test jsx::tests::ported_should_escape_xhtml_jsxtext_3 ... ok
[INFO] [stdout] test jsx::tests::ported_should_escape_unicode_chars_in_attribute ... ok
[INFO] [stdout] test jsx::tests::ported_should_not_mangle_expressioncontainer_attribute_values ... ok
[INFO] [stdout] test jsx::tests::ported_should_allow_js_namespacing ... ok
[INFO] [stdout] test jsx::tests::ported_should_avoid_wrapping_in_extra_parens_if_not_needed ... ok
[INFO] [stdout] test jsx::tests::ported_should_insert_commas_after_expressions_before_whitespace ... ok
[INFO] [stdout] test jsx::tests::ported_should_escape_xhtml_jsxtext_1 ... ok
[INFO] [stdout] test jsx::tests::ported_should_not_add_quotes_to_identifier_names ... ok
[INFO] [stdout] test jsx::tests::ported_should_handle_attributed_elements ... ok
[INFO] [stdout] test jsx::tests::ported_should_escape_xhtml_jsxattribute ... ok
[INFO] [stdout] test jsx::tests::ported_should_have_correct_comma_in_nested_children ... ok
[INFO] [stdout] test jsx::tests::ported_should_handle_has_own_property_correctly ... ok
[INFO] [stdout] test jsx::tests::script_tests__script__integration__jsx_transform__input_js ... ok
[INFO] [stdout] test jsx::tests::ported_should_convert_simple_text ... ok
[INFO] [stdout] test jsx::tests::ported_should_not_strip_nbsp_even_coupled_with_other_whitespace ... ok
[INFO] [stdout] test jsx::tests::script_tests__script__integration__jsxdev_args_with_fragment__input_js ... ok
[INFO] [stdout] test jsx::tests::script_tests__script__integration__jsx_dev_transform__input_js ... ok
[INFO] [stdout] test jsx::tests::script_tests__script__integration__jsxdev_fragment__input_js ... ok
[INFO] [stdout] test jsx::tests::script_tests__script__integration__with_pragma__input_js ... ok
[INFO] [stdout] test jsx::tests::ported_wraps_props_in_ported_spread_for_last_spread_attributes ... ok
[INFO] [stdout] test jsx::tests::script_tests__script__jsx__fixture__autoImport__auto_import_runtime_source_type_script__input_js ... ok
[INFO] [stdout] test jsx::tests::ported_wraps_props_in_ported_spread_for_middle_spread_attributes ... ok
[INFO] [stdout] test jsx::tests::ported_should_not_strip_tags_with_a_single_child_of_nbsp ... ok
[INFO] [stdout] test jsx::tests::ported_should_quote_jsx_attributes ... ok
[INFO] [stdout] test jsx::tests::ported_should_transform_known_hyphenated_tags ... ok
[INFO] [stdout] test jsx::tests::ported_wraps_props_in_ported_spread_for_first_spread_attributes ... ok
[INFO] [stdout] test jsx::tests::should_add_call_to_normalize_props_when_spread_operator_is_used ... ok
[INFO] [stdout] test jsx::tests::should_always_long_syntax_fragment ... ok
[INFO] [stdout] test jsx::tests::should_add_normalize_call_when_there_is_dynamic_children ... ok
[INFO] [stdout] test jsx::tests::should_add_import_to_create_vnode_component_but_not_to_create_vnode_if_create_vnode_is_already_declared ... ok
[INFO] [stdout] test jsx::tests::should_add_call_to_normalize_props_when_spread_operator_is_used_inside_children_for_component ... ok
[INFO] [stdout] test jsx::tests::should_always_keep_text_node_as_children_even_if_there_is_one_when_parent_is_long_syntax_fragment ... ok
[INFO] [stdout] test jsx::tests::should_add_functional_component_hooks_to_refs ... ok
[INFO] [stdout] test jsx::tests::should_add_non_keyed_children_flag ... ok
[INFO] [stdout] test jsx::tests::should_add_call_to_normalize_props_when_spread_operator_is_used_2 ... ok
[INFO] [stdout] test jsx::tests::script_tests__script__jsx__fixture__autoImport__after_polyfills_script__input_js ... ok
[INFO] [stdout] test jsx::tests::should_always_short_syntax_fragment ... ok
[INFO] [stdout] test jsx::tests::script_tests__script__jsx__fixture__autoImport__complicated_scope_script__input_js ... ok
[INFO] [stdout] test jsx::tests::should_add_keyed_children_flag ... ok
[INFO] [stdout] test jsx::tests::should_always_stick_the_create_vnode_ref_to_import_when_compiled_to_commonjs ... ok
[INFO] [stdout] test jsx::tests::should_add_re_create_flag ... ok
[INFO] [stdout] test jsx::tests::should_always_keep_text_node_as_children_even_if_there_is_one_when_parent_is_long_syntax_fragment_2 ... ok
[INFO] [stdout] test jsx::tests::should_be_possible_to_define_override_child_flags_runtime ... ok
[INFO] [stdout] test jsx::tests::should_always_keep_text_node_as_children_even_if_there_is_one_when_parent_is_short_syntax_fragment ... ok
[INFO] [stdout] test jsx::tests::should_be_possible_to_define_override_flags_runtime ... ok
[INFO] [stdout] test jsx::tests::should_add_normalize_call_when_there_is_dynamic_and_static_children_mixed ... ok
[INFO] [stdout] test jsx::tests::should_be_possible_to_use_expression_for_flags ... ok
[INFO] [stdout] test jsx::tests::should_be_possible_to_define_override_flags_with_constant ... ok
[INFO] [stdout] test jsx::tests::should_be_possible_to_define_override_child_flags_runtime_for_dynamic_children ... ok
[INFO] [stdout] test jsx::tests::should_be_possible_to_use_expression_for_child_flags ... ok
[INFO] [stdout] test jsx::tests::should_call_create_vnode_twice_and_text_children ... ok
[INFO] [stdout] test jsx::tests::should_convert_jsx_attributes_to_vnodes ... ok
[INFO] [stdout] test jsx::tests::should_create_text_vnode_when_text_node_is_under_short_syntax_fragment ... ok
[INFO] [stdout] test jsx::tests::should_always_stick_the_create_vnode_ref_to_import_when_compiled_to_esm ... ok
[INFO] [stdout] test jsx::tests::should_handle_many_dynamic_children_short_syntax ... ok
[INFO] [stdout] test jsx::tests::should_create_text_vnode_when_there_are_siblings ... ok
[INFO] [stdout] test jsx::tests::should_create_text_vnodes_when_there_is_single_children ... ok
[INFO] [stdout] test jsx::tests::should_create_text_vnodes_when_there_is_no_normalization_needed_and_its_multiple_children ... ok
[INFO] [stdout] test jsx::tests::should_create_text_vnode_when_text_node_is_under_large_syntax_fragment ... ok
[INFO] [stdout] test jsx::tests::should_create_text_vnodes_when_there_is_single_children_2 ... ok
[INFO] [stdout] test jsx::tests::should_mark_parent_vnode_with_has_keyed_children_if_even_one_child_is_keyed_directly ... ok
[INFO] [stdout] test jsx::tests::should_handle_many_dynamic_children_long_syntax ... ok
[INFO] [stdout] test jsx::tests::should_not_normalize_if_has_vnode_children_set ... ok
[INFO] [stdout] test jsx::tests::should_handle_many_dynamic_and_non_dynamic_children_long_syntax ... ok
[INFO] [stdout] test jsx::tests::should_not_wrap_dynamic_value ... ok
[INFO] [stdout] test jsx::tests::should_do_single_normalization_when_multiple_spread_operators_are_used ... ok
[INFO] [stdout] test jsx::tests::should_not_convert_text_to_create_vnode_when_its_within_component ... ok
[INFO] [stdout] test jsx::tests::should_handle_many_dynamic_and_non_dynamic_children_short_syntax ... ok
[INFO] [stdout] test jsx::tests::should_prefer_xml_children_over_props ... ok
[INFO] [stdout] test jsx::tests::should_mark_parent_vnode_with_has_non_keyed_children_if_no_normalize_is_needed_and_all_children_are_non_keyed ... ok
[INFO] [stdout] test jsx::tests::should_not_add_normalize_call_when_all_children_are_known ... ok
[INFO] [stdout] test jsx::tests::should_mark_parent_vnode_with_has_keyed_children_if_no_normalize_is_needed_and_all_children_are_keyed ... ok
[INFO] [stdout] test jsx::tests::should_not_fail_if_create_vnode_is_already_imported ... ok
[INFO] [stdout] test jsx::tests::should_not_normalize_component_prop_children ... ok
[INFO] [stdout] test jsx::tests::should_set_has_text_children_flag_and_not_create_text_vnode_when_has_text_children_is_used_dynamic ... ok
[INFO] [stdout] test jsx::tests::should_transform_br ... ok
[INFO] [stdout] test jsx::tests::should_set_has_text_children_flag_and_not_create_text_vnode_when_has_text_children_is_used_hardcoded2 ... ok
[INFO] [stdout] test jsx::tests::should_transform_div ... ok
[INFO] [stdout] test jsx::tests::should_set_has_text_children_flag_and_not_create_text_vnode_when_has_text_children_is_used_hardcoded ... ok
[INFO] [stdout] test jsx::tests::should_not_normalize_component_children_as_they_are_in_props ... ok
[INFO] [stdout] test jsx::tests::should_transform_double_click_to_native_html_event ... ok
[INFO] [stdout] test jsx::tests::should_support_native_xlink_href ... ok
[INFO] [stdout] test jsx::tests::should_transform_img ... ok
[INFO] [stdout] test jsx::tests::should_transform_textarea ... ok
[INFO] [stdout] test jsx::tests::should_transform_media ... ok
[INFO] [stdout] test jsx::tests::should_transform_input_and_htmlfor_correctly ... ok
[INFO] [stdout] test pure_annotations::tests::clone_element ... ok
[INFO] [stdout] test pure_annotations::tests::create_element ... ok
[INFO] [stdout] test jsx::tests::use_builtins_assignment ... ok
[INFO] [stdout] test pure_annotations::tests::create_ref ... ok
[INFO] [stdout] test pure_annotations::tests::forward_ref ... ok
[INFO] [stdout] test pure_annotations::tests::create_element_fragment_jsx ... ok
[INFO] [stdout] test pure_annotations::tests::create_element_jsx ... ok
[INFO] [stdout] test jsx::tests::should_use_optimized_text_children_instead_create_text_vnode_for_element_single_child ... ok
[INFO] [stdout] test jsx::tests::should_transform_stroke_width ... ok
[INFO] [stdout] test jsx::tests::should_transform_xlink_href ... ok
[INFO] [stdout] test jsx::tests::should_transform_fill_opacity_2 ... ok
[INFO] [stdout] test pure_annotations::tests::non_pure_inferno_dom ... ok
[INFO] [stdout] test jsx::tests::use_spread_assignment ... ok
[INFO] [stdout] test pure_annotations::tests::create_portal ... ok
[INFO] [stdout] test pure_annotations::tests::non_pure_ported_noop_hooks ... ok
[INFO] [stdout] test pure_annotations::tests::non_inferno_namespace ... ok
[INFO] [stdout] test pure_annotations::tests::non_inferno_default ... ok
[INFO] [stdout] test refresh::tests::dont_consider_iife_as_hoc ... ok
[INFO] [stdout] test jsx::tests::should_transform_single_div ... ok
[INFO] [stdout] test jsx::tests::test_to_verify_stripping_imports_work ... ok
[INFO] [stdout] test pure_annotations::tests::non_inferno_named ... ok
[INFO] [stdout] test refresh::tests::custom_identifier ... ok
[INFO] [stdout] test refresh::tests::ignore_complex_definition ... ok
[INFO] [stdout] test refresh::tests::ignore_not_hoc ... ok
[INFO] [stdout] test refresh::tests::ignore_hoc ... ok
[INFO] [stdout] test refresh::tests::anonymous_function_expressions_declaration ... ok
[INFO] [stdout] test refresh::tests::next_001 ... ok
[INFO] [stdout] test refresh::tests::issue_6022 ... ok
[INFO] [stdout] test refresh::tests::nested_hook ... ok
[INFO] [stdout] test refresh::tests::ignore_unnamed_function_declarations ... ok
[INFO] [stdout] test refresh::tests::export_function ... ok
[INFO] [stdout] test refresh::tests::export_named_arrow_function ... ok
[INFO] [stdout] test refresh::tests::issue_2261 ... ok
[INFO] [stdout] test refresh::tests::include_hook_signature_in_commonjs ... ok
[INFO] [stdout] test refresh::tests::named_arrow_function_expressions_declaration ... ok
[INFO] [stdout] test refresh::tests::issue_1865 ... ok
[INFO] [stdout] test refresh::tests::pascal_case_only ... ok
[INFO] [stdout] test refresh::tests::dont_consider_require_as_hoc ... ok
[INFO] [stdout] test refresh::tests::gen_valid_hook_signatures_for_exotic_hooks ... ok
[INFO] [stdout] test refresh::tests::register_fn_expr_with_hooks_2 ... ok
[INFO] [stdout] test refresh::tests::register_identifiers_used_in_jsx_false_positive ... ignored
[INFO] [stdout] test refresh::tests::hook_signatures_should_include_custom_hook ... ok
[INFO] [stdout] test refresh::tests::register_fn_expr_with_hooks ... ok
[INFO] [stdout] test refresh::tests::normal_function ... ok
[INFO] [stdout] test refresh::tests::register_likely_hoc_2 ... ok
[INFO] [stdout] test refresh::tests::register_likely_hoc_3 ... ok
[INFO] [stdout] test refresh::tests::reassigned_function ... ok
[INFO] [stdout] test refresh::tests::register_likely_hoc_1 ... ok
[INFO] [stdout] test refresh::tests::register_capitalized_identifiers_in_hoc ... ok
[INFO] [stdout] test refresh::tests::register_fn_with_hooks ... ok
[INFO] [stdout] test refresh::tests::register_fn_with_hooks_2 ... ok
[INFO] [stdout] test refresh::tests::register_implicit_arrow_returns ... ok
[INFO] [stdout] test refresh::tests::register_likely_hoc_4 ... ok
[INFO] [stdout] test refresh::tests::register_identifiers_used_in_jsx ... ok
[INFO] [stdout] test refresh::tests::register_identifiers_used_in_create_element ... ok
[INFO] [stdout] test refresh::tests::should_refresh_when_has_comment ... ok
[INFO] [stdout] test jsx::tests::fixture_tests__jsx__fixture__vercel__1__input_js ... FAILED
[INFO] [stdout] 
[INFO] [stdout] failures:
[INFO] [stdout] 
[INFO] [stdout] ---- jsx::tests::fixture_tests__jsx__fixture__vercel__1__input_js stdout ----
[INFO] [stdout] Input: /opt/rustwide/workdir/tests/jsx/fixture/vercel/1/input.js
[INFO] [stdout]   [32m INFO[0m  [32mDiagnostics will be printed to stderr as logging level is trace or debug[0m
[INFO] [stdout]     [2;3mat[0m /opt/rustwide/cargo-home/registry/src/index.crates.io-6f17d22bba15001f/testing-4.0.0/src/errors/stderr.rs:17
[INFO] [stdout] 
[INFO] [stdout] ----- [32mExpected[0m -----
[INFO] [stdout] import { createComponentVNode } from "inferno";
[INFO] [stdout] export default /*#__PURE__*/ createComponentVNode(2, A, {
[INFO] [stdout]     className: b,
[INFO] [stdout]     header: "C",
[INFO] [stdout]     subheader: "D   E"
[INFO] [stdout] });
[INFO] [stdout] 
[INFO] [stdout]   [32m INFO[0m  [32mDiagnostics will be printed to stderr as logging level is trace or debug[0m
[INFO] [stdout]     [2;3mat[0m /opt/rustwide/cargo-home/registry/src/index.crates.io-6f17d22bba15001f/testing-4.0.0/src/errors/stderr.rs:17
[INFO] [stdout] 
[INFO] [stdout] ----- [32mInput[0m -----
[INFO] [stdout] export default (
[INFO] [stdout]     <A
[INFO] [stdout]         className={b}
[INFO] [stdout]         header="C"
[INFO] [stdout]         subheader="D
[INFO] [stdout]                 E"
[INFO] [stdout]     />
[INFO] [stdout] );
[INFO] [stdout] 
[INFO] [stdout] ----- [32mActual[0m -----
[INFO] [stdout] ----- [32mComments[0m -----
[INFO] [stdout] SingleThreadedComments { leading: RefCell { value: {BytePos(22): [Comment { kind: Block, span: 0..0, text: "#__PURE__" }]} }, trailing: RefCell { value: {} } }
[INFO] [stdout]   [34mDEBUG[0m  [34mRenaming `createComponentVNode#0` to `createComponentVNode`[0m
[INFO] [stdout]     [2;3mat[0m /opt/rustwide/cargo-home/registry/src/index.crates.io-6f17d22bba15001f/swc_ecma_transforms_base-5.0.1/src/rename/analyzer/scope.rs:169
[INFO] [stdout] 
[INFO] [stdout]   [34mDEBUG[0m  [34mcompare_to_file: failed to canonicalize outfile path `/opt/rustwide/workdir/tests/jsx/fixture/vercel/1/output.stderr`: Os { code: 2, kind: NotFound, message: "No such file or directory" }[0m
[INFO] [stdout]     [2;3mat[0m /opt/rustwide/cargo-home/registry/src/index.crates.io-6f17d22bba15001f/testing-4.0.0/src/output.rs:137
[INFO] [stdout] 
[INFO] [stdout] import { createComponentVNode } from "inferno";
[INFO] [stdout] export default /*#__PURE__*/ createComponentVNode(2, A, {
[INFO] [stdout]     className: b,
[INFO] [stdout]     header: "C",
[INFO] [stdout]     subheader: "D E"
[INFO] [stdout] });
[INFO] [stdout] 
[INFO] [stdout]   [34mDEBUG[0m  [34mComparing output to /opt/rustwide/workdir/tests/jsx/fixture/vercel/1/output.mjs[0m
[INFO] [stdout]     [2;3mat[0m /opt/rustwide/cargo-home/registry/src/index.crates.io-6f17d22bba15001f/testing-4.0.0/src/output.rs:163
[INFO] [stdout] 
[INFO] [stdout] thread 'jsx::tests::fixture_tests__jsx__fixture__vercel__1__input_js' panicked at /opt/rustwide/cargo-home/registry/src/index.crates.io-6f17d22bba15001f/testing-4.0.0/src/output.rs:186:13:
[INFO] [stdout] assertion failed: `(left == right)`: Actual:
[INFO] [stdout] import { createComponentVNode } from "inferno";
[INFO] [stdout] export default /*#__PURE__*/ createComponentVNode(2, A, {
[INFO] [stdout]     className: b,
[INFO] [stdout]     header: "C",
[INFO] [stdout]     subheader: "D E"
[INFO] [stdout] });
[INFO] [stdout] 
[INFO] [stdout] 
[INFO] [stdout] [1mDiff[0m [31m< left[0m / [32mright >[0m :
[INFO] [stdout]  import { createComponentVNode } from "inferno";
[INFO] [stdout]  export default /*#__PURE__*/ createComponentVNode(2, A, {
[INFO] [stdout]      className: b,
[INFO] [stdout]      header: "C",
[INFO] [stdout] [31m<    subheader: "D [0m[1;48;5;52;31m  [0m[31mE"[0m
[INFO] [stdout] [32m>    subheader: "D E"[0m
[INFO] [stdout]  });
[INFO] [stdout]  
[INFO] [stdout] 
[INFO] [stdout] 
[INFO] [stdout] stack backtrace:
[INFO] [stdout]    0:     0x603500613d9a - std::backtrace_rs::backtrace::libunwind::trace::h8810477743020387
[INFO] [stdout]                                at /rustc/202008a1b8de96d2e5b6bc02d379db03a877d34d/library/std/src/../../backtrace/src/backtrace/libunwind.rs:116:5
[INFO] [stdout]    1:     0x603500613d9a - std::backtrace_rs::backtrace::trace_unsynchronized::h3aa55355dd6c54a6
[INFO] [stdout]                                at /rustc/202008a1b8de96d2e5b6bc02d379db03a877d34d/library/std/src/../../backtrace/src/backtrace/mod.rs:66:5
[INFO] [stdout]    2:     0x603500613d9a - std::sys::backtrace::_print_fmt::h8588b0f62410823f
[INFO] [stdout]                                at /rustc/202008a1b8de96d2e5b6bc02d379db03a877d34d/library/std/src/sys/backtrace.rs:66:9
[INFO] [stdout]    3:     0x603500613d9a - <std::sys::backtrace::BacktraceLock::print::DisplayBacktrace as core::fmt::Display>::fmt::h98c26ac25ffe89bb
[INFO] [stdout]                                at /rustc/202008a1b8de96d2e5b6bc02d379db03a877d34d/library/std/src/sys/backtrace.rs:39:26
[INFO] [stdout]    4:     0x60350063bdf3 - core::fmt::rt::Argument::fmt::hf95377f4aebd453b
[INFO] [stdout]                                at /rustc/202008a1b8de96d2e5b6bc02d379db03a877d34d/library/core/src/fmt/rt.rs:177:76
[INFO] [stdout]    5:     0x60350063bdf3 - core::fmt::write::h0dd5f6e2238c7982
[INFO] [stdout]                                at /rustc/202008a1b8de96d2e5b6bc02d379db03a877d34d/library/core/src/fmt/mod.rs:1189:21
[INFO] [stdout]    6:     0x603500610833 - std::io::Write::write_fmt::h03bb0ca26e6faf8c
[INFO] [stdout]                                at /rustc/202008a1b8de96d2e5b6bc02d379db03a877d34d/library/std/src/io/mod.rs:1884:15
[INFO] [stdout]    7:     0x603500613be2 - std::sys::backtrace::BacktraceLock::print::h5c19c1c038ee186d
[INFO] [stdout]                                at /rustc/202008a1b8de96d2e5b6bc02d379db03a877d34d/library/std/src/sys/backtrace.rs:42:9
[INFO] [stdout]    8:     0x60350061521d - std::panicking::default_hook::{{closure}}::h77172f079a1fcb13
[INFO] [stdout]                                at /rustc/202008a1b8de96d2e5b6bc02d379db03a877d34d/library/std/src/panicking.rs:268:22
[INFO] [stdout]    9:     0x603500615027 - std::panicking::default_hook::he5f8e3b203ccddba
[INFO] [stdout]                                at /rustc/202008a1b8de96d2e5b6bc02d379db03a877d34d/library/std/src/panicking.rs:292:9
[INFO] [stdout]   10:     0x6034ffb46307 - <alloc::boxed::Box<F,A> as core::ops::function::Fn<Args>>::call::h7a3c7b4a1ae77f2f
[INFO] [stdout]                                at /rustc/202008a1b8de96d2e5b6bc02d379db03a877d34d/library/alloc/src/boxed.rs:1986:9
[INFO] [stdout]   11:     0x6034ffb46307 - test::test_main::{{closure}}::hf0d3b69ae9b353d1
[INFO] [stdout]                                at /rustc/202008a1b8de96d2e5b6bc02d379db03a877d34d/library/test/src/lib.rs:134:21
[INFO] [stdout]   12:     0x6035006158c8 - <alloc::boxed::Box<F,A> as core::ops::function::Fn<Args>>::call::h6332e82e7b189abd
[INFO] [stdout]                                at /rustc/202008a1b8de96d2e5b6bc02d379db03a877d34d/library/alloc/src/boxed.rs:1986:9
[INFO] [stdout]   13:     0x6035006158c8 - std::panicking::rust_panic_with_hook::h53863d4e9018df39
[INFO] [stdout]                                at /rustc/202008a1b8de96d2e5b6bc02d379db03a877d34d/library/std/src/panicking.rs:809:13
[INFO] [stdout]   14:     0x60350061568a - std::panicking::begin_panic_handler::{{closure}}::h67280e6fa0757873
[INFO] [stdout]                                at /rustc/202008a1b8de96d2e5b6bc02d379db03a877d34d/library/std/src/panicking.rs:674:13
[INFO] [stdout]   15:     0x603500614279 - std::sys::backtrace::__rust_end_short_backtrace::h1dac3f54d6fbbeb2
[INFO] [stdout]                                at /rustc/202008a1b8de96d2e5b6bc02d379db03a877d34d/library/std/src/sys/backtrace.rs:170:18
[INFO] [stdout]   16:     0x60350061531c - rust_begin_unwind
[INFO] [stdout]                                at /rustc/202008a1b8de96d2e5b6bc02d379db03a877d34d/library/std/src/panicking.rs:665:5
[INFO] [stdout]   17:     0x6034ff945230 - core::panicking::panic_fmt::h6792bd1b2bf01041
[INFO] [stdout]                                at /rustc/202008a1b8de96d2e5b6bc02d379db03a877d34d/library/core/src/panicking.rs:76:14
[INFO] [stdout]   18:     0x6034ffcef116 - testing::output::NormalizedOutput::compare_to_file::h2fe6a0a4c53d326d
[INFO] [stdout]                                at /opt/rustwide/cargo-home/registry/src/index.crates.io-6f17d22bba15001f/testing-4.0.0/src/output.rs:186:13
[INFO] [stdout]   19:     0x6034ffcbcc36 - swc_ecma_transforms_testing::test_fixture_inner::h656423e6a0500fb1
[INFO] [stdout]                                at /opt/rustwide/cargo-home/registry/src/index.crates.io-6f17d22bba15001f/swc_ecma_transforms_testing-5.0.0/src/lib.rs:976:13
[INFO] [stdout]   20:     0x6034ff99cb52 - swc_ecma_transforms_testing::test_fixture::h7e80be2855f6731a
[INFO] [stdout]                                at /opt/rustwide/cargo-home/registry/src/index.crates.io-6f17d22bba15001f/swc_ecma_transforms_testing-5.0.0/src/lib.rs:865:5
[INFO] [stdout]   21:     0x6034ffa7e4cc - swc_plugin_inferno::jsx::tests::fixture::hdfbacf54f56d928d
[INFO] [stdout]                                at /opt/rustwide/workdir/src/jsx/tests.rs:2222:5
[INFO] [stdout]   22:     0x6034ffa83a47 - swc_plugin_inferno::jsx::tests::fixture_tests__jsx__fixture__vercel__1__input_js::h88abf43519fd83e4
[INFO] [stdout]                                at /opt/rustwide/workdir/src/jsx/tests.rs:2215:1
[INFO] [stdout]   23:     0x6034ffa839e7 - swc_plugin_inferno::jsx::tests::fixture_tests__jsx__fixture__vercel__1__input_js::{{closure}}::h41b92d522c3b9bff
[INFO] [stdout]                                at /opt/rustwide/workdir/src/jsx/tests.rs:2215:53
[INFO] [stdout]   24:     0x6034ffa00a76 - core::ops::function::FnOnce::call_once::hdad13e585d2813f4
[INFO] [stdout]                                at /rustc/202008a1b8de96d2e5b6bc02d379db03a877d34d/library/core/src/ops/function.rs:250:5
[INFO] [stdout]   25:     0x6034ffb4ae2b - core::ops::function::FnOnce::call_once::h871bf86719ec9aa4
[INFO] [stdout]                                at /rustc/202008a1b8de96d2e5b6bc02d379db03a877d34d/library/core/src/ops/function.rs:250:5
[INFO] [stdout]   26:     0x6034ffb4ae2b - test::__rust_begin_short_backtrace::h2167df1e2b7d76fd
[INFO] [stdout]                                at /rustc/202008a1b8de96d2e5b6bc02d379db03a877d34d/library/test/src/lib.rs:632:18
[INFO] [stdout]   27:     0x6034ffb4a818 - test::run_test_in_process::{{closure}}::h15d92f75a3adfb79
[INFO] [stdout]                                at /rustc/202008a1b8de96d2e5b6bc02d379db03a877d34d/library/test/src/lib.rs:655:60
[INFO] [stdout]   28:     0x6034ffb4a818 - <core::panic::unwind_safe::AssertUnwindSafe<F> as core::ops::function::FnOnce<()>>::call_once::hb6c8955835a8dbbb
[INFO] [stdout]                                at /rustc/202008a1b8de96d2e5b6bc02d379db03a877d34d/library/core/src/panic/unwind_safe.rs:272:9
[INFO] [stdout]   29:     0x6034ffb4a818 - std::panicking::try::do_call::hc79d0fc888a0bd30
[INFO] [stdout]                                at /rustc/202008a1b8de96d2e5b6bc02d379db03a877d34d/library/std/src/panicking.rs:557:40
[INFO] [stdout]   30:     0x6034ffb4a818 - std::panicking::try::hb8a7878e3a8589d6
[INFO] [stdout]                                at /rustc/202008a1b8de96d2e5b6bc02d379db03a877d34d/library/std/src/panicking.rs:520:19
[INFO] [stdout]   31:     0x6034ffb4a818 - std::panic::catch_unwind::hb8e4600ff0ff5cfa
[INFO] [stdout]                                at /rustc/202008a1b8de96d2e5b6bc02d379db03a877d34d/library/std/src/panic.rs:358:14
[INFO] [stdout]   32:     0x6034ffb4a818 - test::run_test_in_process::hc2900b0b18688dd6
[INFO] [stdout]                                at /rustc/202008a1b8de96d2e5b6bc02d379db03a877d34d/library/test/src/lib.rs:655:27
[INFO] [stdout]   33:     0x6034ffb4a818 - test::run_test::{{closure}}::hac2a9cb07be3d48d
[INFO] [stdout]                                at /rustc/202008a1b8de96d2e5b6bc02d379db03a877d34d/library/test/src/lib.rs:576:43
[INFO] [stdout]   34:     0x6034ffb0e2ba - test::run_test::{{closure}}::h4a5b729e66a38cd8
[INFO] [stdout]                                at /rustc/202008a1b8de96d2e5b6bc02d379db03a877d34d/library/test/src/lib.rs:606:41
[INFO] [stdout]   35:     0x6034ffb0e2ba - std::sys::backtrace::__rust_begin_short_backtrace::h0496fb742492f573
[INFO] [stdout]                                at /rustc/202008a1b8de96d2e5b6bc02d379db03a877d34d/library/std/src/sys/backtrace.rs:154:18
[INFO] [stdout]   36:     0x6034ffb11c34 - std::thread::Builder::spawn_unchecked_::{{closure}}::{{closure}}::hbb6d257c550a54bd
[INFO] [stdout]                                at /rustc/202008a1b8de96d2e5b6bc02d379db03a877d34d/library/std/src/thread/mod.rs:561:17
[INFO] [stdout]   37:     0x6034ffb11c34 - <core::panic::unwind_safe::AssertUnwindSafe<F> as core::ops::function::FnOnce<()>>::call_once::h46696fe4a6832328
[INFO] [stdout]                                at /rustc/202008a1b8de96d2e5b6bc02d379db03a877d34d/library/core/src/panic/unwind_safe.rs:272:9
[INFO] [stdout]   38:     0x6034ffb11c34 - std::panicking::try::do_call::h2625a51b667bfb64
[INFO] [stdout]                                at /rustc/202008a1b8de96d2e5b6bc02d379db03a877d34d/library/std/src/panicking.rs:557:40
[INFO] [stdout]   39:     0x6034ffb11c34 - std::panicking::try::hb956a59a1973aa4c
[INFO] [stdout]                                at /rustc/202008a1b8de96d2e5b6bc02d379db03a877d34d/library/std/src/panicking.rs:520:19
[INFO] [stdout]   40:     0x6034ffb11c34 - std::panic::catch_unwind::h64f3b9d1067ef6a0
[INFO] [stdout]                                at /rustc/202008a1b8de96d2e5b6bc02d379db03a877d34d/library/std/src/panic.rs:358:14
[INFO] [stdout]   41:     0x6034ffb11c34 - std::thread::Builder::spawn_unchecked_::{{closure}}::h42b2841295b6c0b2
[INFO] [stdout]                                at /rustc/202008a1b8de96d2e5b6bc02d379db03a877d34d/library/std/src/thread/mod.rs:559:30
[INFO] [stdout]   42:     0x6034ffb11c34 - core::ops::function::FnOnce::call_once{{vtable.shim}}::h6127de71b8124639
[INFO] [stdout]                                at /rustc/202008a1b8de96d2e5b6bc02d379db03a877d34d/library/core/src/ops/function.rs:250:5
[INFO] [stdout]   43:     0x603500619b3b - <alloc::boxed::Box<F,A> as core::ops::function::FnOnce<Args>>::call_once::h42f0ba71002a1b2c
[INFO] [stdout]                                at /rustc/202008a1b8de96d2e5b6bc02d379db03a877d34d/library/alloc/src/boxed.rs:1972:9
[INFO] [stdout]   44:     0x603500619b3b - <alloc::boxed::Box<F,A> as core::ops::function::FnOnce<Args>>::call_once::had9e47d7a3dcecb8
[INFO] [stdout]                                at /rustc/202008a1b8de96d2e5b6bc02d379db03a877d34d/library/alloc/src/boxed.rs:1972:9
[INFO] [stdout]   45:     0x603500619b3b - std::sys::pal::unix::thread::Thread::new::thread_start::h48cf765408f6f5f2
[INFO] [stdout]                                at /rustc/202008a1b8de96d2e5b6bc02d379db03a877d34d/library/std/src/sys/pal/unix/thread.rs:105:17
[INFO] [stdout]   46:     0x7f124cedeac3 - <unknown>
[INFO] [stdout]   47:     0x7f124cf6fa04 - clone
[INFO] [stdout]   48:                0x0 - <unknown>
[INFO] [stdout] 
[INFO] [stdout] 
[INFO] [stdout] failures:
[INFO] [stdout]     jsx::tests::fixture_tests__jsx__fixture__vercel__1__input_js
[INFO] [stdout] 
[INFO] [stdout] test result: FAILED. 336 passed; 1 failed; 36 ignored; 0 measured; 0 filtered out; finished in 0.33s
[INFO] [stdout] 
[INFO] [stderr] error: test failed, to rerun pass `--lib`
[INFO] running `Command { std: "docker" "inspect" "656a72863ab4a86cf7472515ec65619809ed5f23e9f943715827d679dfdf1de6", kill_on_drop: false }`
[INFO] running `Command { std: "docker" "rm" "-f" "656a72863ab4a86cf7472515ec65619809ed5f23e9f943715827d679dfdf1de6", kill_on_drop: false }`
[INFO] [stdout] 656a72863ab4a86cf7472515ec65619809ed5f23e9f943715827d679dfdf1de6
