[INFO] cloning repository https://github.com/imxyy1soope1/nix-rs
[INFO] running `Command { std: "git" "-c" "credential.helper=" "-c" "credential.helper=/workspace/cargo-home/bin/git-credential-null" "clone" "--bare" "https://github.com/imxyy1soope1/nix-rs" "/workspace/cache/git-repos/https%3A%2F%2Fgithub.com%2Fimxyy1soope1%2Fnix-rs", kill_on_drop: false }`
[INFO] [stderr] Cloning into bare repository '/workspace/cache/git-repos/https%3A%2F%2Fgithub.com%2Fimxyy1soope1%2Fnix-rs'...
[INFO] running `Command { std: "git" "rev-parse" "HEAD", kill_on_drop: false }`
[INFO] [stdout] cc8d38cfadce83b1bdb5b70071b3055d318a7a62
[INFO] testing imxyy1soope1/nix-rs against beta-2024-12-08 for beta-1.84.0-4-retry
[INFO] running `Command { std: "git" "clone" "/workspace/cache/git-repos/https%3A%2F%2Fgithub.com%2Fimxyy1soope1%2Fnix-rs" "/workspace/builds/worker-6-tc2/source", kill_on_drop: false }`
[INFO] [stderr] Cloning into '/workspace/builds/worker-6-tc2/source'...
[INFO] [stderr] done.
[INFO] validating manifest of git repo https://github.com/imxyy1soope1/nix-rs on toolchain beta-2024-12-08
[INFO] running `Command { std: CARGO_HOME="/workspace/cargo-home" RUSTUP_HOME="/workspace/rustup-home" "/workspace/cargo-home/bin/cargo" "+beta-2024-12-08" "metadata" "--manifest-path" "Cargo.toml" "--no-deps", kill_on_drop: false }`
[INFO] started tweaking git repo https://github.com/imxyy1soope1/nix-rs
[INFO] finished tweaking git repo https://github.com/imxyy1soope1/nix-rs
[INFO] tweaked toml for git repo https://github.com/imxyy1soope1/nix-rs written to /workspace/builds/worker-6-tc2/source/Cargo.toml
[INFO] crate git repo https://github.com/imxyy1soope1/nix-rs already has a lockfile, it will not be regenerated
[INFO] running `Command { std: CARGO_HOME="/workspace/cargo-home" RUSTUP_HOME="/workspace/rustup-home" "/workspace/cargo-home/bin/cargo" "+beta-2024-12-08" "fetch" "--manifest-path" "Cargo.toml", kill_on_drop: false }`
[INFO] running `Command { std: "docker" "create" "-v" "/var/lib/crater-agent-workspace/builds/worker-6-tc2/target:/opt/rustwide/target:rw,Z" "-v" "/var/lib/crater-agent-workspace/builds/worker-6-tc2/source:/opt/rustwide/workdir:ro,Z" "-v" "/var/lib/crater-agent-workspace/cargo-home:/opt/rustwide/cargo-home:ro,Z" "-v" "/var/lib/crater-agent-workspace/rustup-home:/opt/rustwide/rustup-home:ro,Z" "-e" "SOURCE_DIR=/opt/rustwide/workdir" "-e" "CARGO_TARGET_DIR=/opt/rustwide/target" "-e" "CARGO_HOME=/opt/rustwide/cargo-home" "-e" "RUSTUP_HOME=/opt/rustwide/rustup-home" "-w" "/opt/rustwide/workdir" "-m" "1610612736" "--user" "0:0" "--network" "none" "ghcr.io/rust-lang/crates-build-env/linux@sha256:f3a9d4ad9d972b27faf3965f35b62e55ba32bbce8f20bc8fe909558a86702fde" "/opt/rustwide/cargo-home/bin/cargo" "+beta-2024-12-08" "metadata" "--no-deps" "--format-version=1", kill_on_drop: false }`
[INFO] [stdout] 8cafd60731e7695b356bc27b8af49d66ecca5a9388e3b602ebf00244cfbffa48
[INFO] running `Command { std: "docker" "start" "-a" "8cafd60731e7695b356bc27b8af49d66ecca5a9388e3b602ebf00244cfbffa48", kill_on_drop: false }`
[INFO] running `Command { std: "docker" "inspect" "8cafd60731e7695b356bc27b8af49d66ecca5a9388e3b602ebf00244cfbffa48", kill_on_drop: false }`
[INFO] running `Command { std: "docker" "rm" "-f" "8cafd60731e7695b356bc27b8af49d66ecca5a9388e3b602ebf00244cfbffa48", kill_on_drop: false }`
[INFO] [stdout] 8cafd60731e7695b356bc27b8af49d66ecca5a9388e3b602ebf00244cfbffa48
[INFO] running `Command { std: "docker" "create" "-v" "/var/lib/crater-agent-workspace/builds/worker-6-tc2/target:/opt/rustwide/target:rw,Z" "-v" "/var/lib/crater-agent-workspace/builds/worker-6-tc2/source:/opt/rustwide/workdir:ro,Z" "-v" "/var/lib/crater-agent-workspace/cargo-home:/opt/rustwide/cargo-home:ro,Z" "-v" "/var/lib/crater-agent-workspace/rustup-home:/opt/rustwide/rustup-home:ro,Z" "-e" "SOURCE_DIR=/opt/rustwide/workdir" "-e" "CARGO_TARGET_DIR=/opt/rustwide/target" "-e" "CARGO_INCREMENTAL=0" "-e" "RUST_BACKTRACE=full" "-e" "RUSTFLAGS=--cap-lints=warn" "-e" "RUSTDOCFLAGS=--cap-lints=warn" "-e" "CARGO_HOME=/opt/rustwide/cargo-home" "-e" "RUSTUP_HOME=/opt/rustwide/rustup-home" "-w" "/opt/rustwide/workdir" "-m" "1610612736" "--user" "0:0" "--network" "none" "ghcr.io/rust-lang/crates-build-env/linux@sha256:f3a9d4ad9d972b27faf3965f35b62e55ba32bbce8f20bc8fe909558a86702fde" "/opt/rustwide/cargo-home/bin/cargo" "+beta-2024-12-08" "build" "--frozen" "--message-format=json", kill_on_drop: false }`
[INFO] [stdout] fec00f8cce6307c9b69b1cf4bdf41cea113d264cb2db119e7f09bdc9ba8001bc
[INFO] running `Command { std: "docker" "start" "-a" "fec00f8cce6307c9b69b1cf4bdf41cea113d264cb2db119e7f09bdc9ba8001bc", kill_on_drop: false }`
[INFO] [stderr]    Compiling proc-macro2 v1.0.78
[INFO] [stderr]    Compiling autocfg v1.1.0
[INFO] [stderr]    Compiling unicode-ident v1.0.12
[INFO] [stderr]    Compiling libc v0.2.155
[INFO] [stderr]    Compiling crossbeam-utils v0.8.19
[INFO] [stderr]    Compiling syn v1.0.109
[INFO] [stderr]    Compiling parking_lot_core v0.9.10
[INFO] [stderr]    Compiling scopeguard v1.2.0
[INFO] [stderr]    Compiling cfg-if v1.0.0
[INFO] [stderr]    Compiling smallvec v1.13.2
[INFO] [stderr]    Compiling rayon-core v1.12.1
[INFO] [stderr]    Compiling countme v3.0.1
[INFO] [stderr]    Compiling anyhow v1.0.82
[INFO] [stderr]    Compiling either v1.10.0
[INFO] [stderr]    Compiling lock_api v0.4.12
[INFO] [stderr]    Compiling memoffset v0.9.1
[INFO] [stderr]    Compiling static_assertions v1.1.0
[INFO] [stderr]    Compiling triomphe v0.1.11
[INFO] [stderr]    Compiling rustc-hash v1.1.0
[INFO] [stderr]    Compiling text-size v1.1.1
[INFO] [stderr]    Compiling hashbrown v0.14.3
[INFO] [stderr]    Compiling quote v1.0.35
[INFO] [stderr]    Compiling crossbeam-epoch v0.9.18
[INFO] [stderr]    Compiling crossbeam-deque v0.8.5
[INFO] [stderr]    Compiling syn v2.0.58
[INFO] [stderr]    Compiling signal-hook-registry v1.4.2
[INFO] [stderr]    Compiling mio v0.8.11
[INFO] [stderr]    Compiling num_cpus v1.16.0
[INFO] [stderr]    Compiling parking_lot v0.12.2
[INFO] [stderr]    Compiling rowan v0.15.15
[INFO] [stderr]    Compiling socket2 v0.5.7
[INFO] [stderr]    Compiling archery v1.2.0
[INFO] [stderr]    Compiling convert_case v0.4.0
[INFO] [stderr]    Compiling bytes v1.6.0
[INFO] [stderr]    Compiling pin-project-lite v0.2.14
[INFO] [stderr]    Compiling rnix v0.11.0
[INFO] [stderr]    Compiling rpds v1.1.0
[INFO] [stderr]    Compiling rayon v1.10.0
[INFO] [stderr]    Compiling crossbeam-channel v0.5.13
[INFO] [stderr]    Compiling itertools v0.12.1
[INFO] [stderr]    Compiling ecow v0.2.2
[INFO] [stderr]    Compiling once_cell v1.19.0
[INFO] [stderr]    Compiling tokio-macros v2.3.0
[INFO] [stderr]    Compiling tokio v1.38.0
[INFO] [stderr]    Compiling proc-macros v0.1.0 (/opt/rustwide/workdir/src/macros/proc_macros)
[INFO] [stderr]    Compiling builtin-macros v0.1.0 (/opt/rustwide/workdir/src/macros/builtin_macros)
[INFO] [stderr]    Compiling derive_more v0.99.17
[INFO] [stderr]    Compiling macros v0.1.0 (/opt/rustwide/workdir/src/macros)
[INFO] [stderr]    Compiling nix-rs v0.1.0 (/opt/rustwide/workdir)
[INFO] [stdout] warning: unused import: `macros::builtin_macros::builtins`
[INFO] [stdout]  --> src/builtins/mod.rs:1:5
[INFO] [stdout]   |
[INFO] [stdout] 1 | use macros::builtin_macros::builtins;
[INFO] [stdout]   |     ^^^^^^^^^^^^^^^^^^^^^^^^^^^^^^^^
[INFO] [stdout]   |
[INFO] [stdout]   = note: `#[warn(unused_imports)]` on by default
[INFO] [stdout] 
[INFO] [stdout] 
[INFO] [stdout] warning: unused import: `string::ContextfulString`
[INFO] [stdout]   --> src/vm/value/mod.rs:15:9
[INFO] [stdout]    |
[INFO] [stdout] 15 | pub use string::ContextfulString;
[INFO] [stdout]    |         ^^^^^^^^^^^^^^^^^^^^^^^^
[INFO] [stdout] 
[INFO] [stdout] 
[INFO] [stdout] warning: unused variable: `state`
[INFO] [stdout]    --> src/compile/compile.rs:388:22
[INFO] [stdout]     |
[INFO] [stdout] 388 |     fn compile(self, state: &mut CompileState) {
[INFO] [stdout]     |                      ^^^^^ help: if this is intentional, prefix it with an underscore: `_state`
[INFO] [stdout]     |
[INFO] [stdout]     = note: `#[warn(unused_variables)]` on by default
[INFO] [stdout] 
[INFO] [stdout] 
[INFO] [stdout] warning: unused variable: `state`
[INFO] [stdout]    --> src/compile/compile.rs:394:22
[INFO] [stdout]     |
[INFO] [stdout] 394 |     fn compile(self, state: &mut CompileState) {
[INFO] [stdout]     |                      ^^^^^ help: if this is intentional, prefix it with an underscore: `_state`
[INFO] [stdout] 
[INFO] [stdout] 
[INFO] [stdout] warning: unused variable: `state`
[INFO] [stdout]    --> src/compile/compile.rs:400:22
[INFO] [stdout]     |
[INFO] [stdout] 400 |     fn compile(self, state: &mut CompileState) {
[INFO] [stdout]     |                      ^^^^^ help: if this is intentional, prefix it with an underscore: `_state`
[INFO] [stdout] 
[INFO] [stdout] 
[INFO] [stderr]     Finished `dev` profile [unoptimized + debuginfo] target(s) in 33.28s
[INFO] running `Command { std: "docker" "inspect" "fec00f8cce6307c9b69b1cf4bdf41cea113d264cb2db119e7f09bdc9ba8001bc", kill_on_drop: false }`
[INFO] running `Command { std: "docker" "rm" "-f" "fec00f8cce6307c9b69b1cf4bdf41cea113d264cb2db119e7f09bdc9ba8001bc", kill_on_drop: false }`
[INFO] [stdout] fec00f8cce6307c9b69b1cf4bdf41cea113d264cb2db119e7f09bdc9ba8001bc
[INFO] running `Command { std: "docker" "create" "-v" "/var/lib/crater-agent-workspace/builds/worker-6-tc2/target:/opt/rustwide/target:rw,Z" "-v" "/var/lib/crater-agent-workspace/builds/worker-6-tc2/source:/opt/rustwide/workdir:ro,Z" "-v" "/var/lib/crater-agent-workspace/cargo-home:/opt/rustwide/cargo-home:ro,Z" "-v" "/var/lib/crater-agent-workspace/rustup-home:/opt/rustwide/rustup-home:ro,Z" "-e" "SOURCE_DIR=/opt/rustwide/workdir" "-e" "CARGO_TARGET_DIR=/opt/rustwide/target" "-e" "CARGO_INCREMENTAL=0" "-e" "RUST_BACKTRACE=full" "-e" "RUSTFLAGS=--cap-lints=warn" "-e" "RUSTDOCFLAGS=--cap-lints=warn" "-e" "CARGO_HOME=/opt/rustwide/cargo-home" "-e" "RUSTUP_HOME=/opt/rustwide/rustup-home" "-w" "/opt/rustwide/workdir" "-m" "1610612736" "--user" "0:0" "--network" "none" "ghcr.io/rust-lang/crates-build-env/linux@sha256:f3a9d4ad9d972b27faf3965f35b62e55ba32bbce8f20bc8fe909558a86702fde" "/opt/rustwide/cargo-home/bin/cargo" "+beta-2024-12-08" "test" "--frozen" "--no-run" "--message-format=json", kill_on_drop: false }`
[INFO] [stdout] a78448c4cf642ca528b547d0cffbf4edae0aec561c009db35b278b9209393a4a
[INFO] running `Command { std: "docker" "start" "-a" "a78448c4cf642ca528b547d0cffbf4edae0aec561c009db35b278b9209393a4a", kill_on_drop: false }`
[INFO] [stderr]    Compiling nix-rs v0.1.0 (/opt/rustwide/workdir)
[INFO] [stdout] warning: unused import: `macros::builtin_macros::builtins`
[INFO] [stdout]  --> src/builtins/mod.rs:1:5
[INFO] [stdout]   |
[INFO] [stdout] 1 | use macros::builtin_macros::builtins;
[INFO] [stdout]   |     ^^^^^^^^^^^^^^^^^^^^^^^^^^^^^^^^
[INFO] [stdout]   |
[INFO] [stdout]   = note: `#[warn(unused_imports)]` on by default
[INFO] [stdout] 
[INFO] [stdout] 
[INFO] [stdout] warning: unused import: `string::ContextfulString`
[INFO] [stdout]   --> src/vm/value/mod.rs:15:9
[INFO] [stdout]    |
[INFO] [stdout] 15 | pub use string::ContextfulString;
[INFO] [stdout]    |         ^^^^^^^^^^^^^^^^^^^^^^^^
[INFO] [stdout] 
[INFO] [stdout] 
[INFO] [stdout] warning: unused variable: `state`
[INFO] [stdout]    --> src/compile/compile.rs:388:22
[INFO] [stdout]     |
[INFO] [stdout] 388 |     fn compile(self, state: &mut CompileState) {
[INFO] [stdout]     |                      ^^^^^ help: if this is intentional, prefix it with an underscore: `_state`
[INFO] [stdout]     |
[INFO] [stdout]     = note: `#[warn(unused_variables)]` on by default
[INFO] [stdout] 
[INFO] [stdout] 
[INFO] [stdout] warning: unused variable: `state`
[INFO] [stdout]    --> src/compile/compile.rs:394:22
[INFO] [stdout]     |
[INFO] [stdout] 394 |     fn compile(self, state: &mut CompileState) {
[INFO] [stdout]     |                      ^^^^^ help: if this is intentional, prefix it with an underscore: `_state`
[INFO] [stdout] 
[INFO] [stdout] 
[INFO] [stdout] warning: unused variable: `state`
[INFO] [stdout]    --> src/compile/compile.rs:400:22
[INFO] [stdout]     |
[INFO] [stdout] 400 |     fn compile(self, state: &mut CompileState) {
[INFO] [stdout]     |                      ^^^^^ help: if this is intentional, prefix it with an underscore: `_state`
[INFO] [stdout] 
[INFO] [stdout] 
[INFO] [stdout] warning: unused import: `macros::builtin_macros::builtins`
[INFO] [stdout]  --> src/builtins/mod.rs:1:5
[INFO] [stdout]   |
[INFO] [stdout] 1 | use macros::builtin_macros::builtins;
[INFO] [stdout]   |     ^^^^^^^^^^^^^^^^^^^^^^^^^^^^^^^^
[INFO] [stdout]   |
[INFO] [stdout]   = note: `#[warn(unused_imports)]` on by default
[INFO] [stdout] 
[INFO] [stdout] 
[INFO] [stdout] warning: unused import: `string::ContextfulString`
[INFO] [stdout]   --> src/vm/value/mod.rs:15:9
[INFO] [stdout]    |
[INFO] [stdout] 15 | pub use string::ContextfulString;
[INFO] [stdout]    |         ^^^^^^^^^^^^^^^^^^^^^^^^
[INFO] [stdout] 
[INFO] [stdout] 
[INFO] [stdout] warning: unused variable: `state`
[INFO] [stdout]    --> src/compile/compile.rs:388:22
[INFO] [stdout]     |
[INFO] [stdout] 388 |     fn compile(self, state: &mut CompileState) {
[INFO] [stdout]     |                      ^^^^^ help: if this is intentional, prefix it with an underscore: `_state`
[INFO] [stdout]     |
[INFO] [stdout]     = note: `#[warn(unused_variables)]` on by default
[INFO] [stdout] 
[INFO] [stdout] 
[INFO] [stdout] warning: unused variable: `state`
[INFO] [stdout]    --> src/compile/compile.rs:394:22
[INFO] [stdout]     |
[INFO] [stdout] 394 |     fn compile(self, state: &mut CompileState) {
[INFO] [stdout]     |                      ^^^^^ help: if this is intentional, prefix it with an underscore: `_state`
[INFO] [stdout] 
[INFO] [stdout] 
[INFO] [stdout] warning: unused variable: `state`
[INFO] [stdout]    --> src/compile/compile.rs:400:22
[INFO] [stdout]     |
[INFO] [stdout] 400 |     fn compile(self, state: &mut CompileState) {
[INFO] [stdout]     |                      ^^^^^ help: if this is intentional, prefix it with an underscore: `_state`
[INFO] [stdout] 
[INFO] [stdout] 
[INFO] [stderr]     Finished `test` profile [unoptimized + debuginfo] target(s) in 3.27s
[INFO] running `Command { std: "docker" "inspect" "a78448c4cf642ca528b547d0cffbf4edae0aec561c009db35b278b9209393a4a", kill_on_drop: false }`
[INFO] running `Command { std: "docker" "rm" "-f" "a78448c4cf642ca528b547d0cffbf4edae0aec561c009db35b278b9209393a4a", kill_on_drop: false }`
[INFO] [stdout] a78448c4cf642ca528b547d0cffbf4edae0aec561c009db35b278b9209393a4a
[INFO] running `Command { std: "docker" "create" "-v" "/var/lib/crater-agent-workspace/builds/worker-6-tc2/target:/opt/rustwide/target:rw,Z" "-v" "/var/lib/crater-agent-workspace/builds/worker-6-tc2/source:/opt/rustwide/workdir:ro,Z" "-v" "/var/lib/crater-agent-workspace/cargo-home:/opt/rustwide/cargo-home:ro,Z" "-v" "/var/lib/crater-agent-workspace/rustup-home:/opt/rustwide/rustup-home:ro,Z" "-e" "SOURCE_DIR=/opt/rustwide/workdir" "-e" "CARGO_TARGET_DIR=/opt/rustwide/target" "-e" "CARGO_INCREMENTAL=0" "-e" "RUST_BACKTRACE=full" "-e" "RUSTFLAGS=--cap-lints=warn" "-e" "RUSTDOCFLAGS=--cap-lints=warn" "-e" "CARGO_HOME=/opt/rustwide/cargo-home" "-e" "RUSTUP_HOME=/opt/rustwide/rustup-home" "-w" "/opt/rustwide/workdir" "-m" "1610612736" "--user" "0:0" "--network" "none" "ghcr.io/rust-lang/crates-build-env/linux@sha256:f3a9d4ad9d972b27faf3965f35b62e55ba32bbce8f20bc8fe909558a86702fde" "/opt/rustwide/cargo-home/bin/cargo" "+beta-2024-12-08" "test" "--frozen", kill_on_drop: false }`
[INFO] [stdout] 8b40a1601c63565f957e04e7f0c80ed6174c3218c4263cf44b869827c601127a
[INFO] running `Command { std: "docker" "start" "-a" "8b40a1601c63565f957e04e7f0c80ed6174c3218c4263cf44b869827c601127a", kill_on_drop: false }`
[INFO] [stderr] warning: unused import: `macros::builtin_macros::builtins`
[INFO] [stderr]  --> src/builtins/mod.rs:1:5
[INFO] [stderr]   |
[INFO] [stderr] 1 | use macros::builtin_macros::builtins;
[INFO] [stderr]   |     ^^^^^^^^^^^^^^^^^^^^^^^^^^^^^^^^
[INFO] [stderr]   |
[INFO] [stderr]   = note: `#[warn(unused_imports)]` on by default
[INFO] [stderr] 
[INFO] [stderr] warning: unused import: `string::ContextfulString`
[INFO] [stderr]   --> src/vm/value/mod.rs:15:9
[INFO] [stderr]    |
[INFO] [stderr] 15 | pub use string::ContextfulString;
[INFO] [stderr]    |         ^^^^^^^^^^^^^^^^^^^^^^^^
[INFO] [stderr] 
[INFO] [stderr] warning: unused variable: `state`
[INFO] [stderr]    --> src/compile/compile.rs:388:22
[INFO] [stderr]     |
[INFO] [stderr] 388 |     fn compile(self, state: &mut CompileState) {
[INFO] [stderr]     |                      ^^^^^ help: if this is intentional, prefix it with an underscore: `_state`
[INFO] [stderr]     |
[INFO] [stderr]     = note: `#[warn(unused_variables)]` on by default
[INFO] [stderr] 
[INFO] [stderr] warning: unused variable: `state`
[INFO] [stderr]    --> src/compile/compile.rs:394:22
[INFO] [stderr]     |
[INFO] [stderr] 394 |     fn compile(self, state: &mut CompileState) {
[INFO] [stderr]     |                      ^^^^^ help: if this is intentional, prefix it with an underscore: `_state`
[INFO] [stderr] 
[INFO] [stderr] warning: unused variable: `state`
[INFO] [stderr]    --> src/compile/compile.rs:400:22
[INFO] [stderr]     |
[INFO] [stderr] 400 |     fn compile(self, state: &mut CompileState) {
[INFO] [stderr]     |                      ^^^^^ help: if this is intentional, prefix it with an underscore: `_state`
[INFO] [stderr] 
[INFO] [stderr] warning: `nix-rs` (lib) generated 5 warnings (run `cargo fix --lib -p nix-rs` to apply 2 suggestions)
[INFO] [stderr] warning: `nix-rs` (lib test) generated 5 warnings (5 duplicates)
[INFO] [stderr]     Finished `test` profile [unoptimized + debuginfo] target(s) in 0.09s
[INFO] [stderr]      Running unittests src/lib.rs (/opt/rustwide/target/debug/deps/nix_rs-519fe4a8a17c4c6d)
[INFO] [stdout] 
[INFO] [stdout] running 9 tests
[INFO] [stdout] test slice::test::test_slice ... ok
[INFO] [stdout] test vm::test::test_attrs ... ok
[INFO] [stdout] test vm::test::test_bool ... ok
[INFO] [stdout] test vm::test::test_string ... ok
[INFO] [stdout] test vm::test::test_with ... ok
[INFO] [stdout] test vm::test::test_if ... ok
[INFO] [stdout] test vm::test::test_list ... ok
[INFO] [stdout] test vm::test::test_let ... FAILED
[INFO] [stdout] test vm::test::test_arith ... ok
[INFO] [stdout] 
[INFO] [stdout] failures:
[INFO] [stdout] 
[INFO] [stdout] ---- vm::test::test_let stdout ----
[INFO] [stdout] [src/vm/test.rs:12:5] &prog = Program {
[INFO] [stdout]     top_level: Slice(
[INFO] [stdout]         [
[INFO] [stdout]             AttrSet,
[INFO] [stdout]             EnterEnv,
[INFO] [stdout]             Const {
[INFO] [stdout]                 idx: 2,
[INFO] [stdout]             },
[INFO] [stdout]             LeaveEnv,
[INFO] [stdout]         ],
[INFO] [stdout]     ),
[INFO] [stdout]     thunks: Slice(
[INFO] [stdout]         [],
[INFO] [stdout]     ),
[INFO] [stdout]     consts: Slice(
[INFO] [stdout]         [
[INFO] [stdout]             Bool(
[INFO] [stdout]                 true,
[INFO] [stdout]             ),
[INFO] [stdout]             Bool(
[INFO] [stdout]                 false,
[INFO] [stdout]             ),
[INFO] [stdout]             Int(
[INFO] [stdout]                 1,
[INFO] [stdout]             ),
[INFO] [stdout]         ],
[INFO] [stdout]     ),
[INFO] [stdout]     symbols: Slice(
[INFO] [stdout]         [
[INFO] [stdout]             "true",
[INFO] [stdout]             "false",
[INFO] [stdout]             "a",
[INFO] [stdout]         ],
[INFO] [stdout]     ),
[INFO] [stdout] }
[INFO] [stdout] [src/vm/test.rs:12:5] &prog = Program {
[INFO] [stdout]     top_level: Slice(
[INFO] [stdout]         [
[INFO] [stdout]             AttrSet,
[INFO] [stdout]             EnterEnv,
[INFO] [stdout]             AttrSet,
[INFO] [stdout]             Const {
[INFO] [stdout]                 idx: 2,
[INFO] [stdout]             },
[INFO] [stdout]             PushStaticAttr {
[INFO] [stdout]                 name: 2,
[INFO] [stdout]             },
[INFO] [stdout]             Const {
[INFO] [stdout]                 idx: 3,
[INFO] [stdout]             },
[INFO] [stdout]             SelectDynamic,
[INFO] [stdout]             LeaveEnv,
[INFO] [stdout]         ],
[INFO] [stdout]     ),
[INFO] [stdout]     thunks: Slice(
[INFO] [stdout]         [],
[INFO] [stdout]     ),
[INFO] [stdout]     consts: Slice(
[INFO] [stdout]         [
[INFO] [stdout]             Bool(
[INFO] [stdout]                 true,
[INFO] [stdout]             ),
[INFO] [stdout]             Bool(
[INFO] [stdout]                 false,
[INFO] [stdout]             ),
[INFO] [stdout]             Int(
[INFO] [stdout]                 1,
[INFO] [stdout]             ),
[INFO] [stdout]             String(
[INFO] [stdout]                 "a",
[INFO] [stdout]             ),
[INFO] [stdout]         ],
[INFO] [stdout]     ),
[INFO] [stdout]     symbols: Slice(
[INFO] [stdout]         [
[INFO] [stdout]             "true",
[INFO] [stdout]             "false",
[INFO] [stdout]             "a",
[INFO] [stdout]             "b",
[INFO] [stdout]         ],
[INFO] [stdout]     ),
[INFO] [stdout] }
[INFO] [stdout] [src/vm/test.rs:12:5] &prog = Program {
[INFO] [stdout]     top_level: Slice(
[INFO] [stdout]         [
[INFO] [stdout]             AttrSet,
[INFO] [stdout]             EnterEnv,
[INFO] [stdout]             AttrSet,
[INFO] [stdout]             AttrSet,
[INFO] [stdout]             Const {
[INFO] [stdout]                 idx: 3,
[INFO] [stdout]             },
[INFO] [stdout]             PushStaticAttr {
[INFO] [stdout]                 name: 2,
[INFO] [stdout]             },
[INFO] [stdout]             PushStaticAttr {
[INFO] [stdout]                 name: 3,
[INFO] [stdout]             },
[INFO] [stdout]             AttrSet,
[INFO] [stdout]             AttrSet,
[INFO] [stdout]             Const {
[INFO] [stdout]                 idx: 4,
[INFO] [stdout]             },
[INFO] [stdout]             Const {
[INFO] [stdout]                 idx: 2,
[INFO] [stdout]             },
[INFO] [stdout]             ConcatString,
[INFO] [stdout]             Const {
[INFO] [stdout]                 idx: 5,
[INFO] [stdout]             },
[INFO] [stdout]             PushDynamicAttr,
[INFO] [stdout]             PushStaticAttr {
[INFO] [stdout]                 name: 3,
[INFO] [stdout]             },
[INFO] [stdout]             BinOp {
[INFO] [stdout]                 op: Upd,
[INFO] [stdout]             },
[INFO] [stdout]             LeaveEnv,
[INFO] [stdout]         ],
[INFO] [stdout]     ),
[INFO] [stdout]     thunks: Slice(
[INFO] [stdout]         [],
[INFO] [stdout]     ),
[INFO] [stdout]     consts: Slice(
[INFO] [stdout]         [
[INFO] [stdout]             Bool(
[INFO] [stdout]                 true,
[INFO] [stdout]             ),
[INFO] [stdout]             Bool(
[INFO] [stdout]                 false,
[INFO] [stdout]             ),
[INFO] [stdout]             String(
[INFO] [stdout]                 "c",
[INFO] [stdout]             ),
[INFO] [stdout]             Int(
[INFO] [stdout]                 1,
[INFO] [stdout]             ),
[INFO] [stdout]             String(
[INFO] [stdout]                 "a",
[INFO] [stdout]             ),
[INFO] [stdout]             Int(
[INFO] [stdout]                 2,
[INFO] [stdout]             ),
[INFO] [stdout]         ],
[INFO] [stdout]     ),
[INFO] [stdout]     symbols: Slice(
[INFO] [stdout]         [
[INFO] [stdout]             "true",
[INFO] [stdout]             "false",
[INFO] [stdout]             "b",
[INFO] [stdout]             "a",
[INFO] [stdout]         ],
[INFO] [stdout]     ),
[INFO] [stdout] }
[INFO] [stdout] thread 'vm::test::test_let' panicked at src/vm/value/attrset.rs:49:60:
[INFO] [stdout] called `Result::unwrap()` on an `Err` value: internal error
[INFO] [stdout] 
[INFO] [stdout] Stack backtrace:
[INFO] [stdout]    0: anyhow::error::<impl anyhow::Error>::msg
[INFO] [stdout]              at /opt/rustwide/cargo-home/registry/src/index.crates.io-6f17d22bba15001f/anyhow-1.0.82/src/backtrace.rs:27:14
[INFO] [stdout]    1: anyhow::__private::format_err
[INFO] [stdout]              at /opt/rustwide/cargo-home/registry/src/index.crates.io-6f17d22bba15001f/anyhow-1.0.82/src/lib.rs:688:13
[INFO] [stdout]    2: nix_rs::vm::vm::Symbols::get
[INFO] [stdout]              at ./src/vm/vm.rs:59:24
[INFO] [stdout]    3: <nix_rs::vm::value::attrset::AttrSet as nix_rs::vm::value::ToValue>::to_value::{{closure}}
[INFO] [stdout]              at ./src/vm/value/attrset.rs:49:38
[INFO] [stdout]    4: core::ops::function::impls::<impl core::ops::function::FnOnce<A> for &mut F>::call_once
[INFO] [stdout]              at /rustc/202008a1b8de96d2e5b6bc02d379db03a877d34d/library/core/src/ops/function.rs:305:13
[INFO] [stdout]    5: core::option::Option<T>::map
[INFO] [stdout]              at /rustc/202008a1b8de96d2e5b6bc02d379db03a877d34d/library/core/src/option.rs:1113:29
[INFO] [stdout]    6: <core::iter::adapters::map::Map<I,F> as core::iter::traits::iterator::Iterator>::next
[INFO] [stdout]              at /rustc/202008a1b8de96d2e5b6bc02d379db03a877d34d/library/core/src/iter/adapters/map.rs:107:26
[INFO] [stdout]    7: <rpds::map::hash_trie_map::HashTrieMap<K,V,P,H> as core::iter::traits::collect::FromIterator<(K,V)>>::from_iter
[INFO] [stdout]              at /opt/rustwide/cargo-home/registry/src/index.crates.io-6f17d22bba15001f/rpds-1.1.0/src/map/hash_trie_map/mod.rs:1035:23
[INFO] [stdout]    8: core::iter::traits::iterator::Iterator::collect
[INFO] [stdout]              at /rustc/202008a1b8de96d2e5b6bc02d379db03a877d34d/library/core/src/iter/traits/iterator.rs:1971:9
[INFO] [stdout]    9: <nix_rs::vm::value::attrset::AttrSet as nix_rs::vm::value::ToValue>::to_value
[INFO] [stdout]              at ./src/vm/value/attrset.rs:47:13
[INFO] [stdout]   10: <nix_rs::vm::value::VmValue as nix_rs::vm::value::ToValue>::to_value
[INFO] [stdout]              at ./src/vm/value/mod.rs:212:40
[INFO] [stdout]   11: <nix_rs::vm::value::attrset::AttrSet as nix_rs::vm::value::ToValue>::to_value::{{closure}}
[INFO] [stdout]              at ./src/vm/value/attrset.rs:49:70
[INFO] [stdout]   12: core::ops::function::impls::<impl core::ops::function::FnOnce<A> for &mut F>::call_once
[INFO] [stdout]              at /rustc/202008a1b8de96d2e5b6bc02d379db03a877d34d/library/core/src/ops/function.rs:305:13
[INFO] [stdout]   13: core::option::Option<T>::map
[INFO] [stdout]              at /rustc/202008a1b8de96d2e5b6bc02d379db03a877d34d/library/core/src/option.rs:1113:29
[INFO] [stdout]   14: <core::iter::adapters::map::Map<I,F> as core::iter::traits::iterator::Iterator>::next
[INFO] [stdout]              at /rustc/202008a1b8de96d2e5b6bc02d379db03a877d34d/library/core/src/iter/adapters/map.rs:107:26
[INFO] [stdout]   15: <rpds::map::hash_trie_map::HashTrieMap<K,V,P,H> as core::iter::traits::collect::FromIterator<(K,V)>>::from_iter
[INFO] [stdout]              at /opt/rustwide/cargo-home/registry/src/index.crates.io-6f17d22bba15001f/rpds-1.1.0/src/map/hash_trie_map/mod.rs:1035:23
[INFO] [stdout]   16: core::iter::traits::iterator::Iterator::collect
[INFO] [stdout]              at /rustc/202008a1b8de96d2e5b6bc02d379db03a877d34d/library/core/src/iter/traits/iterator.rs:1971:9
[INFO] [stdout]   17: <nix_rs::vm::value::attrset::AttrSet as nix_rs::vm::value::ToValue>::to_value
[INFO] [stdout]              at ./src/vm/value/attrset.rs:47:13
[INFO] [stdout]   18: <nix_rs::vm::value::VmValue as nix_rs::vm::value::ToValue>::to_value
[INFO] [stdout]              at ./src/vm/value/mod.rs:212:40
[INFO] [stdout]   19: nix_rs::vm::vm::run
[INFO] [stdout]              at ./src/vm/vm.rs:19:8
[INFO] [stdout]   20: nix_rs::vm::test::test_expr
[INFO] [stdout]              at ./src/vm/test.rs:13:16
[INFO] [stdout]   21: nix_rs::vm::test::test_let
[INFO] [stdout]              at ./src/vm/test.rs:152:5
[INFO] [stdout]   22: nix_rs::vm::test::test_let::{{closure}}
[INFO] [stdout]              at ./src/vm/test.rs:149:14
[INFO] [stdout]   23: core::ops::function::FnOnce::call_once
[INFO] [stdout]              at /rustc/202008a1b8de96d2e5b6bc02d379db03a877d34d/library/core/src/ops/function.rs:250:5
[INFO] [stdout]   24: core::ops::function::FnOnce::call_once
[INFO] [stdout]              at /rustc/202008a1b8de96d2e5b6bc02d379db03a877d34d/library/core/src/ops/function.rs:250:5
[INFO] [stdout]   25: test::__rust_begin_short_backtrace
[INFO] [stdout]              at /rustc/202008a1b8de96d2e5b6bc02d379db03a877d34d/library/test/src/lib.rs:632:18
[INFO] [stdout]   26: test::run_test_in_process::{{closure}}
[INFO] [stdout]              at /rustc/202008a1b8de96d2e5b6bc02d379db03a877d34d/library/test/src/lib.rs:655:60
[INFO] [stdout]   27: <core::panic::unwind_safe::AssertUnwindSafe<F> as core::ops::function::FnOnce<()>>::call_once
[INFO] [stdout]              at /rustc/202008a1b8de96d2e5b6bc02d379db03a877d34d/library/core/src/panic/unwind_safe.rs:272:9
[INFO] [stdout]   28: std::panicking::try::do_call
[INFO] [stdout]              at /rustc/202008a1b8de96d2e5b6bc02d379db03a877d34d/library/std/src/panicking.rs:557:40
[INFO] [stdout]   29: std::panicking::try
[INFO] [stdout]              at /rustc/202008a1b8de96d2e5b6bc02d379db03a877d34d/library/std/src/panicking.rs:520:19
[INFO] [stdout]   30: std::panic::catch_unwind
[INFO] [stdout]              at /rustc/202008a1b8de96d2e5b6bc02d379db03a877d34d/library/std/src/panic.rs:358:14
[INFO] [stdout]   31: test::run_test_in_process
[INFO] [stdout]              at /rustc/202008a1b8de96d2e5b6bc02d379db03a877d34d/library/test/src/lib.rs:655:27
[INFO] [stdout]   32: test::run_test::{{closure}}
[INFO] [stdout]              at /rustc/202008a1b8de96d2e5b6bc02d379db03a877d34d/library/test/src/lib.rs:576:43
[INFO] [stdout]   33: test::run_test::{{closure}}
[INFO] [stdout]              at /rustc/202008a1b8de96d2e5b6bc02d379db03a877d34d/library/test/src/lib.rs:606:41
[INFO] [stdout]   34: std::sys::backtrace::__rust_begin_short_backtrace
[INFO] [stdout]              at /rustc/202008a1b8de96d2e5b6bc02d379db03a877d34d/library/std/src/sys/backtrace.rs:154:18
[INFO] [stdout]   35: std::thread::Builder::spawn_unchecked_::{{closure}}::{{closure}}
[INFO] [stdout]              at /rustc/202008a1b8de96d2e5b6bc02d379db03a877d34d/library/std/src/thread/mod.rs:561:17
[INFO] [stdout]   36: <core::panic::unwind_safe::AssertUnwindSafe<F> as core::ops::function::FnOnce<()>>::call_once
[INFO] [stdout]              at /rustc/202008a1b8de96d2e5b6bc02d379db03a877d34d/library/core/src/panic/unwind_safe.rs:272:9
[INFO] [stdout]   37: std::panicking::try::do_call
[INFO] [stdout]              at /rustc/202008a1b8de96d2e5b6bc02d379db03a877d34d/library/std/src/panicking.rs:557:40
[INFO] [stdout]   38: std::panicking::try
[INFO] [stdout]              at /rustc/202008a1b8de96d2e5b6bc02d379db03a877d34d/library/std/src/panicking.rs:520:19
[INFO] [stdout]   39: std::panic::catch_unwind
[INFO] [stdout]              at /rustc/202008a1b8de96d2e5b6bc02d379db03a877d34d/library/std/src/panic.rs:358:14
[INFO] [stdout]   40: std::thread::Builder::spawn_unchecked_::{{closure}}
[INFO] [stdout]              at /rustc/202008a1b8de96d2e5b6bc02d379db03a877d34d/library/std/src/thread/mod.rs:559:30
[INFO] [stdout]   41: core::ops::function::FnOnce::call_once{{vtable.shim}}
[INFO] [stdout]              at /rustc/202008a1b8de96d2e5b6bc02d379db03a877d34d/library/core/src/ops/function.rs:250:5
[INFO] [stdout]   42: <alloc::boxed::Box<F,A> as core::ops::function::FnOnce<Args>>::call_once
[INFO] [stdout]              at /rustc/202008a1b8de96d2e5b6bc02d379db03a877d34d/library/alloc/src/boxed.rs:1972:9
[INFO] [stdout]   43: <alloc::boxed::Box<F,A> as core::ops::function::FnOnce<Args>>::call_once
[INFO] [stdout]              at /rustc/202008a1b8de96d2e5b6bc02d379db03a877d34d/library/alloc/src/boxed.rs:1972:9
[INFO] [stdout]   44: std::sys::pal::unix::thread::Thread::new::thread_start
[INFO] [stdout]              at /rustc/202008a1b8de96d2e5b6bc02d379db03a877d34d/library/std/src/sys/pal/unix/thread.rs:105:17
[INFO] [stdout]   45: <unknown>
[INFO] [stdout]   46: clone
[INFO] [stdout] stack backtrace:
[INFO] [stdout]    0:     0x57f8bd5d018a - std::backtrace_rs::backtrace::libunwind::trace::h8810477743020387
[INFO] [stdout]                                at /rustc/202008a1b8de96d2e5b6bc02d379db03a877d34d/library/std/src/../../backtrace/src/backtrace/libunwind.rs:116:5
[INFO] [stdout]    1:     0x57f8bd5d018a - std::backtrace_rs::backtrace::trace_unsynchronized::h3aa55355dd6c54a6
[INFO] [stdout]                                at /rustc/202008a1b8de96d2e5b6bc02d379db03a877d34d/library/std/src/../../backtrace/src/backtrace/mod.rs:66:5
[INFO] [stdout]    2:     0x57f8bd5d018a - std::sys::backtrace::_print_fmt::h8588b0f62410823f
[INFO] [stdout]                                at /rustc/202008a1b8de96d2e5b6bc02d379db03a877d34d/library/std/src/sys/backtrace.rs:66:9
[INFO] [stdout]    3:     0x57f8bd5d018a - <std::sys::backtrace::BacktraceLock::print::DisplayBacktrace as core::fmt::Display>::fmt::h98c26ac25ffe89bb
[INFO] [stdout]                                at /rustc/202008a1b8de96d2e5b6bc02d379db03a877d34d/library/std/src/sys/backtrace.rs:39:26
[INFO] [stdout]    4:     0x57f8bd5f7043 - core::fmt::rt::Argument::fmt::hf95377f4aebd453b
[INFO] [stdout]                                at /rustc/202008a1b8de96d2e5b6bc02d379db03a877d34d/library/core/src/fmt/rt.rs:177:76
[INFO] [stdout]    5:     0x57f8bd5f7043 - core::fmt::write::h0dd5f6e2238c7982
[INFO] [stdout]                                at /rustc/202008a1b8de96d2e5b6bc02d379db03a877d34d/library/core/src/fmt/mod.rs:1189:21
[INFO] [stdout]    6:     0x57f8bd5cd153 - std::io::Write::write_fmt::h03bb0ca26e6faf8c
[INFO] [stdout]                                at /rustc/202008a1b8de96d2e5b6bc02d379db03a877d34d/library/std/src/io/mod.rs:1884:15
[INFO] [stdout]    7:     0x57f8bd5cffd2 - std::sys::backtrace::BacktraceLock::print::h5c19c1c038ee186d
[INFO] [stdout]                                at /rustc/202008a1b8de96d2e5b6bc02d379db03a877d34d/library/std/src/sys/backtrace.rs:42:9
[INFO] [stdout]    8:     0x57f8bd5d160d - std::panicking::default_hook::{{closure}}::h77172f079a1fcb13
[INFO] [stdout]                                at /rustc/202008a1b8de96d2e5b6bc02d379db03a877d34d/library/std/src/panicking.rs:268:22
[INFO] [stdout]    9:     0x57f8bd5d1417 - std::panicking::default_hook::he5f8e3b203ccddba
[INFO] [stdout]                                at /rustc/202008a1b8de96d2e5b6bc02d379db03a877d34d/library/std/src/panicking.rs:292:9
[INFO] [stdout]   10:     0x57f8bd546407 - <alloc::boxed::Box<F,A> as core::ops::function::Fn<Args>>::call::h7a3c7b4a1ae77f2f
[INFO] [stdout]                                at /rustc/202008a1b8de96d2e5b6bc02d379db03a877d34d/library/alloc/src/boxed.rs:1986:9
[INFO] [stdout]   11:     0x57f8bd546407 - test::test_main::{{closure}}::hf0d3b69ae9b353d1
[INFO] [stdout]                                at /rustc/202008a1b8de96d2e5b6bc02d379db03a877d34d/library/test/src/lib.rs:134:21
[INFO] [stdout]   12:     0x57f8bd5d1cb8 - <alloc::boxed::Box<F,A> as core::ops::function::Fn<Args>>::call::h6332e82e7b189abd
[INFO] [stdout]                                at /rustc/202008a1b8de96d2e5b6bc02d379db03a877d34d/library/alloc/src/boxed.rs:1986:9
[INFO] [stdout]   13:     0x57f8bd5d1cb8 - std::panicking::rust_panic_with_hook::h53863d4e9018df39
[INFO] [stdout]                                at /rustc/202008a1b8de96d2e5b6bc02d379db03a877d34d/library/std/src/panicking.rs:809:13
[INFO] [stdout]   14:     0x57f8bd5d1a7a - std::panicking::begin_panic_handler::{{closure}}::h67280e6fa0757873
[INFO] [stdout]                                at /rustc/202008a1b8de96d2e5b6bc02d379db03a877d34d/library/std/src/panicking.rs:674:13
[INFO] [stdout]   15:     0x57f8bd5d0669 - std::sys::backtrace::__rust_end_short_backtrace::h1dac3f54d6fbbeb2
[INFO] [stdout]                                at /rustc/202008a1b8de96d2e5b6bc02d379db03a877d34d/library/std/src/sys/backtrace.rs:170:18
[INFO] [stdout]   16:     0x57f8bd5d170c - rust_begin_unwind
[INFO] [stdout]                                at /rustc/202008a1b8de96d2e5b6bc02d379db03a877d34d/library/std/src/panicking.rs:665:5
[INFO] [stdout]   17:     0x57f8bd49cb70 - core::panicking::panic_fmt::h6792bd1b2bf01041
[INFO] [stdout]                                at /rustc/202008a1b8de96d2e5b6bc02d379db03a877d34d/library/core/src/panicking.rs:76:14
[INFO] [stdout]   18:     0x57f8bd49d016 - core::result::unwrap_failed::h05e0602ed34287c5
[INFO] [stdout]                                at /rustc/202008a1b8de96d2e5b6bc02d379db03a877d34d/library/core/src/result.rs:1699:5
[INFO] [stdout]   19:     0x57f8bd4d2a99 - core::result::Result<T,E>::unwrap::h6fa273c3a57e667c
[INFO] [stdout]                                at /rustc/202008a1b8de96d2e5b6bc02d379db03a877d34d/library/core/src/result.rs:1104:23
[INFO] [stdout]   20:     0x57f8bd4d2a99 - <nix_rs::vm::value::attrset::AttrSet as nix_rs::vm::value::ToValue>::to_value::{{closure}}::h96ba6ce70feabfb0
[INFO] [stdout]                                at /opt/rustwide/workdir/src/vm/value/attrset.rs:49:38
[INFO] [stdout]   21:     0x57f8bd4cdcea - core::ops::function::impls::<impl core::ops::function::FnOnce<A> for &mut F>::call_once::hc0bd6096ecb16c74
[INFO] [stdout]                                at /rustc/202008a1b8de96d2e5b6bc02d379db03a877d34d/library/core/src/ops/function.rs:305:13
[INFO] [stdout]   22:     0x57f8bd4e432a - core::option::Option<T>::map::h7bfeadf2b58f5805
[INFO] [stdout]                                at /rustc/202008a1b8de96d2e5b6bc02d379db03a877d34d/library/core/src/option.rs:1113:29
[INFO] [stdout]   23:     0x57f8bd4e432a - <core::iter::adapters::map::Map<I,F> as core::iter::traits::iterator::Iterator>::next::h57d415224f1be0c2
[INFO] [stdout]                                at /rustc/202008a1b8de96d2e5b6bc02d379db03a877d34d/library/core/src/iter/adapters/map.rs:107:26
[INFO] [stdout]   24:     0x57f8bd4f8d29 - <rpds::map::hash_trie_map::HashTrieMap<K,V,P,H> as core::iter::traits::collect::FromIterator<(K,V)>>::from_iter::h6f43fa7b04efd6a9
[INFO] [stdout]                                at /opt/rustwide/cargo-home/registry/src/index.crates.io-6f17d22bba15001f/rpds-1.1.0/src/map/hash_trie_map/mod.rs:1035:23
[INFO] [stdout]   25:     0x57f8bd4e5abd - core::iter::traits::iterator::Iterator::collect::hac576877a01c12a3
[INFO] [stdout]                                at /rustc/202008a1b8de96d2e5b6bc02d379db03a877d34d/library/core/src/iter/traits/iterator.rs:1971:9
[INFO] [stdout]   26:     0x57f8bd4d297f - <nix_rs::vm::value::attrset::AttrSet as nix_rs::vm::value::ToValue>::to_value::hecfa2e934948088e
[INFO] [stdout]                                at /opt/rustwide/workdir/src/vm/value/attrset.rs:47:13
[INFO] [stdout]   27:     0x57f8bd50c44d - <nix_rs::vm::value::VmValue as nix_rs::vm::value::ToValue>::to_value::h02f07bbb73168151
[INFO] [stdout]                                at /opt/rustwide/workdir/src/vm/value/mod.rs:212:40
[INFO] [stdout]   28:     0x57f8bd4d2b48 - <nix_rs::vm::value::attrset::AttrSet as nix_rs::vm::value::ToValue>::to_value::{{closure}}::h96ba6ce70feabfb0
[INFO] [stdout]                                at /opt/rustwide/workdir/src/vm/value/attrset.rs:49:70
[INFO] [stdout]   29:     0x57f8bd4cdcea - core::ops::function::impls::<impl core::ops::function::FnOnce<A> for &mut F>::call_once::hc0bd6096ecb16c74
[INFO] [stdout]                                at /rustc/202008a1b8de96d2e5b6bc02d379db03a877d34d/library/core/src/ops/function.rs:305:13
[INFO] [stdout]   30:     0x57f8bd4e432a - core::option::Option<T>::map::h7bfeadf2b58f5805
[INFO] [stdout]                                at /rustc/202008a1b8de96d2e5b6bc02d379db03a877d34d/library/core/src/option.rs:1113:29
[INFO] [stdout]   31:     0x57f8bd4e432a - <core::iter::adapters::map::Map<I,F> as core::iter::traits::iterator::Iterator>::next::h57d415224f1be0c2
[INFO] [stdout]                                at /rustc/202008a1b8de96d2e5b6bc02d379db03a877d34d/library/core/src/iter/adapters/map.rs:107:26
[INFO] [stdout]   32:     0x57f8bd4f8d29 - <rpds::map::hash_trie_map::HashTrieMap<K,V,P,H> as core::iter::traits::collect::FromIterator<(K,V)>>::from_iter::h6f43fa7b04efd6a9
[INFO] [stdout]                                at /opt/rustwide/cargo-home/registry/src/index.crates.io-6f17d22bba15001f/rpds-1.1.0/src/map/hash_trie_map/mod.rs:1035:23
[INFO] [stdout]   33:     0x57f8bd4e5abd - core::iter::traits::iterator::Iterator::collect::hac576877a01c12a3
[INFO] [stdout]                                at /rustc/202008a1b8de96d2e5b6bc02d379db03a877d34d/library/core/src/iter/traits/iterator.rs:1971:9
[INFO] [stdout]   34:     0x57f8bd4d297f - <nix_rs::vm::value::attrset::AttrSet as nix_rs::vm::value::ToValue>::to_value::hecfa2e934948088e
[INFO] [stdout]                                at /opt/rustwide/workdir/src/vm/value/attrset.rs:47:13
[INFO] [stdout]   35:     0x57f8bd50c44d - <nix_rs::vm::value::VmValue as nix_rs::vm::value::ToValue>::to_value::h02f07bbb73168151
[INFO] [stdout]                                at /opt/rustwide/workdir/src/vm/value/mod.rs:212:40
[INFO] [stdout]   36:     0x57f8bd4de223 - nix_rs::vm::vm::run::hdf2d5b2296393219
[INFO] [stdout]                                at /opt/rustwide/workdir/src/vm/vm.rs:19:8
[INFO] [stdout]   37:     0x57f8bd4ca853 - nix_rs::vm::test::test_expr::hd5d9e2a6b53430e4
[INFO] [stdout]                                at /opt/rustwide/workdir/src/vm/test.rs:13:16
[INFO] [stdout]   38:     0x57f8bd4ccb27 - nix_rs::vm::test::test_let::hbeeeb1d3383bb3cc
[INFO] [stdout]                                at /opt/rustwide/workdir/src/vm/test.rs:152:5
[INFO] [stdout]   39:     0x57f8bd4cc727 - nix_rs::vm::test::test_let::{{closure}}::h825f649999b756de
[INFO] [stdout]                                at /opt/rustwide/workdir/src/vm/test.rs:149:14
[INFO] [stdout]   40:     0x57f8bd4f2c16 - core::ops::function::FnOnce::call_once::he4440a988aa85afc
[INFO] [stdout]                                at /rustc/202008a1b8de96d2e5b6bc02d379db03a877d34d/library/core/src/ops/function.rs:250:5
[INFO] [stdout]   41:     0x57f8bd54af2b - core::ops::function::FnOnce::call_once::h871bf86719ec9aa4
[INFO] [stdout]                                at /rustc/202008a1b8de96d2e5b6bc02d379db03a877d34d/library/core/src/ops/function.rs:250:5
[INFO] [stdout]   42:     0x57f8bd54af2b - test::__rust_begin_short_backtrace::h2167df1e2b7d76fd
[INFO] [stdout]                                at /rustc/202008a1b8de96d2e5b6bc02d379db03a877d34d/library/test/src/lib.rs:632:18
[INFO] [stdout]   43:     0x57f8bd54a918 - test::run_test_in_process::{{closure}}::h15d92f75a3adfb79
[INFO] [stdout]                                at /rustc/202008a1b8de96d2e5b6bc02d379db03a877d34d/library/test/src/lib.rs:655:60
[INFO] [stdout]   44:     0x57f8bd54a918 - <core::panic::unwind_safe::AssertUnwindSafe<F> as core::ops::function::FnOnce<()>>::call_once::hb6c8955835a8dbbb
[INFO] [stdout]                                at /rustc/202008a1b8de96d2e5b6bc02d379db03a877d34d/library/core/src/panic/unwind_safe.rs:272:9
[INFO] [stdout]   45:     0x57f8bd54a918 - std::panicking::try::do_call::hc79d0fc888a0bd30
[INFO] [stdout]                                at /rustc/202008a1b8de96d2e5b6bc02d379db03a877d34d/library/std/src/panicking.rs:557:40
[INFO] [stdout]   46:     0x57f8bd54a918 - std::panicking::try::hb8a7878e3a8589d6
[INFO] [stdout]                                at /rustc/202008a1b8de96d2e5b6bc02d379db03a877d34d/library/std/src/panicking.rs:520:19
[INFO] [stdout]   47:     0x57f8bd54a918 - std::panic::catch_unwind::hb8e4600ff0ff5cfa
[INFO] [stdout]                                at /rustc/202008a1b8de96d2e5b6bc02d379db03a877d34d/library/std/src/panic.rs:358:14
[INFO] [stdout]   48:     0x57f8bd54a918 - test::run_test_in_process::hc2900b0b18688dd6
[INFO] [stdout]                                at /rustc/202008a1b8de96d2e5b6bc02d379db03a877d34d/library/test/src/lib.rs:655:27
[INFO] [stdout]   49:     0x57f8bd54a918 - test::run_test::{{closure}}::hac2a9cb07be3d48d
[INFO] [stdout]                                at /rustc/202008a1b8de96d2e5b6bc02d379db03a877d34d/library/test/src/lib.rs:576:43
[INFO] [stdout]   50:     0x57f8bd50e3ba - test::run_test::{{closure}}::h4a5b729e66a38cd8
[INFO] [stdout]                                at /rustc/202008a1b8de96d2e5b6bc02d379db03a877d34d/library/test/src/lib.rs:606:41
[INFO] [stdout]   51:     0x57f8bd50e3ba - std::sys::backtrace::__rust_begin_short_backtrace::h0496fb742492f573
[INFO] [stdout]                                at /rustc/202008a1b8de96d2e5b6bc02d379db03a877d34d/library/std/src/sys/backtrace.rs:154:18
[INFO] [stdout]   52:     0x57f8bd511d34 - std::thread::Builder::spawn_unchecked_::{{closure}}::{{closure}}::hbb6d257c550a54bd
[INFO] [stdout]                                at /rustc/202008a1b8de96d2e5b6bc02d379db03a877d34d/library/std/src/thread/mod.rs:561:17
[INFO] [stdout]   53:     0x57f8bd511d34 - <core::panic::unwind_safe::AssertUnwindSafe<F> as core::ops::function::FnOnce<()>>::call_once::h46696fe4a6832328
[INFO] [stdout]                                at /rustc/202008a1b8de96d2e5b6bc02d379db03a877d34d/library/core/src/panic/unwind_safe.rs:272:9
[INFO] [stdout]   54:     0x57f8bd511d34 - std::panicking::try::do_call::h2625a51b667bfb64
[INFO] [stdout]                                at /rustc/202008a1b8de96d2e5b6bc02d379db03a877d34d/library/std/src/panicking.rs:557:40
[INFO] [stdout]   55:     0x57f8bd511d34 - std::panicking::try::hb956a59a1973aa4c
[INFO] [stdout]                                at /rustc/202008a1b8de96d2e5b6bc02d379db03a877d34d/library/std/src/panicking.rs:520:19
[INFO] [stdout]   56:     0x57f8bd511d34 - std::panic::catch_unwind::h64f3b9d1067ef6a0
[INFO] [stdout]                                at /rustc/202008a1b8de96d2e5b6bc02d379db03a877d34d/library/std/src/panic.rs:358:14
[INFO] [stdout]   57:     0x57f8bd511d34 - std::thread::Builder::spawn_unchecked_::{{closure}}::h42b2841295b6c0b2
[INFO] [stdout]                                at /rustc/202008a1b8de96d2e5b6bc02d379db03a877d34d/library/std/src/thread/mod.rs:559:30
[INFO] [stdout]   58:     0x57f8bd511d34 - core::ops::function::FnOnce::call_once{{vtable.shim}}::h6127de71b8124639
[INFO] [stdout]                                at /rustc/202008a1b8de96d2e5b6bc02d379db03a877d34d/library/core/src/ops/function.rs:250:5
[INFO] [stdout]   59:     0x57f8bd5d5bfb - <alloc::boxed::Box<F,A> as core::ops::function::FnOnce<Args>>::call_once::h42f0ba71002a1b2c
[INFO] [stdout]                                at /rustc/202008a1b8de96d2e5b6bc02d379db03a877d34d/library/alloc/src/boxed.rs:1972:9
[INFO] [stdout]   60:     0x57f8bd5d5bfb - <alloc::boxed::Box<F,A> as core::ops::function::FnOnce<Args>>::call_once::had9e47d7a3dcecb8
[INFO] [stdout]                                at /rustc/202008a1b8de96d2e5b6bc02d379db03a877d34d/library/alloc/src/boxed.rs:1972:9
[INFO] [stdout]   61:     0x57f8bd5d5bfb - std::sys::pal::unix::thread::Thread::new::thread_start::h48cf765408f6f5f2
[INFO] [stdout]                                at /rustc/202008a1b8de96d2e5b6bc02d379db03a877d34d/library/std/src/sys/pal/unix/thread.rs:105:17
[INFO] [stdout]   62:     0x770141823ac3 - <unknown>
[INFO] [stdout]   63:     0x7701418b4a04 - clone
[INFO] [stdout]   64:                0x0 - <unknown>
[INFO] [stdout] 
[INFO] [stdout] 
[INFO] [stdout] failures:
[INFO] [stdout]     vm::test::test_let
[INFO] [stdout] 
[INFO] [stdout] test result: FAILED. 8 passed; 1 failed; 0 ignored; 0 measured; 0 filtered out; finished in 0.05s
[INFO] [stdout] 
[INFO] [stderr] error: test failed, to rerun pass `--lib`
[INFO] running `Command { std: "docker" "inspect" "8b40a1601c63565f957e04e7f0c80ed6174c3218c4263cf44b869827c601127a", kill_on_drop: false }`
[INFO] running `Command { std: "docker" "rm" "-f" "8b40a1601c63565f957e04e7f0c80ed6174c3218c4263cf44b869827c601127a", kill_on_drop: false }`
[INFO] [stdout] 8b40a1601c63565f957e04e7f0c80ed6174c3218c4263cf44b869827c601127a
