[INFO] cloning repository https://github.com/imalsogreg/advent-of-code-2022
[INFO] running `Command { std: "git" "-c" "credential.helper=" "-c" "credential.helper=/workspace/cargo-home/bin/git-credential-null" "clone" "--bare" "https://github.com/imalsogreg/advent-of-code-2022" "/workspace/cache/git-repos/https%3A%2F%2Fgithub.com%2Fimalsogreg%2Fadvent-of-code-2022", kill_on_drop: false }`
[INFO] [stderr] Cloning into bare repository '/workspace/cache/git-repos/https%3A%2F%2Fgithub.com%2Fimalsogreg%2Fadvent-of-code-2022'...
[INFO] running `Command { std: "git" "rev-parse" "HEAD", kill_on_drop: false }`
[INFO] [stdout] 5303c6d3ab89ee6dc58a2b660bc2c0abb8f26ce3
[INFO] testing imalsogreg/advent-of-code-2022 against 1.83.0 for beta-1.84.0-4-retry
[INFO] running `Command { std: "git" "clone" "/workspace/cache/git-repos/https%3A%2F%2Fgithub.com%2Fimalsogreg%2Fadvent-of-code-2022" "/workspace/builds/worker-6-tc1/source", kill_on_drop: false }`
[INFO] [stderr] Cloning into '/workspace/builds/worker-6-tc1/source'...
[INFO] [stderr] done.
[INFO] validating manifest of git repo https://github.com/imalsogreg/advent-of-code-2022 on toolchain 1.83.0
[INFO] running `Command { std: CARGO_HOME="/workspace/cargo-home" RUSTUP_HOME="/workspace/rustup-home" "/workspace/cargo-home/bin/cargo" "+1.83.0" "metadata" "--manifest-path" "Cargo.toml" "--no-deps", kill_on_drop: false }`
[INFO] started tweaking git repo https://github.com/imalsogreg/advent-of-code-2022
[INFO] finished tweaking git repo https://github.com/imalsogreg/advent-of-code-2022
[INFO] tweaked toml for git repo https://github.com/imalsogreg/advent-of-code-2022 written to /workspace/builds/worker-6-tc1/source/Cargo.toml
[INFO] crate git repo https://github.com/imalsogreg/advent-of-code-2022 already has a lockfile, it will not be regenerated
[INFO] running `Command { std: CARGO_HOME="/workspace/cargo-home" RUSTUP_HOME="/workspace/rustup-home" "/workspace/cargo-home/bin/cargo" "+1.83.0" "fetch" "--manifest-path" "Cargo.toml", kill_on_drop: false }`
[INFO] running `Command { std: "docker" "create" "-v" "/var/lib/crater-agent-workspace/builds/worker-6-tc1/target:/opt/rustwide/target:rw,Z" "-v" "/var/lib/crater-agent-workspace/builds/worker-6-tc1/source:/opt/rustwide/workdir:ro,Z" "-v" "/var/lib/crater-agent-workspace/cargo-home:/opt/rustwide/cargo-home:ro,Z" "-v" "/var/lib/crater-agent-workspace/rustup-home:/opt/rustwide/rustup-home:ro,Z" "-e" "SOURCE_DIR=/opt/rustwide/workdir" "-e" "CARGO_TARGET_DIR=/opt/rustwide/target" "-e" "CARGO_HOME=/opt/rustwide/cargo-home" "-e" "RUSTUP_HOME=/opt/rustwide/rustup-home" "-w" "/opt/rustwide/workdir" "-m" "1610612736" "--user" "0:0" "--network" "none" "ghcr.io/rust-lang/crates-build-env/linux@sha256:f3a9d4ad9d972b27faf3965f35b62e55ba32bbce8f20bc8fe909558a86702fde" "/opt/rustwide/cargo-home/bin/cargo" "+1.83.0" "metadata" "--no-deps" "--format-version=1", kill_on_drop: false }`
[INFO] [stdout] 180d72d6d30a5c961ecd2150d8f1c23b2e5eb2fdb79a17588431d5eee1b44a8b
[INFO] running `Command { std: "docker" "start" "-a" "180d72d6d30a5c961ecd2150d8f1c23b2e5eb2fdb79a17588431d5eee1b44a8b", kill_on_drop: false }`
[INFO] running `Command { std: "docker" "inspect" "180d72d6d30a5c961ecd2150d8f1c23b2e5eb2fdb79a17588431d5eee1b44a8b", kill_on_drop: false }`
[INFO] running `Command { std: "docker" "rm" "-f" "180d72d6d30a5c961ecd2150d8f1c23b2e5eb2fdb79a17588431d5eee1b44a8b", kill_on_drop: false }`
[INFO] [stdout] 180d72d6d30a5c961ecd2150d8f1c23b2e5eb2fdb79a17588431d5eee1b44a8b
[INFO] running `Command { std: "docker" "create" "-v" "/var/lib/crater-agent-workspace/builds/worker-6-tc1/target:/opt/rustwide/target:rw,Z" "-v" "/var/lib/crater-agent-workspace/builds/worker-6-tc1/source:/opt/rustwide/workdir:ro,Z" "-v" "/var/lib/crater-agent-workspace/cargo-home:/opt/rustwide/cargo-home:ro,Z" "-v" "/var/lib/crater-agent-workspace/rustup-home:/opt/rustwide/rustup-home:ro,Z" "-e" "SOURCE_DIR=/opt/rustwide/workdir" "-e" "CARGO_TARGET_DIR=/opt/rustwide/target" "-e" "CARGO_INCREMENTAL=0" "-e" "RUST_BACKTRACE=full" "-e" "RUSTFLAGS=--cap-lints=warn" "-e" "RUSTDOCFLAGS=--cap-lints=warn" "-e" "CARGO_HOME=/opt/rustwide/cargo-home" "-e" "RUSTUP_HOME=/opt/rustwide/rustup-home" "-w" "/opt/rustwide/workdir" "-m" "1610612736" "--user" "0:0" "--network" "none" "ghcr.io/rust-lang/crates-build-env/linux@sha256:f3a9d4ad9d972b27faf3965f35b62e55ba32bbce8f20bc8fe909558a86702fde" "/opt/rustwide/cargo-home/bin/cargo" "+1.83.0" "build" "--frozen" "--message-format=json", kill_on_drop: false }`
[INFO] [stdout] 53aa21cb49ae34cc51633927c0e172cb7583272dae803e198568e1d5cf5d7823
[INFO] running `Command { std: "docker" "start" "-a" "53aa21cb49ae34cc51633927c0e172cb7583272dae803e198568e1d5cf5d7823", kill_on_drop: false }`
[INFO] [stderr]    Compiling aoc v0.1.0 (/opt/rustwide/workdir)
[INFO] [stdout] warning: unused import: `std::path::Path`
[INFO] [stdout]  --> src/puzzle_01.rs:4:5
[INFO] [stdout]   |
[INFO] [stdout] 4 | use std::path::Path;
[INFO] [stdout]   |     ^^^^^^^^^^^^^^^
[INFO] [stdout]   |
[INFO] [stdout]   = note: `#[warn(unused_imports)]` on by default
[INFO] [stdout] 
[INFO] [stdout] 
[INFO] [stdout] warning: unused import: `std::path::Path`
[INFO] [stdout]  --> src/puzzle_02.rs:4:5
[INFO] [stdout]   |
[INFO] [stdout] 4 | use std::path::Path;
[INFO] [stdout]   |     ^^^^^^^^^^^^^^^
[INFO] [stdout] 
[INFO] [stdout] 
[INFO] [stdout] warning: unused import: `std::collections::HashSet`
[INFO] [stdout]  --> src/puzzle_04.rs:1:5
[INFO] [stdout]   |
[INFO] [stdout] 1 | use std::collections::HashSet;
[INFO] [stdout]   |     ^^^^^^^^^^^^^^^^^^^^^^^^^
[INFO] [stdout] 
[INFO] [stdout] 
[INFO] [stdout] warning: unused import: `std::char`
[INFO] [stdout]  --> src/puzzle_04.rs:3:5
[INFO] [stdout]   |
[INFO] [stdout] 3 | use std::char;
[INFO] [stdout]   |     ^^^^^^^^^
[INFO] [stdout] 
[INFO] [stdout] 
[INFO] [stdout] warning: unused import: `std::collections::hash_map::RandomState`
[INFO] [stdout]  --> src/puzzle_04.rs:6:5
[INFO] [stdout]   |
[INFO] [stdout] 6 | use std::collections::hash_map::RandomState;
[INFO] [stdout]   |     ^^^^^^^^^^^^^^^^^^^^^^^^^^^^^^^^^^^^^^^
[INFO] [stdout] 
[INFO] [stdout] 
[INFO] [stdout] warning: unused import: `std::collections::HashSet`
[INFO] [stdout]  --> src/puzzle_05.rs:1:5
[INFO] [stdout]   |
[INFO] [stdout] 1 | use std::collections::HashSet;
[INFO] [stdout]   |     ^^^^^^^^^^^^^^^^^^^^^^^^^
[INFO] [stdout] 
[INFO] [stdout] 
[INFO] [stdout] warning: unused import: `self`
[INFO] [stdout]  --> src/puzzle_05.rs:4:15
[INFO] [stdout]   |
[INFO] [stdout] 4 | use std::io::{self, BufRead};
[INFO] [stdout]   |               ^^^^
[INFO] [stdout] 
[INFO] [stdout] 
[INFO] [stdout] warning: unused import: `std::collections::hash_map::RandomState`
[INFO] [stdout]  --> src/puzzle_05.rs:6:5
[INFO] [stdout]   |
[INFO] [stdout] 6 | use std::collections::hash_map::RandomState;
[INFO] [stdout]   |     ^^^^^^^^^^^^^^^^^^^^^^^^^^^^^^^^^^^^^^^
[INFO] [stdout] 
[INFO] [stdout] 
[INFO] [stdout] warning: unused import: `std::fs`
[INFO] [stdout]  --> src/puzzle_06.rs:1:5
[INFO] [stdout]   |
[INFO] [stdout] 1 | use std::fs;
[INFO] [stdout]   |     ^^^^^^^
[INFO] [stdout] 
[INFO] [stdout] 
[INFO] [stdout] warning: unused import: `BufRead`
[INFO] [stdout]  --> src/puzzle_05.rs:4:21
[INFO] [stdout]   |
[INFO] [stdout] 4 | use std::io::{self, BufRead};
[INFO] [stdout]   |                     ^^^^^^^
[INFO] [stdout] 
[INFO] [stdout] 
[INFO] [stdout] warning: unused variable: `entry`
[INFO] [stdout]    --> src/puzzle_02.rs:132:26
[INFO] [stdout]     |
[INFO] [stdout] 132 |   pub fn step(&mut self, entry: &Entry) {
[INFO] [stdout]     |                          ^^^^^ help: if this is intentional, prefix it with an underscore: `_entry`
[INFO] [stdout]     |
[INFO] [stdout]     = note: `#[warn(unused_variables)]` on by default
[INFO] [stdout] 
[INFO] [stdout] 
[INFO] [stdout] warning: unused variable: `c`
[INFO] [stdout]   --> src/puzzle_03.rs:21:27
[INFO] [stdout]    |
[INFO] [stdout] 21 |         if s.chars().all(|c| s.is_ascii()) {
[INFO] [stdout]    |                           ^ help: if this is intentional, prefix it with an underscore: `_c`
[INFO] [stdout] 
[INFO] [stdout] 
[INFO] [stdout] warning: constant `input_file` is never used
[INFO] [stdout]  --> src/puzzle_01.rs:6:7
[INFO] [stdout]   |
[INFO] [stdout] 6 | const input_file : &'static str = "inputs/puzzle_1.txt";
[INFO] [stdout]   |       ^^^^^^^^^^
[INFO] [stdout]   |
[INFO] [stdout]   = note: `#[warn(dead_code)]` on by default
[INFO] [stdout] 
[INFO] [stdout] 
[INFO] [stdout] warning: constant `fake_input_file` is never used
[INFO] [stdout]  --> src/puzzle_01.rs:7:7
[INFO] [stdout]   |
[INFO] [stdout] 7 | const fake_input_file : &'static str = "inputs/puzzle_1_fake.txt";
[INFO] [stdout]   |       ^^^^^^^^^^^^^^^
[INFO] [stdout] 
[INFO] [stdout] 
[INFO] [stdout] warning: struct `State` is never constructed
[INFO] [stdout]   --> src/puzzle_01.rs:31:8
[INFO] [stdout]    |
[INFO] [stdout] 31 | struct State {
[INFO] [stdout]    |        ^^^^^
[INFO] [stdout] 
[INFO] [stdout] 
[INFO] [stdout] warning: associated items `new`, `step`, and `update_leader` are never used
[INFO] [stdout]   --> src/puzzle_01.rs:40:10
[INFO] [stdout]    |
[INFO] [stdout] 38 | impl State {
[INFO] [stdout]    | ---------- associated items in this implementation
[INFO] [stdout] 39 |
[INFO] [stdout] 40 |   pub fn new() -> State {
[INFO] [stdout]    |          ^^^
[INFO] [stdout] ...
[INFO] [stdout] 45 |   pub fn step(&mut self, entry: &Entry) {
[INFO] [stdout]    |          ^^^^
[INFO] [stdout] ...
[INFO] [stdout] 60 |   pub fn update_leader(&mut self) {
[INFO] [stdout]    |          ^^^^^^^^^^^^^
[INFO] [stdout] 
[INFO] [stdout] 
[INFO] [stdout] warning: function `run` is never used
[INFO] [stdout]   --> src/puzzle_01.rs:69:8
[INFO] [stdout]    |
[INFO] [stdout] 69 | pub fn run<'a, I>(lines: I) -> Result<(i32, i32), &'static str>
[INFO] [stdout]    |        ^^^
[INFO] [stdout] 
[INFO] [stdout] 
[INFO] [stdout] warning: function `file_lines` is never used
[INFO] [stdout]   --> src/puzzle_01.rs:89:8
[INFO] [stdout]    |
[INFO] [stdout] 89 | pub fn file_lines(path: &str) -> Box<dyn Iterator<Item = String>> {
[INFO] [stdout]    |        ^^^^^^^^^^
[INFO] [stdout] 
[INFO] [stdout] 
[INFO] [stdout] warning: struct `State2` is never constructed
[INFO] [stdout]   --> src/puzzle_01.rs:96:8
[INFO] [stdout]    |
[INFO] [stdout] 96 | struct State2 {
[INFO] [stdout]    |        ^^^^^^
[INFO] [stdout] 
[INFO] [stdout] 
[INFO] [stdout] warning: associated items `new`, `step`, and `top_3_sum` are never used
[INFO] [stdout]    --> src/puzzle_01.rs:102:10
[INFO] [stdout]     |
[INFO] [stdout] 101 | impl State2 {
[INFO] [stdout]     | ----------- associated items in this implementation
[INFO] [stdout] 102 |   pub fn new() -> State2 {
[INFO] [stdout]     |          ^^^
[INFO] [stdout] ...
[INFO] [stdout] 106 |   pub fn step(&mut self, entry: &Entry) {
[INFO] [stdout]     |          ^^^^
[INFO] [stdout] ...
[INFO] [stdout] 118 |   pub fn top_3_sum(self) -> i32 {
[INFO] [stdout]     |          ^^^^^^^^^
[INFO] [stdout] 
[INFO] [stdout] 
[INFO] [stdout] warning: constant `input_file` is never used
[INFO] [stdout]  --> src/puzzle_02.rs:6:7
[INFO] [stdout]   |
[INFO] [stdout] 6 | const input_file : &'static str = "inputs/puzzle_2.txt";
[INFO] [stdout]   |       ^^^^^^^^^^
[INFO] [stdout] 
[INFO] [stdout] 
[INFO] [stdout] warning: constant `fake_input_file` is never used
[INFO] [stdout]  --> src/puzzle_02.rs:7:7
[INFO] [stdout]   |
[INFO] [stdout] 7 | const fake_input_file : &'static str = "inputs/puzzle_2_fake.txt";
[INFO] [stdout]   |       ^^^^^^^^^^^^^^^
[INFO] [stdout] 
[INFO] [stdout] 
[INFO] [stdout] warning: method `score` is never used
[INFO] [stdout]   --> src/puzzle_02.rs:24:10
[INFO] [stdout]    |
[INFO] [stdout] 23 | impl Entry {
[INFO] [stdout]    | ---------- method in this implementation
[INFO] [stdout] 24 |   pub fn score(&self) -> u32 {
[INFO] [stdout]    |          ^^^^^
[INFO] [stdout] 
[INFO] [stdout] 
[INFO] [stdout] warning: struct `State` is never constructed
[INFO] [stdout]   --> src/puzzle_02.rs:80:8
[INFO] [stdout]    |
[INFO] [stdout] 80 | struct State {
[INFO] [stdout]    |        ^^^^^
[INFO] [stdout] 
[INFO] [stdout] 
[INFO] [stdout] warning: associated items `new` and `step` are never used
[INFO] [stdout]   --> src/puzzle_02.rs:86:10
[INFO] [stdout]    |
[INFO] [stdout] 84 | impl State {
[INFO] [stdout]    | ---------- associated items in this implementation
[INFO] [stdout] 85 |
[INFO] [stdout] 86 |   pub fn new() -> State {
[INFO] [stdout]    |          ^^^
[INFO] [stdout] ...
[INFO] [stdout] 91 |   pub fn step(&mut self, entry: &Entry) {
[INFO] [stdout]    |          ^^^^
[INFO] [stdout] 
[INFO] [stdout] 
[INFO] [stdout] warning: function `run` is never used
[INFO] [stdout]   --> src/puzzle_02.rs:97:8
[INFO] [stdout]    |
[INFO] [stdout] 97 | pub fn run<'a, I>(lines: I) -> Result<(u32, u32), &'static str>
[INFO] [stdout]    |        ^^^
[INFO] [stdout] 
[INFO] [stdout] 
[INFO] [stdout] warning: function `file_lines` is never used
[INFO] [stdout]    --> src/puzzle_02.rs:116:8
[INFO] [stdout]     |
[INFO] [stdout] 116 | pub fn file_lines(path: &str) -> Box<dyn Iterator<Item = String>> {
[INFO] [stdout]     |        ^^^^^^^^^^
[INFO] [stdout] 
[INFO] [stdout] 
[INFO] [stdout] warning: struct `State2` is never constructed
[INFO] [stdout]    --> src/puzzle_02.rs:123:8
[INFO] [stdout]     |
[INFO] [stdout] 123 | struct State2 {
[INFO] [stdout]     |        ^^^^^^
[INFO] [stdout] 
[INFO] [stdout] 
[INFO] [stdout] warning: associated items `new` and `step` are never used
[INFO] [stdout]    --> src/puzzle_02.rs:128:10
[INFO] [stdout]     |
[INFO] [stdout] 127 | impl State2 {
[INFO] [stdout]     | ----------- associated items in this implementation
[INFO] [stdout] 128 |   pub fn new() -> State2 {
[INFO] [stdout]     |          ^^^
[INFO] [stdout] ...
[INFO] [stdout] 132 |   pub fn step(&mut self, entry: &Entry) {
[INFO] [stdout]     |          ^^^^
[INFO] [stdout] 
[INFO] [stdout] 
[INFO] [stdout] warning: constant `input_file` is never used
[INFO] [stdout]  --> src/puzzle_03.rs:7:7
[INFO] [stdout]   |
[INFO] [stdout] 7 | const input_file : &'static str = "inputs/puzzle_3.txt";
[INFO] [stdout]   |       ^^^^^^^^^^
[INFO] [stdout] 
[INFO] [stdout] 
[INFO] [stdout] warning: method `priority` is never used
[INFO] [stdout]   --> src/puzzle_03.rs:34:12
[INFO] [stdout]    |
[INFO] [stdout] 33 | impl Item {
[INFO] [stdout]    | --------- method in this implementation
[INFO] [stdout] 34 |     pub fn priority(&self) -> i32 {
[INFO] [stdout]    |            ^^^^^^^^
[INFO] [stdout] 
[INFO] [stdout] 
[INFO] [stdout] warning: method `misplaced_item` is never used
[INFO] [stdout]   --> src/puzzle_03.rs:51:12
[INFO] [stdout]    |
[INFO] [stdout] 50 | impl Rucksack {
[INFO] [stdout]    | ------------- method in this implementation
[INFO] [stdout] 51 |     pub fn misplaced_item(&self) -> Result<Item, &'static str> {
[INFO] [stdout]    |            ^^^^^^^^^^^^^^
[INFO] [stdout] 
[INFO] [stdout] 
[INFO] [stdout] warning: function `file_lines` is never used
[INFO] [stdout]   --> src/puzzle_03.rs:66:8
[INFO] [stdout]    |
[INFO] [stdout] 66 | pub fn file_lines(path: &str) -> Box<dyn Iterator<Item = String>> {
[INFO] [stdout]    |        ^^^^^^^^^^
[INFO] [stdout] 
[INFO] [stdout] 
[INFO] [stdout] warning: function `run` is never used
[INFO] [stdout]   --> src/puzzle_03.rs:72:8
[INFO] [stdout]    |
[INFO] [stdout] 72 | pub fn run<'a, I>(lines: I) -> Result<i32, &'static str>
[INFO] [stdout]    |        ^^^
[INFO] [stdout] 
[INFO] [stdout] 
[INFO] [stdout] warning: function `run_2` is never used
[INFO] [stdout]   --> src/puzzle_03.rs:83:8
[INFO] [stdout]    |
[INFO] [stdout] 83 | pub fn run_2<'a, I>(mut lines: I) -> Result<i32, &'static str>
[INFO] [stdout]    |        ^^^^^
[INFO] [stdout] 
[INFO] [stdout] 
[INFO] [stdout] warning: constant `input_file` is never used
[INFO] [stdout]  --> src/puzzle_04.rs:8:7
[INFO] [stdout]   |
[INFO] [stdout] 8 | const input_file : &'static str = "inputs/puzzle_4.txt";
[INFO] [stdout]   |       ^^^^^^^^^^
[INFO] [stdout] 
[INFO] [stdout] 
[INFO] [stdout] warning: method `contains` is never used
[INFO] [stdout]   --> src/puzzle_04.rs:43:12
[INFO] [stdout]    |
[INFO] [stdout] 42 | impl Assignment {
[INFO] [stdout]    | --------------- method in this implementation
[INFO] [stdout] 43 |     pub fn contains(&self, other: &Assignment) -> bool {
[INFO] [stdout]    |            ^^^^^^^^
[INFO] [stdout] 
[INFO] [stdout] 
[INFO] [stdout] warning: methods `has_full_containment` and `has_some_overlap` are never used
[INFO] [stdout]   --> src/puzzle_04.rs:49:12
[INFO] [stdout]    |
[INFO] [stdout] 48 | impl Pair {
[INFO] [stdout]    | --------- methods in this implementation
[INFO] [stdout] 49 |     pub fn has_full_containment(&self) -> bool {
[INFO] [stdout]    |            ^^^^^^^^^^^^^^^^^^^^
[INFO] [stdout] ...
[INFO] [stdout] 53 |     pub fn has_some_overlap(&self) -> bool {
[INFO] [stdout]    |            ^^^^^^^^^^^^^^^^
[INFO] [stdout] 
[INFO] [stdout] 
[INFO] [stdout] warning: function `file_lines` is never used
[INFO] [stdout]   --> src/puzzle_04.rs:62:8
[INFO] [stdout]    |
[INFO] [stdout] 62 | pub fn file_lines(path: &str) -> Box<dyn Iterator<Item = String>> {
[INFO] [stdout]    |        ^^^^^^^^^^
[INFO] [stdout] 
[INFO] [stdout] 
[INFO] [stdout] warning: constant `input_file_stacks` is never used
[INFO] [stdout]  --> src/puzzle_05.rs:8:7
[INFO] [stdout]   |
[INFO] [stdout] 8 | const input_file_stacks : &'static str = "inputs/puzzle_5_stacks.txt";
[INFO] [stdout]   |       ^^^^^^^^^^^^^^^^^
[INFO] [stdout] 
[INFO] [stdout] 
[INFO] [stdout] warning: constant `input_file_moves` is never used
[INFO] [stdout]  --> src/puzzle_05.rs:9:7
[INFO] [stdout]   |
[INFO] [stdout] 9 | const input_file_moves : &'static str = "inputs/puzzle_5_moves.txt";
[INFO] [stdout]   |       ^^^^^^^^^^^^^^^^
[INFO] [stdout] 
[INFO] [stdout] 
[INFO] [stdout] warning: field `stacks` is never read
[INFO] [stdout]   --> src/puzzle_05.rs:14:5
[INFO] [stdout]    |
[INFO] [stdout] 13 | struct State {
[INFO] [stdout]    |        ----- field in this struct
[INFO] [stdout] 14 |     stacks: Vec<Vec<char>>
[INFO] [stdout]    |     ^^^^^^
[INFO] [stdout]    |
[INFO] [stdout]    = note: `State` has a derived impl for the trait `Debug`, but this is intentionally ignored during dead code analysis
[INFO] [stdout] 
[INFO] [stdout] 
[INFO] [stdout] warning: associated items `new`, `apply_1`, and `apply_2` are never used
[INFO] [stdout]   --> src/puzzle_05.rs:18:12
[INFO] [stdout]    |
[INFO] [stdout] 17 | impl State {
[INFO] [stdout]    | ---------- associated items in this implementation
[INFO] [stdout] 18 |     pub fn new() -> State {
[INFO] [stdout]    |            ^^^
[INFO] [stdout] ...
[INFO] [stdout] 30 |     pub fn apply_1(&mut self, instruction: &Instruction) {
[INFO] [stdout]    |            ^^^^^^^
[INFO] [stdout] ...
[INFO] [stdout] 39 |     pub fn apply_2(&mut self, instruction: &Instruction) {
[INFO] [stdout]    |            ^^^^^^^
[INFO] [stdout] 
[INFO] [stdout] 
[INFO] [stdout] warning: fields `n_boxes`, `source`, and `destination` are never read
[INFO] [stdout]   --> src/puzzle_05.rs:81:5
[INFO] [stdout]    |
[INFO] [stdout] 80 | struct Instruction {
[INFO] [stdout]    |        ----------- fields in this struct
[INFO] [stdout] 81 |     n_boxes: u8,
[INFO] [stdout]    |     ^^^^^^^
[INFO] [stdout] 82 |     source: usize,
[INFO] [stdout]    |     ^^^^^^
[INFO] [stdout] 83 |     destination: usize,
[INFO] [stdout]    |     ^^^^^^^^^^^
[INFO] [stdout]    |
[INFO] [stdout]    = note: `Instruction` has derived impls for the traits `Debug` and `Clone`, but these are intentionally ignored during dead code analysis
[INFO] [stdout] 
[INFO] [stdout] 
[INFO] [stdout] warning: struct `Problem` is never constructed
[INFO] [stdout]   --> src/puzzle_05.rs:87:8
[INFO] [stdout]    |
[INFO] [stdout] 87 | struct Problem {
[INFO] [stdout]    |        ^^^^^^^
[INFO] [stdout] 
[INFO] [stdout] 
[INFO] [stdout] warning: associated items `load`, `solve_1`, and `solve_2` are never used
[INFO] [stdout]    --> src/puzzle_05.rs:95:12
[INFO] [stdout]     |
[INFO] [stdout] 94  | impl Problem {
[INFO] [stdout]     | ------------ associated items in this implementation
[INFO] [stdout] 95  |     pub fn load(state_path: &str, moves_path: &str) -> Problem {
[INFO] [stdout]     |            ^^^^
[INFO] [stdout] ...
[INFO] [stdout] 108 |     pub fn solve_1(mut self) -> Vec<char> {
[INFO] [stdout]     |            ^^^^^^^
[INFO] [stdout] ...
[INFO] [stdout] 115 |     pub fn solve_2(mut self) -> Vec<char> {
[INFO] [stdout]     |            ^^^^^^^
[INFO] [stdout] 
[INFO] [stdout] 
[INFO] [stdout] warning: constant `input_file` is never used
[INFO] [stdout]  --> src/puzzle_06.rs:7:7
[INFO] [stdout]   |
[INFO] [stdout] 7 | const input_file : &'static str = "inputs/puzzle_6.txt";
[INFO] [stdout]   |       ^^^^^^^^^^
[INFO] [stdout] 
[INFO] [stdout] 
[INFO] [stdout] warning: struct `CircBuf4` is never constructed
[INFO] [stdout]  --> src/puzzle_06.rs:9:12
[INFO] [stdout]   |
[INFO] [stdout] 9 | pub struct CircBuf4 {
[INFO] [stdout]   |            ^^^^^^^^
[INFO] [stdout] 
[INFO] [stdout] 
[INFO] [stdout] warning: associated items `new`, `push`, and `all_unique` are never used
[INFO] [stdout]   --> src/puzzle_06.rs:15:12
[INFO] [stdout]    |
[INFO] [stdout] 14 | impl CircBuf4 {
[INFO] [stdout]    | ------------- associated items in this implementation
[INFO] [stdout] 15 |     pub fn new() -> Self {
[INFO] [stdout]    |            ^^^
[INFO] [stdout] ...
[INFO] [stdout] 22 |     pub fn push(&mut self, c: char) {
[INFO] [stdout]    |            ^^^^
[INFO] [stdout] ...
[INFO] [stdout] 31 |     pub fn all_unique(&self) -> bool {
[INFO] [stdout]    |            ^^^^^^^^^^
[INFO] [stdout] 
[INFO] [stdout] 
[INFO] [stdout] warning: struct `CircBuf14` is never constructed
[INFO] [stdout]   --> src/puzzle_06.rs:37:12
[INFO] [stdout]    |
[INFO] [stdout] 37 | pub struct CircBuf14 {
[INFO] [stdout]    |            ^^^^^^^^^
[INFO] [stdout] 
[INFO] [stdout] 
[INFO] [stdout] warning: associated items `new`, `push`, and `all_unique` are never used
[INFO] [stdout]   --> src/puzzle_06.rs:43:12
[INFO] [stdout]    |
[INFO] [stdout] 42 | impl CircBuf14 {
[INFO] [stdout]    | -------------- associated items in this implementation
[INFO] [stdout] 43 |     pub fn new() -> Self {
[INFO] [stdout]    |            ^^^
[INFO] [stdout] ...
[INFO] [stdout] 50 |     pub fn push(&mut self, c: char) {
[INFO] [stdout]    |            ^^^^
[INFO] [stdout] ...
[INFO] [stdout] 59 |     pub fn all_unique(&self) -> bool {
[INFO] [stdout]    |            ^^^^^^^^^^
[INFO] [stdout] 
[INFO] [stdout] 
[INFO] [stdout] warning: function `find_start_sequence` is never used
[INFO] [stdout]   --> src/puzzle_06.rs:65:8
[INFO] [stdout]    |
[INFO] [stdout] 65 | pub fn find_start_sequence(s: &str) -> u32 {
[INFO] [stdout]    |        ^^^^^^^^^^^^^^^^^^^
[INFO] [stdout] 
[INFO] [stdout] 
[INFO] [stdout] warning: function `find_start_sequence_2` is never used
[INFO] [stdout]   --> src/puzzle_06.rs:78:8
[INFO] [stdout]    |
[INFO] [stdout] 78 | pub fn find_start_sequence_2(s: &str) -> u32 {
[INFO] [stdout]    |        ^^^^^^^^^^^^^^^^^^^^^
[INFO] [stdout] 
[INFO] [stdout] 
[INFO] [stdout] warning: constant `input_file` should have an upper case name
[INFO] [stdout]  --> src/puzzle_01.rs:6:7
[INFO] [stdout]   |
[INFO] [stdout] 6 | const input_file : &'static str = "inputs/puzzle_1.txt";
[INFO] [stdout]   |       ^^^^^^^^^^ help: convert the identifier to upper case: `INPUT_FILE`
[INFO] [stdout]   |
[INFO] [stdout]   = note: `#[warn(non_upper_case_globals)]` on by default
[INFO] [stdout] 
[INFO] [stdout] 
[INFO] [stdout] warning: constant `fake_input_file` should have an upper case name
[INFO] [stdout]  --> src/puzzle_01.rs:7:7
[INFO] [stdout]   |
[INFO] [stdout] 7 | const fake_input_file : &'static str = "inputs/puzzle_1_fake.txt";
[INFO] [stdout]   |       ^^^^^^^^^^^^^^^ help: convert the identifier to upper case: `FAKE_INPUT_FILE`
[INFO] [stdout] 
[INFO] [stdout] 
[INFO] [stdout] warning: constant `input_file` should have an upper case name
[INFO] [stdout]  --> src/puzzle_02.rs:6:7
[INFO] [stdout]   |
[INFO] [stdout] 6 | const input_file : &'static str = "inputs/puzzle_2.txt";
[INFO] [stdout]   |       ^^^^^^^^^^ help: convert the identifier to upper case: `INPUT_FILE`
[INFO] [stdout] 
[INFO] [stdout] 
[INFO] [stdout] warning: constant `fake_input_file` should have an upper case name
[INFO] [stdout]  --> src/puzzle_02.rs:7:7
[INFO] [stdout]   |
[INFO] [stdout] 7 | const fake_input_file : &'static str = "inputs/puzzle_2_fake.txt";
[INFO] [stdout]   |       ^^^^^^^^^^^^^^^ help: convert the identifier to upper case: `FAKE_INPUT_FILE`
[INFO] [stdout] 
[INFO] [stdout] 
[INFO] [stdout] warning: constant `input_file` should have an upper case name
[INFO] [stdout]  --> src/puzzle_03.rs:7:7
[INFO] [stdout]   |
[INFO] [stdout] 7 | const input_file : &'static str = "inputs/puzzle_3.txt";
[INFO] [stdout]   |       ^^^^^^^^^^ help: convert the identifier to upper case: `INPUT_FILE`
[INFO] [stdout] 
[INFO] [stdout] 
[INFO] [stdout] warning: constant `input_file` should have an upper case name
[INFO] [stdout]  --> src/puzzle_04.rs:8:7
[INFO] [stdout]   |
[INFO] [stdout] 8 | const input_file : &'static str = "inputs/puzzle_4.txt";
[INFO] [stdout]   |       ^^^^^^^^^^ help: convert the identifier to upper case: `INPUT_FILE`
[INFO] [stdout] 
[INFO] [stdout] 
[INFO] [stdout] warning: constant `input_file_stacks` should have an upper case name
[INFO] [stdout]  --> src/puzzle_05.rs:8:7
[INFO] [stdout]   |
[INFO] [stdout] 8 | const input_file_stacks : &'static str = "inputs/puzzle_5_stacks.txt";
[INFO] [stdout]   |       ^^^^^^^^^^^^^^^^^ help: convert the identifier to upper case: `INPUT_FILE_STACKS`
[INFO] [stdout] 
[INFO] [stdout] 
[INFO] [stdout] warning: constant `input_file_moves` should have an upper case name
[INFO] [stdout]  --> src/puzzle_05.rs:9:7
[INFO] [stdout]   |
[INFO] [stdout] 9 | const input_file_moves : &'static str = "inputs/puzzle_5_moves.txt";
[INFO] [stdout]   |       ^^^^^^^^^^^^^^^^ help: convert the identifier to upper case: `INPUT_FILE_MOVES`
[INFO] [stdout] 
[INFO] [stdout] 
[INFO] [stdout] warning: constant `input_file` should have an upper case name
[INFO] [stdout]  --> src/puzzle_06.rs:7:7
[INFO] [stdout]   |
[INFO] [stdout] 7 | const input_file : &'static str = "inputs/puzzle_6.txt";
[INFO] [stdout]   |       ^^^^^^^^^^ help: convert the identifier to upper case: `INPUT_FILE`
[INFO] [stdout] 
[INFO] [stdout] 
[INFO] [stderr]     Finished `dev` profile [unoptimized + debuginfo] target(s) in 0.44s
[INFO] running `Command { std: "docker" "inspect" "53aa21cb49ae34cc51633927c0e172cb7583272dae803e198568e1d5cf5d7823", kill_on_drop: false }`
[INFO] running `Command { std: "docker" "rm" "-f" "53aa21cb49ae34cc51633927c0e172cb7583272dae803e198568e1d5cf5d7823", kill_on_drop: false }`
[INFO] [stdout] 53aa21cb49ae34cc51633927c0e172cb7583272dae803e198568e1d5cf5d7823
[INFO] running `Command { std: "docker" "create" "-v" "/var/lib/crater-agent-workspace/builds/worker-6-tc1/target:/opt/rustwide/target:rw,Z" "-v" "/var/lib/crater-agent-workspace/builds/worker-6-tc1/source:/opt/rustwide/workdir:ro,Z" "-v" "/var/lib/crater-agent-workspace/cargo-home:/opt/rustwide/cargo-home:ro,Z" "-v" "/var/lib/crater-agent-workspace/rustup-home:/opt/rustwide/rustup-home:ro,Z" "-e" "SOURCE_DIR=/opt/rustwide/workdir" "-e" "CARGO_TARGET_DIR=/opt/rustwide/target" "-e" "CARGO_INCREMENTAL=0" "-e" "RUST_BACKTRACE=full" "-e" "RUSTFLAGS=--cap-lints=warn" "-e" "RUSTDOCFLAGS=--cap-lints=warn" "-e" "CARGO_HOME=/opt/rustwide/cargo-home" "-e" "RUSTUP_HOME=/opt/rustwide/rustup-home" "-w" "/opt/rustwide/workdir" "-m" "1610612736" "--user" "0:0" "--network" "none" "ghcr.io/rust-lang/crates-build-env/linux@sha256:f3a9d4ad9d972b27faf3965f35b62e55ba32bbce8f20bc8fe909558a86702fde" "/opt/rustwide/cargo-home/bin/cargo" "+1.83.0" "test" "--frozen" "--no-run" "--message-format=json", kill_on_drop: false }`
[INFO] [stdout] 69053352a3264a054ba2306f8b97f482db72b2816e2c9477804cc6f338235e04
[INFO] running `Command { std: "docker" "start" "-a" "69053352a3264a054ba2306f8b97f482db72b2816e2c9477804cc6f338235e04", kill_on_drop: false }`
[INFO] [stderr]    Compiling aoc v0.1.0 (/opt/rustwide/workdir)
[INFO] [stdout] warning: unused import: `std::path::Path`
[INFO] [stdout]  --> src/puzzle_01.rs:4:5
[INFO] [stdout]   |
[INFO] [stdout] 4 | use std::path::Path;
[INFO] [stdout]   |     ^^^^^^^^^^^^^^^
[INFO] [stdout]   |
[INFO] [stdout]   = note: `#[warn(unused_imports)]` on by default
[INFO] [stdout] 
[INFO] [stdout] 
[INFO] [stdout] warning: unused import: `std::path::Path`
[INFO] [stdout]  --> src/puzzle_02.rs:4:5
[INFO] [stdout]   |
[INFO] [stdout] 4 | use std::path::Path;
[INFO] [stdout]   |     ^^^^^^^^^^^^^^^
[INFO] [stdout] 
[INFO] [stdout] 
[INFO] [stdout] warning: unused import: `std::collections::HashSet`
[INFO] [stdout]  --> src/puzzle_04.rs:1:5
[INFO] [stdout]   |
[INFO] [stdout] 1 | use std::collections::HashSet;
[INFO] [stdout]   |     ^^^^^^^^^^^^^^^^^^^^^^^^^
[INFO] [stdout] 
[INFO] [stdout] 
[INFO] [stdout] warning: unused import: `std::char`
[INFO] [stdout]  --> src/puzzle_04.rs:3:5
[INFO] [stdout]   |
[INFO] [stdout] 3 | use std::char;
[INFO] [stdout]   |     ^^^^^^^^^
[INFO] [stdout] 
[INFO] [stdout] 
[INFO] [stdout] warning: unused import: `std::collections::hash_map::RandomState`
[INFO] [stdout]  --> src/puzzle_04.rs:6:5
[INFO] [stdout]   |
[INFO] [stdout] 6 | use std::collections::hash_map::RandomState;
[INFO] [stdout]   |     ^^^^^^^^^^^^^^^^^^^^^^^^^^^^^^^^^^^^^^^
[INFO] [stdout] 
[INFO] [stdout] 
[INFO] [stdout] warning: unused import: `std::collections::HashSet`
[INFO] [stdout]  --> src/puzzle_05.rs:1:5
[INFO] [stdout]   |
[INFO] [stdout] 1 | use std::collections::HashSet;
[INFO] [stdout]   |     ^^^^^^^^^^^^^^^^^^^^^^^^^
[INFO] [stdout] 
[INFO] [stdout] 
[INFO] [stdout] warning: unused import: `self`
[INFO] [stdout]  --> src/puzzle_05.rs:4:15
[INFO] [stdout]   |
[INFO] [stdout] 4 | use std::io::{self, BufRead};
[INFO] [stdout]   |               ^^^^
[INFO] [stdout] 
[INFO] [stdout] 
[INFO] [stdout] warning: unused import: `std::collections::hash_map::RandomState`
[INFO] [stdout]  --> src/puzzle_05.rs:6:5
[INFO] [stdout]   |
[INFO] [stdout] 6 | use std::collections::hash_map::RandomState;
[INFO] [stdout]   |     ^^^^^^^^^^^^^^^^^^^^^^^^^^^^^^^^^^^^^^^
[INFO] [stdout] 
[INFO] [stdout] 
[INFO] [stdout] warning: unused import: `std::fs`
[INFO] [stdout]  --> src/puzzle_06.rs:1:5
[INFO] [stdout]   |
[INFO] [stdout] 1 | use std::fs;
[INFO] [stdout]   |     ^^^^^^^
[INFO] [stdout] 
[INFO] [stdout] 
[INFO] [stdout] warning: unused import: `BufRead`
[INFO] [stdout]  --> src/puzzle_05.rs:4:21
[INFO] [stdout]   |
[INFO] [stdout] 4 | use std::io::{self, BufRead};
[INFO] [stdout]   |                     ^^^^^^^
[INFO] [stdout] 
[INFO] [stdout] 
[INFO] [stdout] warning: unused variable: `entry`
[INFO] [stdout]    --> src/puzzle_02.rs:132:26
[INFO] [stdout]     |
[INFO] [stdout] 132 |   pub fn step(&mut self, entry: &Entry) {
[INFO] [stdout]     |                          ^^^^^ help: if this is intentional, prefix it with an underscore: `_entry`
[INFO] [stdout]     |
[INFO] [stdout]     = note: `#[warn(unused_variables)]` on by default
[INFO] [stdout] 
[INFO] [stdout] 
[INFO] [stdout] warning: unused variable: `c`
[INFO] [stdout]   --> src/puzzle_03.rs:21:27
[INFO] [stdout]    |
[INFO] [stdout] 21 |         if s.chars().all(|c| s.is_ascii()) {
[INFO] [stdout]    |                           ^ help: if this is intentional, prefix it with an underscore: `_c`
[INFO] [stdout] 
[INFO] [stdout] 
[INFO] [stdout] warning: constant `input_file` is never used
[INFO] [stdout]  --> src/puzzle_01.rs:6:7
[INFO] [stdout]   |
[INFO] [stdout] 6 | const input_file : &'static str = "inputs/puzzle_1.txt";
[INFO] [stdout]   |       ^^^^^^^^^^
[INFO] [stdout]   |
[INFO] [stdout]   = note: `#[warn(dead_code)]` on by default
[INFO] [stdout] 
[INFO] [stdout] 
[INFO] [stdout] warning: constant `fake_input_file` is never used
[INFO] [stdout]  --> src/puzzle_01.rs:7:7
[INFO] [stdout]   |
[INFO] [stdout] 7 | const fake_input_file : &'static str = "inputs/puzzle_1_fake.txt";
[INFO] [stdout]   |       ^^^^^^^^^^^^^^^
[INFO] [stdout] 
[INFO] [stdout] 
[INFO] [stdout] warning: struct `State` is never constructed
[INFO] [stdout]   --> src/puzzle_01.rs:31:8
[INFO] [stdout]    |
[INFO] [stdout] 31 | struct State {
[INFO] [stdout]    |        ^^^^^
[INFO] [stdout] 
[INFO] [stdout] 
[INFO] [stdout] warning: associated items `new`, `step`, and `update_leader` are never used
[INFO] [stdout]   --> src/puzzle_01.rs:40:10
[INFO] [stdout]    |
[INFO] [stdout] 38 | impl State {
[INFO] [stdout]    | ---------- associated items in this implementation
[INFO] [stdout] 39 |
[INFO] [stdout] 40 |   pub fn new() -> State {
[INFO] [stdout]    |          ^^^
[INFO] [stdout] ...
[INFO] [stdout] 45 |   pub fn step(&mut self, entry: &Entry) {
[INFO] [stdout]    |          ^^^^
[INFO] [stdout] ...
[INFO] [stdout] 60 |   pub fn update_leader(&mut self) {
[INFO] [stdout]    |          ^^^^^^^^^^^^^
[INFO] [stdout] 
[INFO] [stdout] 
[INFO] [stdout] warning: function `run` is never used
[INFO] [stdout]   --> src/puzzle_01.rs:69:8
[INFO] [stdout]    |
[INFO] [stdout] 69 | pub fn run<'a, I>(lines: I) -> Result<(i32, i32), &'static str>
[INFO] [stdout]    |        ^^^
[INFO] [stdout] 
[INFO] [stdout] 
[INFO] [stdout] warning: function `file_lines` is never used
[INFO] [stdout]   --> src/puzzle_01.rs:89:8
[INFO] [stdout]    |
[INFO] [stdout] 89 | pub fn file_lines(path: &str) -> Box<dyn Iterator<Item = String>> {
[INFO] [stdout]    |        ^^^^^^^^^^
[INFO] [stdout] 
[INFO] [stdout] 
[INFO] [stdout] warning: struct `State2` is never constructed
[INFO] [stdout]   --> src/puzzle_01.rs:96:8
[INFO] [stdout]    |
[INFO] [stdout] 96 | struct State2 {
[INFO] [stdout]    |        ^^^^^^
[INFO] [stdout] 
[INFO] [stdout] 
[INFO] [stdout] warning: associated items `new`, `step`, and `top_3_sum` are never used
[INFO] [stdout]    --> src/puzzle_01.rs:102:10
[INFO] [stdout]     |
[INFO] [stdout] 101 | impl State2 {
[INFO] [stdout]     | ----------- associated items in this implementation
[INFO] [stdout] 102 |   pub fn new() -> State2 {
[INFO] [stdout]     |          ^^^
[INFO] [stdout] ...
[INFO] [stdout] 106 |   pub fn step(&mut self, entry: &Entry) {
[INFO] [stdout]     |          ^^^^
[INFO] [stdout] ...
[INFO] [stdout] 118 |   pub fn top_3_sum(self) -> i32 {
[INFO] [stdout]     |          ^^^^^^^^^
[INFO] [stdout] 
[INFO] [stdout] 
[INFO] [stdout] warning: constant `input_file` is never used
[INFO] [stdout]  --> src/puzzle_02.rs:6:7
[INFO] [stdout]   |
[INFO] [stdout] 6 | const input_file : &'static str = "inputs/puzzle_2.txt";
[INFO] [stdout]   |       ^^^^^^^^^^
[INFO] [stdout] 
[INFO] [stdout] 
[INFO] [stdout] warning: constant `fake_input_file` is never used
[INFO] [stdout]  --> src/puzzle_02.rs:7:7
[INFO] [stdout]   |
[INFO] [stdout] 7 | const fake_input_file : &'static str = "inputs/puzzle_2_fake.txt";
[INFO] [stdout]   |       ^^^^^^^^^^^^^^^
[INFO] [stdout] 
[INFO] [stdout] 
[INFO] [stdout] warning: method `score` is never used
[INFO] [stdout]   --> src/puzzle_02.rs:24:10
[INFO] [stdout]    |
[INFO] [stdout] 23 | impl Entry {
[INFO] [stdout]    | ---------- method in this implementation
[INFO] [stdout] 24 |   pub fn score(&self) -> u32 {
[INFO] [stdout]    |          ^^^^^
[INFO] [stdout] 
[INFO] [stdout] 
[INFO] [stdout] warning: struct `State` is never constructed
[INFO] [stdout]   --> src/puzzle_02.rs:80:8
[INFO] [stdout]    |
[INFO] [stdout] 80 | struct State {
[INFO] [stdout]    |        ^^^^^
[INFO] [stdout] 
[INFO] [stdout] 
[INFO] [stdout] warning: associated items `new` and `step` are never used
[INFO] [stdout]   --> src/puzzle_02.rs:86:10
[INFO] [stdout]    |
[INFO] [stdout] 84 | impl State {
[INFO] [stdout]    | ---------- associated items in this implementation
[INFO] [stdout] 85 |
[INFO] [stdout] 86 |   pub fn new() -> State {
[INFO] [stdout]    |          ^^^
[INFO] [stdout] ...
[INFO] [stdout] 91 |   pub fn step(&mut self, entry: &Entry) {
[INFO] [stdout]    |          ^^^^
[INFO] [stdout] 
[INFO] [stdout] 
[INFO] [stdout] warning: function `run` is never used
[INFO] [stdout]   --> src/puzzle_02.rs:97:8
[INFO] [stdout]    |
[INFO] [stdout] 97 | pub fn run<'a, I>(lines: I) -> Result<(u32, u32), &'static str>
[INFO] [stdout]    |        ^^^
[INFO] [stdout] 
[INFO] [stdout] 
[INFO] [stdout] warning: function `file_lines` is never used
[INFO] [stdout]    --> src/puzzle_02.rs:116:8
[INFO] [stdout]     |
[INFO] [stdout] 116 | pub fn file_lines(path: &str) -> Box<dyn Iterator<Item = String>> {
[INFO] [stdout]     |        ^^^^^^^^^^
[INFO] [stdout] 
[INFO] [stdout] 
[INFO] [stdout] warning: struct `State2` is never constructed
[INFO] [stdout]    --> src/puzzle_02.rs:123:8
[INFO] [stdout]     |
[INFO] [stdout] 123 | struct State2 {
[INFO] [stdout]     |        ^^^^^^
[INFO] [stdout] 
[INFO] [stdout] 
[INFO] [stdout] warning: associated items `new` and `step` are never used
[INFO] [stdout]    --> src/puzzle_02.rs:128:10
[INFO] [stdout]     |
[INFO] [stdout] 127 | impl State2 {
[INFO] [stdout]     | ----------- associated items in this implementation
[INFO] [stdout] 128 |   pub fn new() -> State2 {
[INFO] [stdout]     |          ^^^
[INFO] [stdout] ...
[INFO] [stdout] 132 |   pub fn step(&mut self, entry: &Entry) {
[INFO] [stdout]     |          ^^^^
[INFO] [stdout] 
[INFO] [stdout] 
[INFO] [stdout] warning: constant `input_file` is never used
[INFO] [stdout]  --> src/puzzle_03.rs:7:7
[INFO] [stdout]   |
[INFO] [stdout] 7 | const input_file : &'static str = "inputs/puzzle_3.txt";
[INFO] [stdout]   |       ^^^^^^^^^^
[INFO] [stdout] 
[INFO] [stdout] 
[INFO] [stdout] warning: method `priority` is never used
[INFO] [stdout]   --> src/puzzle_03.rs:34:12
[INFO] [stdout]    |
[INFO] [stdout] 33 | impl Item {
[INFO] [stdout]    | --------- method in this implementation
[INFO] [stdout] 34 |     pub fn priority(&self) -> i32 {
[INFO] [stdout]    |            ^^^^^^^^
[INFO] [stdout] 
[INFO] [stdout] 
[INFO] [stdout] warning: method `misplaced_item` is never used
[INFO] [stdout]   --> src/puzzle_03.rs:51:12
[INFO] [stdout]    |
[INFO] [stdout] 50 | impl Rucksack {
[INFO] [stdout]    | ------------- method in this implementation
[INFO] [stdout] 51 |     pub fn misplaced_item(&self) -> Result<Item, &'static str> {
[INFO] [stdout]    |            ^^^^^^^^^^^^^^
[INFO] [stdout] 
[INFO] [stdout] 
[INFO] [stdout] warning: function `file_lines` is never used
[INFO] [stdout]   --> src/puzzle_03.rs:66:8
[INFO] [stdout]    |
[INFO] [stdout] 66 | pub fn file_lines(path: &str) -> Box<dyn Iterator<Item = String>> {
[INFO] [stdout]    |        ^^^^^^^^^^
[INFO] [stdout] 
[INFO] [stdout] 
[INFO] [stdout] warning: function `run` is never used
[INFO] [stdout]   --> src/puzzle_03.rs:72:8
[INFO] [stdout]    |
[INFO] [stdout] 72 | pub fn run<'a, I>(lines: I) -> Result<i32, &'static str>
[INFO] [stdout]    |        ^^^
[INFO] [stdout] 
[INFO] [stdout] 
[INFO] [stdout] warning: function `run_2` is never used
[INFO] [stdout]   --> src/puzzle_03.rs:83:8
[INFO] [stdout]    |
[INFO] [stdout] 83 | pub fn run_2<'a, I>(mut lines: I) -> Result<i32, &'static str>
[INFO] [stdout]    |        ^^^^^
[INFO] [stdout] 
[INFO] [stdout] 
[INFO] [stdout] warning: constant `input_file` is never used
[INFO] [stdout]  --> src/puzzle_04.rs:8:7
[INFO] [stdout]   |
[INFO] [stdout] 8 | const input_file : &'static str = "inputs/puzzle_4.txt";
[INFO] [stdout]   |       ^^^^^^^^^^
[INFO] [stdout] 
[INFO] [stdout] 
[INFO] [stdout] warning: method `contains` is never used
[INFO] [stdout]   --> src/puzzle_04.rs:43:12
[INFO] [stdout]    |
[INFO] [stdout] 42 | impl Assignment {
[INFO] [stdout]    | --------------- method in this implementation
[INFO] [stdout] 43 |     pub fn contains(&self, other: &Assignment) -> bool {
[INFO] [stdout]    |            ^^^^^^^^
[INFO] [stdout] 
[INFO] [stdout] 
[INFO] [stdout] warning: methods `has_full_containment` and `has_some_overlap` are never used
[INFO] [stdout]   --> src/puzzle_04.rs:49:12
[INFO] [stdout]    |
[INFO] [stdout] 48 | impl Pair {
[INFO] [stdout]    | --------- methods in this implementation
[INFO] [stdout] 49 |     pub fn has_full_containment(&self) -> bool {
[INFO] [stdout]    |            ^^^^^^^^^^^^^^^^^^^^
[INFO] [stdout] ...
[INFO] [stdout] 53 |     pub fn has_some_overlap(&self) -> bool {
[INFO] [stdout]    |            ^^^^^^^^^^^^^^^^
[INFO] [stdout] 
[INFO] [stdout] 
[INFO] [stdout] warning: function `file_lines` is never used
[INFO] [stdout]   --> src/puzzle_04.rs:62:8
[INFO] [stdout]    |
[INFO] [stdout] 62 | pub fn file_lines(path: &str) -> Box<dyn Iterator<Item = String>> {
[INFO] [stdout]    |        ^^^^^^^^^^
[INFO] [stdout] 
[INFO] [stdout] 
[INFO] [stdout] warning: constant `input_file_stacks` is never used
[INFO] [stdout]  --> src/puzzle_05.rs:8:7
[INFO] [stdout]   |
[INFO] [stdout] 8 | const input_file_stacks : &'static str = "inputs/puzzle_5_stacks.txt";
[INFO] [stdout]   |       ^^^^^^^^^^^^^^^^^
[INFO] [stdout] 
[INFO] [stdout] 
[INFO] [stdout] warning: constant `input_file_moves` is never used
[INFO] [stdout]  --> src/puzzle_05.rs:9:7
[INFO] [stdout]   |
[INFO] [stdout] 9 | const input_file_moves : &'static str = "inputs/puzzle_5_moves.txt";
[INFO] [stdout]   |       ^^^^^^^^^^^^^^^^
[INFO] [stdout] 
[INFO] [stdout] 
[INFO] [stdout] warning: constant `input_file` should have an upper case name
[INFO] [stdout]  --> src/puzzle_01.rs:6:7
[INFO] [stdout]   |
[INFO] [stdout] 6 | const input_file : &'static str = "inputs/puzzle_1.txt";
[INFO] [stdout]   |       ^^^^^^^^^^ help: convert the identifier to upper case: `INPUT_FILE`
[INFO] [stdout]   |
[INFO] [stdout]   = note: `#[warn(non_upper_case_globals)]` on by default
[INFO] [stdout] 
[INFO] [stdout] 
[INFO] [stdout] warning: constant `fake_input_file` should have an upper case name
[INFO] [stdout]  --> src/puzzle_01.rs:7:7
[INFO] [stdout]   |
[INFO] [stdout] 7 | const fake_input_file : &'static str = "inputs/puzzle_1_fake.txt";
[INFO] [stdout]   |       ^^^^^^^^^^^^^^^ help: convert the identifier to upper case: `FAKE_INPUT_FILE`
[INFO] [stdout] 
[INFO] [stdout] 
[INFO] [stdout] warning: constant `input_file` should have an upper case name
[INFO] [stdout]  --> src/puzzle_02.rs:6:7
[INFO] [stdout]   |
[INFO] [stdout] 6 | const input_file : &'static str = "inputs/puzzle_2.txt";
[INFO] [stdout]   |       ^^^^^^^^^^ help: convert the identifier to upper case: `INPUT_FILE`
[INFO] [stdout] 
[INFO] [stdout] 
[INFO] [stdout] warning: constant `fake_input_file` should have an upper case name
[INFO] [stdout]  --> src/puzzle_02.rs:7:7
[INFO] [stdout]   |
[INFO] [stdout] 7 | const fake_input_file : &'static str = "inputs/puzzle_2_fake.txt";
[INFO] [stdout]   |       ^^^^^^^^^^^^^^^ help: convert the identifier to upper case: `FAKE_INPUT_FILE`
[INFO] [stdout] 
[INFO] [stdout] 
[INFO] [stdout] warning: constant `input_file` should have an upper case name
[INFO] [stdout]  --> src/puzzle_03.rs:7:7
[INFO] [stdout]   |
[INFO] [stdout] 7 | const input_file : &'static str = "inputs/puzzle_3.txt";
[INFO] [stdout]   |       ^^^^^^^^^^ help: convert the identifier to upper case: `INPUT_FILE`
[INFO] [stdout] 
[INFO] [stdout] 
[INFO] [stdout] warning: constant `input_file` should have an upper case name
[INFO] [stdout]  --> src/puzzle_04.rs:8:7
[INFO] [stdout]   |
[INFO] [stdout] 8 | const input_file : &'static str = "inputs/puzzle_4.txt";
[INFO] [stdout]   |       ^^^^^^^^^^ help: convert the identifier to upper case: `INPUT_FILE`
[INFO] [stdout] 
[INFO] [stdout] 
[INFO] [stdout] warning: constant `input_file_stacks` should have an upper case name
[INFO] [stdout]  --> src/puzzle_05.rs:8:7
[INFO] [stdout]   |
[INFO] [stdout] 8 | const input_file_stacks : &'static str = "inputs/puzzle_5_stacks.txt";
[INFO] [stdout]   |       ^^^^^^^^^^^^^^^^^ help: convert the identifier to upper case: `INPUT_FILE_STACKS`
[INFO] [stdout] 
[INFO] [stdout] 
[INFO] [stdout] warning: constant `input_file_moves` should have an upper case name
[INFO] [stdout]  --> src/puzzle_05.rs:9:7
[INFO] [stdout]   |
[INFO] [stdout] 9 | const input_file_moves : &'static str = "inputs/puzzle_5_moves.txt";
[INFO] [stdout]   |       ^^^^^^^^^^^^^^^^ help: convert the identifier to upper case: `INPUT_FILE_MOVES`
[INFO] [stdout] 
[INFO] [stdout] 
[INFO] [stdout] warning: constant `input_file` should have an upper case name
[INFO] [stdout]  --> src/puzzle_06.rs:7:7
[INFO] [stdout]   |
[INFO] [stdout] 7 | const input_file : &'static str = "inputs/puzzle_6.txt";
[INFO] [stdout]   |       ^^^^^^^^^^ help: convert the identifier to upper case: `INPUT_FILE`
[INFO] [stdout] 
[INFO] [stdout] 
[INFO] [stderr]     Finished `test` profile [unoptimized + debuginfo] target(s) in 1.20s
[INFO] running `Command { std: "docker" "inspect" "69053352a3264a054ba2306f8b97f482db72b2816e2c9477804cc6f338235e04", kill_on_drop: false }`
[INFO] running `Command { std: "docker" "rm" "-f" "69053352a3264a054ba2306f8b97f482db72b2816e2c9477804cc6f338235e04", kill_on_drop: false }`
[INFO] [stdout] 69053352a3264a054ba2306f8b97f482db72b2816e2c9477804cc6f338235e04
[INFO] running `Command { std: "docker" "create" "-v" "/var/lib/crater-agent-workspace/builds/worker-6-tc1/target:/opt/rustwide/target:rw,Z" "-v" "/var/lib/crater-agent-workspace/builds/worker-6-tc1/source:/opt/rustwide/workdir:ro,Z" "-v" "/var/lib/crater-agent-workspace/cargo-home:/opt/rustwide/cargo-home:ro,Z" "-v" "/var/lib/crater-agent-workspace/rustup-home:/opt/rustwide/rustup-home:ro,Z" "-e" "SOURCE_DIR=/opt/rustwide/workdir" "-e" "CARGO_TARGET_DIR=/opt/rustwide/target" "-e" "CARGO_INCREMENTAL=0" "-e" "RUST_BACKTRACE=full" "-e" "RUSTFLAGS=--cap-lints=warn" "-e" "RUSTDOCFLAGS=--cap-lints=warn" "-e" "CARGO_HOME=/opt/rustwide/cargo-home" "-e" "RUSTUP_HOME=/opt/rustwide/rustup-home" "-w" "/opt/rustwide/workdir" "-m" "1610612736" "--user" "0:0" "--network" "none" "ghcr.io/rust-lang/crates-build-env/linux@sha256:f3a9d4ad9d972b27faf3965f35b62e55ba32bbce8f20bc8fe909558a86702fde" "/opt/rustwide/cargo-home/bin/cargo" "+1.83.0" "test" "--frozen", kill_on_drop: false }`
[INFO] [stdout] de54d5936416f8b58349230d27ddde8b5a4892f39109b678d7de5f727bfd33b2
[INFO] running `Command { std: "docker" "start" "-a" "de54d5936416f8b58349230d27ddde8b5a4892f39109b678d7de5f727bfd33b2", kill_on_drop: false }`
[INFO] [stderr] warning: unused import: `std::path::Path`
[INFO] [stderr]  --> src/puzzle_01.rs:4:5
[INFO] [stderr]   |
[INFO] [stderr] 4 | use std::path::Path;
[INFO] [stderr]   |     ^^^^^^^^^^^^^^^
[INFO] [stderr]   |
[INFO] [stderr]   = note: `#[warn(unused_imports)]` on by default
[INFO] [stderr] 
[INFO] [stderr] warning: unused import: `std::path::Path`
[INFO] [stderr]  --> src/puzzle_02.rs:4:5
[INFO] [stderr]   |
[INFO] [stderr] 4 | use std::path::Path;
[INFO] [stderr]   |     ^^^^^^^^^^^^^^^
[INFO] [stderr] 
[INFO] [stderr] warning: unused import: `std::collections::HashSet`
[INFO] [stderr]  --> src/puzzle_04.rs:1:5
[INFO] [stderr]   |
[INFO] [stderr] 1 | use std::collections::HashSet;
[INFO] [stderr]   |     ^^^^^^^^^^^^^^^^^^^^^^^^^
[INFO] [stderr] 
[INFO] [stderr] warning: unused import: `std::char`
[INFO] [stderr]  --> src/puzzle_04.rs:3:5
[INFO] [stderr]   |
[INFO] [stderr] 3 | use std::char;
[INFO] [stderr]   |     ^^^^^^^^^
[INFO] [stderr] 
[INFO] [stderr] warning: unused import: `std::collections::hash_map::RandomState`
[INFO] [stderr]  --> src/puzzle_04.rs:6:5
[INFO] [stderr]   |
[INFO] [stderr] 6 | use std::collections::hash_map::RandomState;
[INFO] [stderr]   |     ^^^^^^^^^^^^^^^^^^^^^^^^^^^^^^^^^^^^^^^
[INFO] [stderr] 
[INFO] [stderr] warning: unused import: `std::collections::HashSet`
[INFO] [stderr]  --> src/puzzle_05.rs:1:5
[INFO] [stderr]   |
[INFO] [stderr] 1 | use std::collections::HashSet;
[INFO] [stderr]   |     ^^^^^^^^^^^^^^^^^^^^^^^^^
[INFO] [stderr] 
[INFO] [stderr] warning: unused import: `self`
[INFO] [stderr]  --> src/puzzle_05.rs:4:15
[INFO] [stderr]   |
[INFO] [stderr] 4 | use std::io::{self, BufRead};
[INFO] [stderr]   |               ^^^^
[INFO] [stderr] 
[INFO] [stderr] warning: unused import: `std::collections::hash_map::RandomState`
[INFO] [stderr]  --> src/puzzle_05.rs:6:5
[INFO] [stderr]   |
[INFO] [stderr] 6 | use std::collections::hash_map::RandomState;
[INFO] [stderr]   |     ^^^^^^^^^^^^^^^^^^^^^^^^^^^^^^^^^^^^^^^
[INFO] [stderr] 
[INFO] [stderr] warning: unused import: `std::fs`
[INFO] [stderr]  --> src/puzzle_06.rs:1:5
[INFO] [stderr]   |
[INFO] [stderr] 1 | use std::fs;
[INFO] [stderr]   |     ^^^^^^^
[INFO] [stderr] 
[INFO] [stderr] warning: unused import: `BufRead`
[INFO] [stderr]  --> src/puzzle_05.rs:4:21
[INFO] [stderr]   |
[INFO] [stderr] 4 | use std::io::{self, BufRead};
[INFO] [stderr]   |                     ^^^^^^^
[INFO] [stderr] 
[INFO] [stderr] warning: unused variable: `entry`
[INFO] [stderr]    --> src/puzzle_02.rs:132:26
[INFO] [stderr]     |
[INFO] [stderr] 132 |   pub fn step(&mut self, entry: &Entry) {
[INFO] [stderr]     |                          ^^^^^ help: if this is intentional, prefix it with an underscore: `_entry`
[INFO] [stderr]     |
[INFO] [stderr]     = note: `#[warn(unused_variables)]` on by default
[INFO] [stderr] 
[INFO] [stderr] warning: unused variable: `c`
[INFO] [stderr]   --> src/puzzle_03.rs:21:27
[INFO] [stderr]    |
[INFO] [stderr] 21 |         if s.chars().all(|c| s.is_ascii()) {
[INFO] [stderr]    |                           ^ help: if this is intentional, prefix it with an underscore: `_c`
[INFO] [stderr] 
[INFO] [stderr] warning: constant `input_file` is never used
[INFO] [stderr]  --> src/puzzle_01.rs:6:7
[INFO] [stderr]   |
[INFO] [stderr] 6 | const input_file : &'static str = "inputs/puzzle_1.txt";
[INFO] [stderr]   |       ^^^^^^^^^^
[INFO] [stderr]   |
[INFO] [stderr]   = note: `#[warn(dead_code)]` on by default
[INFO] [stderr] 
[INFO] [stderr] warning: constant `fake_input_file` is never used
[INFO] [stderr]  --> src/puzzle_01.rs:7:7
[INFO] [stderr]   |
[INFO] [stderr] 7 | const fake_input_file : &'static str = "inputs/puzzle_1_fake.txt";
[INFO] [stderr]   |       ^^^^^^^^^^^^^^^
[INFO] [stderr] 
[INFO] [stderr] warning: struct `State` is never constructed
[INFO] [stderr]   --> src/puzzle_01.rs:31:8
[INFO] [stderr]    |
[INFO] [stderr] 31 | struct State {
[INFO] [stderr]    |        ^^^^^
[INFO] [stderr] 
[INFO] [stderr] warning: associated items `new`, `step`, and `update_leader` are never used
[INFO] [stderr]   --> src/puzzle_01.rs:40:10
[INFO] [stderr]    |
[INFO] [stderr] 38 | impl State {
[INFO] [stderr]    | ---------- associated items in this implementation
[INFO] [stderr] 39 |
[INFO] [stderr] 40 |   pub fn new() -> State {
[INFO] [stderr]    |          ^^^
[INFO] [stderr] ...
[INFO] [stderr] 45 |   pub fn step(&mut self, entry: &Entry) {
[INFO] [stderr]    |          ^^^^
[INFO] [stderr] ...
[INFO] [stderr] 60 |   pub fn update_leader(&mut self) {
[INFO] [stderr]    |          ^^^^^^^^^^^^^
[INFO] [stderr] 
[INFO] [stderr] warning: function `run` is never used
[INFO] [stderr]   --> src/puzzle_01.rs:69:8
[INFO] [stderr]    |
[INFO] [stderr] 69 | pub fn run<'a, I>(lines: I) -> Result<(i32, i32), &'static str>
[INFO] [stderr]    |        ^^^
[INFO] [stderr] 
[INFO] [stderr] warning: function `file_lines` is never used
[INFO] [stderr]   --> src/puzzle_01.rs:89:8
[INFO] [stderr]    |
[INFO] [stderr] 89 | pub fn file_lines(path: &str) -> Box<dyn Iterator<Item = String>> {
[INFO] [stderr]    |        ^^^^^^^^^^
[INFO] [stderr] 
[INFO] [stderr] warning: struct `State2` is never constructed
[INFO] [stderr]   --> src/puzzle_01.rs:96:8
[INFO] [stderr]    |
[INFO] [stderr] 96 | struct State2 {
[INFO] [stderr]    |        ^^^^^^
[INFO] [stderr] 
[INFO] [stderr] warning: associated items `new`, `step`, and `top_3_sum` are never used
[INFO] [stderr]    --> src/puzzle_01.rs:102:10
[INFO] [stderr]     |
[INFO] [stderr] 101 | impl State2 {
[INFO] [stderr]     | ----------- associated items in this implementation
[INFO] [stderr] 102 |   pub fn new() -> State2 {
[INFO] [stderr]     |          ^^^
[INFO] [stderr] ...
[INFO] [stderr] 106 |   pub fn step(&mut self, entry: &Entry) {
[INFO] [stderr]     |          ^^^^
[INFO] [stderr] ...
[INFO] [stderr] 118 |   pub fn top_3_sum(self) -> i32 {
[INFO] [stderr]     |          ^^^^^^^^^
[INFO] [stderr] 
[INFO] [stderr] warning: constant `input_file` is never used
[INFO] [stderr]  --> src/puzzle_02.rs:6:7
[INFO] [stderr]   |
[INFO] [stderr] 6 | const input_file : &'static str = "inputs/puzzle_2.txt";
[INFO] [stderr]   |       ^^^^^^^^^^
[INFO] [stderr] 
[INFO] [stderr] warning: constant `fake_input_file` is never used
[INFO] [stderr]  --> src/puzzle_02.rs:7:7
[INFO] [stderr]   |
[INFO] [stderr] 7 | const fake_input_file : &'static str = "inputs/puzzle_2_fake.txt";
[INFO] [stderr]   |       ^^^^^^^^^^^^^^^
[INFO] [stderr] 
[INFO] [stderr] warning: method `score` is never used
[INFO] [stderr]   --> src/puzzle_02.rs:24:10
[INFO] [stderr]    |
[INFO] [stderr] 23 | impl Entry {
[INFO] [stderr]    | ---------- method in this implementation
[INFO] [stderr] 24 |   pub fn score(&self) -> u32 {
[INFO] [stderr]    |          ^^^^^
[INFO] [stderr] 
[INFO] [stderr] warning: struct `State` is never constructed
[INFO] [stderr]   --> src/puzzle_02.rs:80:8
[INFO] [stderr]    |
[INFO] [stderr] 80 | struct State {
[INFO] [stderr]    |        ^^^^^
[INFO] [stderr] 
[INFO] [stderr] warning: associated items `new` and `step` are never used
[INFO] [stderr]   --> src/puzzle_02.rs:86:10
[INFO] [stderr]    |
[INFO] [stderr] 84 | impl State {
[INFO] [stderr]    | ---------- associated items in this implementation
[INFO] [stderr] 85 |
[INFO] [stderr] 86 |   pub fn new() -> State {
[INFO] [stderr]    |          ^^^
[INFO] [stderr] ...
[INFO] [stderr] 91 |   pub fn step(&mut self, entry: &Entry) {
[INFO] [stderr]    |          ^^^^
[INFO] [stderr] 
[INFO] [stderr] warning: function `run` is never used
[INFO] [stderr]   --> src/puzzle_02.rs:97:8
[INFO] [stderr]    |
[INFO] [stderr] 97 | pub fn run<'a, I>(lines: I) -> Result<(u32, u32), &'static str>
[INFO] [stderr]    |        ^^^
[INFO] [stderr] 
[INFO] [stderr] warning: function `file_lines` is never used
[INFO] [stderr]    --> src/puzzle_02.rs:116:8
[INFO] [stderr]     |
[INFO] [stderr] 116 | pub fn file_lines(path: &str) -> Box<dyn Iterator<Item = String>> {
[INFO] [stderr]     |        ^^^^^^^^^^
[INFO] [stderr] 
[INFO] [stderr] warning: struct `State2` is never constructed
[INFO] [stderr]    --> src/puzzle_02.rs:123:8
[INFO] [stderr]     |
[INFO] [stderr] 123 | struct State2 {
[INFO] [stderr]     |        ^^^^^^
[INFO] [stderr] 
[INFO] [stderr] warning: associated items `new` and `step` are never used
[INFO] [stderr]    --> src/puzzle_02.rs:128:10
[INFO] [stderr]     |
[INFO] [stderr] 127 | impl State2 {
[INFO] [stderr]     | ----------- associated items in this implementation
[INFO] [stderr] 128 |   pub fn new() -> State2 {
[INFO] [stderr]     |          ^^^
[INFO] [stderr] ...
[INFO] [stderr] 132 |   pub fn step(&mut self, entry: &Entry) {
[INFO] [stderr]     |          ^^^^
[INFO] [stderr] 
[INFO] [stderr] warning: constant `input_file` is never used
[INFO] [stderr]  --> src/puzzle_03.rs:7:7
[INFO] [stderr]   |
[INFO] [stderr] 7 | const input_file : &'static str = "inputs/puzzle_3.txt";
[INFO] [stderr]   |       ^^^^^^^^^^
[INFO] [stderr] 
[INFO] [stderr] warning: method `priority` is never used
[INFO] [stderr]   --> src/puzzle_03.rs:34:12
[INFO] [stderr]    |
[INFO] [stderr] 33 | impl Item {
[INFO] [stderr]    | --------- method in this implementation
[INFO] [stderr] 34 |     pub fn priority(&self) -> i32 {
[INFO] [stderr]    |            ^^^^^^^^
[INFO] [stderr] 
[INFO] [stderr] warning: method `misplaced_item` is never used
[INFO] [stderr]   --> src/puzzle_03.rs:51:12
[INFO] [stderr]    |
[INFO] [stderr] 50 | impl Rucksack {
[INFO] [stderr]    | ------------- method in this implementation
[INFO] [stderr] 51 |     pub fn misplaced_item(&self) -> Result<Item, &'static str> {
[INFO] [stderr]    |            ^^^^^^^^^^^^^^
[INFO] [stderr] 
[INFO] [stderr] warning: function `file_lines` is never used
[INFO] [stderr]   --> src/puzzle_03.rs:66:8
[INFO] [stderr]    |
[INFO] [stderr] 66 | pub fn file_lines(path: &str) -> Box<dyn Iterator<Item = String>> {
[INFO] [stderr]    |        ^^^^^^^^^^
[INFO] [stderr] 
[INFO] [stderr] warning: function `run` is never used
[INFO] [stderr]   --> src/puzzle_03.rs:72:8
[INFO] [stderr]    |
[INFO] [stderr] 72 | pub fn run<'a, I>(lines: I) -> Result<i32, &'static str>
[INFO] [stderr]    |        ^^^
[INFO] [stderr] 
[INFO] [stderr] warning: function `run_2` is never used
[INFO] [stderr]   --> src/puzzle_03.rs:83:8
[INFO] [stderr]    |
[INFO] [stderr] 83 | pub fn run_2<'a, I>(mut lines: I) -> Result<i32, &'static str>
[INFO] [stderr]    |        ^^^^^
[INFO] [stderr] 
[INFO] [stderr] warning: constant `input_file` is never used
[INFO] [stderr]  --> src/puzzle_04.rs:8:7
[INFO] [stderr]   |
[INFO] [stderr] 8 | const input_file : &'static str = "inputs/puzzle_4.txt";
[INFO] [stderr]   |       ^^^^^^^^^^
[INFO] [stderr] 
[INFO] [stderr] warning: method `contains` is never used
[INFO] [stderr]   --> src/puzzle_04.rs:43:12
[INFO] [stderr]    |
[INFO] [stderr] 42 | impl Assignment {
[INFO] [stderr]    | --------------- method in this implementation
[INFO] [stderr] 43 |     pub fn contains(&self, other: &Assignment) -> bool {
[INFO] [stderr]    |            ^^^^^^^^
[INFO] [stderr] 
[INFO] [stderr] warning: methods `has_full_containment` and `has_some_overlap` are never used
[INFO] [stderr]   --> src/puzzle_04.rs:49:12
[INFO] [stderr]    |
[INFO] [stderr] 48 | impl Pair {
[INFO] [stderr]    | --------- methods in this implementation
[INFO] [stderr] 49 |     pub fn has_full_containment(&self) -> bool {
[INFO] [stderr]    |            ^^^^^^^^^^^^^^^^^^^^
[INFO] [stderr] ...
[INFO] [stderr] 53 |     pub fn has_some_overlap(&self) -> bool {
[INFO] [stderr]    |            ^^^^^^^^^^^^^^^^
[INFO] [stderr] 
[INFO] [stderr] warning: function `file_lines` is never used
[INFO] [stderr]   --> src/puzzle_04.rs:62:8
[INFO] [stderr]    |
[INFO] [stderr] 62 | pub fn file_lines(path: &str) -> Box<dyn Iterator<Item = String>> {
[INFO] [stderr]    |        ^^^^^^^^^^
[INFO] [stderr] 
[INFO] [stderr] warning: constant `input_file_stacks` is never used
[INFO] [stderr]  --> src/puzzle_05.rs:8:7
[INFO] [stderr]   |
[INFO] [stderr] 8 | const input_file_stacks : &'static str = "inputs/puzzle_5_stacks.txt";
[INFO] [stderr]   |       ^^^^^^^^^^^^^^^^^
[INFO] [stderr] 
[INFO] [stderr] warning: constant `input_file_moves` is never used
[INFO] [stderr]  --> src/puzzle_05.rs:9:7
[INFO] [stderr]   |
[INFO] [stderr] 9 | const input_file_moves : &'static str = "inputs/puzzle_5_moves.txt";
[INFO] [stderr]   |       ^^^^^^^^^^^^^^^^
[INFO] [stderr] 
[INFO] [stderr] warning: constant `input_file` should have an upper case name
[INFO] [stderr]  --> src/puzzle_01.rs:6:7
[INFO] [stderr]   |
[INFO] [stderr] 6 | const input_file : &'static str = "inputs/puzzle_1.txt";
[INFO] [stderr]   |       ^^^^^^^^^^ help: convert the identifier to upper case: `INPUT_FILE`
[INFO] [stderr]   |
[INFO] [stderr]   = note: `#[warn(non_upper_case_globals)]` on by default
[INFO] [stderr] 
[INFO] [stderr] warning: constant `fake_input_file` should have an upper case name
[INFO] [stderr]  --> src/puzzle_01.rs:7:7
[INFO] [stderr]   |
[INFO] [stderr] 7 | const fake_input_file : &'static str = "inputs/puzzle_1_fake.txt";
[INFO] [stderr]   |       ^^^^^^^^^^^^^^^ help: convert the identifier to upper case: `FAKE_INPUT_FILE`
[INFO] [stderr] 
[INFO] [stderr] warning: constant `input_file` should have an upper case name
[INFO] [stderr]  --> src/puzzle_02.rs:6:7
[INFO] [stderr]   |
[INFO] [stderr] 6 | const input_file : &'static str = "inputs/puzzle_2.txt";
[INFO] [stdout] 
[INFO] [stderr]   |       ^^^^^^^^^^ help: convert the identifier to upper case: `INPUT_FILE`
[INFO] [stdout] running 11 tests
[INFO] [stderr] 
[INFO] [stderr] warning: constant `fake_input_file` should have an upper case name
[INFO] [stderr]  --> src/puzzle_02.rs:7:7
[INFO] [stderr]   |
[INFO] [stderr] 7 | const fake_input_file : &'static str = "inputs/puzzle_2_fake.txt";
[INFO] [stderr]   |       ^^^^^^^^^^^^^^^ help: convert the identifier to upper case: `FAKE_INPUT_FILE`
[INFO] [stderr] 
[INFO] [stderr] warning: constant `input_file` should have an upper case name
[INFO] [stderr]  --> src/puzzle_03.rs:7:7
[INFO] [stderr]   |
[INFO] [stderr] 7 | const input_file : &'static str = "inputs/puzzle_3.txt";
[INFO] [stderr]   |       ^^^^^^^^^^ help: convert the identifier to upper case: `INPUT_FILE`
[INFO] [stderr] 
[INFO] [stderr] warning: constant `input_file` should have an upper case name
[INFO] [stderr]  --> src/puzzle_04.rs:8:7
[INFO] [stderr]   |
[INFO] [stderr] 8 | const input_file : &'static str = "inputs/puzzle_4.txt";
[INFO] [stderr]   |       ^^^^^^^^^^ help: convert the identifier to upper case: `INPUT_FILE`
[INFO] [stderr] 
[INFO] [stderr] warning: constant `input_file_stacks` should have an upper case name
[INFO] [stderr]  --> src/puzzle_05.rs:8:7
[INFO] [stderr]   |
[INFO] [stderr] 8 | const input_file_stacks : &'static str = "inputs/puzzle_5_stacks.txt";
[INFO] [stderr]   |       ^^^^^^^^^^^^^^^^^ help: convert the identifier to upper case: `INPUT_FILE_STACKS`
[INFO] [stderr] 
[INFO] [stderr] warning: constant `input_file_moves` should have an upper case name
[INFO] [stderr]  --> src/puzzle_05.rs:9:7
[INFO] [stderr]   |
[INFO] [stderr] 9 | const input_file_moves : &'static str = "inputs/puzzle_5_moves.txt";
[INFO] [stderr]   |       ^^^^^^^^^^^^^^^^ help: convert the identifier to upper case: `INPUT_FILE_MOVES`
[INFO] [stderr] 
[INFO] [stderr] warning: constant `input_file` should have an upper case name
[INFO] [stderr]  --> src/puzzle_06.rs:7:7
[INFO] [stderr]   |
[INFO] [stderr] 7 | const input_file : &'static str = "inputs/puzzle_6.txt";
[INFO] [stderr]   |       ^^^^^^^^^^ help: convert the identifier to upper case: `INPUT_FILE`
[INFO] [stderr] 
[INFO] [stderr] warning: `aoc` (bin "aoc" test) generated 50 warnings (run `cargo fix --bin "aoc" --tests` to apply 9 suggestions)
[INFO] [stderr]     Finished `test` profile [unoptimized + debuginfo] target(s) in 0.02s
[INFO] [stderr]      Running unittests src/main.rs (/opt/rustwide/target/debug/deps/aoc-4ef2d8f2e980990a)
[INFO] [stdout] test puzzle_05::tests::new_state ... ok
[INFO] [stdout] test puzzle_05::tests::push_pop_check ... ok
[INFO] [stdout] test puzzle_06::tests::circ_buf ... ok
[INFO] [stdout] test puzzle_06::tests::example_1 ... ok
[INFO] [stdout] test puzzle_06::tests::examples_2 ... ok
[INFO] [stdout] test puzzle_05::tests::example_2 ... FAILED
[INFO] [stdout] test puzzle_05::tests::part_1 ... FAILED
[INFO] [stdout] test puzzle_05::tests::example_1 ... FAILED
[INFO] [stdout] test puzzle_05::tests::part_2 ... FAILED
[INFO] [stdout] test puzzle_06::tests::part_2 ... FAILED
[INFO] [stdout] test puzzle_06::tests::part_1 ... FAILED
[INFO] [stdout] 
[INFO] [stdout] failures:
[INFO] [stdout] 
[INFO] [stdout] ---- puzzle_05::tests::example_2 stdout ----
[INFO] [stdout] thread 'puzzle_05::tests::example_2' panicked at src/puzzle_05.rs:97:58:
[INFO] [stdout] called `Result::unwrap()` on an `Err` value: Os { code: 2, kind: NotFound, message: "No such file or directory" }
[INFO] [stdout] stack backtrace:
[INFO] [stdout]    0:     0x6424052ab47a - std::backtrace_rs::backtrace::libunwind::trace::h5a5b8284f2d0c266
[INFO] [stdout]                                at /rustc/90b35a6239c3d8bdabc530a6a0816f7ff89a0aaf/library/std/src/../../backtrace/src/backtrace/libunwind.rs:116:5
[INFO] [stdout]    1:     0x6424052ab47a - std::backtrace_rs::backtrace::trace_unsynchronized::h76d4f1c9b0b875e3
[INFO] [stdout]                                at /rustc/90b35a6239c3d8bdabc530a6a0816f7ff89a0aaf/library/std/src/../../backtrace/src/backtrace/mod.rs:66:5
[INFO] [stdout]    2:     0x6424052ab47a - std::sys::backtrace::_print_fmt::hc4546b8364a537c6
[INFO] [stdout]                                at /rustc/90b35a6239c3d8bdabc530a6a0816f7ff89a0aaf/library/std/src/sys/backtrace.rs:66:9
[INFO] [stdout]    3:     0x6424052ab47a - <std::sys::backtrace::BacktraceLock::print::DisplayBacktrace as core::fmt::Display>::fmt::h5b6bd5631a6d1f6b
[INFO] [stdout]                                at /rustc/90b35a6239c3d8bdabc530a6a0816f7ff89a0aaf/library/std/src/sys/backtrace.rs:39:26
[INFO] [stdout]    4:     0x6424052d0943 - core::fmt::rt::Argument::fmt::h270f6602a2b96f62
[INFO] [stdout]                                at /rustc/90b35a6239c3d8bdabc530a6a0816f7ff89a0aaf/library/core/src/fmt/rt.rs:177:76
[INFO] [stdout]    5:     0x6424052d0943 - core::fmt::write::h7550c97b06c86515
[INFO] [stdout]                                at /rustc/90b35a6239c3d8bdabc530a6a0816f7ff89a0aaf/library/core/src/fmt/mod.rs:1186:21
[INFO] [stdout]    6:     0x6424052a8643 - std::io::Write::write_fmt::h509ff860e5956e5e
[INFO] [stdout]                                at /rustc/90b35a6239c3d8bdabc530a6a0816f7ff89a0aaf/library/std/src/io/mod.rs:1839:15
[INFO] [stdout]    7:     0x6424052ab2c2 - std::sys::backtrace::BacktraceLock::print::h2395ccd2c84ba3aa
[INFO] [stdout]                                at /rustc/90b35a6239c3d8bdabc530a6a0816f7ff89a0aaf/library/std/src/sys/backtrace.rs:42:9
[INFO] [stdout]    8:     0x6424052ac8da - std::panicking::default_hook::{{closure}}::he19d4c7230e07961
[INFO] [stdout]                                at /rustc/90b35a6239c3d8bdabc530a6a0816f7ff89a0aaf/library/std/src/panicking.rs:268:22
[INFO] [stdout]    9:     0x6424052ac6e4 - std::panicking::default_hook::hf614597d3c67bbdb
[INFO] [stdout]                                at /rustc/90b35a6239c3d8bdabc530a6a0816f7ff89a0aaf/library/std/src/panicking.rs:292:9
[INFO] [stdout]   10:     0x6424052778a9 - <alloc::boxed::Box<F,A> as core::ops::function::Fn<Args>>::call::h39b51ce4599c23d1
[INFO] [stdout]                                at /rustc/90b35a6239c3d8bdabc530a6a0816f7ff89a0aaf/library/alloc/src/boxed.rs:2468:9
[INFO] [stdout]   11:     0x6424052778a9 - test::test_main::{{closure}}::he977ae839a582784
[INFO] [stdout]                                at /rustc/90b35a6239c3d8bdabc530a6a0816f7ff89a0aaf/library/test/src/lib.rs:133:21
[INFO] [stdout]   12:     0x6424052acf78 - <alloc::boxed::Box<F,A> as core::ops::function::Fn<Args>>::call::h9455091b6b06f9fb
[INFO] [stdout]                                at /rustc/90b35a6239c3d8bdabc530a6a0816f7ff89a0aaf/library/alloc/src/boxed.rs:2468:9
[INFO] [stdout]   13:     0x6424052acf78 - std::panicking::rust_panic_with_hook::h8942133a8b252070
[INFO] [stdout]                                at /rustc/90b35a6239c3d8bdabc530a6a0816f7ff89a0aaf/library/std/src/panicking.rs:809:13
[INFO] [stdout]   14:     0x6424052acd3a - std::panicking::begin_panic_handler::{{closure}}::hb5f5963570096b29
[INFO] [stdout]                                at /rustc/90b35a6239c3d8bdabc530a6a0816f7ff89a0aaf/library/std/src/panicking.rs:674:13
[INFO] [stdout]   15:     0x6424052ab959 - std::sys::backtrace::__rust_end_short_backtrace::h6208cedc1922feda
[INFO] [stdout]                                at /rustc/90b35a6239c3d8bdabc530a6a0816f7ff89a0aaf/library/std/src/sys/backtrace.rs:170:18
[INFO] [stdout]   16:     0x6424052ac9cc - rust_begin_unwind
[INFO] [stdout]                                at /rustc/90b35a6239c3d8bdabc530a6a0816f7ff89a0aaf/library/std/src/panicking.rs:665:5
[INFO] [stdout]   17:     0x642405229ac0 - core::panicking::panic_fmt::h0c3082644d1bf418
[INFO] [stdout]                                at /rustc/90b35a6239c3d8bdabc530a6a0816f7ff89a0aaf/library/core/src/panicking.rs:74:14
[INFO] [stdout]   18:     0x642405229f06 - core::result::unwrap_failed::hd20b4aa073bda1e2
[INFO] [stdout]                                at /rustc/90b35a6239c3d8bdabc530a6a0816f7ff89a0aaf/library/core/src/result.rs:1700:5
[INFO] [stdout]   19:     0x64240523a1d6 - core::result::Result<T,E>::unwrap::he6ae629c13143209
[INFO] [stdout]                                at /rustc/90b35a6239c3d8bdabc530a6a0816f7ff89a0aaf/library/core/src/result.rs:1104:23
[INFO] [stdout]   20:     0x64240523a1d6 - aoc::puzzle_05::Problem::load::h97bcb11cef1a1d06
[INFO] [stdout]                                at /opt/rustwide/workdir/src/puzzle_05.rs:97:31
[INFO] [stdout]   21:     0x64240523b5bf - aoc::puzzle_05::tests::example_2::hc989472109035377
[INFO] [stdout]                                at /opt/rustwide/workdir/src/puzzle_05.rs:156:23
[INFO] [stdout]   22:     0x64240523b577 - aoc::puzzle_05::tests::example_2::{{closure}}::ha4bd49ac28f3cb71
[INFO] [stdout]                                at /opt/rustwide/workdir/src/puzzle_05.rs:155:19
[INFO] [stdout]   23:     0x64240523cf16 - core::ops::function::FnOnce::call_once::h6f52359ab5c68565
[INFO] [stdout]                                at /rustc/90b35a6239c3d8bdabc530a6a0816f7ff89a0aaf/library/core/src/ops/function.rs:250:5
[INFO] [stdout]   24:     0x64240527c26b - core::ops::function::FnOnce::call_once::h109cf8051a59b34e
[INFO] [stdout]                                at /rustc/90b35a6239c3d8bdabc530a6a0816f7ff89a0aaf/library/core/src/ops/function.rs:250:5
[INFO] [stdout]   25:     0x64240527c26b - test::__rust_begin_short_backtrace::hf4fff89d377446ba
[INFO] [stdout]                                at /rustc/90b35a6239c3d8bdabc530a6a0816f7ff89a0aaf/library/test/src/lib.rs:621:18
[INFO] [stdout]   26:     0x64240527baa7 - test::run_test_in_process::{{closure}}::h0e39181dd7ee5a43
[INFO] [stdout]                                at /rustc/90b35a6239c3d8bdabc530a6a0816f7ff89a0aaf/library/test/src/lib.rs:644:60
[INFO] [stdout]   27:     0x64240527baa7 - <core::panic::unwind_safe::AssertUnwindSafe<F> as core::ops::function::FnOnce<()>>::call_once::hc5a66a30f0bdfd1f
[INFO] [stdout]                                at /rustc/90b35a6239c3d8bdabc530a6a0816f7ff89a0aaf/library/core/src/panic/unwind_safe.rs:272:9
[INFO] [stdout]   28:     0x64240527baa7 - std::panicking::try::do_call::h873b7cf639554a5e
[INFO] [stdout]                                at /rustc/90b35a6239c3d8bdabc530a6a0816f7ff89a0aaf/library/std/src/panicking.rs:557:40
[INFO] [stdout]   29:     0x64240527baa7 - std::panicking::try::hdb19862fad9c8bd1
[INFO] [stdout]                                at /rustc/90b35a6239c3d8bdabc530a6a0816f7ff89a0aaf/library/std/src/panicking.rs:520:19
[INFO] [stdout]   30:     0x64240527baa7 - std::panic::catch_unwind::h281fe732d236d260
[INFO] [stdout]                                at /rustc/90b35a6239c3d8bdabc530a6a0816f7ff89a0aaf/library/std/src/panic.rs:358:14
[INFO] [stdout]   31:     0x64240527baa7 - test::run_test_in_process::h949b6df8457ed338
[INFO] [stdout]                                at /rustc/90b35a6239c3d8bdabc530a6a0816f7ff89a0aaf/library/test/src/lib.rs:644:27
[INFO] [stdout]   32:     0x64240527baa7 - test::run_test::{{closure}}::h52c556a6d4740e10
[INFO] [stdout]                                at /rustc/90b35a6239c3d8bdabc530a6a0816f7ff89a0aaf/library/test/src/lib.rs:565:43
[INFO] [stdout]   33:     0x642405240d84 - test::run_test::{{closure}}::h4237f6381c45ccb9
[INFO] [stdout]                                at /rustc/90b35a6239c3d8bdabc530a6a0816f7ff89a0aaf/library/test/src/lib.rs:595:41
[INFO] [stdout]   34:     0x642405240d84 - std::sys::backtrace::__rust_begin_short_backtrace::h505c97a579eca628
[INFO] [stdout]                                at /rustc/90b35a6239c3d8bdabc530a6a0816f7ff89a0aaf/library/std/src/sys/backtrace.rs:154:18
[INFO] [stdout]   35:     0x64240524444e - std::thread::Builder::spawn_unchecked_::{{closure}}::{{closure}}::h9e86b2e2bc107ea3
[INFO] [stdout]                                at /rustc/90b35a6239c3d8bdabc530a6a0816f7ff89a0aaf/library/std/src/thread/mod.rs:538:17
[INFO] [stdout]   36:     0x64240524444e - <core::panic::unwind_safe::AssertUnwindSafe<F> as core::ops::function::FnOnce<()>>::call_once::h8b06ddb275ff4a25
[INFO] [stdout]                                at /rustc/90b35a6239c3d8bdabc530a6a0816f7ff89a0aaf/library/core/src/panic/unwind_safe.rs:272:9
[INFO] [stdout]   37:     0x64240524444e - std::panicking::try::do_call::hb26ecd7cd9a9355d
[INFO] [stdout]                                at /rustc/90b35a6239c3d8bdabc530a6a0816f7ff89a0aaf/library/std/src/panicking.rs:557:40
[INFO] [stdout]   38:     0x64240524444e - std::panicking::try::h8ddeca9d705f9069
[INFO] [stdout]                                at /rustc/90b35a6239c3d8bdabc530a6a0816f7ff89a0aaf/library/std/src/panicking.rs:520:19
[INFO] [stdout]   39:     0x64240524444e - std::panic::catch_unwind::h49e1c33078844c46
[INFO] [stdout]                                at /rustc/90b35a6239c3d8bdabc530a6a0816f7ff89a0aaf/library/std/src/panic.rs:358:14
[INFO] [stdout]   40:     0x64240524444e - std::thread::Builder::spawn_unchecked_::{{closure}}::h6073db6ff56ad35d
[INFO] [stdout]                                at /rustc/90b35a6239c3d8bdabc530a6a0816f7ff89a0aaf/library/std/src/thread/mod.rs:537:30
[INFO] [stdout]   41:     0x64240524444e - core::ops::function::FnOnce::call_once{{vtable.shim}}::h2c5a5f3779c774f1
[INFO] [stdout]                                at /rustc/90b35a6239c3d8bdabc530a6a0816f7ff89a0aaf/library/core/src/ops/function.rs:250:5
[INFO] [stdout]   42:     0x6424052b0ccb - <alloc::boxed::Box<F,A> as core::ops::function::FnOnce<Args>>::call_once::hf75717d9f28faebf
[INFO] [stdout]                                at /rustc/90b35a6239c3d8bdabc530a6a0816f7ff89a0aaf/library/alloc/src/boxed.rs:2454:9
[INFO] [stdout]   43:     0x6424052b0ccb - <alloc::boxed::Box<F,A> as core::ops::function::FnOnce<Args>>::call_once::h7bd883a5f3c5f3c1
[INFO] [stdout]                                at /rustc/90b35a6239c3d8bdabc530a6a0816f7ff89a0aaf/library/alloc/src/boxed.rs:2454:9
[INFO] [stdout]   44:     0x6424052b0ccb - std::sys::pal::unix::thread::Thread::new::thread_start::hcc78f3943333fa94
[INFO] [stdout]                                at /rustc/90b35a6239c3d8bdabc530a6a0816f7ff89a0aaf/library/std/src/sys/pal/unix/thread.rs:105:17
[INFO] [stdout]   45:     0x70c92d28eac3 - <unknown>
[INFO] [stdout]   46:     0x70c92d31fa04 - clone
[INFO] [stdout]   47:                0x0 - <unknown>
[INFO] [stdout] 
[INFO] [stdout] ---- puzzle_05::tests::part_1 stdout ----
[INFO] [stdout] thread 'puzzle_05::tests::part_1' panicked at src/puzzle_05.rs:97:58:
[INFO] [stdout] called `Result::unwrap()` on an `Err` value: Os { code: 2, kind: NotFound, message: "No such file or directory" }
[INFO] [stdout] stack backtrace:
[INFO] [stdout]    0:     0x6424052ab47a - std::backtrace_rs::backtrace::libunwind::trace::h5a5b8284f2d0c266
[INFO] [stdout]                                at /rustc/90b35a6239c3d8bdabc530a6a0816f7ff89a0aaf/library/std/src/../../backtrace/src/backtrace/libunwind.rs:116:5
[INFO] [stdout]    1:     0x6424052ab47a - std::backtrace_rs::backtrace::trace_unsynchronized::h76d4f1c9b0b875e3
[INFO] [stdout]                                at /rustc/90b35a6239c3d8bdabc530a6a0816f7ff89a0aaf/library/std/src/../../backtrace/src/backtrace/mod.rs:66:5
[INFO] [stdout]    2:     0x6424052ab47a - std::sys::backtrace::_print_fmt::hc4546b8364a537c6
[INFO] [stdout]                                at /rustc/90b35a6239c3d8bdabc530a6a0816f7ff89a0aaf/library/std/src/sys/backtrace.rs:66:9
[INFO] [stdout]    3:     0x6424052ab47a - <std::sys::backtrace::BacktraceLock::print::DisplayBacktrace as core::fmt::Display>::fmt::h5b6bd5631a6d1f6b
[INFO] [stdout]                                at /rustc/90b35a6239c3d8bdabc530a6a0816f7ff89a0aaf/library/std/src/sys/backtrace.rs:39:26
[INFO] [stdout]    4:     0x6424052d0943 - core::fmt::rt::Argument::fmt::h270f6602a2b96f62
[INFO] [stdout]                                at /rustc/90b35a6239c3d8bdabc530a6a0816f7ff89a0aaf/library/core/src/fmt/rt.rs:177:76
[INFO] [stdout]    5:     0x6424052d0943 - core::fmt::write::h7550c97b06c86515
[INFO] [stdout]                                at /rustc/90b35a6239c3d8bdabc530a6a0816f7ff89a0aaf/library/core/src/fmt/mod.rs:1186:21
[INFO] [stdout]    6:     0x6424052a8643 - std::io::Write::write_fmt::h509ff860e5956e5e
[INFO] [stdout]                                at /rustc/90b35a6239c3d8bdabc530a6a0816f7ff89a0aaf/library/std/src/io/mod.rs:1839:15
[INFO] [stdout]    7:     0x6424052ab2c2 - std::sys::backtrace::BacktraceLock::print::h2395ccd2c84ba3aa
[INFO] [stdout]                                at /rustc/90b35a6239c3d8bdabc530a6a0816f7ff89a0aaf/library/std/src/sys/backtrace.rs:42:9
[INFO] [stdout]    8:     0x6424052ac8da - std::panicking::default_hook::{{closure}}::he19d4c7230e07961
[INFO] [stdout]                                at /rustc/90b35a6239c3d8bdabc530a6a0816f7ff89a0aaf/library/std/src/panicking.rs:268:22
[INFO] [stdout]    9:     0x6424052ac6e4 - std::panicking::default_hook::hf614597d3c67bbdb
[INFO] [stdout]                                at /rustc/90b35a6239c3d8bdabc530a6a0816f7ff89a0aaf/library/std/src/panicking.rs:292:9
[INFO] [stdout]   10:     0x6424052778a9 - <alloc::boxed::Box<F,A> as core::ops::function::Fn<Args>>::call::h39b51ce4599c23d1
[INFO] [stdout]                                at /rustc/90b35a6239c3d8bdabc530a6a0816f7ff89a0aaf/library/alloc/src/boxed.rs:2468:9
[INFO] [stdout]   11:     0x6424052778a9 - test::test_main::{{closure}}::he977ae839a582784
[INFO] [stdout]                                at /rustc/90b35a6239c3d8bdabc530a6a0816f7ff89a0aaf/library/test/src/lib.rs:133:21
[INFO] [stdout]   12:     0x6424052acf78 - <alloc::boxed::Box<F,A> as core::ops::function::Fn<Args>>::call::h9455091b6b06f9fb
[INFO] [stdout]                                at /rustc/90b35a6239c3d8bdabc530a6a0816f7ff89a0aaf/library/alloc/src/boxed.rs:2468:9
[INFO] [stdout]   13:     0x6424052acf78 - std::panicking::rust_panic_with_hook::h8942133a8b252070
[INFO] [stdout]                                at /rustc/90b35a6239c3d8bdabc530a6a0816f7ff89a0aaf/library/std/src/panicking.rs:809:13
[INFO] [stdout]   14:     0x6424052acd3a - std::panicking::begin_panic_handler::{{closure}}::hb5f5963570096b29
[INFO] [stdout]                                at /rustc/90b35a6239c3d8bdabc530a6a0816f7ff89a0aaf/library/std/src/panicking.rs:674:13
[INFO] [stdout]   15:     0x6424052ab959 - std::sys::backtrace::__rust_end_short_backtrace::h6208cedc1922feda
[INFO] [stdout]                                at /rustc/90b35a6239c3d8bdabc530a6a0816f7ff89a0aaf/library/std/src/sys/backtrace.rs:170:18
[INFO] [stdout]   16:     0x6424052ac9cc - rust_begin_unwind
[INFO] [stdout]                                at /rustc/90b35a6239c3d8bdabc530a6a0816f7ff89a0aaf/library/std/src/panicking.rs:665:5
[INFO] [stdout]   17:     0x642405229ac0 - core::panicking::panic_fmt::h0c3082644d1bf418
[INFO] [stdout]                                at /rustc/90b35a6239c3d8bdabc530a6a0816f7ff89a0aaf/library/core/src/panicking.rs:74:14
[INFO] [stdout]   18:     0x642405229f06 - core::result::unwrap_failed::hd20b4aa073bda1e2
[INFO] [stdout]                                at /rustc/90b35a6239c3d8bdabc530a6a0816f7ff89a0aaf/library/core/src/result.rs:1700:5
[INFO] [stdout]   19:     0x64240523a1d6 - core::result::Result<T,E>::unwrap::he6ae629c13143209
[INFO] [stdout]                                at /rustc/90b35a6239c3d8bdabc530a6a0816f7ff89a0aaf/library/core/src/result.rs:1104:23
[INFO] [stdout]   20:     0x64240523a1d6 - aoc::puzzle_05::Problem::load::h97bcb11cef1a1d06
[INFO] [stdout]                                at /opt/rustwide/workdir/src/puzzle_05.rs:97:31
[INFO] [stdout]   21:     0x64240523b3cf - aoc::puzzle_05::tests::part_1::haf975109059d7101
[INFO] [stdout]                                at /opt/rustwide/workdir/src/puzzle_05.rs:150:23
[INFO] [stdout]   22:     0x64240523b387 - aoc::puzzle_05::tests::part_1::{{closure}}::h6160915ead56ba20
[INFO] [stdout]                                at /opt/rustwide/workdir/src/puzzle_05.rs:149:16
[INFO] [stdout]   23:     0x64240523cf96 - core::ops::function::FnOnce::call_once::h77121706927e0c2e
[INFO] [stdout]                                at /rustc/90b35a6239c3d8bdabc530a6a0816f7ff89a0aaf/library/core/src/ops/function.rs:250:5
[INFO] [stdout]   24:     0x64240527c26b - core::ops::function::FnOnce::call_once::h109cf8051a59b34e
[INFO] [stdout]                                at /rustc/90b35a6239c3d8bdabc530a6a0816f7ff89a0aaf/library/core/src/ops/function.rs:250:5
[INFO] [stdout]   25:     0x64240527c26b - test::__rust_begin_short_backtrace::hf4fff89d377446ba
[INFO] [stdout]                                at /rustc/90b35a6239c3d8bdabc530a6a0816f7ff89a0aaf/library/test/src/lib.rs:621:18
[INFO] [stdout]   26:     0x64240527baa7 - test::run_test_in_process::{{closure}}::h0e39181dd7ee5a43
[INFO] [stdout]                                at /rustc/90b35a6239c3d8bdabc530a6a0816f7ff89a0aaf/library/test/src/lib.rs:644:60
[INFO] [stdout]   27:     0x64240527baa7 - <core::panic::unwind_safe::AssertUnwindSafe<F> as core::ops::function::FnOnce<()>>::call_once::hc5a66a30f0bdfd1f
[INFO] [stdout]                                at /rustc/90b35a6239c3d8bdabc530a6a0816f7ff89a0aaf/library/core/src/panic/unwind_safe.rs:272:9
[INFO] [stdout]   28:     0x64240527baa7 - std::panicking::try::do_call::h873b7cf639554a5e
[INFO] [stdout]                                at /rustc/90b35a6239c3d8bdabc530a6a0816f7ff89a0aaf/library/std/src/panicking.rs:557:40
[INFO] [stdout]   29:     0x64240527baa7 - std::panicking::try::hdb19862fad9c8bd1
[INFO] [stdout]                                at /rustc/90b35a6239c3d8bdabc530a6a0816f7ff89a0aaf/library/std/src/panicking.rs:520:19
[INFO] [stdout]   30:     0x64240527baa7 - std::panic::catch_unwind::h281fe732d236d260
[INFO] [stdout]                                at /rustc/90b35a6239c3d8bdabc530a6a0816f7ff89a0aaf/library/std/src/panic.rs:358:14
[INFO] [stdout]   31:     0x64240527baa7 - test::run_test_in_process::h949b6df8457ed338
[INFO] [stdout]                                at /rustc/90b35a6239c3d8bdabc530a6a0816f7ff89a0aaf/library/test/src/lib.rs:644:27
[INFO] [stdout]   32:     0x64240527baa7 - test::run_test::{{closure}}::h52c556a6d4740e10
[INFO] [stdout]                                at /rustc/90b35a6239c3d8bdabc530a6a0816f7ff89a0aaf/library/test/src/lib.rs:565:43
[INFO] [stdout]   33:     0x642405240d84 - test::run_test::{{closure}}::h4237f6381c45ccb9
[INFO] [stdout]                                at /rustc/90b35a6239c3d8bdabc530a6a0816f7ff89a0aaf/library/test/src/lib.rs:595:41
[INFO] [stdout]   34:     0x642405240d84 - std::sys::backtrace::__rust_begin_short_backtrace::h505c97a579eca628
[INFO] [stdout]                                at /rustc/90b35a6239c3d8bdabc530a6a0816f7ff89a0aaf/library/std/src/sys/backtrace.rs:154:18
[INFO] [stdout]   35:     0x64240524444e - std::thread::Builder::spawn_unchecked_::{{closure}}::{{closure}}::h9e86b2e2bc107ea3
[INFO] [stdout]                                at /rustc/90b35a6239c3d8bdabc530a6a0816f7ff89a0aaf/library/std/src/thread/mod.rs:538:17
[INFO] [stdout]   36:     0x64240524444e - <core::panic::unwind_safe::AssertUnwindSafe<F> as core::ops::function::FnOnce<()>>::call_once::h8b06ddb275ff4a25
[INFO] [stdout]                                at /rustc/90b35a6239c3d8bdabc530a6a0816f7ff89a0aaf/library/core/src/panic/unwind_safe.rs:272:9
[INFO] [stdout]   37:     0x64240524444e - std::panicking::try::do_call::hb26ecd7cd9a9355d
[INFO] [stdout]                                at /rustc/90b35a6239c3d8bdabc530a6a0816f7ff89a0aaf/library/std/src/panicking.rs:557:40
[INFO] [stdout]   38:     0x64240524444e - std::panicking::try::h8ddeca9d705f9069
[INFO] [stdout]                                at /rustc/90b35a6239c3d8bdabc530a6a0816f7ff89a0aaf/library/std/src/panicking.rs:520:19
[INFO] [stdout]   39:     0x64240524444e - std::panic::catch_unwind::h49e1c33078844c46
[INFO] [stdout]                                at /rustc/90b35a6239c3d8bdabc530a6a0816f7ff89a0aaf/library/std/src/panic.rs:358:14
[INFO] [stdout]   40:     0x64240524444e - std::thread::Builder::spawn_unchecked_::{{closure}}::h6073db6ff56ad35d
[INFO] [stdout]                                at /rustc/90b35a6239c3d8bdabc530a6a0816f7ff89a0aaf/library/std/src/thread/mod.rs:537:30
[INFO] [stdout]   41:     0x64240524444e - core::ops::function::FnOnce::call_once{{vtable.shim}}::h2c5a5f3779c774f1
[INFO] [stdout]                                at /rustc/90b35a6239c3d8bdabc530a6a0816f7ff89a0aaf/library/core/src/ops/function.rs:250:5
[INFO] [stdout]   42:     0x6424052b0ccb - <alloc::boxed::Box<F,A> as core::ops::function::FnOnce<Args>>::call_once::hf75717d9f28faebf
[INFO] [stdout]                                at /rustc/90b35a6239c3d8bdabc530a6a0816f7ff89a0aaf/library/alloc/src/boxed.rs:2454:9
[INFO] [stdout]   43:     0x6424052b0ccb - <alloc::boxed::Box<F,A> as core::ops::function::FnOnce<Args>>::call_once::h7bd883a5f3c5f3c1
[INFO] [stdout]                                at /rustc/90b35a6239c3d8bdabc530a6a0816f7ff89a0aaf/library/alloc/src/boxed.rs:2454:9
[INFO] [stdout]   44:     0x6424052b0ccb - std::sys::pal::unix::thread::Thread::new::thread_start::hcc78f3943333fa94
[INFO] [stdout]                                at /rustc/90b35a6239c3d8bdabc530a6a0816f7ff89a0aaf/library/std/src/sys/pal/unix/thread.rs:105:17
[INFO] [stdout]   45:     0x70c92d28eac3 - <unknown>
[INFO] [stdout]   46:     0x70c92d31fa04 - clone
[INFO] [stdout]   47:                0x0 - <unknown>
[INFO] [stdout] 
[INFO] [stdout] ---- puzzle_05::tests::example_1 stdout ----
[INFO] [stdout] thread 'puzzle_05::tests::example_1' panicked at src/puzzle_05.rs:97:58:
[INFO] [stdout] called `Result::unwrap()` on an `Err` value: Os { code: 2, kind: NotFound, message: "No such file or directory" }
[INFO] [stdout] stack backtrace:
[INFO] [stdout]    0:     0x6424052ab47a - std::backtrace_rs::backtrace::libunwind::trace::h5a5b8284f2d0c266
[INFO] [stdout]                                at /rustc/90b35a6239c3d8bdabc530a6a0816f7ff89a0aaf/library/std/src/../../backtrace/src/backtrace/libunwind.rs:116:5
[INFO] [stdout]    1:     0x6424052ab47a - std::backtrace_rs::backtrace::trace_unsynchronized::h76d4f1c9b0b875e3
[INFO] [stdout]                                at /rustc/90b35a6239c3d8bdabc530a6a0816f7ff89a0aaf/library/std/src/../../backtrace/src/backtrace/mod.rs:66:5
[INFO] [stdout]    2:     0x6424052ab47a - std::sys::backtrace::_print_fmt::hc4546b8364a537c6
[INFO] [stdout]                                at /rustc/90b35a6239c3d8bdabc530a6a0816f7ff89a0aaf/library/std/src/sys/backtrace.rs:66:9
[INFO] [stdout]    3:     0x6424052ab47a - <std::sys::backtrace::BacktraceLock::print::DisplayBacktrace as core::fmt::Display>::fmt::h5b6bd5631a6d1f6b
[INFO] [stdout]                                at /rustc/90b35a6239c3d8bdabc530a6a0816f7ff89a0aaf/library/std/src/sys/backtrace.rs:39:26
[INFO] [stdout]    4:     0x6424052d0943 - core::fmt::rt::Argument::fmt::h270f6602a2b96f62
[INFO] [stdout]                                at /rustc/90b35a6239c3d8bdabc530a6a0816f7ff89a0aaf/library/core/src/fmt/rt.rs:177:76
[INFO] [stdout]    5:     0x6424052d0943 - core::fmt::write::h7550c97b06c86515
[INFO] [stdout]                                at /rustc/90b35a6239c3d8bdabc530a6a0816f7ff89a0aaf/library/core/src/fmt/mod.rs:1186:21
[INFO] [stdout]    6:     0x6424052a8643 - std::io::Write::write_fmt::h509ff860e5956e5e
[INFO] [stdout]                                at /rustc/90b35a6239c3d8bdabc530a6a0816f7ff89a0aaf/library/std/src/io/mod.rs:1839:15
[INFO] [stdout]    7:     0x6424052ab2c2 - std::sys::backtrace::BacktraceLock::print::h2395ccd2c84ba3aa
[INFO] [stdout]                                at /rustc/90b35a6239c3d8bdabc530a6a0816f7ff89a0aaf/library/std/src/sys/backtrace.rs:42:9
[INFO] [stdout]    8:     0x6424052ac8da - std::panicking::default_hook::{{closure}}::he19d4c7230e07961
[INFO] [stdout]                                at /rustc/90b35a6239c3d8bdabc530a6a0816f7ff89a0aaf/library/std/src/panicking.rs:268:22
[INFO] [stdout]    9:     0x6424052ac6e4 - std::panicking::default_hook::hf614597d3c67bbdb
[INFO] [stdout]                                at /rustc/90b35a6239c3d8bdabc530a6a0816f7ff89a0aaf/library/std/src/panicking.rs:292:9
[INFO] [stdout]   10:     0x6424052778a9 - <alloc::boxed::Box<F,A> as core::ops::function::Fn<Args>>::call::h39b51ce4599c23d1
[INFO] [stdout]                                at /rustc/90b35a6239c3d8bdabc530a6a0816f7ff89a0aaf/library/alloc/src/boxed.rs:2468:9
[INFO] [stdout]   11:     0x6424052778a9 - test::test_main::{{closure}}::he977ae839a582784
[INFO] [stdout]                                at /rustc/90b35a6239c3d8bdabc530a6a0816f7ff89a0aaf/library/test/src/lib.rs:133:21
[INFO] [stdout]   12:     0x6424052acf78 - <alloc::boxed::Box<F,A> as core::ops::function::Fn<Args>>::call::h9455091b6b06f9fb
[INFO] [stdout]                                at /rustc/90b35a6239c3d8bdabc530a6a0816f7ff89a0aaf/library/alloc/src/boxed.rs:2468:9
[INFO] [stdout]   13:     0x6424052acf78 - std::panicking::rust_panic_with_hook::h8942133a8b252070
[INFO] [stdout]                                at /rustc/90b35a6239c3d8bdabc530a6a0816f7ff89a0aaf/library/std/src/panicking.rs:809:13
[INFO] [stdout]   14:     0x6424052acd3a - std::panicking::begin_panic_handler::{{closure}}::hb5f5963570096b29
[INFO] [stdout]                                at /rustc/90b35a6239c3d8bdabc530a6a0816f7ff89a0aaf/library/std/src/panicking.rs:674:13
[INFO] [stdout]   15:     0x6424052ab959 - std::sys::backtrace::__rust_end_short_backtrace::h6208cedc1922feda
[INFO] [stdout]                                at /rustc/90b35a6239c3d8bdabc530a6a0816f7ff89a0aaf/library/std/src/sys/backtrace.rs:170:18
[INFO] [stdout]   16:     0x6424052ac9cc - rust_begin_unwind
[INFO] [stdout]                                at /rustc/90b35a6239c3d8bdabc530a6a0816f7ff89a0aaf/library/std/src/panicking.rs:665:5
[INFO] [stdout]   17:     0x642405229ac0 - core::panicking::panic_fmt::h0c3082644d1bf418
[INFO] [stdout]                                at /rustc/90b35a6239c3d8bdabc530a6a0816f7ff89a0aaf/library/core/src/panicking.rs:74:14
[INFO] [stdout]   18:     0x642405229f06 - core::result::unwrap_failed::hd20b4aa073bda1e2
[INFO] [stdout]                                at /rustc/90b35a6239c3d8bdabc530a6a0816f7ff89a0aaf/library/core/src/result.rs:1700:5
[INFO] [stdout]   19:     0x64240523a1d6 - core::result::Result<T,E>::unwrap::he6ae629c13143209
[INFO] [stdout]                                at /rustc/90b35a6239c3d8bdabc530a6a0816f7ff89a0aaf/library/core/src/result.rs:1104:23
[INFO] [stdout]   20:     0x64240523a1d6 - aoc::puzzle_05::Problem::load::h97bcb11cef1a1d06
[INFO] [stdout]                                at /opt/rustwide/workdir/src/puzzle_05.rs:97:31
[INFO] [stdout]   21:     0x64240523b1ff - aoc::puzzle_05::tests::example_1::h6fc35ad4bae0d934
[INFO] [stdout]                                at /opt/rustwide/workdir/src/puzzle_05.rs:144:23
[INFO] [stdout]   22:     0x64240523b1b7 - aoc::puzzle_05::tests::example_1::{{closure}}::h09e68368dbe8d47f
[INFO] [stdout]                                at /opt/rustwide/workdir/src/puzzle_05.rs:143:19
[INFO] [stdout]   23:     0x64240523ce26 - core::ops::function::FnOnce::call_once::h3ccb09cbc2f896ce
[INFO] [stdout]                                at /rustc/90b35a6239c3d8bdabc530a6a0816f7ff89a0aaf/library/core/src/ops/function.rs:250:5
[INFO] [stdout]   24:     0x64240527c26b - core::ops::function::FnOnce::call_once::h109cf8051a59b34e
[INFO] [stdout]                                at /rustc/90b35a6239c3d8bdabc530a6a0816f7ff89a0aaf/library/core/src/ops/function.rs:250:5
[INFO] [stdout]   25:     0x64240527c26b - test::__rust_begin_short_backtrace::hf4fff89d377446ba
[INFO] [stdout]                                at /rustc/90b35a6239c3d8bdabc530a6a0816f7ff89a0aaf/library/test/src/lib.rs:621:18
[INFO] [stdout]   26:     0x64240527baa7 - test::run_test_in_process::{{closure}}::h0e39181dd7ee5a43
[INFO] [stdout]                                at /rustc/90b35a6239c3d8bdabc530a6a0816f7ff89a0aaf/library/test/src/lib.rs:644:60
[INFO] [stdout]   27:     0x64240527baa7 - <core::panic::unwind_safe::AssertUnwindSafe<F> as core::ops::function::FnOnce<()>>::call_once::hc5a66a30f0bdfd1f
[INFO] [stdout]                                at /rustc/90b35a6239c3d8bdabc530a6a0816f7ff89a0aaf/library/core/src/panic/unwind_safe.rs:272:9
[INFO] [stdout]   28:     0x64240527baa7 - std::panicking::try::do_call::h873b7cf639554a5e
[INFO] [stdout]                                at /rustc/90b35a6239c3d8bdabc530a6a0816f7ff89a0aaf/library/std/src/panicking.rs:557:40
[INFO] [stdout]   29:     0x64240527baa7 - std::panicking::try::hdb19862fad9c8bd1
[INFO] [stdout]                                at /rustc/90b35a6239c3d8bdabc530a6a0816f7ff89a0aaf/library/std/src/panicking.rs:520:19
[INFO] [stdout]   30:     0x64240527baa7 - std::panic::catch_unwind::h281fe732d236d260
[INFO] [stdout]                                at /rustc/90b35a6239c3d8bdabc530a6a0816f7ff89a0aaf/library/std/src/panic.rs:358:14
[INFO] [stdout]   31:     0x64240527baa7 - test::run_test_in_process::h949b6df8457ed338
[INFO] [stdout]                                at /rustc/90b35a6239c3d8bdabc530a6a0816f7ff89a0aaf/library/test/src/lib.rs:644:27
[INFO] [stdout]   32:     0x64240527baa7 - test::run_test::{{closure}}::h52c556a6d4740e10
[INFO] [stdout]                                at /rustc/90b35a6239c3d8bdabc530a6a0816f7ff89a0aaf/library/test/src/lib.rs:565:43
[INFO] [stdout]   33:     0x642405240d84 - test::run_test::{{closure}}::h4237f6381c45ccb9
[INFO] [stdout]                                at /rustc/90b35a6239c3d8bdabc530a6a0816f7ff89a0aaf/library/test/src/lib.rs:595:41
[INFO] [stdout]   34:     0x642405240d84 - std::sys::backtrace::__rust_begin_short_backtrace::h505c97a579eca628
[INFO] [stdout]                                at /rustc/90b35a6239c3d8bdabc530a6a0816f7ff89a0aaf/library/std/src/sys/backtrace.rs:154:18
[INFO] [stdout]   35:     0x64240524444e - std::thread::Builder::spawn_unchecked_::{{closure}}::{{closure}}::h9e86b2e2bc107ea3
[INFO] [stdout]                                at /rustc/90b35a6239c3d8bdabc530a6a0816f7ff89a0aaf/library/std/src/thread/mod.rs:538:17
[INFO] [stdout]   36:     0x64240524444e - <core::panic::unwind_safe::AssertUnwindSafe<F> as core::ops::function::FnOnce<()>>::call_once::h8b06ddb275ff4a25
[INFO] [stdout]                                at /rustc/90b35a6239c3d8bdabc530a6a0816f7ff89a0aaf/library/core/src/panic/unwind_safe.rs:272:9
[INFO] [stdout]   37:     0x64240524444e - std::panicking::try::do_call::hb26ecd7cd9a9355d
[INFO] [stdout]                                at /rustc/90b35a6239c3d8bdabc530a6a0816f7ff89a0aaf/library/std/src/panicking.rs:557:40
[INFO] [stdout]   38:     0x64240524444e - std::panicking::try::h8ddeca9d705f9069
[INFO] [stdout]                                at /rustc/90b35a6239c3d8bdabc530a6a0816f7ff89a0aaf/library/std/src/panicking.rs:520:19
[INFO] [stdout]   39:     0x64240524444e - std::panic::catch_unwind::h49e1c33078844c46
[INFO] [stdout]                                at /rustc/90b35a6239c3d8bdabc530a6a0816f7ff89a0aaf/library/std/src/panic.rs:358:14
[INFO] [stdout]   40:     0x64240524444e - std::thread::Builder::spawn_unchecked_::{{closure}}::h6073db6ff56ad35d
[INFO] [stdout]                                at /rustc/90b35a6239c3d8bdabc530a6a0816f7ff89a0aaf/library/std/src/thread/mod.rs:537:30
[INFO] [stdout]   41:     0x64240524444e - core::ops::function::FnOnce::call_once{{vtable.shim}}::h2c5a5f3779c774f1
[INFO] [stdout]                                at /rustc/90b35a6239c3d8bdabc530a6a0816f7ff89a0aaf/library/core/src/ops/function.rs:250:5
[INFO] [stdout]   42:     0x6424052b0ccb - <alloc::boxed::Box<F,A> as core::ops::function::FnOnce<Args>>::call_once::hf75717d9f28faebf
[INFO] [stdout]                                at /rustc/90b35a6239c3d8bdabc530a6a0816f7ff89a0aaf/library/alloc/src/boxed.rs:2454:9
[INFO] [stdout]   43:     0x6424052b0ccb - <alloc::boxed::Box<F,A> as core::ops::function::FnOnce<Args>>::call_once::h7bd883a5f3c5f3c1
[INFO] [stdout]                                at /rustc/90b35a6239c3d8bdabc530a6a0816f7ff89a0aaf/library/alloc/src/boxed.rs:2454:9
[INFO] [stdout]   44:     0x6424052b0ccb - std::sys::pal::unix::thread::Thread::new::thread_start::hcc78f3943333fa94
[INFO] [stdout]                                at /rustc/90b35a6239c3d8bdabc530a6a0816f7ff89a0aaf/library/std/src/sys/pal/unix/thread.rs:105:17
[INFO] [stdout]   45:     0x70c92d28eac3 - <unknown>
[INFO] [stdout]   46:     0x70c92d31fa04 - clone
[INFO] [stdout]   47:                0x0 - <unknown>
[INFO] [stdout] 
[INFO] [stdout] ---- puzzle_05::tests::part_2 stdout ----
[INFO] [stdout] thread 'puzzle_05::tests::part_2' panicked at src/puzzle_05.rs:97:58:
[INFO] [stdout] called `Result::unwrap()` on an `Err` value: Os { code: 2, kind: NotFound, message: "No such file or directory" }
[INFO] [stdout] stack backtrace:
[INFO] [stdout]    0:     0x6424052ab47a - std::backtrace_rs::backtrace::libunwind::trace::h5a5b8284f2d0c266
[INFO] [stdout]                                at /rustc/90b35a6239c3d8bdabc530a6a0816f7ff89a0aaf/library/std/src/../../backtrace/src/backtrace/libunwind.rs:116:5
[INFO] [stdout]    1:     0x6424052ab47a - std::backtrace_rs::backtrace::trace_unsynchronized::h76d4f1c9b0b875e3
[INFO] [stdout]                                at /rustc/90b35a6239c3d8bdabc530a6a0816f7ff89a0aaf/library/std/src/../../backtrace/src/backtrace/mod.rs:66:5
[INFO] [stdout]    2:     0x6424052ab47a - std::sys::backtrace::_print_fmt::hc4546b8364a537c6
[INFO] [stdout]                                at /rustc/90b35a6239c3d8bdabc530a6a0816f7ff89a0aaf/library/std/src/sys/backtrace.rs:66:9
[INFO] [stdout]    3:     0x6424052ab47a - <std::sys::backtrace::BacktraceLock::print::DisplayBacktrace as core::fmt::Display>::fmt::h5b6bd5631a6d1f6b
[INFO] [stdout]                                at /rustc/90b35a6239c3d8bdabc530a6a0816f7ff89a0aaf/library/std/src/sys/backtrace.rs:39:26
[INFO] [stdout]    4:     0x6424052d0943 - core::fmt::rt::Argument::fmt::h270f6602a2b96f62
[INFO] [stdout]                                at /rustc/90b35a6239c3d8bdabc530a6a0816f7ff89a0aaf/library/core/src/fmt/rt.rs:177:76
[INFO] [stdout]    5:     0x6424052d0943 - core::fmt::write::h7550c97b06c86515
[INFO] [stdout]                                at /rustc/90b35a6239c3d8bdabc530a6a0816f7ff89a0aaf/library/core/src/fmt/mod.rs:1186:21
[INFO] [stdout]    6:     0x6424052a8643 - std::io::Write::write_fmt::h509ff860e5956e5e
[INFO] [stdout]                                at /rustc/90b35a6239c3d8bdabc530a6a0816f7ff89a0aaf/library/std/src/io/mod.rs:1839:15
[INFO] [stdout]    7:     0x6424052ab2c2 - std::sys::backtrace::BacktraceLock::print::h2395ccd2c84ba3aa
[INFO] [stdout]                                at /rustc/90b35a6239c3d8bdabc530a6a0816f7ff89a0aaf/library/std/src/sys/backtrace.rs:42:9
[INFO] [stdout]    8:     0x6424052ac8da - std::panicking::default_hook::{{closure}}::he19d4c7230e07961
[INFO] [stdout]                                at /rustc/90b35a6239c3d8bdabc530a6a0816f7ff89a0aaf/library/std/src/panicking.rs:268:22
[INFO] [stdout]    9:     0x6424052ac6e4 - std::panicking::default_hook::hf614597d3c67bbdb
[INFO] [stdout]                                at /rustc/90b35a6239c3d8bdabc530a6a0816f7ff89a0aaf/library/std/src/panicking.rs:292:9
[INFO] [stdout]   10:     0x6424052778a9 - <alloc::boxed::Box<F,A> as core::ops::function::Fn<Args>>::call::h39b51ce4599c23d1
[INFO] [stdout]                                at /rustc/90b35a6239c3d8bdabc530a6a0816f7ff89a0aaf/library/alloc/src/boxed.rs:2468:9
[INFO] [stdout]   11:     0x6424052778a9 - test::test_main::{{closure}}::he977ae839a582784
[INFO] [stdout]                                at /rustc/90b35a6239c3d8bdabc530a6a0816f7ff89a0aaf/library/test/src/lib.rs:133:21
[INFO] [stdout]   12:     0x6424052acf78 - <alloc::boxed::Box<F,A> as core::ops::function::Fn<Args>>::call::h9455091b6b06f9fb
[INFO] [stdout]                                at /rustc/90b35a6239c3d8bdabc530a6a0816f7ff89a0aaf/library/alloc/src/boxed.rs:2468:9
[INFO] [stdout]   13:     0x6424052acf78 - std::panicking::rust_panic_with_hook::h8942133a8b252070
[INFO] [stdout]                                at /rustc/90b35a6239c3d8bdabc530a6a0816f7ff89a0aaf/library/std/src/panicking.rs:809:13
[INFO] [stdout]   14:     0x6424052acd3a - std::panicking::begin_panic_handler::{{closure}}::hb5f5963570096b29
[INFO] [stdout]                                at /rustc/90b35a6239c3d8bdabc530a6a0816f7ff89a0aaf/library/std/src/panicking.rs:674:13
[INFO] [stdout]   15:     0x6424052ab959 - std::sys::backtrace::__rust_end_short_backtrace::h6208cedc1922feda
[INFO] [stdout]                                at /rustc/90b35a6239c3d8bdabc530a6a0816f7ff89a0aaf/library/std/src/sys/backtrace.rs:170:18
[INFO] [stdout]   16:     0x6424052ac9cc - rust_begin_unwind
[INFO] [stdout]                                at /rustc/90b35a6239c3d8bdabc530a6a0816f7ff89a0aaf/library/std/src/panicking.rs:665:5
[INFO] [stdout]   17:     0x642405229ac0 - core::panicking::panic_fmt::h0c3082644d1bf418
[INFO] [stdout]                                at /rustc/90b35a6239c3d8bdabc530a6a0816f7ff89a0aaf/library/core/src/panicking.rs:74:14
[INFO] [stdout]   18:     0x642405229f06 - core::result::unwrap_failed::hd20b4aa073bda1e2
[INFO] [stdout]                                at /rustc/90b35a6239c3d8bdabc530a6a0816f7ff89a0aaf/library/core/src/result.rs:1700:5
[INFO] [stdout]   19:     0x64240523a1d6 - core::result::Result<T,E>::unwrap::he6ae629c13143209
[INFO] [stdout]                                at /rustc/90b35a6239c3d8bdabc530a6a0816f7ff89a0aaf/library/core/src/result.rs:1104:23
[INFO] [stdout]   20:     0x64240523a1d6 - aoc::puzzle_05::Problem::load::h97bcb11cef1a1d06
[INFO] [stderr] error: test failed, to rerun pass `--bin aoc`
[INFO] [stdout]                                at /opt/rustwide/workdir/src/puzzle_05.rs:97:31
[INFO] [stdout]   21:     0x64240523b78f - aoc::puzzle_05::tests::part_2::h702d395bedef480a
[INFO] [stdout]                                at /opt/rustwide/workdir/src/puzzle_05.rs:162:23
[INFO] [stdout]   22:     0x64240523b747 - aoc::puzzle_05::tests::part_2::{{closure}}::h5e57a8dd23a5e79b
[INFO] [stdout]                                at /opt/rustwide/workdir/src/puzzle_05.rs:161:16
[INFO] [stdout]   23:     0x64240523cfd6 - core::ops::function::FnOnce::call_once::h78280c9ad10321cd
[INFO] [stdout]                                at /rustc/90b35a6239c3d8bdabc530a6a0816f7ff89a0aaf/library/core/src/ops/function.rs:250:5
[INFO] [stdout]   24:     0x64240527c26b - core::ops::function::FnOnce::call_once::h109cf8051a59b34e
[INFO] [stdout]                                at /rustc/90b35a6239c3d8bdabc530a6a0816f7ff89a0aaf/library/core/src/ops/function.rs:250:5
[INFO] [stdout]   25:     0x64240527c26b - test::__rust_begin_short_backtrace::hf4fff89d377446ba
[INFO] [stdout]                                at /rustc/90b35a6239c3d8bdabc530a6a0816f7ff89a0aaf/library/test/src/lib.rs:621:18
[INFO] [stdout]   26:     0x64240527baa7 - test::run_test_in_process::{{closure}}::h0e39181dd7ee5a43
[INFO] [stdout]                                at /rustc/90b35a6239c3d8bdabc530a6a0816f7ff89a0aaf/library/test/src/lib.rs:644:60
[INFO] [stdout]   27:     0x64240527baa7 - <core::panic::unwind_safe::AssertUnwindSafe<F> as core::ops::function::FnOnce<()>>::call_once::hc5a66a30f0bdfd1f
[INFO] [stdout]                                at /rustc/90b35a6239c3d8bdabc530a6a0816f7ff89a0aaf/library/core/src/panic/unwind_safe.rs:272:9
[INFO] [stdout]   28:     0x64240527baa7 - std::panicking::try::do_call::h873b7cf639554a5e
[INFO] [stdout]                                at /rustc/90b35a6239c3d8bdabc530a6a0816f7ff89a0aaf/library/std/src/panicking.rs:557:40
[INFO] [stdout]   29:     0x64240527baa7 - std::panicking::try::hdb19862fad9c8bd1
[INFO] [stdout]                                at /rustc/90b35a6239c3d8bdabc530a6a0816f7ff89a0aaf/library/std/src/panicking.rs:520:19
[INFO] [stdout]   30:     0x64240527baa7 - std::panic::catch_unwind::h281fe732d236d260
[INFO] [stdout]                                at /rustc/90b35a6239c3d8bdabc530a6a0816f7ff89a0aaf/library/std/src/panic.rs:358:14
[INFO] [stdout]   31:     0x64240527baa7 - test::run_test_in_process::h949b6df8457ed338
[INFO] [stdout]                                at /rustc/90b35a6239c3d8bdabc530a6a0816f7ff89a0aaf/library/test/src/lib.rs:644:27
[INFO] [stdout]   32:     0x64240527baa7 - test::run_test::{{closure}}::h52c556a6d4740e10
[INFO] [stdout]                                at /rustc/90b35a6239c3d8bdabc530a6a0816f7ff89a0aaf/library/test/src/lib.rs:565:43
[INFO] [stdout]   33:     0x642405240d84 - test::run_test::{{closure}}::h4237f6381c45ccb9
[INFO] [stdout]                                at /rustc/90b35a6239c3d8bdabc530a6a0816f7ff89a0aaf/library/test/src/lib.rs:595:41
[INFO] [stdout]   34:     0x642405240d84 - std::sys::backtrace::__rust_begin_short_backtrace::h505c97a579eca628
[INFO] [stdout]                                at /rustc/90b35a6239c3d8bdabc530a6a0816f7ff89a0aaf/library/std/src/sys/backtrace.rs:154:18
[INFO] [stdout]   35:     0x64240524444e - std::thread::Builder::spawn_unchecked_::{{closure}}::{{closure}}::h9e86b2e2bc107ea3
[INFO] [stdout]                                at /rustc/90b35a6239c3d8bdabc530a6a0816f7ff89a0aaf/library/std/src/thread/mod.rs:538:17
[INFO] [stdout]   36:     0x64240524444e - <core::panic::unwind_safe::AssertUnwindSafe<F> as core::ops::function::FnOnce<()>>::call_once::h8b06ddb275ff4a25
[INFO] [stdout]                                at /rustc/90b35a6239c3d8bdabc530a6a0816f7ff89a0aaf/library/core/src/panic/unwind_safe.rs:272:9
[INFO] [stdout]   37:     0x64240524444e - std::panicking::try::do_call::hb26ecd7cd9a9355d
[INFO] [stdout]                                at /rustc/90b35a6239c3d8bdabc530a6a0816f7ff89a0aaf/library/std/src/panicking.rs:557:40
[INFO] [stdout]   38:     0x64240524444e - std::panicking::try::h8ddeca9d705f9069
[INFO] [stdout]                                at /rustc/90b35a6239c3d8bdabc530a6a0816f7ff89a0aaf/library/std/src/panicking.rs:520:19
[INFO] [stdout]   39:     0x64240524444e - std::panic::catch_unwind::h49e1c33078844c46
[INFO] [stdout]                                at /rustc/90b35a6239c3d8bdabc530a6a0816f7ff89a0aaf/library/std/src/panic.rs:358:14
[INFO] [stdout]   40:     0x64240524444e - std::thread::Builder::spawn_unchecked_::{{closure}}::h6073db6ff56ad35d
[INFO] [stdout]                                at /rustc/90b35a6239c3d8bdabc530a6a0816f7ff89a0aaf/library/std/src/thread/mod.rs:537:30
[INFO] [stdout]   41:     0x64240524444e - core::ops::function::FnOnce::call_once{{vtable.shim}}::h2c5a5f3779c774f1
[INFO] [stdout]                                at /rustc/90b35a6239c3d8bdabc530a6a0816f7ff89a0aaf/library/core/src/ops/function.rs:250:5
[INFO] [stdout]   42:     0x6424052b0ccb - <alloc::boxed::Box<F,A> as core::ops::function::FnOnce<Args>>::call_once::hf75717d9f28faebf
[INFO] [stdout]                                at /rustc/90b35a6239c3d8bdabc530a6a0816f7ff89a0aaf/library/alloc/src/boxed.rs:2454:9
[INFO] [stdout]   43:     0x6424052b0ccb - <alloc::boxed::Box<F,A> as core::ops::function::FnOnce<Args>>::call_once::h7bd883a5f3c5f3c1
[INFO] [stdout]                                at /rustc/90b35a6239c3d8bdabc530a6a0816f7ff89a0aaf/library/alloc/src/boxed.rs:2454:9
[INFO] [stdout]   44:     0x6424052b0ccb - std::sys::pal::unix::thread::Thread::new::thread_start::hcc78f3943333fa94
[INFO] [stdout]                                at /rustc/90b35a6239c3d8bdabc530a6a0816f7ff89a0aaf/library/std/src/sys/pal/unix/thread.rs:105:17
[INFO] [stdout]   45:     0x70c92d28eac3 - <unknown>
[INFO] [stdout]   46:     0x70c92d31fa04 - clone
[INFO] [stdout]   47:                0x0 - <unknown>
[INFO] [stdout] 
[INFO] [stdout] ---- puzzle_06::tests::part_2 stdout ----
[INFO] [stdout] thread 'puzzle_06::tests::part_2' panicked at src/puzzle_06.rs:140:48:
[INFO] [stdout] called `Result::unwrap()` on an `Err` value: Os { code: 2, kind: NotFound, message: "No such file or directory" }
[INFO] [stdout] stack backtrace:
[INFO] [stdout]    0:     0x6424052ab47a - std::backtrace_rs::backtrace::libunwind::trace::h5a5b8284f2d0c266
[INFO] [stdout]                                at /rustc/90b35a6239c3d8bdabc530a6a0816f7ff89a0aaf/library/std/src/../../backtrace/src/backtrace/libunwind.rs:116:5
[INFO] [stdout]    1:     0x6424052ab47a - std::backtrace_rs::backtrace::trace_unsynchronized::h76d4f1c9b0b875e3
[INFO] [stdout]                                at /rustc/90b35a6239c3d8bdabc530a6a0816f7ff89a0aaf/library/std/src/../../backtrace/src/backtrace/mod.rs:66:5
[INFO] [stdout]    2:     0x6424052ab47a - std::sys::backtrace::_print_fmt::hc4546b8364a537c6
[INFO] [stdout]                                at /rustc/90b35a6239c3d8bdabc530a6a0816f7ff89a0aaf/library/std/src/sys/backtrace.rs:66:9
[INFO] [stdout]    3:     0x6424052ab47a - <std::sys::backtrace::BacktraceLock::print::DisplayBacktrace as core::fmt::Display>::fmt::h5b6bd5631a6d1f6b
[INFO] [stdout]                                at /rustc/90b35a6239c3d8bdabc530a6a0816f7ff89a0aaf/library/std/src/sys/backtrace.rs:39:26
[INFO] [stdout]    4:     0x6424052d0943 - core::fmt::rt::Argument::fmt::h270f6602a2b96f62
[INFO] [stdout]                                at /rustc/90b35a6239c3d8bdabc530a6a0816f7ff89a0aaf/library/core/src/fmt/rt.rs:177:76
[INFO] [stdout]    5:     0x6424052d0943 - core::fmt::write::h7550c97b06c86515
[INFO] [stdout]                                at /rustc/90b35a6239c3d8bdabc530a6a0816f7ff89a0aaf/library/core/src/fmt/mod.rs:1186:21
[INFO] [stdout]    6:     0x6424052a8643 - std::io::Write::write_fmt::h509ff860e5956e5e
[INFO] [stdout]                                at /rustc/90b35a6239c3d8bdabc530a6a0816f7ff89a0aaf/library/std/src/io/mod.rs:1839:15
[INFO] [stdout]    7:     0x6424052ab2c2 - std::sys::backtrace::BacktraceLock::print::h2395ccd2c84ba3aa
[INFO] [stdout]                                at /rustc/90b35a6239c3d8bdabc530a6a0816f7ff89a0aaf/library/std/src/sys/backtrace.rs:42:9
[INFO] [stdout]    8:     0x6424052ac8da - std::panicking::default_hook::{{closure}}::he19d4c7230e07961
[INFO] [stdout]                                at /rustc/90b35a6239c3d8bdabc530a6a0816f7ff89a0aaf/library/std/src/panicking.rs:268:22
[INFO] [stdout]    9:     0x6424052ac6e4 - std::panicking::default_hook::hf614597d3c67bbdb
[INFO] [stdout]                                at /rustc/90b35a6239c3d8bdabc530a6a0816f7ff89a0aaf/library/std/src/panicking.rs:292:9
[INFO] [stdout]   10:     0x6424052778a9 - <alloc::boxed::Box<F,A> as core::ops::function::Fn<Args>>::call::h39b51ce4599c23d1
[INFO] [stdout]                                at /rustc/90b35a6239c3d8bdabc530a6a0816f7ff89a0aaf/library/alloc/src/boxed.rs:2468:9
[INFO] [stdout]   11:     0x6424052778a9 - test::test_main::{{closure}}::he977ae839a582784
[INFO] [stdout]                                at /rustc/90b35a6239c3d8bdabc530a6a0816f7ff89a0aaf/library/test/src/lib.rs:133:21
[INFO] [stdout]   12:     0x6424052acf78 - <alloc::boxed::Box<F,A> as core::ops::function::Fn<Args>>::call::h9455091b6b06f9fb
[INFO] [stdout]                                at /rustc/90b35a6239c3d8bdabc530a6a0816f7ff89a0aaf/library/alloc/src/boxed.rs:2468:9
[INFO] [stdout]   13:     0x6424052acf78 - std::panicking::rust_panic_with_hook::h8942133a8b252070
[INFO] [stdout]                                at /rustc/90b35a6239c3d8bdabc530a6a0816f7ff89a0aaf/library/std/src/panicking.rs:809:13
[INFO] [stdout]   14:     0x6424052acd3a - std::panicking::begin_panic_handler::{{closure}}::hb5f5963570096b29
[INFO] [stdout]                                at /rustc/90b35a6239c3d8bdabc530a6a0816f7ff89a0aaf/library/std/src/panicking.rs:674:13
[INFO] [stdout]   15:     0x6424052ab959 - std::sys::backtrace::__rust_end_short_backtrace::h6208cedc1922feda
[INFO] [stdout]                                at /rustc/90b35a6239c3d8bdabc530a6a0816f7ff89a0aaf/library/std/src/sys/backtrace.rs:170:18
[INFO] [stdout]   16:     0x6424052ac9cc - rust_begin_unwind
[INFO] [stdout]                                at /rustc/90b35a6239c3d8bdabc530a6a0816f7ff89a0aaf/library/std/src/panicking.rs:665:5
[INFO] [stdout]   17:     0x642405229ac0 - core::panicking::panic_fmt::h0c3082644d1bf418
[INFO] [stdout]                                at /rustc/90b35a6239c3d8bdabc530a6a0816f7ff89a0aaf/library/core/src/panicking.rs:74:14
[INFO] [stdout]   18:     0x642405229f06 - core::result::unwrap_failed::hd20b4aa073bda1e2
[INFO] [stdout]                                at /rustc/90b35a6239c3d8bdabc530a6a0816f7ff89a0aaf/library/core/src/result.rs:1700:5
[INFO] [stdout]   19:     0x64240522fa35 - core::result::Result<T,E>::unwrap::he6ae629c13143209
[INFO] [stdout]                                at /rustc/90b35a6239c3d8bdabc530a6a0816f7ff89a0aaf/library/core/src/result.rs:1104:23
[INFO] [stdout]   20:     0x64240522fa35 - aoc::puzzle_06::tests::part_2::h2b4a367d8f4e1721
[INFO] [stdout]                                at /opt/rustwide/workdir/src/puzzle_06.rs:140:21
[INFO] [stdout]   21:     0x64240522f9a7 - aoc::puzzle_06::tests::part_2::{{closure}}::h7a753fc79c88c0fb
[INFO] [stdout]                                at /opt/rustwide/workdir/src/puzzle_06.rs:138:16
[INFO] [stdout]   22:     0x64240523ce96 - core::ops::function::FnOnce::call_once::h4fd35467635859bf
[INFO] [stdout]                                at /rustc/90b35a6239c3d8bdabc530a6a0816f7ff89a0aaf/library/core/src/ops/function.rs:250:5
[INFO] [stdout]   23:     0x64240527c26b - core::ops::function::FnOnce::call_once::h109cf8051a59b34e
[INFO] [stdout]                                at /rustc/90b35a6239c3d8bdabc530a6a0816f7ff89a0aaf/library/core/src/ops/function.rs:250:5
[INFO] [stdout]   24:     0x64240527c26b - test::__rust_begin_short_backtrace::hf4fff89d377446ba
[INFO] [stdout]                                at /rustc/90b35a6239c3d8bdabc530a6a0816f7ff89a0aaf/library/test/src/lib.rs:621:18
[INFO] [stdout]   25:     0x64240527baa7 - test::run_test_in_process::{{closure}}::h0e39181dd7ee5a43
[INFO] [stdout]                                at /rustc/90b35a6239c3d8bdabc530a6a0816f7ff89a0aaf/library/test/src/lib.rs:644:60
[INFO] [stdout]   26:     0x64240527baa7 - <core::panic::unwind_safe::AssertUnwindSafe<F> as core::ops::function::FnOnce<()>>::call_once::hc5a66a30f0bdfd1f
[INFO] [stdout]                                at /rustc/90b35a6239c3d8bdabc530a6a0816f7ff89a0aaf/library/core/src/panic/unwind_safe.rs:272:9
[INFO] [stdout]   27:     0x64240527baa7 - std::panicking::try::do_call::h873b7cf639554a5e
[INFO] [stdout]                                at /rustc/90b35a6239c3d8bdabc530a6a0816f7ff89a0aaf/library/std/src/panicking.rs:557:40
[INFO] [stdout]   28:     0x64240527baa7 - std::panicking::try::hdb19862fad9c8bd1
[INFO] [stdout]                                at /rustc/90b35a6239c3d8bdabc530a6a0816f7ff89a0aaf/library/std/src/panicking.rs:520:19
[INFO] [stdout]   29:     0x64240527baa7 - std::panic::catch_unwind::h281fe732d236d260
[INFO] [stdout]                                at /rustc/90b35a6239c3d8bdabc530a6a0816f7ff89a0aaf/library/std/src/panic.rs:358:14
[INFO] [stdout]   30:     0x64240527baa7 - test::run_test_in_process::h949b6df8457ed338
[INFO] [stdout]                                at /rustc/90b35a6239c3d8bdabc530a6a0816f7ff89a0aaf/library/test/src/lib.rs:644:27
[INFO] [stdout]   31:     0x64240527baa7 - test::run_test::{{closure}}::h52c556a6d4740e10
[INFO] [stdout]                                at /rustc/90b35a6239c3d8bdabc530a6a0816f7ff89a0aaf/library/test/src/lib.rs:565:43
[INFO] [stdout]   32:     0x642405240d84 - test::run_test::{{closure}}::h4237f6381c45ccb9
[INFO] [stdout]                                at /rustc/90b35a6239c3d8bdabc530a6a0816f7ff89a0aaf/library/test/src/lib.rs:595:41
[INFO] [stdout]   33:     0x642405240d84 - std::sys::backtrace::__rust_begin_short_backtrace::h505c97a579eca628
[INFO] [stdout]                                at /rustc/90b35a6239c3d8bdabc530a6a0816f7ff89a0aaf/library/std/src/sys/backtrace.rs:154:18
[INFO] [stdout]   34:     0x64240524444e - std::thread::Builder::spawn_unchecked_::{{closure}}::{{closure}}::h9e86b2e2bc107ea3
[INFO] [stdout]                                at /rustc/90b35a6239c3d8bdabc530a6a0816f7ff89a0aaf/library/std/src/thread/mod.rs:538:17
[INFO] [stdout]   35:     0x64240524444e - <core::panic::unwind_safe::AssertUnwindSafe<F> as core::ops::function::FnOnce<()>>::call_once::h8b06ddb275ff4a25
[INFO] [stdout]                                at /rustc/90b35a6239c3d8bdabc530a6a0816f7ff89a0aaf/library/core/src/panic/unwind_safe.rs:272:9
[INFO] [stdout]   36:     0x64240524444e - std::panicking::try::do_call::hb26ecd7cd9a9355d
[INFO] [stdout]                                at /rustc/90b35a6239c3d8bdabc530a6a0816f7ff89a0aaf/library/std/src/panicking.rs:557:40
[INFO] [stdout]   37:     0x64240524444e - std::panicking::try::h8ddeca9d705f9069
[INFO] [stdout]                                at /rustc/90b35a6239c3d8bdabc530a6a0816f7ff89a0aaf/library/std/src/panicking.rs:520:19
[INFO] [stdout]   38:     0x64240524444e - std::panic::catch_unwind::h49e1c33078844c46
[INFO] [stdout]                                at /rustc/90b35a6239c3d8bdabc530a6a0816f7ff89a0aaf/library/std/src/panic.rs:358:14
[INFO] [stdout]   39:     0x64240524444e - std::thread::Builder::spawn_unchecked_::{{closure}}::h6073db6ff56ad35d
[INFO] [stdout]                                at /rustc/90b35a6239c3d8bdabc530a6a0816f7ff89a0aaf/library/std/src/thread/mod.rs:537:30
[INFO] [stdout]   40:     0x64240524444e - core::ops::function::FnOnce::call_once{{vtable.shim}}::h2c5a5f3779c774f1
[INFO] [stdout]                                at /rustc/90b35a6239c3d8bdabc530a6a0816f7ff89a0aaf/library/core/src/ops/function.rs:250:5
[INFO] [stdout]   41:     0x6424052b0ccb - <alloc::boxed::Box<F,A> as core::ops::function::FnOnce<Args>>::call_once::hf75717d9f28faebf
[INFO] [stdout]                                at /rustc/90b35a6239c3d8bdabc530a6a0816f7ff89a0aaf/library/alloc/src/boxed.rs:2454:9
[INFO] [stdout]   42:     0x6424052b0ccb - <alloc::boxed::Box<F,A> as core::ops::function::FnOnce<Args>>::call_once::h7bd883a5f3c5f3c1
[INFO] [stdout]                                at /rustc/90b35a6239c3d8bdabc530a6a0816f7ff89a0aaf/library/alloc/src/boxed.rs:2454:9
[INFO] [stdout]   43:     0x6424052b0ccb - std::sys::pal::unix::thread::Thread::new::thread_start::hcc78f3943333fa94
[INFO] [stdout]                                at /rustc/90b35a6239c3d8bdabc530a6a0816f7ff89a0aaf/library/std/src/sys/pal/unix/thread.rs:105:17
[INFO] [stdout]   44:     0x70c92d28eac3 - <unknown>
[INFO] [stdout]   45:     0x70c92d31fa04 - clone
[INFO] [stdout]   46:                0x0 - <unknown>
[INFO] [stdout] 
[INFO] [stdout] ---- puzzle_06::tests::part_1 stdout ----
[INFO] [stdout] thread 'puzzle_06::tests::part_1' panicked at src/puzzle_06.rs:124:48:
[INFO] [stdout] called `Result::unwrap()` on an `Err` value: Os { code: 2, kind: NotFound, message: "No such file or directory" }
[INFO] [stdout] stack backtrace:
[INFO] [stdout]    0:     0x6424052ab47a - std::backtrace_rs::backtrace::libunwind::trace::h5a5b8284f2d0c266
[INFO] [stdout]                                at /rustc/90b35a6239c3d8bdabc530a6a0816f7ff89a0aaf/library/std/src/../../backtrace/src/backtrace/libunwind.rs:116:5
[INFO] [stdout]    1:     0x6424052ab47a - std::backtrace_rs::backtrace::trace_unsynchronized::h76d4f1c9b0b875e3
[INFO] [stdout]                                at /rustc/90b35a6239c3d8bdabc530a6a0816f7ff89a0aaf/library/std/src/../../backtrace/src/backtrace/mod.rs:66:5
[INFO] [stdout]    2:     0x6424052ab47a - std::sys::backtrace::_print_fmt::hc4546b8364a537c6
[INFO] [stdout]                                at /rustc/90b35a6239c3d8bdabc530a6a0816f7ff89a0aaf/library/std/src/sys/backtrace.rs:66:9
[INFO] [stdout]    3:     0x6424052ab47a - <std::sys::backtrace::BacktraceLock::print::DisplayBacktrace as core::fmt::Display>::fmt::h5b6bd5631a6d1f6b
[INFO] [stdout]                                at /rustc/90b35a6239c3d8bdabc530a6a0816f7ff89a0aaf/library/std/src/sys/backtrace.rs:39:26
[INFO] [stdout]    4:     0x6424052d0943 - core::fmt::rt::Argument::fmt::h270f6602a2b96f62
[INFO] [stdout]                                at /rustc/90b35a6239c3d8bdabc530a6a0816f7ff89a0aaf/library/core/src/fmt/rt.rs:177:76
[INFO] [stdout]    5:     0x6424052d0943 - core::fmt::write::h7550c97b06c86515
[INFO] [stdout]                                at /rustc/90b35a6239c3d8bdabc530a6a0816f7ff89a0aaf/library/core/src/fmt/mod.rs:1186:21
[INFO] [stdout]    6:     0x6424052a8643 - std::io::Write::write_fmt::h509ff860e5956e5e
[INFO] [stdout]                                at /rustc/90b35a6239c3d8bdabc530a6a0816f7ff89a0aaf/library/std/src/io/mod.rs:1839:15
[INFO] [stdout]    7:     0x6424052ab2c2 - std::sys::backtrace::BacktraceLock::print::h2395ccd2c84ba3aa
[INFO] [stdout]                                at /rustc/90b35a6239c3d8bdabc530a6a0816f7ff89a0aaf/library/std/src/sys/backtrace.rs:42:9
[INFO] [stdout]    8:     0x6424052ac8da - std::panicking::default_hook::{{closure}}::he19d4c7230e07961
[INFO] [stdout]                                at /rustc/90b35a6239c3d8bdabc530a6a0816f7ff89a0aaf/library/std/src/panicking.rs:268:22
[INFO] [stdout]    9:     0x6424052ac6e4 - std::panicking::default_hook::hf614597d3c67bbdb
[INFO] [stdout]                                at /rustc/90b35a6239c3d8bdabc530a6a0816f7ff89a0aaf/library/std/src/panicking.rs:292:9
[INFO] [stdout]   10:     0x6424052778a9 - <alloc::boxed::Box<F,A> as core::ops::function::Fn<Args>>::call::h39b51ce4599c23d1
[INFO] [stdout]                                at /rustc/90b35a6239c3d8bdabc530a6a0816f7ff89a0aaf/library/alloc/src/boxed.rs:2468:9
[INFO] [stdout]   11:     0x6424052778a9 - test::test_main::{{closure}}::he977ae839a582784
[INFO] [stdout]                                at /rustc/90b35a6239c3d8bdabc530a6a0816f7ff89a0aaf/library/test/src/lib.rs:133:21
[INFO] [stdout]   12:     0x6424052acf78 - <alloc::boxed::Box<F,A> as core::ops::function::Fn<Args>>::call::h9455091b6b06f9fb
[INFO] [stdout]                                at /rustc/90b35a6239c3d8bdabc530a6a0816f7ff89a0aaf/library/alloc/src/boxed.rs:2468:9
[INFO] [stdout]   13:     0x6424052acf78 - std::panicking::rust_panic_with_hook::h8942133a8b252070
[INFO] [stdout]                                at /rustc/90b35a6239c3d8bdabc530a6a0816f7ff89a0aaf/library/std/src/panicking.rs:809:13
[INFO] [stdout]   14:     0x6424052acd3a - std::panicking::begin_panic_handler::{{closure}}::hb5f5963570096b29
[INFO] [stdout]                                at /rustc/90b35a6239c3d8bdabc530a6a0816f7ff89a0aaf/library/std/src/panicking.rs:674:13
[INFO] [stdout]   15:     0x6424052ab959 - std::sys::backtrace::__rust_end_short_backtrace::h6208cedc1922feda
[INFO] [stdout]                                at /rustc/90b35a6239c3d8bdabc530a6a0816f7ff89a0aaf/library/std/src/sys/backtrace.rs:170:18
[INFO] [stdout]   16:     0x6424052ac9cc - rust_begin_unwind
[INFO] [stdout]                                at /rustc/90b35a6239c3d8bdabc530a6a0816f7ff89a0aaf/library/std/src/panicking.rs:665:5
[INFO] [stdout]   17:     0x642405229ac0 - core::panicking::panic_fmt::h0c3082644d1bf418
[INFO] [stdout]                                at /rustc/90b35a6239c3d8bdabc530a6a0816f7ff89a0aaf/library/core/src/panicking.rs:74:14
[INFO] [stdout]   18:     0x642405229f06 - core::result::unwrap_failed::hd20b4aa073bda1e2
[INFO] [stdout]                                at /rustc/90b35a6239c3d8bdabc530a6a0816f7ff89a0aaf/library/core/src/result.rs:1700:5
[INFO] [stdout]   19:     0x64240522f5b5 - core::result::Result<T,E>::unwrap::he6ae629c13143209
[INFO] [stdout]                                at /rustc/90b35a6239c3d8bdabc530a6a0816f7ff89a0aaf/library/core/src/result.rs:1104:23
[INFO] [stdout]   20:     0x64240522f5b5 - aoc::puzzle_06::tests::part_1::h2e140ca8553870e0
[INFO] [stdout]                                at /opt/rustwide/workdir/src/puzzle_06.rs:124:21
[INFO] [stdout]   21:     0x64240522f527 - aoc::puzzle_06::tests::part_1::{{closure}}::hffa5a527f4bbfa98
[INFO] [stdout]                                at /opt/rustwide/workdir/src/puzzle_06.rs:122:16
[INFO] [stdout]   22:     0x64240523cde6 - core::ops::function::FnOnce::call_once::h371b5ee34eb1f23b
[INFO] [stdout]                                at /rustc/90b35a6239c3d8bdabc530a6a0816f7ff89a0aaf/library/core/src/ops/function.rs:250:5
[INFO] [stdout]   23:     0x64240527c26b - core::ops::function::FnOnce::call_once::h109cf8051a59b34e
[INFO] [stdout]                                at /rustc/90b35a6239c3d8bdabc530a6a0816f7ff89a0aaf/library/core/src/ops/function.rs:250:5
[INFO] [stdout]   24:     0x64240527c26b - test::__rust_begin_short_backtrace::hf4fff89d377446ba
[INFO] [stdout]                                at /rustc/90b35a6239c3d8bdabc530a6a0816f7ff89a0aaf/library/test/src/lib.rs:621:18
[INFO] [stdout]   25:     0x64240527baa7 - test::run_test_in_process::{{closure}}::h0e39181dd7ee5a43
[INFO] [stdout]                                at /rustc/90b35a6239c3d8bdabc530a6a0816f7ff89a0aaf/library/test/src/lib.rs:644:60
[INFO] [stdout]   26:     0x64240527baa7 - <core::panic::unwind_safe::AssertUnwindSafe<F> as core::ops::function::FnOnce<()>>::call_once::hc5a66a30f0bdfd1f
[INFO] [stdout]                                at /rustc/90b35a6239c3d8bdabc530a6a0816f7ff89a0aaf/library/core/src/panic/unwind_safe.rs:272:9
[INFO] [stdout]   27:     0x64240527baa7 - std::panicking::try::do_call::h873b7cf639554a5e
[INFO] [stdout]                                at /rustc/90b35a6239c3d8bdabc530a6a0816f7ff89a0aaf/library/std/src/panicking.rs:557:40
[INFO] [stdout]   28:     0x64240527baa7 - std::panicking::try::hdb19862fad9c8bd1
[INFO] [stdout]                                at /rustc/90b35a6239c3d8bdabc530a6a0816f7ff89a0aaf/library/std/src/panicking.rs:520:19
[INFO] [stdout]   29:     0x64240527baa7 - std::panic::catch_unwind::h281fe732d236d260
[INFO] [stdout]                                at /rustc/90b35a6239c3d8bdabc530a6a0816f7ff89a0aaf/library/std/src/panic.rs:358:14
[INFO] [stdout]   30:     0x64240527baa7 - test::run_test_in_process::h949b6df8457ed338
[INFO] [stdout]                                at /rustc/90b35a6239c3d8bdabc530a6a0816f7ff89a0aaf/library/test/src/lib.rs:644:27
[INFO] [stdout]   31:     0x64240527baa7 - test::run_test::{{closure}}::h52c556a6d4740e10
[INFO] [stdout]                                at /rustc/90b35a6239c3d8bdabc530a6a0816f7ff89a0aaf/library/test/src/lib.rs:565:43
[INFO] [stdout]   32:     0x642405240d84 - test::run_test::{{closure}}::h4237f6381c45ccb9
[INFO] [stdout]                                at /rustc/90b35a6239c3d8bdabc530a6a0816f7ff89a0aaf/library/test/src/lib.rs:595:41
[INFO] [stdout]   33:     0x642405240d84 - std::sys::backtrace::__rust_begin_short_backtrace::h505c97a579eca628
[INFO] [stdout]                                at /rustc/90b35a6239c3d8bdabc530a6a0816f7ff89a0aaf/library/std/src/sys/backtrace.rs:154:18
[INFO] [stdout]   34:     0x64240524444e - std::thread::Builder::spawn_unchecked_::{{closure}}::{{closure}}::h9e86b2e2bc107ea3
[INFO] [stdout]                                at /rustc/90b35a6239c3d8bdabc530a6a0816f7ff89a0aaf/library/std/src/thread/mod.rs:538:17
[INFO] [stdout]   35:     0x64240524444e - <core::panic::unwind_safe::AssertUnwindSafe<F> as core::ops::function::FnOnce<()>>::call_once::h8b06ddb275ff4a25
[INFO] [stdout]                                at /rustc/90b35a6239c3d8bdabc530a6a0816f7ff89a0aaf/library/core/src/panic/unwind_safe.rs:272:9
[INFO] [stdout]   36:     0x64240524444e - std::panicking::try::do_call::hb26ecd7cd9a9355d
[INFO] [stdout]                                at /rustc/90b35a6239c3d8bdabc530a6a0816f7ff89a0aaf/library/std/src/panicking.rs:557:40
[INFO] [stdout]   37:     0x64240524444e - std::panicking::try::h8ddeca9d705f9069
[INFO] [stdout]                                at /rustc/90b35a6239c3d8bdabc530a6a0816f7ff89a0aaf/library/std/src/panicking.rs:520:19
[INFO] [stdout]   38:     0x64240524444e - std::panic::catch_unwind::h49e1c33078844c46
[INFO] [stdout]                                at /rustc/90b35a6239c3d8bdabc530a6a0816f7ff89a0aaf/library/std/src/panic.rs:358:14
[INFO] [stdout]   39:     0x64240524444e - std::thread::Builder::spawn_unchecked_::{{closure}}::h6073db6ff56ad35d
[INFO] [stdout]                                at /rustc/90b35a6239c3d8bdabc530a6a0816f7ff89a0aaf/library/std/src/thread/mod.rs:537:30
[INFO] [stdout]   40:     0x64240524444e - core::ops::function::FnOnce::call_once{{vtable.shim}}::h2c5a5f3779c774f1
[INFO] [stdout]                                at /rustc/90b35a6239c3d8bdabc530a6a0816f7ff89a0aaf/library/core/src/ops/function.rs:250:5
[INFO] [stdout]   41:     0x6424052b0ccb - <alloc::boxed::Box<F,A> as core::ops::function::FnOnce<Args>>::call_once::hf75717d9f28faebf
[INFO] [stdout]                                at /rustc/90b35a6239c3d8bdabc530a6a0816f7ff89a0aaf/library/alloc/src/boxed.rs:2454:9
[INFO] [stdout]   42:     0x6424052b0ccb - <alloc::boxed::Box<F,A> as core::ops::function::FnOnce<Args>>::call_once::h7bd883a5f3c5f3c1
[INFO] [stdout]                                at /rustc/90b35a6239c3d8bdabc530a6a0816f7ff89a0aaf/library/alloc/src/boxed.rs:2454:9
[INFO] [stdout]   43:     0x6424052b0ccb - std::sys::pal::unix::thread::Thread::new::thread_start::hcc78f3943333fa94
[INFO] [stdout]                                at /rustc/90b35a6239c3d8bdabc530a6a0816f7ff89a0aaf/library/std/src/sys/pal/unix/thread.rs:105:17
[INFO] [stdout]   44:     0x70c92d28eac3 - <unknown>
[INFO] [stdout]   45:     0x70c92d31fa04 - clone
[INFO] [stdout]   46:                0x0 - <unknown>
[INFO] [stdout] 
[INFO] [stdout] 
[INFO] [stdout] failures:
[INFO] [stdout]     puzzle_05::tests::example_1
[INFO] [stdout]     puzzle_05::tests::example_2
[INFO] [stdout]     puzzle_05::tests::part_1
[INFO] [stdout]     puzzle_05::tests::part_2
[INFO] [stdout]     puzzle_06::tests::part_1
[INFO] [stdout]     puzzle_06::tests::part_2
[INFO] [stdout] 
[INFO] [stdout] test result: FAILED. 5 passed; 6 failed; 0 ignored; 0 measured; 0 filtered out; finished in 0.03s
[INFO] [stdout] 
[INFO] running `Command { std: "docker" "inspect" "de54d5936416f8b58349230d27ddde8b5a4892f39109b678d7de5f727bfd33b2", kill_on_drop: false }`
[INFO] running `Command { std: "docker" "rm" "-f" "de54d5936416f8b58349230d27ddde8b5a4892f39109b678d7de5f727bfd33b2", kill_on_drop: false }`
[INFO] [stdout] de54d5936416f8b58349230d27ddde8b5a4892f39109b678d7de5f727bfd33b2
