[INFO] cloning repository https://github.com/ilgeco/Analyzer
[INFO] running `Command { std: "git" "-c" "credential.helper=" "-c" "credential.helper=/workspace/cargo-home/bin/git-credential-null" "clone" "--bare" "https://github.com/ilgeco/Analyzer" "/workspace/cache/git-repos/https%3A%2F%2Fgithub.com%2Filgeco%2FAnalyzer", kill_on_drop: false }`
[INFO] [stderr] Cloning into bare repository '/workspace/cache/git-repos/https%3A%2F%2Fgithub.com%2Filgeco%2FAnalyzer'...
[INFO] running `Command { std: "git" "rev-parse" "HEAD", kill_on_drop: false }`
[INFO] [stdout] f5db1f99394ade275d7c6decf71eaa6afb19aa06
[INFO] testing ilgeco/Analyzer against beta-2024-12-08 for beta-1.84.0-4-retry
[INFO] running `Command { std: "git" "clone" "/workspace/cache/git-repos/https%3A%2F%2Fgithub.com%2Filgeco%2FAnalyzer" "/workspace/builds/worker-7-tc2/source", kill_on_drop: false }`
[INFO] [stderr] Cloning into '/workspace/builds/worker-7-tc2/source'...
[INFO] [stderr] done.
[INFO] validating manifest of git repo https://github.com/ilgeco/Analyzer on toolchain beta-2024-12-08
[INFO] running `Command { std: CARGO_HOME="/workspace/cargo-home" RUSTUP_HOME="/workspace/rustup-home" "/workspace/cargo-home/bin/cargo" "+beta-2024-12-08" "metadata" "--manifest-path" "Cargo.toml" "--no-deps", kill_on_drop: false }`
[INFO] started tweaking git repo https://github.com/ilgeco/Analyzer
[INFO] finished tweaking git repo https://github.com/ilgeco/Analyzer
[INFO] tweaked toml for git repo https://github.com/ilgeco/Analyzer written to /workspace/builds/worker-7-tc2/source/Cargo.toml
[INFO] crate git repo https://github.com/ilgeco/Analyzer already has a lockfile, it will not be regenerated
[INFO] running `Command { std: CARGO_HOME="/workspace/cargo-home" RUSTUP_HOME="/workspace/rustup-home" "/workspace/cargo-home/bin/cargo" "+beta-2024-12-08" "fetch" "--manifest-path" "Cargo.toml", kill_on_drop: false }`
[INFO] [stderr]     Updating crates.io index
[INFO] [stderr]      Locking 24 packages to latest compatible versions
[INFO] [stderr]     Updating anstream v0.2.6 -> v0.6.18
[INFO] [stderr]     Updating anstyle v0.3.5 -> v1.0.10
[INFO] [stderr]     Updating anstyle-parse v0.1.1 -> v0.2.6
[INFO] [stderr]       Adding anstyle-query v1.1.2
[INFO] [stderr]     Updating anstyle-wincon v0.2.0 -> v3.0.6
[INFO] [stderr]     Updating clap v4.2.1 -> v4.5.23
[INFO] [stderr]     Updating clap_builder v4.2.1 -> v4.5.23
[INFO] [stderr]     Updating clap_derive v4.2.0 -> v4.5.18
[INFO] [stderr]     Updating clap_lex v0.4.1 -> v0.7.4
[INFO] [stderr]       Adding colorchoice v1.0.3
[INFO] [stderr]     Updating heck v0.4.1 -> v0.5.0
[INFO] [stderr]       Adding is_terminal_polyfill v1.70.1
[INFO] [stderr]     Updating proc-macro2 v1.0.56 -> v1.0.92
[INFO] [stderr]     Updating strsim v0.10.0 -> v0.11.1
[INFO] [stderr]     Updating windows-sys v0.45.0 -> v0.59.0
[INFO] [stderr]     Updating windows-targets v0.42.2 -> v0.52.6
[INFO] [stderr]     Updating windows_aarch64_gnullvm v0.42.2 -> v0.52.6
[INFO] [stderr]     Updating windows_aarch64_msvc v0.42.2 -> v0.52.6
[INFO] [stderr]     Updating windows_i686_gnu v0.42.2 -> v0.52.6
[INFO] [stderr]       Adding windows_i686_gnullvm v0.52.6
[INFO] [stderr]     Updating windows_i686_msvc v0.42.2 -> v0.52.6
[INFO] [stderr]     Updating windows_x86_64_gnu v0.42.2 -> v0.52.6
[INFO] [stderr]     Updating windows_x86_64_gnullvm v0.42.2 -> v0.52.6
[INFO] [stderr]     Updating windows_x86_64_msvc v0.42.2 -> v0.52.6
[INFO] running `Command { std: "docker" "create" "-v" "/var/lib/crater-agent-workspace/builds/worker-7-tc2/target:/opt/rustwide/target:rw,Z" "-v" "/var/lib/crater-agent-workspace/builds/worker-7-tc2/source:/opt/rustwide/workdir:ro,Z" "-v" "/var/lib/crater-agent-workspace/cargo-home:/opt/rustwide/cargo-home:ro,Z" "-v" "/var/lib/crater-agent-workspace/rustup-home:/opt/rustwide/rustup-home:ro,Z" "-e" "SOURCE_DIR=/opt/rustwide/workdir" "-e" "CARGO_TARGET_DIR=/opt/rustwide/target" "-e" "CARGO_HOME=/opt/rustwide/cargo-home" "-e" "RUSTUP_HOME=/opt/rustwide/rustup-home" "-w" "/opt/rustwide/workdir" "-m" "1610612736" "--user" "0:0" "--network" "none" "ghcr.io/rust-lang/crates-build-env/linux@sha256:f3a9d4ad9d972b27faf3965f35b62e55ba32bbce8f20bc8fe909558a86702fde" "/opt/rustwide/cargo-home/bin/cargo" "+beta-2024-12-08" "metadata" "--no-deps" "--format-version=1", kill_on_drop: false }`
[INFO] [stdout] f826f83ad5fca9a28a7544489c162a4bf0bffed3f95ddc723ff95a41e4c5f219
[INFO] running `Command { std: "docker" "start" "-a" "f826f83ad5fca9a28a7544489c162a4bf0bffed3f95ddc723ff95a41e4c5f219", kill_on_drop: false }`
[INFO] running `Command { std: "docker" "inspect" "f826f83ad5fca9a28a7544489c162a4bf0bffed3f95ddc723ff95a41e4c5f219", kill_on_drop: false }`
[INFO] running `Command { std: "docker" "rm" "-f" "f826f83ad5fca9a28a7544489c162a4bf0bffed3f95ddc723ff95a41e4c5f219", kill_on_drop: false }`
[INFO] [stdout] f826f83ad5fca9a28a7544489c162a4bf0bffed3f95ddc723ff95a41e4c5f219
[INFO] running `Command { std: "docker" "create" "-v" "/var/lib/crater-agent-workspace/builds/worker-7-tc2/target:/opt/rustwide/target:rw,Z" "-v" "/var/lib/crater-agent-workspace/builds/worker-7-tc2/source:/opt/rustwide/workdir:ro,Z" "-v" "/var/lib/crater-agent-workspace/cargo-home:/opt/rustwide/cargo-home:ro,Z" "-v" "/var/lib/crater-agent-workspace/rustup-home:/opt/rustwide/rustup-home:ro,Z" "-e" "SOURCE_DIR=/opt/rustwide/workdir" "-e" "CARGO_TARGET_DIR=/opt/rustwide/target" "-e" "CARGO_INCREMENTAL=0" "-e" "RUST_BACKTRACE=full" "-e" "RUSTFLAGS=--cap-lints=warn" "-e" "RUSTDOCFLAGS=--cap-lints=warn" "-e" "CARGO_HOME=/opt/rustwide/cargo-home" "-e" "RUSTUP_HOME=/opt/rustwide/rustup-home" "-w" "/opt/rustwide/workdir" "-m" "1610612736" "--user" "0:0" "--network" "none" "ghcr.io/rust-lang/crates-build-env/linux@sha256:f3a9d4ad9d972b27faf3965f35b62e55ba32bbce8f20bc8fe909558a86702fde" "/opt/rustwide/cargo-home/bin/cargo" "+beta-2024-12-08" "build" "--frozen" "--message-format=json", kill_on_drop: false }`
[INFO] [stdout] 67c340e6b5b81b0f9ced052ad1eaa8a9c6e09513ac82aa946711682c37374b1b
[INFO] running `Command { std: "docker" "start" "-a" "67c340e6b5b81b0f9ced052ad1eaa8a9c6e09513ac82aa946711682c37374b1b", kill_on_drop: false }`
[INFO] [stderr]    Compiling memchr v2.5.0
[INFO] [stderr]    Compiling libc v0.2.140
[INFO] [stderr]    Compiling proc-macro2 v1.0.92
[INFO] [stderr]    Compiling quote v1.0.26
[INFO] [stderr]    Compiling unicode-ident v1.0.8
[INFO] [stderr]    Compiling log v0.4.17
[INFO] [stderr]    Compiling cfg-if v1.0.0
[INFO] [stderr]    Compiling utf8parse v0.2.1
[INFO] [stderr]    Compiling colorchoice v1.0.3
[INFO] [stderr]    Compiling anstyle v1.0.10
[INFO] [stderr]    Compiling anstyle-query v1.1.2
[INFO] [stderr]    Compiling is_terminal_polyfill v1.70.1
[INFO] [stderr]    Compiling clap_lex v0.7.4
[INFO] [stderr]    Compiling heck v0.5.0
[INFO] [stderr]    Compiling strsim v0.11.1
[INFO] [stderr]    Compiling minimal-lexical v0.2.1
[INFO] [stderr]    Compiling once_cell v1.17.1
[INFO] [stderr]    Compiling regex-syntax v0.6.29
[INFO] [stderr]    Compiling ansi_term v0.12.1
[INFO] [stderr]    Compiling lazy_static v1.4.0
[INFO] [stderr]    Compiling anstyle-parse v0.2.6
[INFO] [stderr]    Compiling anstream v0.6.18
[INFO] [stderr]    Compiling clap_builder v4.5.23
[INFO] [stderr]    Compiling quick-xml v0.22.0
[INFO] [stderr]    Compiling aho-corasick v0.7.20
[INFO] [stderr]    Compiling nom v7.1.3
[INFO] [stderr]    Compiling atty v0.2.14
[INFO] [stderr]    Compiling syn v2.0.13
[INFO] [stderr]    Compiling xcb v0.10.1
[INFO] [stderr]    Compiling regex v1.7.3
[INFO] [stderr]    Compiling clap_derive v4.5.18
[INFO] [stderr]    Compiling x11-clipboard v0.5.3
[INFO] [stderr]    Compiling terminal-clipboard v0.4.0
[INFO] [stderr]    Compiling clap v4.5.23
[INFO] [stderr]    Compiling analyzer v0.1.0 (/opt/rustwide/workdir)
[INFO] [stdout] warning: unused import: `std::vec`
[INFO] [stdout]  --> src/cli/printer.rs:1:5
[INFO] [stdout]   |
[INFO] [stdout] 1 | use std::vec;
[INFO] [stdout]   |     ^^^^^^^^
[INFO] [stdout]   |
[INFO] [stdout]   = note: `#[warn(unused_imports)]` on by default
[INFO] [stdout] 
[INFO] [stdout] 
[INFO] [stdout] warning: unused imports: `combinator::opt`, `number::complete::double`, and `sequence::*`
[INFO] [stdout]  --> src/input_parser/config_nom_parser.rs:6:42
[INFO] [stdout]   |
[INFO] [stdout] 6 |     branch::alt, character::complete::*, combinator::opt, number::complete::double, sequence::*,
[INFO] [stdout]   |                                          ^^^^^^^^^^^^^^^  ^^^^^^^^^^^^^^^^^^^^^^^^  ^^^^^^^^^^^
[INFO] [stdout] 
[INFO] [stdout] 
[INFO] [stdout] warning: unused import: `ops`
[INFO] [stdout]  --> src/mode/handle_range.rs:1:33
[INFO] [stdout]   |
[INFO] [stdout] 1 | use std::{collections::HashMap, ops};
[INFO] [stdout]   |                                 ^^^
[INFO] [stdout] 
[INFO] [stdout] 
[INFO] [stdout] warning: unused imports: `Series`, `id_nom_builder::IdNomListBuilder`, `parse`, `retrive_file`, and `retrive_string`
[INFO] [stdout]   --> src/mode/mod.rs:16:20
[INFO] [stdout]    |
[INFO] [stdout] 16 |     input_parser::{id_nom_builder::IdNomListBuilder, parse, Series, RecipeResult},
[INFO] [stdout]    |                    ^^^^^^^^^^^^^^^^^^^^^^^^^^^^^^^^  ^^^^^  ^^^^^^
[INFO] [stdout] 17 |     util::{retrive_file, retrive_string},
[INFO] [stdout]    |            ^^^^^^^^^^^^  ^^^^^^^^^^^^^^
[INFO] [stdout] 
[INFO] [stdout] 
[INFO] [stdout] warning: unused import: `ops::Sub`
[INFO] [stdout]  --> src/mode/handle_cmp.rs:4:5
[INFO] [stdout]   |
[INFO] [stdout] 4 |     ops::Sub,
[INFO] [stdout]   |     ^^^^^^^^
[INFO] [stdout] 
[INFO] [stdout] 
[INFO] [stdout] warning: unused import: `std::vec`
[INFO] [stdout]  --> src/cli/printer.rs:1:5
[INFO] [stdout]   |
[INFO] [stdout] 1 | use std::vec;
[INFO] [stdout]   |     ^^^^^^^^
[INFO] [stdout]   |
[INFO] [stdout]   = note: `#[warn(unused_imports)]` on by default
[INFO] [stdout] 
[INFO] [stdout] 
[INFO] [stdout] warning: unused imports: `combinator::opt`, `number::complete::double`, and `sequence::*`
[INFO] [stdout]  --> src/input_parser/config_nom_parser.rs:6:42
[INFO] [stdout]   |
[INFO] [stdout] 6 |     branch::alt, character::complete::*, combinator::opt, number::complete::double, sequence::*,
[INFO] [stdout]   |                                          ^^^^^^^^^^^^^^^  ^^^^^^^^^^^^^^^^^^^^^^^^  ^^^^^^^^^^^
[INFO] [stdout] 
[INFO] [stdout] 
[INFO] [stdout] warning: unused import: `ops`
[INFO] [stdout]  --> src/mode/handle_range.rs:1:33
[INFO] [stdout]   |
[INFO] [stdout] 1 | use std::{collections::HashMap, ops};
[INFO] [stdout]   |                                 ^^^
[INFO] [stdout] 
[INFO] [stdout] 
[INFO] [stdout] warning: unused imports: `Series`, `id_nom_builder::IdNomListBuilder`, `parse`, `retrive_file`, and `retrive_string`
[INFO] [stdout]   --> src/mode/mod.rs:16:20
[INFO] [stdout]    |
[INFO] [stdout] 16 |     input_parser::{id_nom_builder::IdNomListBuilder, parse, Series, RecipeResult},
[INFO] [stdout]    |                    ^^^^^^^^^^^^^^^^^^^^^^^^^^^^^^^^  ^^^^^  ^^^^^^
[INFO] [stdout] 17 |     util::{retrive_file, retrive_string},
[INFO] [stdout]    |            ^^^^^^^^^^^^  ^^^^^^^^^^^^^^
[INFO] [stdout] 
[INFO] [stdout] 
[INFO] [stdout] warning: unused import: `ops::Sub`
[INFO] [stdout]  --> src/mode/handle_cmp.rs:4:5
[INFO] [stdout]   |
[INFO] [stdout] 4 |     ops::Sub,
[INFO] [stdout]   |     ^^^^^^^^
[INFO] [stdout] 
[INFO] [stdout] 
[INFO] [stderr]     Finished `dev` profile [unoptimized + debuginfo] target(s) in 13.14s
[INFO] [stderr] warning: the following packages contain code that will be rejected by a future version of Rust: quick-xml v0.22.0
[INFO] [stderr] note: to see what the problems were, use the option `--future-incompat-report`, or run `cargo report future-incompatibilities --id 1`
[INFO] running `Command { std: "docker" "inspect" "67c340e6b5b81b0f9ced052ad1eaa8a9c6e09513ac82aa946711682c37374b1b", kill_on_drop: false }`
[INFO] running `Command { std: "docker" "rm" "-f" "67c340e6b5b81b0f9ced052ad1eaa8a9c6e09513ac82aa946711682c37374b1b", kill_on_drop: false }`
[INFO] [stdout] 67c340e6b5b81b0f9ced052ad1eaa8a9c6e09513ac82aa946711682c37374b1b
[INFO] running `Command { std: "docker" "create" "-v" "/var/lib/crater-agent-workspace/builds/worker-7-tc2/target:/opt/rustwide/target:rw,Z" "-v" "/var/lib/crater-agent-workspace/builds/worker-7-tc2/source:/opt/rustwide/workdir:ro,Z" "-v" "/var/lib/crater-agent-workspace/cargo-home:/opt/rustwide/cargo-home:ro,Z" "-v" "/var/lib/crater-agent-workspace/rustup-home:/opt/rustwide/rustup-home:ro,Z" "-e" "SOURCE_DIR=/opt/rustwide/workdir" "-e" "CARGO_TARGET_DIR=/opt/rustwide/target" "-e" "CARGO_INCREMENTAL=0" "-e" "RUST_BACKTRACE=full" "-e" "RUSTFLAGS=--cap-lints=warn" "-e" "RUSTDOCFLAGS=--cap-lints=warn" "-e" "CARGO_HOME=/opt/rustwide/cargo-home" "-e" "RUSTUP_HOME=/opt/rustwide/rustup-home" "-w" "/opt/rustwide/workdir" "-m" "1610612736" "--user" "0:0" "--network" "none" "ghcr.io/rust-lang/crates-build-env/linux@sha256:f3a9d4ad9d972b27faf3965f35b62e55ba32bbce8f20bc8fe909558a86702fde" "/opt/rustwide/cargo-home/bin/cargo" "+beta-2024-12-08" "test" "--frozen" "--no-run" "--message-format=json", kill_on_drop: false }`
[INFO] [stdout] 858d4f20cd4b5bb1dbf6f0db586c220d55a813c08d9e8b00f9c85fc1b9cf5a03
[INFO] running `Command { std: "docker" "start" "-a" "858d4f20cd4b5bb1dbf6f0db586c220d55a813c08d9e8b00f9c85fc1b9cf5a03", kill_on_drop: false }`
[INFO] [stderr]    Compiling analyzer v0.1.0 (/opt/rustwide/workdir)
[INFO] [stdout] warning: unused import: `std::vec`
[INFO] [stdout]  --> src/cli/printer.rs:1:5
[INFO] [stdout]   |
[INFO] [stdout] 1 | use std::vec;
[INFO] [stdout]   |     ^^^^^^^^
[INFO] [stdout]   |
[INFO] [stdout]   = note: `#[warn(unused_imports)]` on by default
[INFO] [stdout] 
[INFO] [stdout] 
[INFO] [stdout] warning: unused imports: `combinator::opt`, `number::complete::double`, and `sequence::*`
[INFO] [stdout]  --> src/input_parser/config_nom_parser.rs:6:42
[INFO] [stdout]   |
[INFO] [stdout] 6 |     branch::alt, character::complete::*, combinator::opt, number::complete::double, sequence::*,
[INFO] [stdout]   |                                          ^^^^^^^^^^^^^^^  ^^^^^^^^^^^^^^^^^^^^^^^^  ^^^^^^^^^^^
[INFO] [stdout] 
[INFO] [stdout] 
[INFO] [stdout] warning: unused import: `ops`
[INFO] [stdout]  --> src/mode/handle_range.rs:1:33
[INFO] [stdout]   |
[INFO] [stdout] 1 | use std::{collections::HashMap, ops};
[INFO] [stdout]   |                                 ^^^
[INFO] [stdout] 
[INFO] [stdout] 
[INFO] [stdout] warning: unused imports: `Series`, `id_nom_builder::IdNomListBuilder`, `parse`, `retrive_file`, and `retrive_string`
[INFO] [stdout]   --> src/mode/mod.rs:16:20
[INFO] [stdout]    |
[INFO] [stdout] 16 |     input_parser::{id_nom_builder::IdNomListBuilder, parse, Series, RecipeResult},
[INFO] [stdout]    |                    ^^^^^^^^^^^^^^^^^^^^^^^^^^^^^^^^  ^^^^^  ^^^^^^
[INFO] [stdout] 17 |     util::{retrive_file, retrive_string},
[INFO] [stdout]    |            ^^^^^^^^^^^^  ^^^^^^^^^^^^^^
[INFO] [stdout] 
[INFO] [stdout] 
[INFO] [stdout] warning: unused import: `ops::Sub`
[INFO] [stdout]  --> src/mode/handle_cmp.rs:4:5
[INFO] [stdout]   |
[INFO] [stdout] 4 |     ops::Sub,
[INFO] [stdout]   |     ^^^^^^^^
[INFO] [stdout] 
[INFO] [stdout] 
[INFO] [stdout] warning: unused import: `std::vec`
[INFO] [stdout]  --> src/cli/printer.rs:1:5
[INFO] [stdout]   |
[INFO] [stdout] 1 | use std::vec;
[INFO] [stdout]   |     ^^^^^^^^
[INFO] [stdout]   |
[INFO] [stdout]   = note: `#[warn(unused_imports)]` on by default
[INFO] [stdout] 
[INFO] [stdout] 
[INFO] [stdout] warning: unused imports: `combinator::opt`, `number::complete::double`, and `sequence::*`
[INFO] [stdout]  --> src/input_parser/config_nom_parser.rs:6:42
[INFO] [stdout]   |
[INFO] [stdout] 6 |     branch::alt, character::complete::*, combinator::opt, number::complete::double, sequence::*,
[INFO] [stdout]   |                                          ^^^^^^^^^^^^^^^  ^^^^^^^^^^^^^^^^^^^^^^^^  ^^^^^^^^^^^
[INFO] [stdout] 
[INFO] [stdout] 
[INFO] [stdout] warning: unused import: `ops`
[INFO] [stdout]  --> src/mode/handle_range.rs:1:33
[INFO] [stdout]   |
[INFO] [stdout] 1 | use std::{collections::HashMap, ops};
[INFO] [stdout]   |                                 ^^^
[INFO] [stdout] 
[INFO] [stdout] 
[INFO] [stdout] warning: unused imports: `Series`, `retrive_file`, and `retrive_string`
[INFO] [stdout]   --> src/mode/mod.rs:16:61
[INFO] [stdout]    |
[INFO] [stdout] 16 |     input_parser::{id_nom_builder::IdNomListBuilder, parse, Series, RecipeResult},
[INFO] [stdout]    |                                                             ^^^^^^
[INFO] [stdout] 17 |     util::{retrive_file, retrive_string},
[INFO] [stdout]    |            ^^^^^^^^^^^^  ^^^^^^^^^^^^^^
[INFO] [stdout] 
[INFO] [stdout] 
[INFO] [stdout] warning: unused import: `std::vec`
[INFO] [stdout]  --> src/cli/printer.rs:1:5
[INFO] [stdout]   |
[INFO] [stdout] 1 | use std::vec;
[INFO] [stdout]   |     ^^^^^^^^
[INFO] [stdout]   |
[INFO] [stdout]   = note: `#[warn(unused_imports)]` on by default
[INFO] [stdout] 
[INFO] [stdout] 
[INFO] [stdout] warning: unused imports: `combinator::opt`, `number::complete::double`, and `sequence::*`
[INFO] [stdout]  --> src/input_parser/config_nom_parser.rs:6:42
[INFO] [stdout]   |
[INFO] [stdout] 6 |     branch::alt, character::complete::*, combinator::opt, number::complete::double, sequence::*,
[INFO] [stdout]   |                                          ^^^^^^^^^^^^^^^  ^^^^^^^^^^^^^^^^^^^^^^^^  ^^^^^^^^^^^
[INFO] [stdout] 
[INFO] [stdout] 
[INFO] [stdout] warning: unused import: `ops`
[INFO] [stdout]  --> src/mode/handle_range.rs:1:33
[INFO] [stdout]   |
[INFO] [stdout] 1 | use std::{collections::HashMap, ops};
[INFO] [stdout]   |                                 ^^^
[INFO] [stdout] 
[INFO] [stdout] 
[INFO] [stdout] warning: unused imports: `Series`, `retrive_file`, and `retrive_string`
[INFO] [stdout]   --> src/mode/mod.rs:16:61
[INFO] [stdout]    |
[INFO] [stdout] 16 |     input_parser::{id_nom_builder::IdNomListBuilder, parse, Series, RecipeResult},
[INFO] [stdout]    |                                                             ^^^^^^
[INFO] [stdout] 17 |     util::{retrive_file, retrive_string},
[INFO] [stdout]    |            ^^^^^^^^^^^^  ^^^^^^^^^^^^^^
[INFO] [stdout] 
[INFO] [stdout] 
[INFO] [stdout] warning: unused import: `ops::Sub`
[INFO] [stdout]  --> src/mode/handle_cmp.rs:4:5
[INFO] [stdout]   |
[INFO] [stdout] 4 |     ops::Sub,
[INFO] [stdout]   |     ^^^^^^^^
[INFO] [stdout] 
[INFO] [stdout] 
[INFO] [stdout] warning: unused import: `ops::Sub`
[INFO] [stdout]  --> src/mode/handle_cmp.rs:4:5
[INFO] [stdout]   |
[INFO] [stdout] 4 |     ops::Sub,
[INFO] [stdout]   |     ^^^^^^^^
[INFO] [stdout] 
[INFO] [stdout] 
[INFO] [stderr]     Finished `test` profile [unoptimized + debuginfo] target(s) in 2.13s
[INFO] [stderr] warning: the following packages contain code that will be rejected by a future version of Rust: quick-xml v0.22.0
[INFO] [stderr] note: to see what the problems were, use the option `--future-incompat-report`, or run `cargo report future-incompatibilities --id 1`
[INFO] running `Command { std: "docker" "inspect" "858d4f20cd4b5bb1dbf6f0db586c220d55a813c08d9e8b00f9c85fc1b9cf5a03", kill_on_drop: false }`
[INFO] running `Command { std: "docker" "rm" "-f" "858d4f20cd4b5bb1dbf6f0db586c220d55a813c08d9e8b00f9c85fc1b9cf5a03", kill_on_drop: false }`
[INFO] [stdout] 858d4f20cd4b5bb1dbf6f0db586c220d55a813c08d9e8b00f9c85fc1b9cf5a03
[INFO] running `Command { std: "docker" "create" "-v" "/var/lib/crater-agent-workspace/builds/worker-7-tc2/target:/opt/rustwide/target:rw,Z" "-v" "/var/lib/crater-agent-workspace/builds/worker-7-tc2/source:/opt/rustwide/workdir:ro,Z" "-v" "/var/lib/crater-agent-workspace/cargo-home:/opt/rustwide/cargo-home:ro,Z" "-v" "/var/lib/crater-agent-workspace/rustup-home:/opt/rustwide/rustup-home:ro,Z" "-e" "SOURCE_DIR=/opt/rustwide/workdir" "-e" "CARGO_TARGET_DIR=/opt/rustwide/target" "-e" "CARGO_INCREMENTAL=0" "-e" "RUST_BACKTRACE=full" "-e" "RUSTFLAGS=--cap-lints=warn" "-e" "RUSTDOCFLAGS=--cap-lints=warn" "-e" "CARGO_HOME=/opt/rustwide/cargo-home" "-e" "RUSTUP_HOME=/opt/rustwide/rustup-home" "-w" "/opt/rustwide/workdir" "-m" "1610612736" "--user" "0:0" "--network" "none" "ghcr.io/rust-lang/crates-build-env/linux@sha256:f3a9d4ad9d972b27faf3965f35b62e55ba32bbce8f20bc8fe909558a86702fde" "/opt/rustwide/cargo-home/bin/cargo" "+beta-2024-12-08" "test" "--frozen", kill_on_drop: false }`
[INFO] [stdout] 335f1a8b0afcc8e0c23fae01e83dd0ebe5c706e915940b925f313398d5813c69
[INFO] running `Command { std: "docker" "start" "-a" "335f1a8b0afcc8e0c23fae01e83dd0ebe5c706e915940b925f313398d5813c69", kill_on_drop: false }`
[INFO] [stderr] warning: unused import: `std::vec`
[INFO] [stderr]  --> src/cli/printer.rs:1:5
[INFO] [stderr]   |
[INFO] [stderr] 1 | use std::vec;
[INFO] [stderr]   |     ^^^^^^^^
[INFO] [stderr]   |
[INFO] [stderr]   = note: `#[warn(unused_imports)]` on by default
[INFO] [stderr] 
[INFO] [stderr] warning: unused imports: `combinator::opt`, `number::complete::double`, and `sequence::*`
[INFO] [stderr]  --> src/input_parser/config_nom_parser.rs:6:42
[INFO] [stderr]   |
[INFO] [stderr] 6 |     branch::alt, character::complete::*, combinator::opt, number::complete::double, sequence::*,
[INFO] [stderr]   |                                          ^^^^^^^^^^^^^^^  ^^^^^^^^^^^^^^^^^^^^^^^^  ^^^^^^^^^^^
[INFO] [stderr] 
[INFO] [stderr] warning: unused import: `ops`
[INFO] [stderr]  --> src/mode/handle_range.rs:1:33
[INFO] [stderr]   |
[INFO] [stderr] 1 | use std::{collections::HashMap, ops};
[INFO] [stderr]   |                                 ^^^
[INFO] [stderr] 
[INFO] [stderr] warning: unused imports: `Series`, `id_nom_builder::IdNomListBuilder`, `parse`, `retrive_file`, and `retrive_string`
[INFO] [stderr]   --> src/mode/mod.rs:16:20
[INFO] [stderr]    |
[INFO] [stderr] 16 |     input_parser::{id_nom_builder::IdNomListBuilder, parse, Series, RecipeResult},
[INFO] [stderr]    |                    ^^^^^^^^^^^^^^^^^^^^^^^^^^^^^^^^  ^^^^^  ^^^^^^
[INFO] [stderr] 17 |     util::{retrive_file, retrive_string},
[INFO] [stderr]    |            ^^^^^^^^^^^^  ^^^^^^^^^^^^^^
[INFO] [stderr] 
[INFO] [stderr] warning: unused import: `ops::Sub`
[INFO] [stderr]  --> src/mode/handle_cmp.rs:4:5
[INFO] [stderr]   |
[INFO] [stderr] 4 |     ops::Sub,
[INFO] [stderr]   |     ^^^^^^^^
[INFO] [stderr] 
[INFO] [stderr] warning: unused imports: `Series`, `retrive_file`, and `retrive_string`
[INFO] [stderr]   --> src/mode/mod.rs:16:61
[INFO] [stderr]    |
[INFO] [stderr] 16 |     input_parser::{id_nom_builder::IdNomListBuilder, parse, Series, RecipeResult},
[INFO] [stderr]    |                                                             ^^^^^^
[INFO] [stderr] 17 |     util::{retrive_file, retrive_string},
[INFO] [stderr]    |            ^^^^^^^^^^^^  ^^^^^^^^^^^^^^
[INFO] [stderr] 
[INFO] [stderr] warning: `analyzer` (lib) generated 5 warnings (run `cargo fix --lib -p analyzer` to apply 4 suggestions)
[INFO] [stderr] warning: `analyzer` (lib test) generated 5 warnings (4 duplicates) (run `cargo fix --lib -p analyzer --tests` to apply 1 suggestion)
[INFO] [stderr] warning: `analyzer` (bin "analyzer" test) generated 5 warnings (5 duplicates)
[INFO] [stderr]     Finished `test` profile [unoptimized + debuginfo] target(s) in 0.06s
[INFO] [stderr] warning: the following packages contain code that will be rejected by a future version of Rust: quick-xml v0.22.0
[INFO] [stderr] note: to see what the problems were, use the option `--future-incompat-report`, or run `cargo report future-incompatibilities --id 1`
[INFO] [stderr]      Running unittests src/lib.rs (/opt/rustwide/target/debug/deps/libanalyzer-526bc9ba15f5fe10)
[INFO] [stdout] 
[INFO] [stdout] running 10 tests
[INFO] [stdout] test input_parser::id_nom_builder::test::find_possible_start_test ... ok
[INFO] [stdout] test input_parser::config_nom_parser::test::test_get_config ... ok
[INFO] [stdout] test input_parser::tests::simple_test_num ... ok
[INFO] [stdout] test input_parser::id_nom_builder::test::get_id_test ... ok
[INFO] [stdout] test mode::tests::crash_1 ... ok
[INFO] [stdout] test mode::tests::crash_3 ... ok
[INFO] [stdout] test mode::tests::crash_2 ... ok
[INFO] [stdout] test input_parser::id_nom_builder::test::get_next_id_test ... ok
[INFO] [stdout] test input_parser::tests::nomi_strani_num ... ok
[INFO] [stdout] test input_parser::tests::simple_test_regex ... ok
[INFO] [stdout] 
[INFO] [stdout] test result: ok. 10 passed; 0 failed; 0 ignored; 0 measured; 0 filtered out; finished in 0.01s
[INFO] [stdout] 
[INFO] [stderr]      Running unittests src/main.rs (/opt/rustwide/target/debug/deps/analyzer-d486635091111fc8)
[INFO] [stdout] 
[INFO] [stdout] running 10 tests
[INFO] [stdout] test input_parser::config_nom_parser::test::test_get_config ... ok
[INFO] [stdout] test input_parser::id_nom_builder::test::find_possible_start_test ... ok
[INFO] [stdout] test input_parser::tests::nomi_strani_num ... ok
[INFO] [stdout] test input_parser::id_nom_builder::test::get_next_id_test ... ok
[INFO] [stdout] test input_parser::id_nom_builder::test::get_id_test ... ok
[INFO] [stdout] test input_parser::tests::simple_test_regex ... ok
[INFO] [stdout] test mode::tests::crash_2 ... ok
[INFO] [stdout] test mode::tests::crash_3 ... ok
[INFO] [stdout] test input_parser::tests::simple_test_num ... ok
[INFO] [stdout] test mode::tests::crash_1 ... ok
[INFO] [stderr]    Doc-tests libanalyzer
[INFO] [stdout] 
[INFO] [stdout] test result: ok. 10 passed; 0 failed; 0 ignored; 0 measured; 0 filtered out; finished in 0.02s
[INFO] [stdout] 
[INFO] [stdout] 
[INFO] [stdout] running 6 tests
[INFO] [stdout] test src/util/mod.rs - util::retrive_clip (line 28) ... FAILED
[INFO] [stdout] test src/util/mod.rs - util::retrive_file (line 6) ... FAILED
[INFO] [stdout] test src/util/mod.rs - util::retrive_clip (line 32) ... FAILED
[INFO] [stdout] test src/util/mod.rs - util::retrive_stdin (line 48) ... FAILED
[INFO] [stdout] test src/util/mod.rs - util::retrive_file (line 10) ... FAILED
[INFO] [stdout] test src/util/mod.rs - util::retrive_string (line 66) ... FAILED
[INFO] [stdout] 
[INFO] [stdout] failures:
[INFO] [stdout] 
[INFO] [stdout] ---- src/util/mod.rs - util::retrive_clip (line 28) stdout ----
[INFO] [stdout] error: expected one of `!`, `.`, `::`, `;`, `?`, `{`, `}`, or an operator, found `of`
[INFO] [stdout]  --> src/util/mod.rs:29:9
[INFO] [stdout]   |
[INFO] [stdout] 3 | Content of the file
[INFO] [stdout]   |         ^^ expected one of 8 possible tokens
[INFO] [stdout] 
[INFO] [stdout] error: aborting due to 1 previous error
[INFO] [stdout] 
[INFO] [stdout] Couldn't compile the test.
[INFO] [stdout] ---- src/util/mod.rs - util::retrive_file (line 6) stdout ----
[INFO] [stdout] error: expected one of `!`, `.`, `::`, `;`, `?`, `{`, `}`, or an operator, found `of`
[INFO] [stdout]  --> src/util/mod.rs:7:9
[INFO] [stdout]   |
[INFO] [stdout] 3 | Content of the file
[INFO] [stdout]   |         ^^ expected one of 8 possible tokens
[INFO] [stdout] 
[INFO] [stdout] error: aborting due to 1 previous error
[INFO] [stdout] 
[INFO] [stdout] Couldn't compile the test.
[INFO] [stdout] ---- src/util/mod.rs - util::retrive_clip (line 32) stdout ----
[INFO] [stdout] error: expected one of `!`, `.`, `::`, `;`, `?`, `{`, `}`, or an operator, found `file`
[INFO] [stdout]  --> src/util/mod.rs:33:4
[INFO] [stdout]   |
[INFO] [stdout] 3 | If file cannot be opened exit with -1
[INFO] [stdout]   |    ^^^^ expected one of 8 possible tokens
[INFO] [stdout]   |
[INFO] [stdout] help: write keyword `if` in lowercase (notice the capitalization difference)
[INFO] [stdout]   |
[INFO] [stdout] 3 | if file cannot be opened exit with -1
[INFO] [stdout]   | ~~
[INFO] [stdout] 
[INFO] [stdout] error: aborting due to 1 previous error
[INFO] [stdout] 
[INFO] [stdout] Couldn't compile the test.
[INFO] [stdout] ---- src/util/mod.rs - util::retrive_stdin (line 48) stdout ----
[INFO] [stdout] error: expected one of `.`, `;`, `?`, `}`, or an operator, found keyword `if`
[INFO] [stdout]  --> src/util/mod.rs:49:14
[INFO] [stdout]   |
[INFO] [stdout] 3 | * Ok(String) if stdin != ""
[INFO] [stdout]   |              ^^ expected one of `.`, `;`, `?`, `}`, or an operator
[INFO] [stdout] 
[INFO] [stdout] error: aborting due to 1 previous error
[INFO] [stdout] 
[INFO] [stdout] Couldn't compile the test.
[INFO] [stdout] ---- src/util/mod.rs - util::retrive_file (line 10) stdout ----
[INFO] [stdout] error: expected one of `!`, `.`, `::`, `;`, `?`, `{`, `}`, or an operator, found `file`
[INFO] [stdout]  --> src/util/mod.rs:11:4
[INFO] [stdout]   |
[INFO] [stdout] 3 | If file cannot be opened exit with -1
[INFO] [stdout]   |    ^^^^ expected one of 8 possible tokens
[INFO] [stdout]   |
[INFO] [stdout] help: write keyword `if` in lowercase (notice the capitalization difference)
[INFO] [stdout]   |
[INFO] [stdout] 3 | if file cannot be opened exit with -1
[INFO] [stdout]   | ~~
[INFO] [stdout] 
[INFO] [stdout] error: aborting due to 1 previous error
[INFO] [stdout] 
[INFO] [stdout] Couldn't compile the test.
[INFO] [stdout] ---- src/util/mod.rs - util::retrive_string (line 66) stdout ----
[INFO] [stdout] error: expected one of `.`, `;`, `?`, `}`, or an operator, found keyword `if`
[INFO] [stdout]  --> src/util/mod.rs:67:14
[INFO] [stdout]   |
[INFO] [stdout] 3 | * Ok(String) if stdin != ""
[INFO] [stdout]   |              ^^ expected one of `.`, `;`, `?`, `}`, or an operator
[INFO] [stdout] 
[INFO] [stdout] error: aborting due to 1 previous error
[INFO] [stdout] 
[INFO] [stdout] Couldn't compile the test.
[INFO] [stdout] 
[INFO] [stdout] failures:
[INFO] [stdout]     src/util/mod.rs - util::retrive_clip (line 28)
[INFO] [stdout]     src/util/mod.rs - util::retrive_clip (line 32)
[INFO] [stdout]     src/util/mod.rs - util::retrive_file (line 10)
[INFO] [stdout]     src/util/mod.rs - util::retrive_file (line 6)
[INFO] [stdout]     src/util/mod.rs - util::retrive_stdin (line 48)
[INFO] [stdout]     src/util/mod.rs - util::retrive_string (line 66)
[INFO] [stdout] 
[INFO] [stdout] test result: FAILED. 0 passed; 6 failed; 0 ignored; 0 measured; 0 filtered out; finished in 0.14s
[INFO] [stdout] 
[INFO] [stderr] error: doctest failed, to rerun pass `--doc`
[INFO] running `Command { std: "docker" "inspect" "335f1a8b0afcc8e0c23fae01e83dd0ebe5c706e915940b925f313398d5813c69", kill_on_drop: false }`
[INFO] running `Command { std: "docker" "rm" "-f" "335f1a8b0afcc8e0c23fae01e83dd0ebe5c706e915940b925f313398d5813c69", kill_on_drop: false }`
[INFO] [stdout] 335f1a8b0afcc8e0c23fae01e83dd0ebe5c706e915940b925f313398d5813c69
