[INFO] cloning repository https://github.com/ilesoviy/suitdrop
[INFO] running `Command { std: "git" "-c" "credential.helper=" "-c" "credential.helper=/workspace/cargo-home/bin/git-credential-null" "clone" "--bare" "https://github.com/ilesoviy/suitdrop" "/workspace/cache/git-repos/https%3A%2F%2Fgithub.com%2Filesoviy%2Fsuitdrop", kill_on_drop: false }`
[INFO] [stderr] Cloning into bare repository '/workspace/cache/git-repos/https%3A%2F%2Fgithub.com%2Filesoviy%2Fsuitdrop'...
[INFO] running `Command { std: "git" "rev-parse" "HEAD", kill_on_drop: false }`
[INFO] [stdout] 4a013188d3082a69ffc2415309ccc3093d792524
[INFO] testing ilesoviy/suitdrop against beta-2024-12-08 for beta-1.84.0-4-retry
[INFO] running `Command { std: "git" "clone" "/workspace/cache/git-repos/https%3A%2F%2Fgithub.com%2Filesoviy%2Fsuitdrop" "/workspace/builds/worker-0-tc2/source", kill_on_drop: false }`
[INFO] [stderr] Cloning into '/workspace/builds/worker-0-tc2/source'...
[INFO] [stderr] done.
[INFO] validating manifest of git repo https://github.com/ilesoviy/suitdrop on toolchain beta-2024-12-08
[INFO] running `Command { std: CARGO_HOME="/workspace/cargo-home" RUSTUP_HOME="/workspace/rustup-home" "/workspace/cargo-home/bin/cargo" "+beta-2024-12-08" "metadata" "--manifest-path" "Cargo.toml" "--no-deps", kill_on_drop: false }`
[INFO] started tweaking git repo https://github.com/ilesoviy/suitdrop
[INFO] finished tweaking git repo https://github.com/ilesoviy/suitdrop
[INFO] tweaked toml for git repo https://github.com/ilesoviy/suitdrop written to /workspace/builds/worker-0-tc2/source/Cargo.toml
[INFO] crate git repo https://github.com/ilesoviy/suitdrop already has a lockfile, it will not be regenerated
[INFO] running `Command { std: CARGO_HOME="/workspace/cargo-home" RUSTUP_HOME="/workspace/rustup-home" "/workspace/cargo-home/bin/cargo" "+beta-2024-12-08" "fetch" "--manifest-path" "Cargo.toml", kill_on_drop: false }`
[INFO] [stderr] warning: profiles for the non root package will be ignored, specify profiles at the workspace root:
[INFO] [stderr] package:   /workspace/builds/worker-0-tc2/source/contracts/cw20-bonding/Cargo.toml
[INFO] [stderr] workspace: /workspace/builds/worker-0-tc2/source/Cargo.toml
[INFO] [stderr] warning: profiles for the non root package will be ignored, specify profiles at the workspace root:
[INFO] [stderr] package:   /workspace/builds/worker-0-tc2/source/contracts/cw721-suit/Cargo.toml
[INFO] [stderr] workspace: /workspace/builds/worker-0-tc2/source/Cargo.toml
[INFO] [stderr] warning: profiles for the non root package will be ignored, specify profiles at the workspace root:
[INFO] [stderr] package:   /workspace/builds/worker-0-tc2/source/contracts/suitdrop-claim/Cargo.toml
[INFO] [stderr] workspace: /workspace/builds/worker-0-tc2/source/Cargo.toml
[INFO] [stderr] warning: profiles for the non root package will be ignored, specify profiles at the workspace root:
[INFO] [stderr] package:   /workspace/builds/worker-0-tc2/source/contracts/suitdrop-redeem/Cargo.toml
[INFO] [stderr] workspace: /workspace/builds/worker-0-tc2/source/Cargo.toml
[INFO] [stderr] warning: virtual workspace defaulting to `resolver = "1"` despite one or more workspace members being on edition 2021 which implies `resolver = "2"`
[INFO] [stderr] note: to keep the current resolver, specify `workspace.resolver = "1"` in the workspace root's manifest
[INFO] [stderr] note: to use the edition 2021 resolver, specify `workspace.resolver = "2"` in the workspace root's manifest
[INFO] [stderr] note: for more details see https://doc.rust-lang.org/cargo/reference/resolver.html#resolver-versions
[INFO] running `Command { std: "docker" "create" "-v" "/var/lib/crater-agent-workspace/builds/worker-0-tc2/target:/opt/rustwide/target:rw,Z" "-v" "/var/lib/crater-agent-workspace/builds/worker-0-tc2/source:/opt/rustwide/workdir:ro,Z" "-v" "/var/lib/crater-agent-workspace/cargo-home:/opt/rustwide/cargo-home:ro,Z" "-v" "/var/lib/crater-agent-workspace/rustup-home:/opt/rustwide/rustup-home:ro,Z" "-e" "SOURCE_DIR=/opt/rustwide/workdir" "-e" "CARGO_TARGET_DIR=/opt/rustwide/target" "-e" "CARGO_HOME=/opt/rustwide/cargo-home" "-e" "RUSTUP_HOME=/opt/rustwide/rustup-home" "-w" "/opt/rustwide/workdir" "-m" "1610612736" "--user" "0:0" "--network" "none" "ghcr.io/rust-lang/crates-build-env/linux@sha256:f3a9d4ad9d972b27faf3965f35b62e55ba32bbce8f20bc8fe909558a86702fde" "/opt/rustwide/cargo-home/bin/cargo" "+beta-2024-12-08" "metadata" "--no-deps" "--format-version=1", kill_on_drop: false }`
[INFO] [stdout] b1c8071828e202dd23c66a88289c5727655dba8f48a784bc126f7a3ca4ce149d
[INFO] running `Command { std: "docker" "start" "-a" "b1c8071828e202dd23c66a88289c5727655dba8f48a784bc126f7a3ca4ce149d", kill_on_drop: false }`
[INFO] running `Command { std: "docker" "inspect" "b1c8071828e202dd23c66a88289c5727655dba8f48a784bc126f7a3ca4ce149d", kill_on_drop: false }`
[INFO] running `Command { std: "docker" "rm" "-f" "b1c8071828e202dd23c66a88289c5727655dba8f48a784bc126f7a3ca4ce149d", kill_on_drop: false }`
[INFO] [stdout] b1c8071828e202dd23c66a88289c5727655dba8f48a784bc126f7a3ca4ce149d
[INFO] running `Command { std: "docker" "create" "-v" "/var/lib/crater-agent-workspace/builds/worker-0-tc2/target:/opt/rustwide/target:rw,Z" "-v" "/var/lib/crater-agent-workspace/builds/worker-0-tc2/source:/opt/rustwide/workdir:ro,Z" "-v" "/var/lib/crater-agent-workspace/cargo-home:/opt/rustwide/cargo-home:ro,Z" "-v" "/var/lib/crater-agent-workspace/rustup-home:/opt/rustwide/rustup-home:ro,Z" "-e" "SOURCE_DIR=/opt/rustwide/workdir" "-e" "CARGO_TARGET_DIR=/opt/rustwide/target" "-e" "CARGO_INCREMENTAL=0" "-e" "RUST_BACKTRACE=full" "-e" "RUSTFLAGS=--cap-lints=warn" "-e" "RUSTDOCFLAGS=--cap-lints=warn" "-e" "CARGO_HOME=/opt/rustwide/cargo-home" "-e" "RUSTUP_HOME=/opt/rustwide/rustup-home" "-w" "/opt/rustwide/workdir" "-m" "1610612736" "--user" "0:0" "--network" "none" "ghcr.io/rust-lang/crates-build-env/linux@sha256:f3a9d4ad9d972b27faf3965f35b62e55ba32bbce8f20bc8fe909558a86702fde" "/opt/rustwide/cargo-home/bin/cargo" "+beta-2024-12-08" "build" "--frozen" "--message-format=json", kill_on_drop: false }`
[INFO] [stdout] c9992f9ecd8e2ab77f56b5576c689483900cf464255c7606edd6d9e0ac7ec92a
[INFO] running `Command { std: "docker" "start" "-a" "c9992f9ecd8e2ab77f56b5576c689483900cf464255c7606edd6d9e0ac7ec92a", kill_on_drop: false }`
[INFO] [stderr] warning: profiles for the non root package will be ignored, specify profiles at the workspace root:
[INFO] [stderr] package:   /opt/rustwide/workdir/contracts/cw20-bonding/Cargo.toml
[INFO] [stderr] workspace: /opt/rustwide/workdir/Cargo.toml
[INFO] [stderr] warning: profiles for the non root package will be ignored, specify profiles at the workspace root:
[INFO] [stderr] package:   /opt/rustwide/workdir/contracts/cw721-suit/Cargo.toml
[INFO] [stderr] workspace: /opt/rustwide/workdir/Cargo.toml
[INFO] [stderr] warning: profiles for the non root package will be ignored, specify profiles at the workspace root:
[INFO] [stderr] package:   /opt/rustwide/workdir/contracts/suitdrop-claim/Cargo.toml
[INFO] [stderr] workspace: /opt/rustwide/workdir/Cargo.toml
[INFO] [stderr] warning: profiles for the non root package will be ignored, specify profiles at the workspace root:
[INFO] [stderr] package:   /opt/rustwide/workdir/contracts/suitdrop-redeem/Cargo.toml
[INFO] [stderr] workspace: /opt/rustwide/workdir/Cargo.toml
[INFO] [stderr] warning: virtual workspace defaulting to `resolver = "1"` despite one or more workspace members being on edition 2021 which implies `resolver = "2"`
[INFO] [stderr] note: to keep the current resolver, specify `workspace.resolver = "1"` in the workspace root's manifest
[INFO] [stderr] note: to use the edition 2021 resolver, specify `workspace.resolver = "2"` in the workspace root's manifest
[INFO] [stderr] note: for more details see https://doc.rust-lang.org/cargo/reference/resolver.html#resolver-versions
[INFO] [stderr] warning: output filename collision.
[INFO] [stderr] The bin target `schema` in package `suitdrop-redeem v0.1.0 (/opt/rustwide/workdir/contracts/suitdrop-redeem)` has the same output filename as the bin target `schema` in package `cw721-suit v1.0.1 (/opt/rustwide/workdir/contracts/cw721-suit)`.
[INFO] [stderr] Colliding filename is: /opt/rustwide/target/debug/schema
[INFO] [stderr] The targets should have unique names.
[INFO] [stderr] Consider changing their names to be unique or compiling them separately.
[INFO] [stderr] This may become a hard error in the future; see <https://github.com/rust-lang/cargo/issues/6313>.
[INFO] [stderr] warning: output filename collision.
[INFO] [stderr] The bin target `schema` in package `suitdrop-redeem v0.1.0 (/opt/rustwide/workdir/contracts/suitdrop-redeem)` has the same output filename as the bin target `schema` in package `cw721-suit v1.0.1 (/opt/rustwide/workdir/contracts/cw721-suit)`.
[INFO] [stderr] Colliding filename is: /opt/rustwide/target/debug/schema.dwp
[INFO] [stderr] The targets should have unique names.
[INFO] [stderr] Consider changing their names to be unique or compiling them separately.
[INFO] [stderr] This may become a hard error in the future; see <https://github.com/rust-lang/cargo/issues/6313>.
[INFO] [stderr]    Compiling proc-macro2 v1.0.63
[INFO] [stderr]    Compiling unicode-ident v1.0.9
[INFO] [stderr]    Compiling quote v1.0.28
[INFO] [stderr]    Compiling generic-array v0.14.7
[INFO] [stderr]    Compiling libc v0.2.147
[INFO] [stderr]    Compiling subtle v2.5.0
[INFO] [stderr]    Compiling zeroize v1.6.0
[INFO] [stderr]    Compiling syn v1.0.109
[INFO] [stderr]    Compiling serde v1.0.164
[INFO] [stderr]    Compiling const-oid v0.9.2
[INFO] [stderr]    Compiling base64ct v1.6.0
[INFO] [stderr]    Compiling ahash v0.7.6
[INFO] [stderr]    Compiling base16ct v0.1.1
[INFO] [stderr]    Compiling cpufeatures v0.2.8
[INFO] [stderr]    Compiling thiserror v1.0.40
[INFO] [stderr]    Compiling once_cell v1.18.0
[INFO] [stderr]    Compiling serde_json v1.0.99
[INFO] [stderr]    Compiling byteorder v1.4.3
[INFO] [stderr]    Compiling schemars v0.8.12
[INFO] [stderr]    Compiling der v0.6.1
[INFO] [stderr]    Compiling opaque-debug v0.3.0
[INFO] [stderr]    Compiling ryu v1.0.13
[INFO] [stderr]    Compiling crunchy v0.2.2
[INFO] [stderr]    Compiling itoa v1.0.6
[INFO] [stderr]    Compiling hex v0.4.3
[INFO] [stderr]    Compiling rand_core v0.5.1
[INFO] [stderr]    Compiling dyn-clone v1.0.11
[INFO] [stderr]    Compiling static_assertions v1.1.0
[INFO] [stderr]    Compiling forward_ref v1.0.0
[INFO] [stderr]    Compiling semver v1.0.17
[INFO] [stderr]    Compiling num-traits v0.2.16
[INFO] [stderr]    Compiling rust_decimal v1.32.0
[INFO] [stderr]    Compiling arrayvec v0.7.4
[INFO] [stderr]    Compiling uint v0.9.5
[INFO] [stderr]    Compiling block-buffer v0.10.4
[INFO] [stderr]    Compiling crypto-common v0.1.6
[INFO] [stderr]    Compiling digest v0.9.0
[INFO] [stderr]    Compiling block-buffer v0.9.0
[INFO] [stderr]    Compiling curve25519-dalek v3.2.0
[INFO] [stderr]    Compiling sha2 v0.9.9
[INFO] [stderr]    Compiling digest v0.10.7
[INFO] [stderr]    Compiling spki v0.6.0
[INFO] [stderr]    Compiling syn v2.0.22
[INFO] [stderr]    Compiling hmac v0.12.1
[INFO] [stderr]    Compiling sha2 v0.10.7
[INFO] [stderr]    Compiling pkcs8 v0.9.0
[INFO] [stderr]    Compiling getrandom v0.2.10
[INFO] [stderr]    Compiling rand_core v0.6.4
[INFO] [stderr]    Compiling sec1 v0.3.0
[INFO] [stderr]    Compiling crypto-bigint v0.4.9
[INFO] [stderr]    Compiling ff v0.12.1
[INFO] [stderr]    Compiling signature v1.6.4
[INFO] [stderr]    Compiling hashbrown v0.12.3
[INFO] [stderr]    Compiling group v0.12.1
[INFO] [stderr]    Compiling integer-sqrt v0.1.5
[INFO] [stderr]    Compiling integer-cbrt v0.1.2
[INFO] [stderr]    Compiling rfc6979 v0.3.1
[INFO] [stderr]    Compiling elliptic-curve v0.12.3
[INFO] [stderr]    Compiling ecdsa v0.14.8
[INFO] [stderr]    Compiling k256 v0.11.6
[INFO] [stderr]    Compiling serde_derive v1.0.164
[INFO] [stderr]    Compiling thiserror-impl v1.0.40
[INFO] [stderr]    Compiling serde_derive_internals v0.26.0
[INFO] [stderr]    Compiling cosmwasm-derive v1.2.7
[INFO] [stderr]    Compiling derivative v2.2.0
[INFO] [stderr]    Compiling cosmwasm-schema-derive v1.2.7
[INFO] [stderr]    Compiling cw-ownable-derive v0.5.1
[INFO] [stderr]    Compiling cw-storage-macro v1.1.0
[INFO] [stderr]    Compiling schemars_derive v0.8.12
[INFO] [stderr]    Compiling ed25519-zebra v3.1.0
[INFO] [stderr]    Compiling serde-json-wasm v0.5.1
[INFO] [stderr]    Compiling cosmwasm-crypto v1.2.7
[INFO] [stderr]    Compiling cosmwasm-std v1.2.7
[INFO] [stderr]    Compiling cosmwasm-schema v1.2.7
[INFO] [stderr]    Compiling cw-storage-plus v1.1.0
[INFO] [stderr]    Compiling cw-storage-plus v0.16.0
[INFO] [stderr]    Compiling cw-storage-plus v0.13.4
[INFO] [stderr]    Compiling cw-address-like v1.0.4
[INFO] [stderr]    Compiling cosmwasm-storage v1.2.7
[INFO] [stderr]    Compiling cw-storage-plus v0.11.1
[INFO] [stderr]    Compiling cw-utils v0.11.1
[INFO] [stderr]    Compiling cw2 v1.1.0
[INFO] [stderr]    Compiling cw-utils v1.0.1
[INFO] [stderr]    Compiling cw20 v0.11.1
[INFO] [stderr]    Compiling cw2 v0.11.1
[INFO] [stderr]    Compiling cw2 v0.16.0
[INFO] [stderr]    Compiling cw721 v0.17.0
[INFO] [stderr]    Compiling cw-ownable v0.5.1
[INFO] [stderr]    Compiling cw20 v1.1.0
[INFO] [stderr]    Compiling cw2 v0.13.4
[INFO] [stderr]    Compiling cw-utils v0.16.0
[INFO] [stderr]    Compiling cw721 v0.16.0
[INFO] [stderr]    Compiling cw20-base v0.11.1
[INFO] [stderr]    Compiling cw20-base v1.0.1 (/opt/rustwide/workdir/contracts/cw20-base)
[INFO] [stderr]    Compiling suitdrop-claim v1.0.1 (/opt/rustwide/workdir/contracts/suitdrop-claim)
[INFO] [stdout] warning: unused variable: `claim_info`
[INFO] [stdout]    --> contracts/suitdrop-claim/src/contract.rs:180:17
[INFO] [stdout]     |
[INFO] [stdout] 180 |     if let Some(claim_info) = CLAIM_INFO.may_load(deps.storage, &info.sender)? {
[INFO] [stdout]     |                 ^^^^^^^^^^ help: if this is intentional, prefix it with an underscore: `_claim_info`
[INFO] [stdout]     |
[INFO] [stdout]     = note: `#[warn(unused_variables)]` on by default
[INFO] [stdout] 
[INFO] [stdout] 
[INFO] [stderr]    Compiling cw721-base v0.16.0
[INFO] [stderr]    Compiling cw20-bonding v0.1.0 (/opt/rustwide/workdir/contracts/cw20-bonding)
[INFO] [stdout] warning: unused import: `FromPrimitive`
[INFO] [stdout]  --> contracts/cw20-bonding/src/curves.rs:3:42
[INFO] [stdout]   |
[INFO] [stdout] 3 | use rust_decimal::prelude::{ToPrimitive, FromPrimitive};
[INFO] [stdout]   |                                          ^^^^^^^^^^^^^
[INFO] [stdout]   |
[INFO] [stdout]   = note: `#[warn(unused_imports)]` on by default
[INFO] [stdout] 
[INFO] [stdout] 
[INFO] [stdout] warning: unused import: `std::ops::Add`
[INFO] [stdout]  --> contracts/cw20-bonding/src/curves.rs:7:5
[INFO] [stdout]   |
[INFO] [stdout] 7 | use std::ops::Add;
[INFO] [stdout]   |     ^^^^^^^^^^^^^
[INFO] [stdout] 
[INFO] [stdout] 
[INFO] [stderr]    Compiling cw721-base v0.17.0
[INFO] [stderr]    Compiling cw721-suit v1.0.1 (/opt/rustwide/workdir/contracts/cw721-suit)
[INFO] [stdout] warning: constant `CONTRACT_NAME` is never used
[INFO] [stdout]   --> contracts/cw721-suit/src/contract.rs:10:7
[INFO] [stdout]    |
[INFO] [stdout] 10 | const CONTRACT_NAME: &str = "crates.io:cw721-suit";
[INFO] [stdout]    |       ^^^^^^^^^^^^^
[INFO] [stdout]    |
[INFO] [stdout]    = note: `#[warn(dead_code)]` on by default
[INFO] [stdout] 
[INFO] [stdout] 
[INFO] [stdout] warning: constant `CONTRACT_VERSION` is never used
[INFO] [stdout]   --> contracts/cw721-suit/src/contract.rs:11:7
[INFO] [stdout]    |
[INFO] [stdout] 11 | const CONTRACT_VERSION: &str = env!("CARGO_PKG_VERSION");
[INFO] [stdout]    |       ^^^^^^^^^^^^^^^^
[INFO] [stdout] 
[INFO] [stdout] 
[INFO] [stderr]    Compiling suitdrop-redeem v0.1.0 (/opt/rustwide/workdir/contracts/suitdrop-redeem)
[INFO] [stdout] warning: unused import: `cosmwasm_schema::cw_serde`
[INFO] [stdout]  --> contracts/suitdrop-redeem/src/state.rs:1:5
[INFO] [stdout]   |
[INFO] [stdout] 1 | use cosmwasm_schema::cw_serde;
[INFO] [stdout]   |     ^^^^^^^^^^^^^^^^^^^^^^^^^
[INFO] [stdout]   |
[INFO] [stdout]   = note: `#[warn(unused_imports)]` on by default
[INFO] [stdout] 
[INFO] [stdout] 
[INFO] [stdout] warning: unused import: `cw_storage_macro::index_list`
[INFO] [stdout]  --> contracts/suitdrop-redeem/src/state.rs:3:5
[INFO] [stdout]   |
[INFO] [stdout] 3 | use cw_storage_macro::index_list;
[INFO] [stdout]   |     ^^^^^^^^^^^^^^^^^^^^^^^^^^^^
[INFO] [stdout] 
[INFO] [stdout] 
[INFO] [stdout] warning: unused imports: `IndexedMap` and `UniqueIndex`
[INFO] [stdout]  --> contracts/suitdrop-redeem/src/state.rs:4:23
[INFO] [stdout]   |
[INFO] [stdout] 4 | use cw_storage_plus::{IndexedMap, Item, UniqueIndex};
[INFO] [stdout]   |                       ^^^^^^^^^^        ^^^^^^^^^^^
[INFO] [stdout] 
[INFO] [stdout] 
[INFO] [stdout] warning: unused variable: `info`
[INFO] [stdout]   --> contracts/suitdrop-redeem/src/contract.rs:27:5
[INFO] [stdout]    |
[INFO] [stdout] 27 |     info: MessageInfo,
[INFO] [stdout]    |     ^^^^ help: if this is intentional, prefix it with an underscore: `_info`
[INFO] [stdout]    |
[INFO] [stdout]    = note: `#[warn(unused_variables)]` on by default
[INFO] [stdout] 
[INFO] [stdout] 
[INFO] [stdout] warning: unused variable: `env`
[INFO] [stdout]   --> contracts/suitdrop-redeem/src/contract.rs:89:5
[INFO] [stdout]    |
[INFO] [stdout] 89 |     env: Env,
[INFO] [stdout]    |     ^^^ help: if this is intentional, prefix it with an underscore: `_env`
[INFO] [stdout] 
[INFO] [stdout] 
[INFO] [stderr]     Finished `dev` profile [unoptimized + debuginfo] target(s) in 1m 17s
[INFO] running `Command { std: "docker" "inspect" "c9992f9ecd8e2ab77f56b5576c689483900cf464255c7606edd6d9e0ac7ec92a", kill_on_drop: false }`
[INFO] running `Command { std: "docker" "rm" "-f" "c9992f9ecd8e2ab77f56b5576c689483900cf464255c7606edd6d9e0ac7ec92a", kill_on_drop: false }`
[INFO] [stdout] c9992f9ecd8e2ab77f56b5576c689483900cf464255c7606edd6d9e0ac7ec92a
[INFO] running `Command { std: "docker" "create" "-v" "/var/lib/crater-agent-workspace/builds/worker-0-tc2/target:/opt/rustwide/target:rw,Z" "-v" "/var/lib/crater-agent-workspace/builds/worker-0-tc2/source:/opt/rustwide/workdir:ro,Z" "-v" "/var/lib/crater-agent-workspace/cargo-home:/opt/rustwide/cargo-home:ro,Z" "-v" "/var/lib/crater-agent-workspace/rustup-home:/opt/rustwide/rustup-home:ro,Z" "-e" "SOURCE_DIR=/opt/rustwide/workdir" "-e" "CARGO_TARGET_DIR=/opt/rustwide/target" "-e" "CARGO_INCREMENTAL=0" "-e" "RUST_BACKTRACE=full" "-e" "RUSTFLAGS=--cap-lints=warn" "-e" "RUSTDOCFLAGS=--cap-lints=warn" "-e" "CARGO_HOME=/opt/rustwide/cargo-home" "-e" "RUSTUP_HOME=/opt/rustwide/rustup-home" "-w" "/opt/rustwide/workdir" "-m" "1610612736" "--user" "0:0" "--network" "none" "ghcr.io/rust-lang/crates-build-env/linux@sha256:f3a9d4ad9d972b27faf3965f35b62e55ba32bbce8f20bc8fe909558a86702fde" "/opt/rustwide/cargo-home/bin/cargo" "+beta-2024-12-08" "test" "--frozen" "--no-run" "--message-format=json", kill_on_drop: false }`
[INFO] [stdout] 75a5e2b142db6a2206005db9fa23d7076c20c599c095873064d76e0fa4ecc3a6
[INFO] running `Command { std: "docker" "start" "-a" "75a5e2b142db6a2206005db9fa23d7076c20c599c095873064d76e0fa4ecc3a6", kill_on_drop: false }`
[INFO] [stderr] warning: profiles for the non root package will be ignored, specify profiles at the workspace root:
[INFO] [stderr] package:   /opt/rustwide/workdir/contracts/cw20-bonding/Cargo.toml
[INFO] [stderr] workspace: /opt/rustwide/workdir/Cargo.toml
[INFO] [stderr] warning: profiles for the non root package will be ignored, specify profiles at the workspace root:
[INFO] [stderr] package:   /opt/rustwide/workdir/contracts/cw721-suit/Cargo.toml
[INFO] [stderr] workspace: /opt/rustwide/workdir/Cargo.toml
[INFO] [stderr] warning: profiles for the non root package will be ignored, specify profiles at the workspace root:
[INFO] [stderr] package:   /opt/rustwide/workdir/contracts/suitdrop-claim/Cargo.toml
[INFO] [stderr] workspace: /opt/rustwide/workdir/Cargo.toml
[INFO] [stderr] warning: profiles for the non root package will be ignored, specify profiles at the workspace root:
[INFO] [stderr] package:   /opt/rustwide/workdir/contracts/suitdrop-redeem/Cargo.toml
[INFO] [stderr] workspace: /opt/rustwide/workdir/Cargo.toml
[INFO] [stderr] warning: virtual workspace defaulting to `resolver = "1"` despite one or more workspace members being on edition 2021 which implies `resolver = "2"`
[INFO] [stderr] note: to keep the current resolver, specify `workspace.resolver = "1"` in the workspace root's manifest
[INFO] [stderr] note: to use the edition 2021 resolver, specify `workspace.resolver = "2"` in the workspace root's manifest
[INFO] [stderr] note: for more details see https://doc.rust-lang.org/cargo/reference/resolver.html#resolver-versions
[INFO] [stderr]    Compiling anyhow v1.0.71
[INFO] [stderr]    Compiling either v1.8.1
[INFO] [stderr]    Compiling bytes v1.4.0
[INFO] [stderr]    Compiling cw-utils v0.13.4
[INFO] [stderr]    Compiling cw20-bonding v0.1.0 (/opt/rustwide/workdir/contracts/cw20-bonding)
[INFO] [stdout] warning: unused import: `FromPrimitive`
[INFO] [stdout]  --> contracts/cw20-bonding/src/curves.rs:3:42
[INFO] [stdout]   |
[INFO] [stdout] 3 | use rust_decimal::prelude::{ToPrimitive, FromPrimitive};
[INFO] [stdout]   |                                          ^^^^^^^^^^^^^
[INFO] [stdout]   |
[INFO] [stdout]   = note: `#[warn(unused_imports)]` on by default
[INFO] [stdout] 
[INFO] [stdout] 
[INFO] [stdout] warning: unused import: `std::ops::Add`
[INFO] [stdout]  --> contracts/cw20-bonding/src/curves.rs:7:5
[INFO] [stdout]   |
[INFO] [stdout] 7 | use std::ops::Add;
[INFO] [stdout]   |     ^^^^^^^^^^^^^
[INFO] [stdout] 
[INFO] [stdout] 
[INFO] [stdout] warning: unused variable: `claim_info`
[INFO] [stdout]    --> contracts/suitdrop-claim/src/contract.rs:180:17
[INFO] [stdout]     |
[INFO] [stdout] 180 |     if let Some(claim_info) = CLAIM_INFO.may_load(deps.storage, &info.sender)? {
[INFO] [stdout]     |                 ^^^^^^^^^^ help: if this is intentional, prefix it with an underscore: `_claim_info`
[INFO] [stdout]     |
[INFO] [stdout]     = note: `#[warn(unused_variables)]` on by default
[INFO] [stdout] 
[INFO] [stdout] 
[INFO] [stderr]    Compiling suitdrop-claim v1.0.1 (/opt/rustwide/workdir/contracts/suitdrop-claim)
[INFO] [stdout] warning: constant `CONTRACT_NAME` is never used
[INFO] [stdout]   --> contracts/cw721-suit/src/contract.rs:10:7
[INFO] [stdout]    |
[INFO] [stdout] 10 | const CONTRACT_NAME: &str = "crates.io:cw721-suit";
[INFO] [stdout]    |       ^^^^^^^^^^^^^
[INFO] [stdout]    |
[INFO] [stdout]    = note: `#[warn(dead_code)]` on by default
[INFO] [stdout] 
[INFO] [stdout] 
[INFO] [stdout] warning: constant `CONTRACT_VERSION` is never used
[INFO] [stdout]   --> contracts/cw721-suit/src/contract.rs:11:7
[INFO] [stdout]    |
[INFO] [stdout] 11 | const CONTRACT_VERSION: &str = env!("CARGO_PKG_VERSION");
[INFO] [stdout]    |       ^^^^^^^^^^^^^^^^
[INFO] [stdout] 
[INFO] [stdout] 
[INFO] [stdout] warning: unused import: `cosmwasm_schema::cw_serde`
[INFO] [stdout]  --> contracts/suitdrop-redeem/src/state.rs:1:5
[INFO] [stdout]   |
[INFO] [stdout] 1 | use cosmwasm_schema::cw_serde;
[INFO] [stdout]   |     ^^^^^^^^^^^^^^^^^^^^^^^^^
[INFO] [stdout]   |
[INFO] [stdout]   = note: `#[warn(unused_imports)]` on by default
[INFO] [stdout] 
[INFO] [stdout] 
[INFO] [stdout] warning: unused import: `cw_storage_macro::index_list`
[INFO] [stdout]  --> contracts/suitdrop-redeem/src/state.rs:3:5
[INFO] [stdout]   |
[INFO] [stdout] 3 | use cw_storage_macro::index_list;
[INFO] [stdout]   |     ^^^^^^^^^^^^^^^^^^^^^^^^^^^^
[INFO] [stdout] 
[INFO] [stdout] 
[INFO] [stdout] warning: unused imports: `IndexedMap` and `UniqueIndex`
[INFO] [stdout]  --> contracts/suitdrop-redeem/src/state.rs:4:23
[INFO] [stdout]   |
[INFO] [stdout] 4 | use cw_storage_plus::{IndexedMap, Item, UniqueIndex};
[INFO] [stdout]   |                       ^^^^^^^^^^        ^^^^^^^^^^^
[INFO] [stdout] 
[INFO] [stdout] 
[INFO] [stdout] warning: unused variable: `info`
[INFO] [stdout]   --> contracts/suitdrop-redeem/src/contract.rs:27:5
[INFO] [stdout]    |
[INFO] [stdout] 27 |     info: MessageInfo,
[INFO] [stdout]    |     ^^^^ help: if this is intentional, prefix it with an underscore: `_info`
[INFO] [stdout]    |
[INFO] [stdout]    = note: `#[warn(unused_variables)]` on by default
[INFO] [stdout] 
[INFO] [stdout] 
[INFO] [stdout] warning: unused variable: `env`
[INFO] [stdout]   --> contracts/suitdrop-redeem/src/contract.rs:89:5
[INFO] [stdout]    |
[INFO] [stdout] 89 |     env: Env,
[INFO] [stdout]    |     ^^^ help: if this is intentional, prefix it with an underscore: `_env`
[INFO] [stdout] 
[INFO] [stdout] 
[INFO] [stderr]    Compiling itertools v0.10.5
[INFO] [stdout] warning: unused variable: `claim_info`
[INFO] [stdout]    --> contracts/suitdrop-claim/src/contract.rs:180:17
[INFO] [stdout]     |
[INFO] [stdout] 180 |     if let Some(claim_info) = CLAIM_INFO.may_load(deps.storage, &info.sender)? {
[INFO] [stdout]     |                 ^^^^^^^^^^ help: if this is intentional, prefix it with an underscore: `_claim_info`
[INFO] [stdout]     |
[INFO] [stdout]     = note: `#[warn(unused_variables)]` on by default
[INFO] [stdout] 
[INFO] [stdout] 
[INFO] [stdout] warning: unused import: `FromPrimitive`
[INFO] [stdout]  --> contracts/cw20-bonding/src/curves.rs:3:42
[INFO] [stdout]   |
[INFO] [stdout] 3 | use rust_decimal::prelude::{ToPrimitive, FromPrimitive};
[INFO] [stdout]   |                                          ^^^^^^^^^^^^^
[INFO] [stdout]   |
[INFO] [stdout]   = note: `#[warn(unused_imports)]` on by default
[INFO] [stdout] 
[INFO] [stdout] 
[INFO] [stdout] warning: unused import: `std::ops::Add`
[INFO] [stdout]  --> contracts/cw20-bonding/src/curves.rs:7:5
[INFO] [stdout]   |
[INFO] [stdout] 7 | use std::ops::Add;
[INFO] [stdout]   |     ^^^^^^^^^^^^^
[INFO] [stdout] 
[INFO] [stdout] 
[INFO] [stdout] warning: unused variable: `balance`
[INFO] [stdout]    --> contracts/cw20-bonding/src/contract.rs:487:13
[INFO] [stdout]     |
[INFO] [stdout] 487 |         let balance = get_balance(deps.as_ref(), INVESTOR);
[INFO] [stdout]     |             ^^^^^^^ help: if this is intentional, prefix it with an underscore: `_balance`
[INFO] [stdout]     |
[INFO] [stdout]     = note: `#[warn(unused_variables)]` on by default
[INFO] [stdout] 
[INFO] [stdout] 
[INFO] [stdout] warning: unused variable: `balance`
[INFO] [stdout]    --> contracts/cw20-bonding/src/contract.rs:628:13
[INFO] [stdout]     |
[INFO] [stdout] 628 |         let balance = get_balance(deps.as_ref(), INVESTOR);
[INFO] [stdout]     |             ^^^^^^^ help: if this is intentional, prefix it with an underscore: `_balance`
[INFO] [stdout] 
[INFO] [stdout] 
[INFO] [stdout] warning: unused variable: `balance`
[INFO] [stdout]    --> contracts/cw20-bonding/src/contract.rs:654:13
[INFO] [stdout]     |
[INFO] [stdout] 654 |         let balance = get_balance(deps.as_ref(), INVESTOR);
[INFO] [stdout]     |             ^^^^^^^ help: if this is intentional, prefix it with an underscore: `_balance`
[INFO] [stdout] 
[INFO] [stdout] 
[INFO] [stdout] warning: unused variable: `va1`
[INFO] [stdout]    --> contracts/cw20-bonding/src/curves.rs:323:13
[INFO] [stdout]     |
[INFO] [stdout] 323 |         let va1 = curve.spot_price(Uint128::new(0));
[INFO] [stdout]     |             ^^^ help: if this is intentional, prefix it with an underscore: `_va1`
[INFO] [stdout] 
[INFO] [stdout] 
[INFO] [stdout] warning: unused variable: `va2`
[INFO] [stdout]    --> contracts/cw20-bonding/src/curves.rs:324:13
[INFO] [stdout]     |
[INFO] [stdout] 324 |         let va2 = curve.spot_price(Uint128::new(1));
[INFO] [stdout]     |             ^^^ help: if this is intentional, prefix it with an underscore: `_va2`
[INFO] [stdout] 
[INFO] [stdout] 
[INFO] [stdout] warning: unused variable: `va3`
[INFO] [stdout]    --> contracts/cw20-bonding/src/curves.rs:325:13
[INFO] [stdout]     |
[INFO] [stdout] 325 |         let va3 = curve.spot_price(Uint128::new(2));
[INFO] [stdout]     |             ^^^ help: if this is intentional, prefix it with an underscore: `_va3`
[INFO] [stdout] 
[INFO] [stdout] 
[INFO] [stdout] warning: unused variable: `va4`
[INFO] [stdout]    --> contracts/cw20-bonding/src/curves.rs:326:13
[INFO] [stdout]     |
[INFO] [stdout] 326 |         let va4 = curve.spot_price(Uint128::new(99));
[INFO] [stdout]     |             ^^^ help: if this is intentional, prefix it with an underscore: `_va4`
[INFO] [stdout] 
[INFO] [stdout] 
[INFO] [stderr]    Compiling prost-derive v0.9.0
[INFO] [stderr]    Compiling prost v0.9.0
[INFO] [stderr]    Compiling cw-multi-test v0.13.4
[INFO] [stderr]    Compiling cw-multi-test v0.16.5
[INFO] [stderr]    Compiling cw721-suit v1.0.1 (/opt/rustwide/workdir/contracts/cw721-suit)
[INFO] [stderr]    Compiling suitdrop-redeem v0.1.0 (/opt/rustwide/workdir/contracts/suitdrop-redeem)
[INFO] [stdout] warning: unused import: `cosmwasm_schema::cw_serde`
[INFO] [stdout]  --> contracts/suitdrop-redeem/src/state.rs:1:5
[INFO] [stdout]   |
[INFO] [stdout] 1 | use cosmwasm_schema::cw_serde;
[INFO] [stdout]   |     ^^^^^^^^^^^^^^^^^^^^^^^^^
[INFO] [stdout]   |
[INFO] [stdout]   = note: `#[warn(unused_imports)]` on by default
[INFO] [stdout] 
[INFO] [stdout] 
[INFO] [stdout] warning: unused import: `cw_storage_macro::index_list`
[INFO] [stdout]  --> contracts/suitdrop-redeem/src/state.rs:3:5
[INFO] [stdout]   |
[INFO] [stdout] 3 | use cw_storage_macro::index_list;
[INFO] [stdout]   |     ^^^^^^^^^^^^^^^^^^^^^^^^^^^^
[INFO] [stdout] 
[INFO] [stdout] 
[INFO] [stdout] warning: unused imports: `IndexedMap` and `UniqueIndex`
[INFO] [stdout]  --> contracts/suitdrop-redeem/src/state.rs:4:23
[INFO] [stdout]   |
[INFO] [stdout] 4 | use cw_storage_plus::{IndexedMap, Item, UniqueIndex};
[INFO] [stdout]   |                       ^^^^^^^^^^        ^^^^^^^^^^^
[INFO] [stdout] 
[INFO] [stdout] 
[INFO] [stdout] warning: unused variable: `info`
[INFO] [stdout]   --> contracts/suitdrop-redeem/src/contract.rs:27:5
[INFO] [stdout]    |
[INFO] [stdout] 27 |     info: MessageInfo,
[INFO] [stdout]    |     ^^^^ help: if this is intentional, prefix it with an underscore: `_info`
[INFO] [stdout]    |
[INFO] [stdout]    = note: `#[warn(unused_variables)]` on by default
[INFO] [stdout] 
[INFO] [stdout] 
[INFO] [stdout] warning: unused variable: `env`
[INFO] [stdout]   --> contracts/suitdrop-redeem/src/contract.rs:89:5
[INFO] [stdout]    |
[INFO] [stdout] 89 |     env: Env,
[INFO] [stdout]    |     ^^^ help: if this is intentional, prefix it with an underscore: `_env`
[INFO] [stdout] 
[INFO] [stdout] 
[INFO] [stdout] warning: constant `CONTRACT_NAME` is never used
[INFO] [stdout]   --> contracts/cw721-suit/src/contract.rs:10:7
[INFO] [stdout]    |
[INFO] [stdout] 10 | const CONTRACT_NAME: &str = "crates.io:cw721-suit";
[INFO] [stdout]    |       ^^^^^^^^^^^^^
[INFO] [stdout]    |
[INFO] [stdout]    = note: `#[warn(dead_code)]` on by default
[INFO] [stdout] 
[INFO] [stdout] 
[INFO] [stdout] warning: constant `CONTRACT_VERSION` is never used
[INFO] [stdout]   --> contracts/cw721-suit/src/contract.rs:11:7
[INFO] [stdout]    |
[INFO] [stdout] 11 | const CONTRACT_VERSION: &str = env!("CARGO_PKG_VERSION");
[INFO] [stdout]    |       ^^^^^^^^^^^^^^^^
[INFO] [stdout] 
[INFO] [stdout] 
[INFO] [stderr]    Compiling cw20-base v1.0.1 (/opt/rustwide/workdir/contracts/cw20-base)
[INFO] [stderr]     Finished `test` profile [unoptimized + debuginfo] target(s) in 18.34s
[INFO] running `Command { std: "docker" "inspect" "75a5e2b142db6a2206005db9fa23d7076c20c599c095873064d76e0fa4ecc3a6", kill_on_drop: false }`
[INFO] running `Command { std: "docker" "rm" "-f" "75a5e2b142db6a2206005db9fa23d7076c20c599c095873064d76e0fa4ecc3a6", kill_on_drop: false }`
[INFO] [stdout] 75a5e2b142db6a2206005db9fa23d7076c20c599c095873064d76e0fa4ecc3a6
[INFO] running `Command { std: "docker" "create" "-v" "/var/lib/crater-agent-workspace/builds/worker-0-tc2/target:/opt/rustwide/target:rw,Z" "-v" "/var/lib/crater-agent-workspace/builds/worker-0-tc2/source:/opt/rustwide/workdir:ro,Z" "-v" "/var/lib/crater-agent-workspace/cargo-home:/opt/rustwide/cargo-home:ro,Z" "-v" "/var/lib/crater-agent-workspace/rustup-home:/opt/rustwide/rustup-home:ro,Z" "-e" "SOURCE_DIR=/opt/rustwide/workdir" "-e" "CARGO_TARGET_DIR=/opt/rustwide/target" "-e" "CARGO_INCREMENTAL=0" "-e" "RUST_BACKTRACE=full" "-e" "RUSTFLAGS=--cap-lints=warn" "-e" "RUSTDOCFLAGS=--cap-lints=warn" "-e" "CARGO_HOME=/opt/rustwide/cargo-home" "-e" "RUSTUP_HOME=/opt/rustwide/rustup-home" "-w" "/opt/rustwide/workdir" "-m" "1610612736" "--user" "0:0" "--network" "none" "ghcr.io/rust-lang/crates-build-env/linux@sha256:f3a9d4ad9d972b27faf3965f35b62e55ba32bbce8f20bc8fe909558a86702fde" "/opt/rustwide/cargo-home/bin/cargo" "+beta-2024-12-08" "test" "--frozen", kill_on_drop: false }`
[INFO] [stdout] 8984c59733ae037b82c453568c19977c39e57e85657bb7c481eae0b4cdb441a5
[INFO] running `Command { std: "docker" "start" "-a" "8984c59733ae037b82c453568c19977c39e57e85657bb7c481eae0b4cdb441a5", kill_on_drop: false }`
[INFO] [stderr] warning: profiles for the non root package will be ignored, specify profiles at the workspace root:
[INFO] [stderr] package:   /opt/rustwide/workdir/contracts/cw20-bonding/Cargo.toml
[INFO] [stderr] workspace: /opt/rustwide/workdir/Cargo.toml
[INFO] [stderr] warning: profiles for the non root package will be ignored, specify profiles at the workspace root:
[INFO] [stderr] package:   /opt/rustwide/workdir/contracts/cw721-suit/Cargo.toml
[INFO] [stderr] workspace: /opt/rustwide/workdir/Cargo.toml
[INFO] [stderr] warning: profiles for the non root package will be ignored, specify profiles at the workspace root:
[INFO] [stderr] package:   /opt/rustwide/workdir/contracts/suitdrop-claim/Cargo.toml
[INFO] [stderr] workspace: /opt/rustwide/workdir/Cargo.toml
[INFO] [stderr] warning: profiles for the non root package will be ignored, specify profiles at the workspace root:
[INFO] [stderr] package:   /opt/rustwide/workdir/contracts/suitdrop-redeem/Cargo.toml
[INFO] [stderr] workspace: /opt/rustwide/workdir/Cargo.toml
[INFO] [stderr] warning: virtual workspace defaulting to `resolver = "1"` despite one or more workspace members being on edition 2021 which implies `resolver = "2"`
[INFO] [stderr] note: to keep the current resolver, specify `workspace.resolver = "1"` in the workspace root's manifest
[INFO] [stderr] note: to use the edition 2021 resolver, specify `workspace.resolver = "2"` in the workspace root's manifest
[INFO] [stderr] note: for more details see https://doc.rust-lang.org/cargo/reference/resolver.html#resolver-versions
[INFO] [stderr] warning: unused import: `FromPrimitive`
[INFO] [stderr]  --> contracts/cw20-bonding/src/curves.rs:3:42
[INFO] [stderr]   |
[INFO] [stderr] 3 | use rust_decimal::prelude::{ToPrimitive, FromPrimitive};
[INFO] [stderr]   |                                          ^^^^^^^^^^^^^
[INFO] [stderr]   |
[INFO] [stderr]   = note: `#[warn(unused_imports)]` on by default
[INFO] [stderr] 
[INFO] [stderr] warning: unused import: `std::ops::Add`
[INFO] [stderr]  --> contracts/cw20-bonding/src/curves.rs:7:5
[INFO] [stderr]   |
[INFO] [stderr] 7 | use std::ops::Add;
[INFO] [stderr]   |     ^^^^^^^^^^^^^
[INFO] [stderr] 
[INFO] [stderr] warning: unused variable: `balance`
[INFO] [stderr]    --> contracts/cw20-bonding/src/contract.rs:487:13
[INFO] [stderr]     |
[INFO] [stderr] 487 |         let balance = get_balance(deps.as_ref(), INVESTOR);
[INFO] [stderr]     |             ^^^^^^^ help: if this is intentional, prefix it with an underscore: `_balance`
[INFO] [stderr]     |
[INFO] [stderr]     = note: `#[warn(unused_variables)]` on by default
[INFO] [stderr] 
[INFO] [stderr] warning: unused variable: `balance`
[INFO] [stderr]    --> contracts/cw20-bonding/src/contract.rs:628:13
[INFO] [stderr]     |
[INFO] [stderr] 628 |         let balance = get_balance(deps.as_ref(), INVESTOR);
[INFO] [stderr]     |             ^^^^^^^ help: if this is intentional, prefix it with an underscore: `_balance`
[INFO] [stderr] 
[INFO] [stderr] warning: unused variable: `balance`
[INFO] [stderr]    --> contracts/cw20-bonding/src/contract.rs:654:13
[INFO] [stderr]     |
[INFO] [stderr] 654 |         let balance = get_balance(deps.as_ref(), INVESTOR);
[INFO] [stderr]     |             ^^^^^^^ help: if this is intentional, prefix it with an underscore: `_balance`
[INFO] [stderr] 
[INFO] [stderr] warning: unused variable: `va1`
[INFO] [stderr]    --> contracts/cw20-bonding/src/curves.rs:323:13
[INFO] [stderr]     |
[INFO] [stderr] 323 |         let va1 = curve.spot_price(Uint128::new(0));
[INFO] [stderr]     |             ^^^ help: if this is intentional, prefix it with an underscore: `_va1`
[INFO] [stderr] 
[INFO] [stderr] warning: unused variable: `va2`
[INFO] [stderr]    --> contracts/cw20-bonding/src/curves.rs:324:13
[INFO] [stderr]     |
[INFO] [stderr] 324 |         let va2 = curve.spot_price(Uint128::new(1));
[INFO] [stderr]     |             ^^^ help: if this is intentional, prefix it with an underscore: `_va2`
[INFO] [stderr] 
[INFO] [stderr] warning: unused variable: `va3`
[INFO] [stderr]    --> contracts/cw20-bonding/src/curves.rs:325:13
[INFO] [stderr]     |
[INFO] [stderr] 325 |         let va3 = curve.spot_price(Uint128::new(2));
[INFO] [stderr]     |             ^^^ help: if this is intentional, prefix it with an underscore: `_va3`
[INFO] [stderr] 
[INFO] [stderr] warning: unused variable: `va4`
[INFO] [stderr]    --> contracts/cw20-bonding/src/curves.rs:326:13
[INFO] [stderr]     |
[INFO] [stderr] 326 |         let va4 = curve.spot_price(Uint128::new(99));
[INFO] [stderr]     |             ^^^ help: if this is intentional, prefix it with an underscore: `_va4`
[INFO] [stderr] 
[INFO] [stderr] warning: `cw20-bonding` (lib) generated 2 warnings (run `cargo fix --lib -p cw20-bonding` to apply 2 suggestions)
[INFO] [stderr] warning: `cw20-bonding` (lib test) generated 9 warnings (2 duplicates)
[INFO] [stderr] warning: unused variable: `claim_info`
[INFO] [stderr]    --> contracts/suitdrop-claim/src/contract.rs:180:17
[INFO] [stderr]     |
[INFO] [stderr] 180 |     if let Some(claim_info) = CLAIM_INFO.may_load(deps.storage, &info.sender)? {
[INFO] [stderr]     |                 ^^^^^^^^^^ help: if this is intentional, prefix it with an underscore: `_claim_info`
[INFO] [stderr]     |
[INFO] [stderr]     = note: `#[warn(unused_variables)]` on by default
[INFO] [stderr] 
[INFO] [stderr] warning: `suitdrop-claim` (lib) generated 1 warning
[INFO] [stderr] warning: `suitdrop-claim` (lib test) generated 1 warning (1 duplicate)
[INFO] [stderr] warning: constant `CONTRACT_NAME` is never used
[INFO] [stderr]   --> contracts/cw721-suit/src/contract.rs:10:7
[INFO] [stderr]    |
[INFO] [stderr] 10 | const CONTRACT_NAME: &str = "crates.io:cw721-suit";
[INFO] [stderr]    |       ^^^^^^^^^^^^^
[INFO] [stderr]    |
[INFO] [stderr]    = note: `#[warn(dead_code)]` on by default
[INFO] [stderr] 
[INFO] [stderr] warning: constant `CONTRACT_VERSION` is never used
[INFO] [stderr]   --> contracts/cw721-suit/src/contract.rs:11:7
[INFO] [stderr]    |
[INFO] [stderr] 11 | const CONTRACT_VERSION: &str = env!("CARGO_PKG_VERSION");
[INFO] [stderr]    |       ^^^^^^^^^^^^^^^^
[INFO] [stderr] 
[INFO] [stderr] warning: `cw721-suit` (lib) generated 2 warnings
[INFO] [stderr] warning: `cw721-suit` (lib test) generated 2 warnings (2 duplicates)
[INFO] [stderr] warning: unused import: `cosmwasm_schema::cw_serde`
[INFO] [stderr]  --> contracts/suitdrop-redeem/src/state.rs:1:5
[INFO] [stderr]   |
[INFO] [stderr] 1 | use cosmwasm_schema::cw_serde;
[INFO] [stderr]   |     ^^^^^^^^^^^^^^^^^^^^^^^^^
[INFO] [stderr]   |
[INFO] [stderr]   = note: `#[warn(unused_imports)]` on by default
[INFO] [stderr] 
[INFO] [stderr] warning: unused import: `cw_storage_macro::index_list`
[INFO] [stderr]  --> contracts/suitdrop-redeem/src/state.rs:3:5
[INFO] [stderr]   |
[INFO] [stderr] 3 | use cw_storage_macro::index_list;
[INFO] [stderr]   |     ^^^^^^^^^^^^^^^^^^^^^^^^^^^^
[INFO] [stderr] 
[INFO] [stderr] warning: unused imports: `IndexedMap` and `UniqueIndex`
[INFO] [stderr]  --> contracts/suitdrop-redeem/src/state.rs:4:23
[INFO] [stderr]   |
[INFO] [stderr] 4 | use cw_storage_plus::{IndexedMap, Item, UniqueIndex};
[INFO] [stderr]   |                       ^^^^^^^^^^        ^^^^^^^^^^^
[INFO] [stderr] 
[INFO] [stderr] warning: unused variable: `info`
[INFO] [stderr]   --> contracts/suitdrop-redeem/src/contract.rs:27:5
[INFO] [stderr]    |
[INFO] [stderr] 27 |     info: MessageInfo,
[INFO] [stderr]    |     ^^^^ help: if this is intentional, prefix it with an underscore: `_info`
[INFO] [stderr]    |
[INFO] [stderr]    = note: `#[warn(unused_variables)]` on by default
[INFO] [stderr] 
[INFO] [stderr] warning: unused variable: `env`
[INFO] [stderr]   --> contracts/suitdrop-redeem/src/contract.rs:89:5
[INFO] [stderr]    |
[INFO] [stderr] 89 |     env: Env,
[INFO] [stderr]    |     ^^^ help: if this is intentional, prefix it with an underscore: `_env`
[INFO] [stderr] 
[INFO] [stderr] warning: `suitdrop-redeem` (lib) generated 5 warnings (run `cargo fix --lib -p suitdrop-redeem` to apply 3 suggestions)
[INFO] [stderr] warning: `suitdrop-redeem` (lib test) generated 5 warnings (5 duplicates)
[INFO] [stderr]     Finished `test` profile [unoptimized + debuginfo] target(s) in 0.18s
[INFO] [stderr]      Running unittests src/lib.rs (/opt/rustwide/target/debug/deps/cw20_base-6cc047158f376c06)
[INFO] [stdout] 
[INFO] [stdout] running 44 tests
[INFO] [stdout] test allowances::tests::no_self_allowance ... ok
[INFO] [stdout] test allowances::tests::send_from_respects_limits ... ok
[INFO] [stdout] test allowances::tests::increase_decrease_allowances ... ok
[INFO] [stdout] test allowances::tests::allowances_independent ... ok
[INFO] [stdout] test allowances::tests::no_past_expiration ... ok
[INFO] [stdout] test contract::tests::instantiate::marketing::invalid_marketing ... ok
[INFO] [stdout] test contract::tests::instantiate::marketing::basic ... ok
[INFO] [stdout] test allowances::tests::burn_from_respects_limits ... ok
[INFO] [stdout] test contract::tests::can_mint_by_minter ... ok
[INFO] [stdout] test contract::tests::marketing::clear_description ... ok
[INFO] [stdout] test contract::tests::instantiate::mintable ... ok
[INFO] [stdout] test contract::tests::marketing::clear_marketing ... ok
[INFO] [stdout] test contract::tests::instantiate::mintable_over_cap ... ok
[INFO] [stdout] test contract::tests::marketing::clear_project ... ok
[INFO] [stdout] test allowances::tests::transfer_from_respects_limits ... ok
[INFO] [stdout] test contract::tests::burn ... ok
[INFO] [stdout] test contract::tests::instantiate_multiple_accounts ... ok
[INFO] [stdout] test contract::tests::marketing::update_logo_png ... ok
[INFO] [stdout] test contract::tests::marketing::update_logo_url ... ok
[INFO] [stdout] test contract::tests::marketing::update_project ... ok
[INFO] [stdout] test contract::tests::marketing::update_unauthorised ... ok
[INFO] [stdout] test contract::tests::marketing::update_logo_png_invalid ... ok
[INFO] [stdout] test contract::tests::marketing::update_logo_png_oversized ... ok
[INFO] [stdout] test contract::tests::others_cannot_mint ... ok
[INFO] [stdout] test contract::tests::marketing::update_description ... ok
[INFO] [stdout] test contract::tests::marketing::update_logo_svg_oversized ... ok
[INFO] [stdout] test contract::tests::minter_can_update_minter_but_not_cap ... ok
[INFO] [stdout] test contract::tests::marketing::update_logo_svg ... ok
[INFO] [stdout] test contract::tests::marketing::update_logo_svg_invalid ... ok
[INFO] [stdout] test contract::tests::instantiate::basic ... ok
[INFO] [stdout] test contract::tests::migration::test_migrate ... ok
[INFO] [stdout] test contract::tests::send ... ok
[INFO] [stdout] test contract::tests::unset_minter ... ok
[INFO] [stdout] test contract::tests::others_cannot_update_minter ... ok
[INFO] [stdout] test contract::tests::no_one_mints_if_minter_unset ... ok
[INFO] [stdout] test enumerable::tests::query_all_accounts_works ... ok
[INFO] [stdout] test enumerable::tests::query_all_spender_allowances_works ... ok
[INFO] [stdout] test contract::tests::queries_work ... ok
[INFO] [stdout] test msg::tests::validate_instantiatemsg_symbol ... ok
[INFO] [stdout] test enumerable::tests::query_all_owner_allowances_works ... ok
[INFO] [stdout] test msg::tests::validate_instantiatemsg_name ... ok
[INFO] [stdout] test contract::tests::marketing::update_marketing ... ok
[INFO] [stdout] test contract::tests::transfer ... ok
[INFO] [stdout] test contract::tests::marketing::update_marketing_invalid ... ok
[INFO] [stdout] 
[INFO] [stderr]      Running unittests src/lib.rs (/opt/rustwide/target/debug/deps/cw20_bonding-40c5bd306af63ce7)
[INFO] [stdout] test result: ok. 44 passed; 0 failed; 0 ignored; 0 measured; 0 filtered out; finished in 0.03s
[INFO] [stdout] 
[INFO] [stdout] 
[INFO] [stdout] running 11 tests
[INFO] [stdout] test contract::tests::bonding_fails_with_wrong_denom ... ok
[INFO] [stdout] test contract::tests::proper_instantiation ... ok
[INFO] [stdout] test curves::tests::sqrt_curve ... ok
[INFO] [stdout] test contract::tests::buy_exp_tokens ... ok
[INFO] [stdout] test curves::tests::exponential_curve ... ok
[INFO] [stdout] test curves::tests::constant_curve ... ok
[INFO] [stdout] test curves::tests::linear_curve ... ok
[INFO] [stdout] test contract::tests::burning_exp_sends_reserve ... ok
[INFO] [stdout] test contract::tests::buy_issues_tokens ... FAILED
[INFO] [stdout] test contract::tests::cw20_imports_work ... FAILED
[INFO] [stdout] test contract::tests::burning_sends_reserve ... FAILED
[INFO] [stdout] 
[INFO] [stdout] failures:
[INFO] [stdout] 
[INFO] [stdout] ---- contract::tests::buy_issues_tokens stdout ----
[INFO] [stdout] thread 'contract::tests::buy_issues_tokens' panicked at contracts/cw20-bonding/src/contract.rs:437:9:
[INFO] [stdout] assertion `left == right` failed
[INFO] [stdout]   left: Uint128(94868329)
[INFO] [stdout]  right: Uint128(1000)
[INFO] [stdout] stack backtrace:
[INFO] [stdout]    0:     0x575795a8d50a - std::backtrace_rs::backtrace::libunwind::trace::h8810477743020387
[INFO] [stdout]                                at /rustc/202008a1b8de96d2e5b6bc02d379db03a877d34d/library/std/src/../../backtrace/src/backtrace/libunwind.rs:116:5
[INFO] [stdout]    1:     0x575795a8d50a - std::backtrace_rs::backtrace::trace_unsynchronized::h3aa55355dd6c54a6
[INFO] [stdout]                                at /rustc/202008a1b8de96d2e5b6bc02d379db03a877d34d/library/std/src/../../backtrace/src/backtrace/mod.rs:66:5
[INFO] [stdout]    2:     0x575795a8d50a - std::sys::backtrace::_print_fmt::h8588b0f62410823f
[INFO] [stdout]                                at /rustc/202008a1b8de96d2e5b6bc02d379db03a877d34d/library/std/src/sys/backtrace.rs:66:9
[INFO] [stdout]    3:     0x575795a8d50a - <std::sys::backtrace::BacktraceLock::print::DisplayBacktrace as core::fmt::Display>::fmt::h98c26ac25ffe89bb
[INFO] [stdout]                                at /rustc/202008a1b8de96d2e5b6bc02d379db03a877d34d/library/std/src/sys/backtrace.rs:39:26
[INFO] [stdout]    4:     0x575795ab41c3 - core::fmt::rt::Argument::fmt::hf95377f4aebd453b
[INFO] [stdout]                                at /rustc/202008a1b8de96d2e5b6bc02d379db03a877d34d/library/core/src/fmt/rt.rs:177:76
[INFO] [stdout]    5:     0x575795ab41c3 - core::fmt::write::h0dd5f6e2238c7982
[INFO] [stdout]                                at /rustc/202008a1b8de96d2e5b6bc02d379db03a877d34d/library/core/src/fmt/mod.rs:1189:21
[INFO] [stdout]    6:     0x575795a8a6a3 - std::io::Write::write_fmt::h03bb0ca26e6faf8c
[INFO] [stdout]                                at /rustc/202008a1b8de96d2e5b6bc02d379db03a877d34d/library/std/src/io/mod.rs:1884:15
[INFO] [stdout]    7:     0x575795a8d352 - std::sys::backtrace::BacktraceLock::print::h5c19c1c038ee186d
[INFO] [stdout]                                at /rustc/202008a1b8de96d2e5b6bc02d379db03a877d34d/library/std/src/sys/backtrace.rs:42:9
[INFO] [stdout]    8:     0x575795a8e98d - std::panicking::default_hook::{{closure}}::h77172f079a1fcb13
[INFO] [stdout]                                at /rustc/202008a1b8de96d2e5b6bc02d379db03a877d34d/library/std/src/panicking.rs:268:22
[INFO] [stdout]    9:     0x575795a8e797 - std::panicking::default_hook::he5f8e3b203ccddba
[INFO] [stdout]                                at /rustc/202008a1b8de96d2e5b6bc02d379db03a877d34d/library/std/src/panicking.rs:292:9
[INFO] [stdout]   10:     0x57579593e8e7 - <alloc::boxed::Box<F,A> as core::ops::function::Fn<Args>>::call::h7a3c7b4a1ae77f2f
[INFO] [stdout]                                at /rustc/202008a1b8de96d2e5b6bc02d379db03a877d34d/library/alloc/src/boxed.rs:1986:9
[INFO] [stdout]   11:     0x57579593e8e7 - test::test_main::{{closure}}::hf0d3b69ae9b353d1
[INFO] [stdout]                                at /rustc/202008a1b8de96d2e5b6bc02d379db03a877d34d/library/test/src/lib.rs:134:21
[INFO] [stdout]   12:     0x575795a8f038 - <alloc::boxed::Box<F,A> as core::ops::function::Fn<Args>>::call::h6332e82e7b189abd
[INFO] [stdout]                                at /rustc/202008a1b8de96d2e5b6bc02d379db03a877d34d/library/alloc/src/boxed.rs:1986:9
[INFO] [stdout]   13:     0x575795a8f038 - std::panicking::rust_panic_with_hook::h53863d4e9018df39
[INFO] [stdout]                                at /rustc/202008a1b8de96d2e5b6bc02d379db03a877d34d/library/std/src/panicking.rs:809:13
[INFO] [stdout]   14:     0x575795a8edfa - std::panicking::begin_panic_handler::{{closure}}::h67280e6fa0757873
[INFO] [stdout]                                at /rustc/202008a1b8de96d2e5b6bc02d379db03a877d34d/library/std/src/panicking.rs:674:13
[INFO] [stdout]   15:     0x575795a8d9e9 - std::sys::backtrace::__rust_end_short_backtrace::h1dac3f54d6fbbeb2
[INFO] [stdout]                                at /rustc/202008a1b8de96d2e5b6bc02d379db03a877d34d/library/std/src/sys/backtrace.rs:170:18
[INFO] [stdout]   16:     0x575795a8ea8c - rust_begin_unwind
[INFO] [stdout]                                at /rustc/202008a1b8de96d2e5b6bc02d379db03a877d34d/library/std/src/panicking.rs:665:5
[INFO] [stdout]   17:     0x5757958b3ab0 - core::panicking::panic_fmt::h6792bd1b2bf01041
[INFO] [stdout]                                at /rustc/202008a1b8de96d2e5b6bc02d379db03a877d34d/library/core/src/panicking.rs:76:14
[INFO] [stdout]   18:     0x5757958b3e7b - core::panicking::assert_failed_inner::hf2c17e6d30928787
[INFO] [stdout]   19:     0x5757958e1502 - core::panicking::assert_failed::h6e09f5050eaea306
[INFO] [stdout]                                at /rustc/202008a1b8de96d2e5b6bc02d379db03a877d34d/library/core/src/panicking.rs:373:5
[INFO] [stdout]   20:     0x5757958fc5a8 - cw20_bonding::contract::tests::buy_issues_tokens::h5622b4cc0bb1c420
[INFO] [stdout]                                at /opt/rustwide/workdir/contracts/cw20-bonding/src/contract.rs:437:9
[INFO] [stdout]   21:     0x5757958fbfd7 - cw20_bonding::contract::tests::buy_issues_tokens::{{closure}}::h2e2194ff0058b937
[INFO] [stdout]                                at /opt/rustwide/workdir/contracts/cw20-bonding/src/contract.rs:423:27
[INFO] [stdout]   22:     0x5757958f72f6 - core::ops::function::FnOnce::call_once::hf723839a9622a0ca
[INFO] [stdout]                                at /rustc/202008a1b8de96d2e5b6bc02d379db03a877d34d/library/core/src/ops/function.rs:250:5
[INFO] [stdout]   23:     0x57579594340b - core::ops::function::FnOnce::call_once::h871bf86719ec9aa4
[INFO] [stdout]                                at /rustc/202008a1b8de96d2e5b6bc02d379db03a877d34d/library/core/src/ops/function.rs:250:5
[INFO] [stdout]   24:     0x57579594340b - test::__rust_begin_short_backtrace::h2167df1e2b7d76fd
[INFO] [stdout]                                at /rustc/202008a1b8de96d2e5b6bc02d379db03a877d34d/library/test/src/lib.rs:632:18
[INFO] [stdout]   25:     0x575795942df8 - test::run_test_in_process::{{closure}}::h15d92f75a3adfb79
[INFO] [stdout]                                at /rustc/202008a1b8de96d2e5b6bc02d379db03a877d34d/library/test/src/lib.rs:655:60
[INFO] [stdout]   26:     0x575795942df8 - <core::panic::unwind_safe::AssertUnwindSafe<F> as core::ops::function::FnOnce<()>>::call_once::hb6c8955835a8dbbb
[INFO] [stdout]                                at /rustc/202008a1b8de96d2e5b6bc02d379db03a877d34d/library/core/src/panic/unwind_safe.rs:272:9
[INFO] [stdout]   27:     0x575795942df8 - std::panicking::try::do_call::hc79d0fc888a0bd30
[INFO] [stdout]                                at /rustc/202008a1b8de96d2e5b6bc02d379db03a877d34d/library/std/src/panicking.rs:557:40
[INFO] [stdout]   28:     0x575795942df8 - std::panicking::try::hb8a7878e3a8589d6
[INFO] [stdout]                                at /rustc/202008a1b8de96d2e5b6bc02d379db03a877d34d/library/std/src/panicking.rs:520:19
[INFO] [stdout]   29:     0x575795942df8 - std::panic::catch_unwind::hb8e4600ff0ff5cfa
[INFO] [stdout]                                at /rustc/202008a1b8de96d2e5b6bc02d379db03a877d34d/library/std/src/panic.rs:358:14
[INFO] [stdout]   30:     0x575795942df8 - test::run_test_in_process::hc2900b0b18688dd6
[INFO] [stdout]                                at /rustc/202008a1b8de96d2e5b6bc02d379db03a877d34d/library/test/src/lib.rs:655:27
[INFO] [stdout]   31:     0x575795942df8 - test::run_test::{{closure}}::hac2a9cb07be3d48d
[INFO] [stdout]                                at /rustc/202008a1b8de96d2e5b6bc02d379db03a877d34d/library/test/src/lib.rs:576:43
[INFO] [stdout]   32:     0x57579590689a - test::run_test::{{closure}}::h4a5b729e66a38cd8
[INFO] [stdout]                                at /rustc/202008a1b8de96d2e5b6bc02d379db03a877d34d/library/test/src/lib.rs:606:41
[INFO] [stdout]   33:     0x57579590689a - std::sys::backtrace::__rust_begin_short_backtrace::h0496fb742492f573
[INFO] [stdout]                                at /rustc/202008a1b8de96d2e5b6bc02d379db03a877d34d/library/std/src/sys/backtrace.rs:154:18
[INFO] [stdout]   34:     0x57579590a214 - std::thread::Builder::spawn_unchecked_::{{closure}}::{{closure}}::hbb6d257c550a54bd
[INFO] [stdout]                                at /rustc/202008a1b8de96d2e5b6bc02d379db03a877d34d/library/std/src/thread/mod.rs:561:17
[INFO] [stdout]   35:     0x57579590a214 - <core::panic::unwind_safe::AssertUnwindSafe<F> as core::ops::function::FnOnce<()>>::call_once::h46696fe4a6832328
[INFO] [stdout]                                at /rustc/202008a1b8de96d2e5b6bc02d379db03a877d34d/library/core/src/panic/unwind_safe.rs:272:9
[INFO] [stdout]   36:     0x57579590a214 - std::panicking::try::do_call::h2625a51b667bfb64
[INFO] [stdout]                                at /rustc/202008a1b8de96d2e5b6bc02d379db03a877d34d/library/std/src/panicking.rs:557:40
[INFO] [stdout]   37:     0x57579590a214 - std::panicking::try::hb956a59a1973aa4c
[INFO] [stdout]                                at /rustc/202008a1b8de96d2e5b6bc02d379db03a877d34d/library/std/src/panicking.rs:520:19
[INFO] [stdout]   38:     0x57579590a214 - std::panic::catch_unwind::h64f3b9d1067ef6a0
[INFO] [stdout]                                at /rustc/202008a1b8de96d2e5b6bc02d379db03a877d34d/library/std/src/panic.rs:358:14
[INFO] [stdout]   39:     0x57579590a214 - std::thread::Builder::spawn_unchecked_::{{closure}}::h42b2841295b6c0b2
[INFO] [stdout]                                at /rustc/202008a1b8de96d2e5b6bc02d379db03a877d34d/library/std/src/thread/mod.rs:559:30
[INFO] [stdout]   40:     0x57579590a214 - core::ops::function::FnOnce::call_once{{vtable.shim}}::h6127de71b8124639
[INFO] [stdout]                                at /rustc/202008a1b8de96d2e5b6bc02d379db03a877d34d/library/core/src/ops/function.rs:250:5
[INFO] [stdout]   41:     0x575795a92f7b - <alloc::boxed::Box<F,A> as core::ops::function::FnOnce<Args>>::call_once::h42f0ba71002a1b2c
[INFO] [stdout]                                at /rustc/202008a1b8de96d2e5b6bc02d379db03a877d34d/library/alloc/src/boxed.rs:1972:9
[INFO] [stdout]   42:     0x575795a92f7b - <alloc::boxed::Box<F,A> as core::ops::function::FnOnce<Args>>::call_once::had9e47d7a3dcecb8
[INFO] [stdout]                                at /rustc/202008a1b8de96d2e5b6bc02d379db03a877d34d/library/alloc/src/boxed.rs:1972:9
[INFO] [stdout]   43:     0x575795a92f7b - std::sys::pal::unix::thread::Thread::new::thread_start::h48cf765408f6f5f2
[INFO] [stdout]                                at /rustc/202008a1b8de96d2e5b6bc02d379db03a877d34d/library/std/src/sys/pal/unix/thread.rs:105:17
[INFO] [stdout]   44:     0x748eb6aeeac3 - <unknown>
[INFO] [stdout]   45:     0x748eb6b7fa04 - clone
[INFO] [stdout]   46:                0x0 - <unknown>
[INFO] [stdout] 
[INFO] [stdout] ---- contract::tests::cw20_imports_work stdout ----
[INFO] [stdout] thread 'contract::tests::cw20_imports_work' panicked at contracts/cw20-bonding/src/contract.rs:697:9:
[INFO] [stdout] assertion `left == right` failed
[INFO] [stdout]   left: Uint128(27000000)
[INFO] [stdout]  right: Uint128(30000000)
[INFO] [stdout] stack backtrace:
[INFO] [stdout]    0:     0x575795a8d50a - std::backtrace_rs::backtrace::libunwind::trace::h8810477743020387
[INFO] [stdout]                                at /rustc/202008a1b8de96d2e5b6bc02d379db03a877d34d/library/std/src/../../backtrace/src/backtrace/libunwind.rs:116:5
[INFO] [stdout]    1:     0x575795a8d50a - std::backtrace_rs::backtrace::trace_unsynchronized::h3aa55355dd6c54a6
[INFO] [stdout]                                at /rustc/202008a1b8de96d2e5b6bc02d379db03a877d34d/library/std/src/../../backtrace/src/backtrace/mod.rs:66:5
[INFO] [stdout]    2:     0x575795a8d50a - std::sys::backtrace::_print_fmt::h8588b0f62410823f
[INFO] [stdout]                                at /rustc/202008a1b8de96d2e5b6bc02d379db03a877d34d/library/std/src/sys/backtrace.rs:66:9
[INFO] [stdout]    3:     0x575795a8d50a - <std::sys::backtrace::BacktraceLock::print::DisplayBacktrace as core::fmt::Display>::fmt::h98c26ac25ffe89bb
[INFO] [stdout]                                at /rustc/202008a1b8de96d2e5b6bc02d379db03a877d34d/library/std/src/sys/backtrace.rs:39:26
[INFO] [stdout]    4:     0x575795ab41c3 - core::fmt::rt::Argument::fmt::hf95377f4aebd453b
[INFO] [stdout]                                at /rustc/202008a1b8de96d2e5b6bc02d379db03a877d34d/library/core/src/fmt/rt.rs:177:76
[INFO] [stdout]    5:     0x575795ab41c3 - core::fmt::write::h0dd5f6e2238c7982
[INFO] [stdout]                                at /rustc/202008a1b8de96d2e5b6bc02d379db03a877d34d/library/core/src/fmt/mod.rs:1189:21
[INFO] [stdout]    6:     0x575795a8a6a3 - std::io::Write::write_fmt::h03bb0ca26e6faf8c
[INFO] [stdout]                                at /rustc/202008a1b8de96d2e5b6bc02d379db03a877d34d/library/std/src/io/mod.rs:1884:15
[INFO] [stdout]    7:     0x575795a8d352 - std::sys::backtrace::BacktraceLock::print::h5c19c1c038ee186d
[INFO] [stdout]                                at /rustc/202008a1b8de96d2e5b6bc02d379db03a877d34d/library/std/src/sys/backtrace.rs:42:9
[INFO] [stdout]    8:     0x575795a8e98d - std::panicking::default_hook::{{closure}}::h77172f079a1fcb13
[INFO] [stdout]                                at /rustc/202008a1b8de96d2e5b6bc02d379db03a877d34d/library/std/src/panicking.rs:268:22
[INFO] [stdout]    9:     0x575795a8e797 - std::panicking::default_hook::he5f8e3b203ccddba
[INFO] [stdout]                                at /rustc/202008a1b8de96d2e5b6bc02d379db03a877d34d/library/std/src/panicking.rs:292:9
[INFO] [stdout]   10:     0x57579593e8e7 - <alloc::boxed::Box<F,A> as core::ops::function::Fn<Args>>::call::h7a3c7b4a1ae77f2f
[INFO] [stdout]                                at /rustc/202008a1b8de96d2e5b6bc02d379db03a877d34d/library/alloc/src/boxed.rs:1986:9
[INFO] [stdout]   11:     0x57579593e8e7 - test::test_main::{{closure}}::hf0d3b69ae9b353d1
[INFO] [stdout]                                at /rustc/202008a1b8de96d2e5b6bc02d379db03a877d34d/library/test/src/lib.rs:134:21
[INFO] [stdout]   12:     0x575795a8f038 - <alloc::boxed::Box<F,A> as core::ops::function::Fn<Args>>::call::h6332e82e7b189abd
[INFO] [stdout]                                at /rustc/202008a1b8de96d2e5b6bc02d379db03a877d34d/library/alloc/src/boxed.rs:1986:9
[INFO] [stdout]   13:     0x575795a8f038 - std::panicking::rust_panic_with_hook::h53863d4e9018df39
[INFO] [stdout]                                at /rustc/202008a1b8de96d2e5b6bc02d379db03a877d34d/library/std/src/panicking.rs:809:13
[INFO] [stdout]   14:     0x575795a8edfa - std::panicking::begin_panic_handler::{{closure}}::h67280e6fa0757873
[INFO] [stdout]                                at /rustc/202008a1b8de96d2e5b6bc02d379db03a877d34d/library/std/src/panicking.rs:674:13
[INFO] [stdout]   15:     0x575795a8d9e9 - std::sys::backtrace::__rust_end_short_backtrace::h1dac3f54d6fbbeb2
[INFO] [stdout]                                at /rustc/202008a1b8de96d2e5b6bc02d379db03a877d34d/library/std/src/sys/backtrace.rs:170:18
[INFO] [stdout]   16:     0x575795a8ea8c - rust_begin_unwind
[INFO] [stdout]                                at /rustc/202008a1b8de96d2e5b6bc02d379db03a877d34d/library/std/src/panicking.rs:665:5
[INFO] [stdout]   17:     0x5757958b3ab0 - core::panicking::panic_fmt::h6792bd1b2bf01041
[INFO] [stdout]                                at /rustc/202008a1b8de96d2e5b6bc02d379db03a877d34d/library/core/src/panicking.rs:76:14
[INFO] [stdout]   18:     0x5757958b3e7b - core::panicking::assert_failed_inner::hf2c17e6d30928787
[INFO] [stdout]   19:     0x5757958e1502 - core::panicking::assert_failed::h6e09f5050eaea306
[INFO] [stdout]                                at /rustc/202008a1b8de96d2e5b6bc02d379db03a877d34d/library/core/src/panicking.rs:373:5
[INFO] [stdout]   20:     0x5757959028b4 - cw20_bonding::contract::tests::cw20_imports_work::h857db3960ddb9833
[INFO] [stdout]                                at /opt/rustwide/workdir/contracts/cw20-bonding/src/contract.rs:697:9
[INFO] [stdout]   21:     0x575795902267 - cw20_bonding::contract::tests::cw20_imports_work::{{closure}}::ha1840466fbfd4a42
[INFO] [stdout]                                at /opt/rustwide/workdir/contracts/cw20-bonding/src/contract.rs:679:27
[INFO] [stdout]   22:     0x5757958f71f6 - core::ops::function::FnOnce::call_once::he8fa30db4cb77dee
[INFO] [stdout]                                at /rustc/202008a1b8de96d2e5b6bc02d379db03a877d34d/library/core/src/ops/function.rs:250:5
[INFO] [stdout]   23:     0x57579594340b - core::ops::function::FnOnce::call_once::h871bf86719ec9aa4
[INFO] [stdout]                                at /rustc/202008a1b8de96d2e5b6bc02d379db03a877d34d/library/core/src/ops/function.rs:250:5
[INFO] [stdout]   24:     0x57579594340b - test::__rust_begin_short_backtrace::h2167df1e2b7d76fd
[INFO] [stdout]                                at /rustc/202008a1b8de96d2e5b6bc02d379db03a877d34d/library/test/src/lib.rs:632:18
[INFO] [stdout]   25:     0x575795942df8 - test::run_test_in_process::{{closure}}::h15d92f75a3adfb79
[INFO] [stdout]                                at /rustc/202008a1b8de96d2e5b6bc02d379db03a877d34d/library/test/src/lib.rs:655:60
[INFO] [stdout]   26:     0x575795942df8 - <core::panic::unwind_safe::AssertUnwindSafe<F> as core::ops::function::FnOnce<()>>::call_once::hb6c8955835a8dbbb
[INFO] [stdout]                                at /rustc/202008a1b8de96d2e5b6bc02d379db03a877d34d/library/core/src/panic/unwind_safe.rs:272:9
[INFO] [stdout]   27:     0x575795942df8 - std::panicking::try::do_call::hc79d0fc888a0bd30
[INFO] [stdout]                                at /rustc/202008a1b8de96d2e5b6bc02d379db03a877d34d/library/std/src/panicking.rs:557:40
[INFO] [stdout]   28:     0x575795942df8 - std::panicking::try::hb8a7878e3a8589d6
[INFO] [stdout]                                at /rustc/202008a1b8de96d2e5b6bc02d379db03a877d34d/library/std/src/panicking.rs:520:19
[INFO] [stdout]   29:     0x575795942df8 - std::panic::catch_unwind::hb8e4600ff0ff5cfa
[INFO] [stdout]                                at /rustc/202008a1b8de96d2e5b6bc02d379db03a877d34d/library/std/src/panic.rs:358:14
[INFO] [stdout]   30:     0x575795942df8 - test::run_test_in_process::hc2900b0b18688dd6
[INFO] [stdout]                                at /rustc/202008a1b8de96d2e5b6bc02d379db03a877d34d/library/test/src/lib.rs:655:27
[INFO] [stdout]   31:     0x575795942df8 - test::run_test::{{closure}}::hac2a9cb07be3d48d
[INFO] [stdout]                                at /rustc/202008a1b8de96d2e5b6bc02d379db03a877d34d/library/test/src/lib.rs:576:43
[INFO] [stdout]   32:     0x57579590689a - test::run_test::{{closure}}::h4a5b729e66a38cd8
[INFO] [stdout]                                at /rustc/202008a1b8de96d2e5b6bc02d379db03a877d34d/library/test/src/lib.rs:606:41
[INFO] [stdout]   33:     0x57579590689a - std::sys::backtrace::__rust_begin_short_backtrace::h0496fb742492f573
[INFO] [stdout]                                at /rustc/202008a1b8de96d2e5b6bc02d379db03a877d34d/library/std/src/sys/backtrace.rs:154:18
[INFO] [stdout]   34:     0x57579590a214 - std::thread::Builder::spawn_unchecked_::{{closure}}::{{closure}}::hbb6d257c550a54bd
[INFO] [stdout]                                at /rustc/202008a1b8de96d2e5b6bc02d379db03a877d34d/library/std/src/thread/mod.rs:561:17
[INFO] [stdout]   35:     0x57579590a214 - <core::panic::unwind_safe::AssertUnwindSafe<F> as core::ops::function::FnOnce<()>>::call_once::h46696fe4a6832328
[INFO] [stdout]                                at /rustc/202008a1b8de96d2e5b6bc02d379db03a877d34d/library/core/src/panic/unwind_safe.rs:272:9
[INFO] [stdout]   36:     0x57579590a214 - std::panicking::try::do_call::h2625a51b667bfb64
[INFO] [stdout]                                at /rustc/202008a1b8de96d2e5b6bc02d379db03a877d34d/library/std/src/panicking.rs:557:40
[INFO] [stdout]   37:     0x57579590a214 - std::panicking::try::hb956a59a1973aa4c
[INFO] [stdout]                                at /rustc/202008a1b8de96d2e5b6bc02d379db03a877d34d/library/std/src/panicking.rs:520:19
[INFO] [stdout]   38:     0x57579590a214 - std::panic::catch_unwind::h64f3b9d1067ef6a0
[INFO] [stdout]                                at /rustc/202008a1b8de96d2e5b6bc02d379db03a877d34d/library/std/src/panic.rs:358:14
[INFO] [stdout]   39:     0x57579590a214 - std::thread::Builder::spawn_unchecked_::{{closure}}::h42b2841295b6c0b2
[INFO] [stdout]                                at /rustc/202008a1b8de96d2e5b6bc02d379db03a877d34d/library/std/src/thread/mod.rs:559:30
[INFO] [stdout]   40:     0x57579590a214 - core::ops::function::FnOnce::call_once{{vtable.shim}}::h6127de71b8124639
[INFO] [stdout]                                at /rustc/202008a1b8de96d2e5b6bc02d379db03a877d34d/library/core/src/ops/function.rs:250:5
[INFO] [stdout]   41:     0x575795a92f7b - <alloc::boxed::Box<F,A> as core::ops::function::FnOnce<Args>>::call_once::h42f0ba71002a1b2c
[INFO] [stdout]                                at /rustc/202008a1b8de96d2e5b6bc02d379db03a877d34d/library/alloc/src/boxed.rs:1972:9
[INFO] [stdout]   42:     0x575795a92f7b - <alloc::boxed::Box<F,A> as core::ops::function::FnOnce<Args>>::call_once::had9e47d7a3dcecb8
[INFO] [stdout]                                at /rustc/202008a1b8de96d2e5b6bc02d379db03a877d34d/library/alloc/src/boxed.rs:1972:9
[INFO] [stdout]   43:     0x575795a92f7b - std::sys::pal::unix::thread::Thread::new::thread_start::h48cf765408f6f5f2
[INFO] [stdout]                                at /rustc/202008a1b8de96d2e5b6bc02d379db03a877d34d/library/std/src/sys/pal/unix/thread.rs:105:17
[INFO] [stdout]   44:     0x748eb6aeeac3 - <unknown>
[INFO] [stdout]   45:     0x748eb6b7fa04 - clone
[INFO] [stdout]   46:                0x0 - <unknown>
[INFO] [stdout] 
[INFO] [stdout] ---- contract::tests::burning_sends_reserve stdout ----
[INFO] [stdout] thread 'contract::tests::burning_sends_reserve' panicked at contracts/cw20-bonding/src/contract.rs:564:9:
[INFO] [stdout] assertion `left == right` failed
[INFO] [stdout]   left: Uint128(1897)
[INFO] [stdout]  right: Uint128(2000)
[INFO] [stdout] stack backtrace:
[INFO] [stdout]    0:     0x575795a8d50a - std::backtrace_rs::backtrace::libunwind::trace::h8810477743020387
[INFO] [stdout]                                at /rustc/202008a1b8de96d2e5b6bc02d379db03a877d34d/library/std/src/../../backtrace/src/backtrace/libunwind.rs:116:5
[INFO] [stdout]    1:     0x575795a8d50a - std::backtrace_rs::backtrace::trace_unsynchronized::h3aa55355dd6c54a6
[INFO] [stdout]                                at /rustc/202008a1b8de96d2e5b6bc02d379db03a877d34d/library/std/src/../../backtrace/src/backtrace/mod.rs:66:5
[INFO] [stdout]    2:     0x575795a8d50a - std::sys::backtrace::_print_fmt::h8588b0f62410823f
[INFO] [stdout]                                at /rustc/202008a1b8de96d2e5b6bc02d379db03a877d34d/library/std/src/sys/backtrace.rs:66:9
[INFO] [stdout]    3:     0x575795a8d50a - <std::sys::backtrace::BacktraceLock::print::DisplayBacktrace as core::fmt::Display>::fmt::h98c26ac25ffe89bb
[INFO] [stdout]                                at /rustc/202008a1b8de96d2e5b6bc02d379db03a877d34d/library/std/src/sys/backtrace.rs:39:26
[INFO] [stdout]    4:     0x575795ab41c3 - core::fmt::rt::Argument::fmt::hf95377f4aebd453b
[INFO] [stdout]                                at /rustc/202008a1b8de96d2e5b6bc02d379db03a877d34d/library/core/src/fmt/rt.rs:177:76
[INFO] [stdout]    5:     0x575795ab41c3 - core::fmt::write::h0dd5f6e2238c7982
[INFO] [stdout]                                at /rustc/202008a1b8de96d2e5b6bc02d379db03a877d34d/library/core/src/fmt/mod.rs:1189:21
[INFO] [stdout]    6:     0x575795a8a6a3 - std::io::Write::write_fmt::h03bb0ca26e6faf8c
[INFO] [stdout]                                at /rustc/202008a1b8de96d2e5b6bc02d379db03a877d34d/library/std/src/io/mod.rs:1884:15
[INFO] [stdout]    7:     0x575795a8d352 - std::sys::backtrace::BacktraceLock::print::h5c19c1c038ee186d
[INFO] [stdout]                                at /rustc/202008a1b8de96d2e5b6bc02d379db03a877d34d/library/std/src/sys/backtrace.rs:42:9
[INFO] [stdout]    8:     0x575795a8e98d - std::panicking::default_hook::{{closure}}::h77172f079a1fcb13
[INFO] [stdout]                                at /rustc/202008a1b8de96d2e5b6bc02d379db03a877d34d/library/std/src/panicking.rs:268:22
[INFO] [stdout]    9:     0x575795a8e797 - std::panicking::default_hook::he5f8e3b203ccddba
[INFO] [stdout]                                at /rustc/202008a1b8de96d2e5b6bc02d379db03a877d34d/library/std/src/panicking.rs:292:9
[INFO] [stdout]   10:     0x57579593e8e7 - <alloc::boxed::Box<F,A> as core::ops::function::Fn<Args>>::call::h7a3c7b4a1ae77f2f
[INFO] [stdout]                                at /rustc/202008a1b8de96d2e5b6bc02d379db03a877d34d/library/alloc/src/boxed.rs:1986:9
[INFO] [stdout]   11:     0x57579593e8e7 - test::test_main::{{closure}}::hf0d3b69ae9b353d1
[INFO] [stdout]                                at /rustc/202008a1b8de96d2e5b6bc02d379db03a877d34d/library/test/src/lib.rs:134:21
[INFO] [stdout]   12:     0x575795a8f038 - <alloc::boxed::Box<F,A> as core::ops::function::Fn<Args>>::call::h6332e82e7b189abd
[INFO] [stdout]                                at /rustc/202008a1b8de96d2e5b6bc02d379db03a877d34d/library/alloc/src/boxed.rs:1986:9
[INFO] [stdout]   13:     0x575795a8f038 - std::panicking::rust_panic_with_hook::h53863d4e9018df39
[INFO] [stdout]                                at /rustc/202008a1b8de96d2e5b6bc02d379db03a877d34d/library/std/src/panicking.rs:809:13
[INFO] [stdout]   14:     0x575795a8edfa - std::panicking::begin_panic_handler::{{closure}}::h67280e6fa0757873
[INFO] [stdout]                                at /rustc/202008a1b8de96d2e5b6bc02d379db03a877d34d/library/std/src/panicking.rs:674:13
[INFO] [stdout]   15:     0x575795a8d9e9 - std::sys::backtrace::__rust_end_short_backtrace::h1dac3f54d6fbbeb2
[INFO] [stdout]                                at /rustc/202008a1b8de96d2e5b6bc02d379db03a877d34d/library/std/src/sys/backtrace.rs:170:18
[INFO] [stdout]   16:     0x575795a8ea8c - rust_begin_unwind
[INFO] [stdout]                                at /rustc/202008a1b8de96d2e5b6bc02d379db03a877d34d/library/std/src/panicking.rs:665:5
[INFO] [stdout]   17:     0x5757958b3ab0 - core::panicking::panic_fmt::h6792bd1b2bf01041
[INFO] [stdout]                                at /rustc/202008a1b8de96d2e5b6bc02d379db03a877d34d/library/core/src/panicking.rs:76:14
[INFO] [stdout]   18:     0x5757958b3e7b - core::panicking::assert_failed_inner::hf2c17e6d30928787
[INFO] [stdout]   19:     0x5757958e1502 - core::panicking::assert_failed::h6e09f5050eaea306
[INFO] [stdout]                                at /rustc/202008a1b8de96d2e5b6bc02d379db03a877d34d/library/core/src/panicking.rs:373:5
[INFO] [stdout]   20:     0x5757958ff87b - cw20_bonding::contract::tests::burning_sends_reserve::h4a2fd7aacf9693f4
[INFO] [stdout]                                at /opt/rustwide/workdir/contracts/cw20-bonding/src/contract.rs:564:9
[INFO] [stdout]   21:     0x5757958ff2b7 - cw20_bonding::contract::tests::burning_sends_reserve::{{closure}}::h9724b57412d2df36
[INFO] [stdout]                                at /opt/rustwide/workdir/contracts/cw20-bonding/src/contract.rs:550:31
[INFO] [stdout]   22:     0x5757958f6dc6 - core::ops::function::FnOnce::call_once::h7fa6cf782ed97003
[INFO] [stdout]                                at /rustc/202008a1b8de96d2e5b6bc02d379db03a877d34d/library/core/src/ops/function.rs:250:5
[INFO] [stdout]   23:     0x57579594340b - core::ops::function::FnOnce::call_once::h871bf86719ec9aa4
[INFO] [stdout]                                at /rustc/202008a1b8de96d2e5b6bc02d379db03a877d34d/library/core/src/ops/function.rs:250:5
[INFO] [stdout]   24:     0x57579594340b - test::__rust_begin_short_backtrace::h2167df1e2b7d76fd
[INFO] [stdout]                                at /rustc/202008a1b8de96d2e5b6bc02d379db03a877d34d/library/test/src/lib.rs:632:18
[INFO] [stdout]   25:     0x575795942df8 - test::run_test_in_process::{{closure}}::h15d92f75a3adfb79
[INFO] [stdout]                                at /rustc/202008a1b8de96d2e5b6bc02d379db03a877d34d/library/test/src/lib.rs:655:60
[INFO] [stdout]   26:     0x575795942df8 - <core::panic::unwind_safe::AssertUnwindSafe<F> as core::ops::function::FnOnce<()>>::call_once::hb6c8955835a8dbbb
[INFO] [stdout]                                at /rustc/202008a1b8de96d2e5b6bc02d379db03a877d34d/library/core/src/panic/unwind_safe.rs:272:9
[INFO] [stdout]   27:     0x575795942df8 - std::panicking::try::do_call::hc79d0fc888a0bd30
[INFO] [stdout]                                at /rustc/202008a1b8de96d2e5b6bc02d379db03a877d34d/library/std/src/panicking.rs:557:40
[INFO] [stdout]   28:     0x575795942df8 - std::panicking::try::hb8a7878e3a8589d6
[INFO] [stdout]                                at /rustc/202008a1b8de96d2e5b6bc02d379db03a877d34d/library/std/src/panicking.rs:520:19
[INFO] [stdout]   29:     0x575795942df8 - std::panic::catch_unwind::hb8e4600ff0ff5cfa
[INFO] [stdout]                                at /rustc/202008a1b8de96d2e5b6bc02d379db03a877d34d/library/std/src/panic.rs:358:14
[INFO] [stdout]   30:     0x575795942df8 - test::run_test_in_process::hc2900b0b18688dd6
[INFO] [stdout]                                at /rustc/202008a1b8de96d2e5b6bc02d379db03a877d34d/library/test/src/lib.rs:655:27
[INFO] [stdout]   31:     0x575795942df8 - test::run_test::{{closure}}::hac2a9cb07be3d48d
[INFO] [stdout]                                at /rustc/202008a1b8de96d2e5b6bc02d379db03a877d34d/library/test/src/lib.rs:576:43
[INFO] [stdout]   32:     0x57579590689a - test::run_test::{{closure}}::h4a5b729e66a38cd8
[INFO] [stdout]                                at /rustc/202008a1b8de96d2e5b6bc02d379db03a877d34d/library/test/src/lib.rs:606:41
[INFO] [stdout]   33:     0x57579590689a - std::sys::backtrace::__rust_begin_short_backtrace::h0496fb742492f573
[INFO] [stdout]                                at /rustc/202008a1b8de96d2e5b6bc02d379db03a877d34d/library/std/src/sys/backtrace.rs:154:18
[INFO] [stdout]   34:     0x57579590a214 - std::thread::Builder::spawn_unchecked_::{{closure}}::{{closure}}::hbb6d257c550a54bd
[INFO] [stdout]                                at /rustc/202008a1b8de96d2e5b6bc02d379db03a877d34d/library/std/src/thread/mod.rs:561:17
[INFO] [stdout]   35:     0x57579590a214 - <core::panic::unwind_safe::AssertUnwindSafe<F> as core::ops::function::FnOnce<()>>::call_once::h46696fe4a6832328
[INFO] [stdout]                                at /rustc/202008a1b8de96d2e5b6bc02d379db03a877d34d/library/core/src/panic/unwind_safe.rs:272:9
[INFO] [stdout]   36:     0x57579590a214 - std::panicking::try::do_call::h2625a51b667bfb64
[INFO] [stdout]                                at /rustc/202008a1b8de96d2e5b6bc02d379db03a877d34d/library/std/src/panicking.rs:557:40
[INFO] [stdout]   37:     0x57579590a214 - std::panicking::try::hb956a59a1973aa4c
[INFO] [stdout]                                at /rustc/202008a1b8de96d2e5b6bc02d379db03a877d34d/library/std/src/panicking.rs:520:19
[INFO] [stdout]   38:     0x57579590a214 - std::panic::catch_unwind::h64f3b9d1067ef6a0
[INFO] [stdout]                                at /rustc/202008a1b8de96d2e5b6bc02d379db03a877d34d/library/std/src/panic.rs:358:14
[INFO] [stdout]   39:     0x57579590a214 - std::thread::Builder::spawn_unchecked_::{{closure}}::h42b2841295b6c0b2
[INFO] [stdout]                                at /rustc/202008a1b8de96d2e5b6bc02d379db03a877d34d/library/std/src/thread/mod.rs:559:30
[INFO] [stdout]   40:     0x57579590a214 - core::ops::function::FnOnce::call_once{{vtable.shim}}::h6127de71b8124639
[INFO] [stderr] error: test failed, to rerun pass `-p cw20-bonding --lib`
[INFO] [stdout]                                at /rustc/202008a1b8de96d2e5b6bc02d379db03a877d34d/library/core/src/ops/function.rs:250:5
[INFO] [stdout]   41:     0x575795a92f7b - <alloc::boxed::Box<F,A> as core::ops::function::FnOnce<Args>>::call_once::h42f0ba71002a1b2c
[INFO] [stdout]                                at /rustc/202008a1b8de96d2e5b6bc02d379db03a877d34d/library/alloc/src/boxed.rs:1972:9
[INFO] [stdout]   42:     0x575795a92f7b - <alloc::boxed::Box<F,A> as core::ops::function::FnOnce<Args>>::call_once::had9e47d7a3dcecb8
[INFO] [stdout]                                at /rustc/202008a1b8de96d2e5b6bc02d379db03a877d34d/library/alloc/src/boxed.rs:1972:9
[INFO] [stdout]   43:     0x575795a92f7b - std::sys::pal::unix::thread::Thread::new::thread_start::h48cf765408f6f5f2
[INFO] [stdout]                                at /rustc/202008a1b8de96d2e5b6bc02d379db03a877d34d/library/std/src/sys/pal/unix/thread.rs:105:17
[INFO] [stdout]   44:     0x748eb6aeeac3 - <unknown>
[INFO] [stdout]   45:     0x748eb6b7fa04 - clone
[INFO] [stdout]   46:                0x0 - <unknown>
[INFO] [stdout] 
[INFO] [stdout] 
[INFO] [stdout] failures:
[INFO] [stdout]     contract::tests::burning_sends_reserve
[INFO] [stdout]     contract::tests::buy_issues_tokens
[INFO] [stdout]     contract::tests::cw20_imports_work
[INFO] [stdout] 
[INFO] [stdout] test result: FAILED. 8 passed; 3 failed; 0 ignored; 0 measured; 0 filtered out; finished in 0.06s
[INFO] [stdout] 
[INFO] running `Command { std: "docker" "inspect" "8984c59733ae037b82c453568c19977c39e57e85657bb7c481eae0b4cdb441a5", kill_on_drop: false }`
[INFO] running `Command { std: "docker" "rm" "-f" "8984c59733ae037b82c453568c19977c39e57e85657bb7c481eae0b4cdb441a5", kill_on_drop: false }`
[INFO] [stdout] 8984c59733ae037b82c453568c19977c39e57e85657bb7c481eae0b4cdb441a5
